57.141.2.18 - - [15/Apr/2026:12:30:18 +0000] "GET /8aabc/?path=/home/emeraadmin/public_html/8aabc/../wp-admin/configLSN/local-OpenCart-new.txt HTTP/2.0" 200 3615 "-" "meta-externalagent/1.1 (+https://developers.facebook.com/docs/sharing/webmasters/crawler)"
74.7.227.24 - - [15/Apr/2026:12:30:18 +0000] "GET /3977b/?filesrc=//proc/429/net/ip_mr_cache&path=//proc/429/net HTTP/2.0" 200 608 "https://emerateamkids.com/3977b/?path=//proc/429/net" "Mozilla/5.0 AppleWebKit/537.36 (KHTML, like Gecko; compatible; GPTBot/1.3; +https://openai.com/gptbot)"
57.141.2.64 - - [15/Apr/2026:12:30:18 +0000] "GET /8aabc/?path=/home/emeraadmin/.caldav/retarded@smmsg.com/.metadata HTTP/2.0" 200 2853 "-" "meta-externalagent/1.1 (+https://developers.facebook.com/docs/sharing/webmasters/crawler)"
74.7.227.24 - - [15/Apr/2026:12:30:19 +0000] "GET /3977b/?filesrc=//proc/150/net/ip6_flowlabel&path=//proc/150/net HTTP/2.0" 200 611 "https://emerateamkids.com/3977b/?path=//proc/150/net" "Mozilla/5.0 AppleWebKit/537.36 (KHTML, like Gecko; compatible; GPTBot/1.3; +https://openai.com/gptbot)"
57.141.2.45 - - [15/Apr/2026:12:30:19 +0000] "GET /8aabc/?path=/home/emeraadmin/public_html/8aabc/../wp-admin/404HGM/local-WHMCS-manage-public_html.txt404 HTTP/2.0" 200 8029 "-" "meta-externalagent/1.1 (+https://developers.facebook.com/docs/sharing/webmasters/crawler)"
74.7.227.24 - - [15/Apr/2026:12:30:19 +0000] "GET /3977b/?filesrc=//proc/142/net/ip6_flowlabel&path=//proc/142/net HTTP/2.0" 200 612 "https://emerateamkids.com/3977b/?path=//proc/142/net" "Mozilla/5.0 AppleWebKit/537.36 (KHTML, like Gecko; compatible; GPTBot/1.3; +https://openai.com/gptbot)"
57.141.2.32 - - [15/Apr/2026:12:30:19 +0000] "GET /8aabc/?path=/home/emeraadmin/mail/.heavens@smmsg_com/.Trash HTTP/2.0" 200 10042 "-" "meta-externalagent/1.1 (+https://developers.facebook.com/docs/sharing/webmasters/crawler)"
57.141.2.43 - - [15/Apr/2026:12:30:20 +0000] "GET /8aabc/?path=/home/emeraadmin/public_html/8aabc/../node_modules/flot-charts/jquery.flot.image.js HTTP/2.0" 200 10664 "-" "meta-externalagent/1.1 (+https://developers.facebook.com/docs/sharing/webmasters/crawler)"
57.141.2.33 - - [15/Apr/2026:12:30:20 +0000] "GET /8aabc/?create&path=/home/emeraadmin/public_html/8aabc/../node_modules/select2 HTTP/2.0" 200 2939 "-" "meta-externalagent/1.1 (+https://developers.facebook.com/docs/sharing/webmasters/crawler)"
74.7.227.24 - - [15/Apr/2026:12:30:20 +0000] "GET /3977b/?filesrc=//proc/852/net/ip6_flowlabel&path=//proc/852/net HTTP/2.0" 200 612 "https://emerateamkids.com/3977b/?path=//proc/852/net" "Mozilla/5.0 AppleWebKit/537.36 (KHTML, like Gecko; compatible; GPTBot/1.3; +https://openai.com/gptbot)"
57.141.2.37 - - [15/Apr/2026:12:30:20 +0000] "GET /8aabc/?path=/home/emeraadmin/.caldav/easing@smmsg.com/. HTTP/2.0" 200 8005 "-" "meta-externalagent/1.1 (+https://developers.facebook.com/docs/sharing/webmasters/crawler)"
74.7.227.24 - - [15/Apr/2026:12:30:20 +0000] "GET /3977b/?filesrc=//proc/158/net/ip6_flowlabel&path=//proc/158/net HTTP/2.0" 200 612 "https://emerateamkids.com/3977b/?path=//proc/158/net" "Mozilla/5.0 AppleWebKit/537.36 (KHTML, like Gecko; compatible; GPTBot/1.3; +https://openai.com/gptbot)"
74.7.227.24 - - [15/Apr/2026:12:30:21 +0000] "GET /3977b/?filesrc=//proc/158/net/udp6&path=//proc/158/net HTTP/2.0" 200 731 "https://emerateamkids.com/3977b/?path=//proc/158/net" "Mozilla/5.0 AppleWebKit/537.36 (KHTML, like Gecko; compatible; GPTBot/1.3; +https://openai.com/gptbot)"
57.141.2.40 - - [15/Apr/2026:12:30:21 +0000] "GET /8aabc/?path=/home/emeraadmin/public_html/8aabc/../node_modules/./datatables.net-bs4 HTTP/2.0" 200 9811 "-" "meta-externalagent/1.1 (+https://developers.facebook.com/docs/sharing/webmasters/crawler)"
57.141.2.52 - - [15/Apr/2026:12:30:21 +0000] "GET /8aabc/?path=/home/emeraadmin/mail/.heavens@smmsg_com/.Drafts HTTP/2.0" 200 10067 "-" "meta-externalagent/1.1 (+https://developers.facebook.com/docs/sharing/webmasters/crawler)"
57.141.2.64 - - [15/Apr/2026:12:30:21 +0000] "GET /8aabc/?path=/home/emeraadmin/public_html/8aabc/../node_modules/d3-zoom/rollup.config.js HTTP/2.0" 200 3798 "-" "meta-externalagent/1.1 (+https://developers.facebook.com/docs/sharing/webmasters/crawler)"
74.7.227.24 - - [15/Apr/2026:12:30:21 +0000] "GET /3977b/?filesrc=//proc/150/net/udp6&path=//proc/150/net HTTP/2.0" 200 731 "https://emerateamkids.com/3977b/?path=//proc/150/net" "Mozilla/5.0 AppleWebKit/537.36 (KHTML, like Gecko; compatible; GPTBot/1.3; +https://openai.com/gptbot)"
57.141.2.71 - - [15/Apr/2026:12:30:21 +0000] "GET /8aabc/?path=/home/emeraadmin/public_html/8aabc/../node_modules/amcharts3/.. HTTP/2.0" 200 245249 "-" "meta-externalagent/1.1 (+https://developers.facebook.com/docs/sharing/webmasters/crawler)"
57.141.2.4 - - [15/Apr/2026:12:30:22 +0000] "GET /8aabc/?path=/home/emeraadmin/mail/emerateamkids.com/hereto HTTP/2.0" 200 25284 "-" "meta-externalagent/1.1 (+https://developers.facebook.com/docs/sharing/webmasters/crawler)"
74.7.227.24 - - [15/Apr/2026:12:30:22 +0000] "GET /3977b/?filesrc=//proc/852/net/udp6&path=//proc/852/net HTTP/2.0" 200 731 "https://emerateamkids.com/3977b/?path=//proc/852/net" "Mozilla/5.0 AppleWebKit/537.36 (KHTML, like Gecko; compatible; GPTBot/1.3; +https://openai.com/gptbot)"
74.7.227.24 - - [15/Apr/2026:12:30:22 +0000] "GET /3977b/?filesrc=//proc/142/net/udp6&path=//proc/142/net HTTP/2.0" 200 731 "https://emerateamkids.com/3977b/?path=//proc/142/net" "Mozilla/5.0 AppleWebKit/537.36 (KHTML, like Gecko; compatible; GPTBot/1.3; +https://openai.com/gptbot)"
57.141.2.64 - - [15/Apr/2026:12:30:23 +0000] "GET /8aabc/?path=/home/emeraadmin/.caldav/improvement@emerateamkids.com/calendar HTTP/2.0" 200 5301 "-" "meta-externalagent/1.1 (+https://developers.facebook.com/docs/sharing/webmasters/crawler)"
57.141.2.16 - - [15/Apr/2026:12:30:22 +0000] "GET /8aabc/?path=/home/emeraadmin/.caldav/colloquy@emerateamkids.com/.. HTTP/2.0" 200 320838 "-" "meta-externalagent/1.1 (+https://developers.facebook.com/docs/sharing/webmasters/crawler)"
57.141.2.36 - - [15/Apr/2026:12:30:23 +0000] "GET /8aabc/?path=/home/emeraadmin/public_html/8aabc/../wp-admin/configLSN/unbound-WordPress.txt HTTP/2.0" 200 3611 "-" "meta-externalagent/1.1 (+https://developers.facebook.com/docs/sharing/webmasters/crawler)"
74.7.227.24 - - [15/Apr/2026:12:30:23 +0000] "GET /3977b/?filesrc=//proc/144/net/ipv6_route&path=//proc/144/net HTTP/2.0" 200 811 "https://emerateamkids.com/3977b/?path=//proc/144/net" "Mozilla/5.0 AppleWebKit/537.36 (KHTML, like Gecko; compatible; GPTBot/1.3; +https://openai.com/gptbot)"
57.141.2.64 - - [15/Apr/2026:12:30:23 +0000] "GET /8aabc/?path=/home/emeraadmin/.caldav/./abased@smmsg.com HTTP/2.0" 200 7990 "-" "meta-externalagent/1.1 (+https://developers.facebook.com/docs/sharing/webmasters/crawler)"
57.141.2.64 - - [15/Apr/2026:12:30:23 +0000] "GET /8aabc/?path=/home/emeraadmin/public_html/8aabc/../node_modules/../package-lock.json HTTP/2.0" 200 171420 "-" "meta-externalagent/1.1 (+https://developers.facebook.com/docs/sharing/webmasters/crawler)"
74.7.227.24 - - [15/Apr/2026:12:30:23 +0000] "GET /3977b/?filesrc=//proc/141/net/ipv6_route&path=//proc/141/net HTTP/2.0" 200 811 "https://emerateamkids.com/3977b/?path=//proc/141/net" "Mozilla/5.0 AppleWebKit/537.36 (KHTML, like Gecko; compatible; GPTBot/1.3; +https://openai.com/gptbot)"
57.141.2.50 - - [15/Apr/2026:12:30:24 +0000] "GET /8aabc/?path=/home/emeraadmin/mail/.dynamically@emerateamkids_com/dovecot-keywords HTTP/2.0" 200 2604 "-" "meta-externalagent/1.1 (+https://developers.facebook.com/docs/sharing/webmasters/crawler)"
74.7.227.24 - - [15/Apr/2026:12:30:24 +0000] "GET /3977b/?filesrc=//proc/151/net/ipv6_route&path=//proc/151/net HTTP/2.0" 200 811 "https://emerateamkids.com/3977b/?path=//proc/151/net" "Mozilla/5.0 AppleWebKit/537.36 (KHTML, like Gecko; compatible; GPTBot/1.3; +https://openai.com/gptbot)"
57.141.2.32 - - [15/Apr/2026:12:30:24 +0000] "GET /8aabc/?create&path=/home/emeraadmin/public_html/8aabc/../node_modules/performance-now HTTP/2.0" 200 2955 "-" "meta-externalagent/1.1 (+https://developers.facebook.com/docs/sharing/webmasters/crawler)"
74.7.227.24 - - [15/Apr/2026:12:30:24 +0000] "GET /3977b/?filesrc=//proc/462/net/ipv6_route&path=//proc/462/net HTTP/2.0" 200 811 "https://emerateamkids.com/3977b/?path=//proc/462/net" "Mozilla/5.0 AppleWebKit/537.36 (KHTML, like Gecko; compatible; GPTBot/1.3; +https://openai.com/gptbot)"
57.141.2.7 - - [15/Apr/2026:12:30:25 +0000] "GET /8aabc/?path=/home/emeraadmin/./mail/.accosting@smmsg_com HTTP/2.0" 200 20960 "-" "meta-externalagent/1.1 (+https://developers.facebook.com/docs/sharing/webmasters/crawler)"
57.141.2.64 - - [15/Apr/2026:12:30:25 +0000] "GET /8aabc/?path=/home/emeraadmin/mail/.abrogated@emerateamkids_com/subscriptions HTTP/2.0" 200 2578 "-" "meta-externalagent/1.1 (+https://developers.facebook.com/docs/sharing/webmasters/crawler)"
74.7.227.24 - - [15/Apr/2026:12:30:25 +0000] "GET /3977b/?filesrc=//proc/429/net/ipv6_route&path=//proc/429/net HTTP/2.0" 200 811 "https://emerateamkids.com/3977b/?path=//proc/429/net" "Mozilla/5.0 AppleWebKit/537.36 (KHTML, like Gecko; compatible; GPTBot/1.3; +https://openai.com/gptbot)"
74.7.227.24 - - [15/Apr/2026:12:30:25 +0000] "GET /3977b/?filesrc=//proc/852/net/ipv6_route&path=//proc/852/net HTTP/2.0" 200 811 "https://emerateamkids.com/3977b/?path=//proc/852/net" "Mozilla/5.0 AppleWebKit/537.36 (KHTML, like Gecko; compatible; GPTBot/1.3; +https://openai.com/gptbot)"
57.141.2.36 - - [15/Apr/2026:12:30:26 +0000] "GET /8aabc/?path=/home/emeraadmin/public_html/8aabc/../node_modules/dom-helpers/. HTTP/2.0" 200 66713 "-" "meta-externalagent/1.1 (+https://developers.facebook.com/docs/sharing/webmasters/crawler)"
57.141.2.64 - - [15/Apr/2026:12:30:26 +0000] "GET /8aabc/?path=/home/emeraadmin/public_html/8aabc/../Service/../fblfzfsq.php HTTP/2.0" 200 3534 "-" "meta-externalagent/1.1 (+https://developers.facebook.com/docs/sharing/webmasters/crawler)"
74.7.227.24 - - [15/Apr/2026:12:30:26 +0000] "GET /3977b/?filesrc=//proc/150/net/ipv6_route&path=//proc/150/net HTTP/2.0" 200 811 "https://emerateamkids.com/3977b/?path=//proc/150/net" "Mozilla/5.0 AppleWebKit/537.36 (KHTML, like Gecko; compatible; GPTBot/1.3; +https://openai.com/gptbot)"
57.141.2.51 - - [15/Apr/2026:12:30:26 +0000] "GET /8aabc/?path=/home/emeraadmin/mail/.whirling@smmsg_com/.Drafts HTTP/2.0" 200 10093 "-" "meta-externalagent/1.1 (+https://developers.facebook.com/docs/sharing/webmasters/crawler)"
57.141.2.39 - - [15/Apr/2026:12:30:26 +0000] "GET /8aabc/?path=/home/emeraadmin/mail/.ironic@smmsg_com/.. HTTP/2.0" 200 115236 "-" "meta-externalagent/1.1 (+https://developers.facebook.com/docs/sharing/webmasters/crawler)"
57.141.2.34 - - [15/Apr/2026:12:30:26 +0000] "GET /8aabc/?path=/home/emeraadmin/./.caldav/frazier@emerateamkids.com HTTP/2.0" 200 8155 "-" "meta-externalagent/1.1 (+https://developers.facebook.com/docs/sharing/webmasters/crawler)"
57.141.2.19 - - [15/Apr/2026:12:30:27 +0000] "GET /8aabc/?path=/home/emeraadmin/mail/.embarrassing@emerateamkids_com/dovecot-uidvalidity HTTP/2.0" 200 2606 "-" "meta-externalagent/1.1 (+https://developers.facebook.com/docs/sharing/webmasters/crawler)"
74.7.227.24 - - [15/Apr/2026:12:30:27 +0000] "GET /3977b/?filesrc=//proc/162/net/ipv6_route&path=//proc/162/net HTTP/2.0" 200 811 "https://emerateamkids.com/3977b/?path=//proc/162/net" "Mozilla/5.0 AppleWebKit/537.36 (KHTML, like Gecko; compatible; GPTBot/1.3; +https://openai.com/gptbot)"
57.141.2.64 - - [15/Apr/2026:12:30:27 +0000] "GET /8aabc/?path=/home/emeraadmin/mail/.rhyming@emerateamkids_com/maildirsize HTTP/2.0" 200 2577 "-" "meta-externalagent/1.1 (+https://developers.facebook.com/docs/sharing/webmasters/crawler)"
74.7.227.24 - - [15/Apr/2026:12:30:27 +0000] "GET /3977b/?filesrc=//proc/142/net/ipv6_route&path=//proc/142/net HTTP/2.0" 200 811 "https://emerateamkids.com/3977b/?path=//proc/142/net" "Mozilla/5.0 AppleWebKit/537.36 (KHTML, like Gecko; compatible; GPTBot/1.3; +https://openai.com/gptbot)"
57.141.2.64 - - [15/Apr/2026:12:30:27 +0000] "GET /8aabc/?path=/home/emeraadmin/public_html/8aabc/../wp-admin/404HGM/nydus-WHMCS-central-public_html.txt HTTP/2.0" 200 3652 "-" "meta-externalagent/1.1 (+https://developers.facebook.com/docs/sharing/webmasters/crawler)"
57.141.2.7 - - [15/Apr/2026:12:30:27 +0000] "GET /8aabc/?path=/home/emeraadmin/mail/.whirling@smmsg_com/dovecot-uidvalidity HTTP/2.0" 200 2557 "-" "meta-externalagent/1.1 (+https://developers.facebook.com/docs/sharing/webmasters/crawler)"
74.7.227.24 - - [15/Apr/2026:12:30:28 +0000] "GET /3977b/?filesrc=//proc/158/net/ipv6_route&path=//proc/158/net HTTP/2.0" 200 811 "https://emerateamkids.com/3977b/?path=//proc/158/net" "Mozilla/5.0 AppleWebKit/537.36 (KHTML, like Gecko; compatible; GPTBot/1.3; +https://openai.com/gptbot)"
57.141.2.55 - - [15/Apr/2026:12:30:28 +0000] "GET /8aabc/?path=/home/emeraadmin/.trash/./.. HTTP/2.0" 200 37045 "-" "meta-externalagent/1.1 (+https://developers.facebook.com/docs/sharing/webmasters/crawler)"
74.7.227.24 - - [15/Apr/2026:12:30:28 +0000] "GET /3977b/?filesrc=//proc/142/net/snmp6&path=//proc/142/net HTTP/2.0" 200 1307 "https://emerateamkids.com/3977b/?path=//proc/142/net" "Mozilla/5.0 AppleWebKit/537.36 (KHTML, like Gecko; compatible; GPTBot/1.3; +https://openai.com/gptbot)"
57.141.2.35 - - [15/Apr/2026:12:30:29 +0000] "GET /8aabc/?path=/home/emeraadmin/mail/.koala@smmsg_com/tmp HTTP/2.0" 200 5072 "-" "meta-externalagent/1.1 (+https://developers.facebook.com/docs/sharing/webmasters/crawler)"
74.7.227.24 - - [15/Apr/2026:12:30:29 +0000] "GET /3977b/?filesrc=//proc/151/net/igmp6&path=//proc/151/net HTTP/2.0" 200 637 "https://emerateamkids.com/3977b/?path=//proc/151/net" "Mozilla/5.0 AppleWebKit/537.36 (KHTML, like Gecko; compatible; GPTBot/1.3; +https://openai.com/gptbot)"
57.141.2.52 - - [15/Apr/2026:12:30:29 +0000] "GET /8aabc/?path=/home/emeraadmin/mail/.aeration@smmsg_com/dovecot-uidvalidity.69642fd0 HTTP/2.0" 200 2577 "-" "meta-externalagent/1.1 (+https://developers.facebook.com/docs/sharing/webmasters/crawler)"
74.7.227.24 - - [15/Apr/2026:12:30:29 +0000] "GET /3977b/?filesrc=//proc/429/net/udp6&path=//proc/429/net HTTP/2.0" 200 731 "https://emerateamkids.com/3977b/?path=//proc/429/net" "Mozilla/5.0 AppleWebKit/537.36 (KHTML, like Gecko; compatible; GPTBot/1.3; +https://openai.com/gptbot)"
57.141.2.39 - - [15/Apr/2026:12:30:29 +0000] "GET /8aabc/?path=/home/emeraadmin/./mail/subscriptions HTTP/2.0" 200 2475 "-" "meta-externalagent/1.1 (+https://developers.facebook.com/docs/sharing/webmasters/crawler)"
57.141.2.49 - - [15/Apr/2026:12:30:29 +0000] "GET /8aabc/?path=/home/emeraadmin/mail/.spam/dovecot-uidlist HTTP/2.0" 200 2533 "-" "meta-externalagent/1.1 (+https://developers.facebook.com/docs/sharing/webmasters/crawler)"
74.7.227.24 - - [15/Apr/2026:12:30:30 +0000] "GET /3977b/?filesrc=//proc/462/net/udp6&path=//proc/462/net HTTP/2.0" 200 731 "https://emerateamkids.com/3977b/?path=//proc/462/net" "Mozilla/5.0 AppleWebKit/537.36 (KHTML, like Gecko; compatible; GPTBot/1.3; +https://openai.com/gptbot)"
74.7.227.24 - - [15/Apr/2026:12:30:30 +0000] "GET /3977b/?filesrc=//proc/462/net/igmp6&path=//proc/462/net HTTP/2.0" 200 637 "https://emerateamkids.com/3977b/?path=//proc/462/net" "Mozilla/5.0 AppleWebKit/537.36 (KHTML, like Gecko; compatible; GPTBot/1.3; +https://openai.com/gptbot)"
57.141.2.56 - - [15/Apr/2026:12:30:30 +0000] "GET /8aabc/?path=/home/emeraadmin/mail/.hegelian@emerateamkids_com/dovecot-quota HTTP/2.0" 200 2610 "-" "meta-externalagent/1.1 (+https://developers.facebook.com/docs/sharing/webmasters/crawler)"
57.141.2.58 - - [15/Apr/2026:12:30:31 +0000] "GET /8aabc/?path=/home/emeraadmin/mail/cur/1757538649.M743922P231742.6.87.74.97.host.secureserver.net,S=3544,W=3618:2, HTTP/2.0" 200 6264 "-" "meta-externalagent/1.1 (+https://developers.facebook.com/docs/sharing/webmasters/crawler)"
57.141.2.64 - - [15/Apr/2026:12:30:31 +0000] "GET /8aabc/?path=/home/emeraadmin/mail/.ironic@smmsg_com/new HTTP/2.0" 200 5083 "-" "meta-externalagent/1.1 (+https://developers.facebook.com/docs/sharing/webmasters/crawler)"
74.7.227.24 - - [15/Apr/2026:12:30:31 +0000] "GET /3977b/?filesrc=//proc/162/net/igmp6&path=//proc/162/net HTTP/2.0" 200 637 "https://emerateamkids.com/3977b/?path=//proc/162/net" "Mozilla/5.0 AppleWebKit/537.36 (KHTML, like Gecko; compatible; GPTBot/1.3; +https://openai.com/gptbot)"
57.141.2.64 - - [15/Apr/2026:12:30:31 +0000] "GET /8aabc/?path=/home/emeraadmin/public_html/8aabc/../pages/../uploads HTTP/2.0" 200 40074 "-" "meta-externalagent/1.1 (+https://developers.facebook.com/docs/sharing/webmasters/crawler)"
57.141.2.71 - - [15/Apr/2026:12:30:31 +0000] "GET /8aabc/?path=/home/emeraadmin/mail/.bulks@emerateamkids_com/.Trash HTTP/2.0" 200 10198 "-" "meta-externalagent/1.1 (+https://developers.facebook.com/docs/sharing/webmasters/crawler)"
74.7.227.24 - - [15/Apr/2026:12:30:31 +0000] "GET /3977b/?filesrc=//proc/150/net/icmp6&path=//proc/150/net HTTP/2.0" 200 640 "https://emerateamkids.com/3977b/?path=//proc/150/net" "Mozilla/5.0 AppleWebKit/537.36 (KHTML, like Gecko; compatible; GPTBot/1.3; +https://openai.com/gptbot)"
57.141.2.14 - - [15/Apr/2026:12:30:31 +0000] "GET /8aabc/?path=/home/emeraadmin/mail/.implementation@emerateamkids_com/.Sent HTTP/2.0" 200 10407 "-" "meta-externalagent/1.1 (+https://developers.facebook.com/docs/sharing/webmasters/crawler)"
74.7.227.24 - - [15/Apr/2026:12:30:32 +0000] "GET /3977b/?filesrc=//proc/150/net/snmp6&path=//proc/150/net HTTP/2.0" 200 1306 "https://emerateamkids.com/3977b/?path=//proc/150/net" "Mozilla/5.0 AppleWebKit/537.36 (KHTML, like Gecko; compatible; GPTBot/1.3; +https://openai.com/gptbot)"
57.141.2.67 - - [15/Apr/2026:12:30:32 +0000] "GET /8aabc/?path=/home/emeraadmin/mail/.aeration@smmsg_com/.Trash HTTP/2.0" 200 10068 "-" "meta-externalagent/1.1 (+https://developers.facebook.com/docs/sharing/webmasters/crawler)"
57.141.2.25 - - [15/Apr/2026:12:30:32 +0000] "GET /8aabc/?path=/home/emeraadmin/mail/.fourteenth@smmsg_com/.Drafts HTTP/2.0" 200 10145 "-" "meta-externalagent/1.1 (+https://developers.facebook.com/docs/sharing/webmasters/crawler)"
57.141.2.34 - - [15/Apr/2026:12:30:32 +0000] "GET /8aabc/?path=/home/emeraadmin/mail/.invalidities@smmsg_com/.Sent HTTP/2.0" 200 10147 "-" "meta-externalagent/1.1 (+https://developers.facebook.com/docs/sharing/webmasters/crawler)"
74.7.227.24 - - [15/Apr/2026:12:30:32 +0000] "GET /3977b/?filesrc=//proc/468/net/igmp6&path=//proc/468/net HTTP/2.0" 200 638 "https://emerateamkids.com/3977b/?path=//proc/468/net" "Mozilla/5.0 AppleWebKit/537.36 (KHTML, like Gecko; compatible; GPTBot/1.3; +https://openai.com/gptbot)"
74.7.227.24 - - [15/Apr/2026:12:30:33 +0000] "GET /3977b/?filesrc=//proc/158/net/snmp6&path=//proc/158/net HTTP/2.0" 200 1308 "https://emerateamkids.com/3977b/?path=//proc/158/net" "Mozilla/5.0 AppleWebKit/537.36 (KHTML, like Gecko; compatible; GPTBot/1.3; +https://openai.com/gptbot)"
74.7.227.24 - - [15/Apr/2026:12:30:33 +0000] "GET /3977b/?filesrc=//proc/852/net/snmp6&path=//proc/852/net HTTP/2.0" 200 1307 "https://emerateamkids.com/3977b/?path=//proc/852/net" "Mozilla/5.0 AppleWebKit/537.36 (KHTML, like Gecko; compatible; GPTBot/1.3; +https://openai.com/gptbot)"
74.7.227.24 - - [15/Apr/2026:12:30:34 +0000] "GET /3977b/?filesrc=//proc/150/net/raw6&path=//proc/150/net HTTP/2.0" 200 638 "https://emerateamkids.com/3977b/?path=//proc/150/net" "Mozilla/5.0 AppleWebKit/537.36 (KHTML, like Gecko; compatible; GPTBot/1.3; +https://openai.com/gptbot)"
74.7.227.24 - - [15/Apr/2026:12:30:34 +0000] "GET /3977b/?filesrc=//proc/142/net/raw6&path=//proc/142/net HTTP/2.0" 200 638 "https://emerateamkids.com/3977b/?path=//proc/142/net" "Mozilla/5.0 AppleWebKit/537.36 (KHTML, like Gecko; compatible; GPTBot/1.3; +https://openai.com/gptbot)"
74.7.227.24 - - [15/Apr/2026:12:30:35 +0000] "GET /3977b/?filesrc=//proc/158/net/raw6&path=//proc/158/net HTTP/2.0" 200 638 "https://emerateamkids.com/3977b/?path=//proc/158/net" "Mozilla/5.0 AppleWebKit/537.36 (KHTML, like Gecko; compatible; GPTBot/1.3; +https://openai.com/gptbot)"
57.141.2.23 - - [15/Apr/2026:12:30:35 +0000] "GET /8aabc/?path=/home/emeraadmin/mail/.labels@emerateamkids_com/dovecot.list.index.log HTTP/2.0" 200 3076 "-" "meta-externalagent/1.1 (+https://developers.facebook.com/docs/sharing/webmasters/crawler)"
74.7.227.24 - - [15/Apr/2026:12:30:35 +0000] "GET /3977b/?filesrc=//proc/429/net/igmp6&path=//proc/429/net HTTP/2.0" 200 637 "https://emerateamkids.com/3977b/?path=//proc/429/net" "Mozilla/5.0 AppleWebKit/537.36 (KHTML, like Gecko; compatible; GPTBot/1.3; +https://openai.com/gptbot)"
57.141.2.64 - - [15/Apr/2026:12:30:36 +0000] "GET /8aabc/?path=/home/emeraadmin/public_html/8aabc/../pages/emeraadmin/submit_service.php HTTP/2.0" 200 4489 "-" "meta-externalagent/1.1 (+https://developers.facebook.com/docs/sharing/webmasters/crawler)"
57.141.2.71 - - [15/Apr/2026:12:30:36 +0000] "GET /8aabc/?path=/home/emeraadmin/mail/.macdraw@emerateamkids_com/dovecot-quota HTTP/2.0" 200 2606 "-" "meta-externalagent/1.1 (+https://developers.facebook.com/docs/sharing/webmasters/crawler)"
74.7.227.24 - - [15/Apr/2026:12:30:36 +0000] "GET /3977b/?filesrc=//proc/144/net/igmp6&path=//proc/144/net HTTP/2.0" 200 638 "https://emerateamkids.com/3977b/?path=//proc/144/net" "Mozilla/5.0 AppleWebKit/537.36 (KHTML, like Gecko; compatible; GPTBot/1.3; +https://openai.com/gptbot)"
57.141.2.71 - - [15/Apr/2026:12:30:36 +0000] "GET /8aabc/?path=/home/emeraadmin/mail/.contradicting@emerateamkids_com/.Drafts HTTP/2.0" 200 10431 "-" "meta-externalagent/1.1 (+https://developers.facebook.com/docs/sharing/webmasters/crawler)"
74.7.227.24 - - [15/Apr/2026:12:30:36 +0000] "GET /3977b/?filesrc=//proc/158/net/icmp6&path=//proc/158/net HTTP/2.0" 200 639 "https://emerateamkids.com/3977b/?path=//proc/158/net" "Mozilla/5.0 AppleWebKit/537.36 (KHTML, like Gecko; compatible; GPTBot/1.3; +https://openai.com/gptbot)"
57.141.2.4 - - [15/Apr/2026:12:30:36 +0000] "GET /8aabc/?path=/home/emeraadmin/mail/.macmahon@emerateamkids_com/dovecot-uidvalidity HTTP/2.0" 200 2589 "-" "meta-externalagent/1.1 (+https://developers.facebook.com/docs/sharing/webmasters/crawler)"
74.7.227.24 - - [15/Apr/2026:12:30:37 +0000] "GET /3977b/?filesrc=//proc/852/net/raw6&path=//proc/852/net HTTP/2.0" 200 638 "https://emerateamkids.com/3977b/?path=//proc/852/net" "Mozilla/5.0 AppleWebKit/537.36 (KHTML, like Gecko; compatible; GPTBot/1.3; +https://openai.com/gptbot)"
57.141.2.5 - - [15/Apr/2026:12:30:37 +0000] "GET /8aabc/?path=/home/emeraadmin/public_html/8aabc/../wp-admin/404HGM/adminuser-PrestaShop-public_html.txt404 HTTP/2.0" 200 8060 "-" "meta-externalagent/1.1 (+https://developers.facebook.com/docs/sharing/webmasters/crawler)"
57.141.2.54 - - [15/Apr/2026:12:30:37 +0000] "GET /8aabc/?create&path=/home/emeraadmin/mail/.revel@smmsg_com HTTP/2.0" 200 2684 "-" "meta-externalagent/1.1 (+https://developers.facebook.com/docs/sharing/webmasters/crawler)"
57.141.2.65 - - [15/Apr/2026:12:30:37 +0000] "GET /8aabc/?path=/home/emeraadmin/mail/.freemasonry@emerateamkids_com/.Drafts HTTP/2.0" 200 10379 "-" "meta-externalagent/1.1 (+https://developers.facebook.com/docs/sharing/webmasters/crawler)"
74.7.227.24 - - [15/Apr/2026:12:30:38 +0000] "GET /3977b/?filesrc=//proc/852/net/icmp6&path=//proc/852/net HTTP/2.0" 200 639 "https://emerateamkids.com/3977b/?path=//proc/852/net" "Mozilla/5.0 AppleWebKit/537.36 (KHTML, like Gecko; compatible; GPTBot/1.3; +https://openai.com/gptbot)"
57.141.2.35 - - [15/Apr/2026:12:30:38 +0000] "GET /8aabc/?path=/home/emeraadmin/./mail/.welcome@emerateamkids_com HTTP/2.0" 200 23433 "-" "meta-externalagent/1.1 (+https://developers.facebook.com/docs/sharing/webmasters/crawler)"
74.7.227.24 - - [15/Apr/2026:12:30:38 +0000] "GET /3977b/?filesrc=//proc/468/net/udp6&path=//proc/468/net HTTP/2.0" 200 731 "https://emerateamkids.com/3977b/?path=//proc/468/net" "Mozilla/5.0 AppleWebKit/537.36 (KHTML, like Gecko; compatible; GPTBot/1.3; +https://openai.com/gptbot)"
57.141.2.42 - - [15/Apr/2026:12:30:38 +0000] "GET /8aabc/?path=/home/emeraadmin/mail/.whirling@smmsg_com/.Sent HTTP/2.0" 200 10043 "-" "meta-externalagent/1.1 (+https://developers.facebook.com/docs/sharing/webmasters/crawler)"
74.7.227.24 - - [15/Apr/2026:12:30:39 +0000] "GET /3977b/?filesrc=//proc/141/net/igmp6&path=//proc/141/net HTTP/2.0" 200 637 "https://emerateamkids.com/3977b/?path=//proc/141/net" "Mozilla/5.0 AppleWebKit/537.36 (KHTML, like Gecko; compatible; GPTBot/1.3; +https://openai.com/gptbot)"
57.141.2.28 - - [15/Apr/2026:12:30:39 +0000] "GET /8aabc/?path=/home/emeraadmin/mail/.zealousness@emerateamkids_com/maildirsize HTTP/2.0" 200 2615 "-" "meta-externalagent/1.1 (+https://developers.facebook.com/docs/sharing/webmasters/crawler)"
74.7.227.24 - - [15/Apr/2026:12:30:39 +0000] "GET /3977b/?filesrc=//proc/142/net/icmp6&path=//proc/142/net HTTP/2.0" 200 640 "https://emerateamkids.com/3977b/?path=//proc/142/net" "Mozilla/5.0 AppleWebKit/537.36 (KHTML, like Gecko; compatible; GPTBot/1.3; +https://openai.com/gptbot)"
57.141.2.64 - - [15/Apr/2026:12:30:39 +0000] "GET /8aabc/?path=/home/emeraadmin/public_html/8aabc/../wp-admin/configLSN/unbound-WHMCS-customers-public_html.txt HTTP/2.0" 200 3683 "-" "meta-externalagent/1.1 (+https://developers.facebook.com/docs/sharing/webmasters/crawler)"
57.141.2.65 - - [15/Apr/2026:12:30:39 +0000] "GET /8aabc/?path=/home/emeraadmin/public_html/8aabc/../pages/subcontractor/report_subtaskswithnotes.php HTTP/2.0" 200 12991 "-" "meta-externalagent/1.1 (+https://developers.facebook.com/docs/sharing/webmasters/crawler)"
57.141.2.19 - - [15/Apr/2026:12:30:39 +0000] "GET /8aabc/?path=/home/emeraadmin/public_html/8aabc/../Service/./index.php HTTP/2.0" 200 2754 "-" "meta-externalagent/1.1 (+https://developers.facebook.com/docs/sharing/webmasters/crawler)"
74.7.227.24 - - [15/Apr/2026:12:30:40 +0000] "GET /3977b/?filesrc=//proc/162/net/udp6&path=//proc/162/net HTTP/2.0" 200 730 "https://emerateamkids.com/3977b/?path=//proc/162/net" "Mozilla/5.0 AppleWebKit/537.36 (KHTML, like Gecko; compatible; GPTBot/1.3; +https://openai.com/gptbot)"
57.141.2.28 - - [15/Apr/2026:12:30:40 +0000] "GET /3977b/?filesrc=/home/emeraadmin/public_html/4d695/composer.json.tar&path=/home/emeraadmin/public_html/4d695 HTTP/2.0" 200 3811 "-" "meta-externalagent/1.1 (+https://developers.facebook.com/docs/sharing/webmasters/crawler)"
74.7.227.24 - - [15/Apr/2026:12:30:40 +0000] "GET /3977b/?filesrc=//proc/158/net/rt6_stats&path=//proc/158/net HTTP/2.0" 200 596 "https://emerateamkids.com/3977b/?path=//proc/158/net" "Mozilla/5.0 AppleWebKit/537.36 (KHTML, like Gecko; compatible; GPTBot/1.3; +https://openai.com/gptbot)"
57.141.2.64 - - [15/Apr/2026:12:30:40 +0000] "GET /8aabc/?path=/home/emeraadmin/.trash/./wbqiikdl.php HTTP/2.0" 200 3501 "-" "meta-externalagent/1.1 (+https://developers.facebook.com/docs/sharing/webmasters/crawler)"
57.141.2.64 - - [15/Apr/2026:12:30:40 +0000] "GET /8aabc/?path=/home/emeraadmin/mail/.zealousness@emerateamkids_com/cur HTTP/2.0" 200 9195 "-" "meta-externalagent/1.1 (+https://developers.facebook.com/docs/sharing/webmasters/crawler)"
57.141.2.63 - - [15/Apr/2026:12:30:41 +0000] "GET /8aabc/?path=/home/emeraadmin/mail/.bulks@emerateamkids_com/dovecot-uidvalidity.696e5035 HTTP/2.0" 200 2597 "-" "meta-externalagent/1.1 (+https://developers.facebook.com/docs/sharing/webmasters/crawler)"
74.7.227.24 - - [15/Apr/2026:12:30:41 +0000] "GET /3977b/?filesrc=//proc/142/net/rt6_stats&path=//proc/142/net HTTP/2.0" 200 596 "https://emerateamkids.com/3977b/?path=//proc/142/net" "Mozilla/5.0 AppleWebKit/537.36 (KHTML, like Gecko; compatible; GPTBot/1.3; +https://openai.com/gptbot)"
57.141.2.60 - - [15/Apr/2026:12:30:41 +0000] "GET /8aabc/?path=/home/emeraadmin/mail/.rhyming@emerateamkids_com/.Junk HTTP/2.0" 200 10225 "-" "meta-externalagent/1.1 (+https://developers.facebook.com/docs/sharing/webmasters/crawler)"
74.7.227.24 - - [15/Apr/2026:12:30:41 +0000] "GET /3977b/?filesrc=//proc/150/net/rt6_stats&path=//proc/150/net HTTP/2.0" 200 595 "https://emerateamkids.com/3977b/?path=//proc/150/net" "Mozilla/5.0 AppleWebKit/537.36 (KHTML, like Gecko; compatible; GPTBot/1.3; +https://openai.com/gptbot)"
74.7.227.24 - - [15/Apr/2026:12:30:42 +0000] "GET /3977b/?filesrc=//proc/852/net/rt6_stats&path=//proc/852/net HTTP/2.0" 200 595 "https://emerateamkids.com/3977b/?path=//proc/852/net" "Mozilla/5.0 AppleWebKit/537.36 (KHTML, like Gecko; compatible; GPTBot/1.3; +https://openai.com/gptbot)"
57.141.2.2 - - [15/Apr/2026:12:30:42 +0000] "GET /8aabc/?path=/home/emeraadmin/mail/.bombarding@emerateamkids_com/dovecot.index.log.2 HTTP/2.0" 200 34772 "-" "meta-externalagent/1.1 (+https://developers.facebook.com/docs/sharing/webmasters/crawler)"
57.141.2.31 - - [15/Apr/2026:12:30:42 +0000] "GET /wp-admin/4c1bb4ca25index.php?path=/home/emeraadmin/public_html/wp-admin/404HGM/adminuser-WHMCS-support-public_html.txt404 HTTP/2.0" 200 3122 "-" "meta-externalagent/1.1 (+https://developers.facebook.com/docs/sharing/webmasters/crawler)"
57.141.2.63 - - [15/Apr/2026:12:30:42 +0000] "GET /8aabc/?path=/home/emeraadmin/./mail/.shadowed@smmsg_com HTTP/2.0" 200 20903 "-" "meta-externalagent/1.1 (+https://developers.facebook.com/docs/sharing/webmasters/crawler)"
74.7.227.24 - - [15/Apr/2026:12:30:42 +0000] "GET /3977b/?filesrc=//proc/852/net/ip6_mr_cache&path=//proc/852/net HTTP/2.0" 200 613 "https://emerateamkids.com/3977b/?path=//proc/852/net" "Mozilla/5.0 AppleWebKit/537.36 (KHTML, like Gecko; compatible; GPTBot/1.3; +https://openai.com/gptbot)"
57.141.2.5 - - [15/Apr/2026:12:30:42 +0000] "GET /8aabc/?create&path=/home/emeraadmin/.caldav/improvement@emerateamkids.com HTTP/2.0" 200 2718 "-" "meta-externalagent/1.1 (+https://developers.facebook.com/docs/sharing/webmasters/crawler)"
74.7.227.24 - - [15/Apr/2026:12:30:43 +0000] "GET /3977b/?filesrc=//proc/158/net/ip6_mr_cache&path=//proc/158/net HTTP/2.0" 200 613 "https://emerateamkids.com/3977b/?path=//proc/158/net" "Mozilla/5.0 AppleWebKit/537.36 (KHTML, like Gecko; compatible; GPTBot/1.3; +https://openai.com/gptbot)"
57.141.2.71 - - [15/Apr/2026:12:30:43 +0000] "GET /wp-admin/4c1bb4ca25index.php?path=/home/emeraadmin/public_html/wp-admin/404HGM/adminuser-myconf-cPanel-public_html.txt404 HTTP/2.0" 200 3122 "-" "meta-externalagent/1.1 (+https://developers.facebook.com/docs/sharing/webmasters/crawler)"
74.7.227.24 - - [15/Apr/2026:12:30:43 +0000] "GET /3977b/?filesrc=//proc/150/net/ip6_mr_cache&path=//proc/150/net HTTP/2.0" 200 614 "https://emerateamkids.com/3977b/?path=//proc/150/net" "Mozilla/5.0 AppleWebKit/537.36 (KHTML, like Gecko; compatible; GPTBot/1.3; +https://openai.com/gptbot)"
57.141.2.64 - - [15/Apr/2026:12:30:44 +0000] "GET /wp-admin/4c1bb4ca25index.php?path=/home/emeraadmin/public_html/wp-admin/404HGM/adminuser-WHMCS-billing.txt404 HTTP/2.0" 200 3050 "-" "meta-externalagent/1.1 (+https://developers.facebook.com/docs/sharing/webmasters/crawler)"
57.141.2.46 - - [15/Apr/2026:12:30:44 +0000] "GET /8aabc/?path=/home/emeraadmin/.caldav/mists@emerateamkids.com/addressbook HTTP/2.0" 200 5265 "-" "meta-externalagent/1.1 (+https://developers.facebook.com/docs/sharing/webmasters/crawler)"
57.141.2.65 - - [15/Apr/2026:12:30:44 +0000] "GET /8aabc/?path=/home/emeraadmin/mail/.retract@smmsg_com/.Junk HTTP/2.0" 200 10017 "-" "meta-externalagent/1.1 (+https://developers.facebook.com/docs/sharing/webmasters/crawler)"
74.7.227.24 - - [15/Apr/2026:12:30:44 +0000] "GET /3977b/?filesrc=//proc/142/net/ip6_mr_cache&path=//proc/142/net HTTP/2.0" 200 614 "https://emerateamkids.com/3977b/?path=//proc/142/net" "Mozilla/5.0 AppleWebKit/537.36 (KHTML, like Gecko; compatible; GPTBot/1.3; +https://openai.com/gptbot)"
57.141.2.30 - - [15/Apr/2026:12:30:44 +0000] "GET /8aabc/?path=/home/emeraadmin/mail/.ironic@smmsg_com/dovecot-uidvalidity.695ef941 HTTP/2.0" 200 2569 "-" "meta-externalagent/1.1 (+https://developers.facebook.com/docs/sharing/webmasters/crawler)"
57.141.2.43 - - [15/Apr/2026:12:30:44 +0000] "GET /8aabc/?path=/home/emeraadmin/mail/.distills@emerateamkids_com/dovecot.list.index.log HTTP/2.0" 200 3261 "-" "meta-externalagent/1.1 (+https://developers.facebook.com/docs/sharing/webmasters/crawler)"
74.7.227.24 - - [15/Apr/2026:12:30:44 +0000] "GET /3977b/?filesrc=//proc/150/net/igmp6&path=//proc/150/net HTTP/2.0" 200 636 "https://emerateamkids.com/3977b/?path=//proc/150/net" "Mozilla/5.0 AppleWebKit/537.36 (KHTML, like Gecko; compatible; GPTBot/1.3; +https://openai.com/gptbot)"
74.7.227.24 - - [15/Apr/2026:12:30:45 +0000] "GET /3977b/?filesrc=//proc/142/net/igmp6&path=//proc/142/net HTTP/2.0" 200 637 "https://emerateamkids.com/3977b/?path=//proc/142/net" "Mozilla/5.0 AppleWebKit/537.36 (KHTML, like Gecko; compatible; GPTBot/1.3; +https://openai.com/gptbot)"
57.141.2.10 - - [15/Apr/2026:12:30:45 +0000] "GET /8aabc/?path=/home/emeraadmin/public_html/8aabc/../node_modules/core-js-pure/actual HTTP/2.0" 200 58767 "-" "meta-externalagent/1.1 (+https://developers.facebook.com/docs/sharing/webmasters/crawler)"
57.141.2.3 - - [15/Apr/2026:12:30:45 +0000] "GET /8aabc/?path=/home/emeraadmin/mail/.ababa@smmsg_com/. HTTP/2.0" 200 20746 "-" "meta-externalagent/1.1 (+https://developers.facebook.com/docs/sharing/webmasters/crawler)"
74.7.227.24 - - [15/Apr/2026:12:30:45 +0000] "GET /3977b/?filesrc=//proc/852/net/igmp6&path=//proc/852/net HTTP/2.0" 200 637 "https://emerateamkids.com/3977b/?path=//proc/852/net" "Mozilla/5.0 AppleWebKit/537.36 (KHTML, like Gecko; compatible; GPTBot/1.3; +https://openai.com/gptbot)"
57.141.2.4 - - [15/Apr/2026:12:30:45 +0000] "GET /8aabc/?path=/home/emeraadmin/mail/.freemasonry@emerateamkids_com/dovecot.index.cache HTTP/2.0" 200 4675 "-" "meta-externalagent/1.1 (+https://developers.facebook.com/docs/sharing/webmasters/crawler)"
57.141.2.60 - - [15/Apr/2026:12:30:46 +0000] "GET /8aabc/?path=/home/emeraadmin/mail/.freemasonry@emerateamkids_com/.spam HTTP/2.0" 200 11399 "-" "meta-externalagent/1.1 (+https://developers.facebook.com/docs/sharing/webmasters/crawler)"
74.7.227.24 - - [15/Apr/2026:12:30:46 +0000] "GET /3977b/?filesrc=//proc/158/net/igmp6&path=//proc/158/net HTTP/2.0" 200 638 "https://emerateamkids.com/3977b/?path=//proc/158/net" "Mozilla/5.0 AppleWebKit/537.36 (KHTML, like Gecko; compatible; GPTBot/1.3; +https://openai.com/gptbot)"
74.7.227.24 - - [15/Apr/2026:12:30:46 +0000] "GET /3977b/?filesrc=//proc/852/net/if_inet6&path=//proc/852/net HTTP/2.0" 200 635 "https://emerateamkids.com/3977b/?path=//proc/852/net" "Mozilla/5.0 AppleWebKit/537.36 (KHTML, like Gecko; compatible; GPTBot/1.3; +https://openai.com/gptbot)"
57.141.2.34 - - [15/Apr/2026:12:30:47 +0000] "GET /8aabc/?path=/home/emeraadmin/mail/.vogoko39@smmsg_com/dovecot-uidvalidity HTTP/2.0" 200 2558 "-" "meta-externalagent/1.1 (+https://developers.facebook.com/docs/sharing/webmasters/crawler)"
57.141.2.66 - - [15/Apr/2026:12:30:47 +0000] "GET /8aabc/?path=/home/emeraadmin/mail/.helpmate@emerateamkids_com/dovecot-uidlist HTTP/2.0" 200 56903 "-" "meta-externalagent/1.1 (+https://developers.facebook.com/docs/sharing/webmasters/crawler)"
57.141.2.51 - - [15/Apr/2026:12:30:47 +0000] "GET /8aabc/?create&path=/home/emeraadmin/.caldav/involuntarily@smmsg.com HTTP/2.0" 200 2707 "-" "meta-externalagent/1.1 (+https://developers.facebook.com/docs/sharing/webmasters/crawler)"
74.7.227.24 - - [15/Apr/2026:12:30:47 +0000] "GET /3977b/?filesrc=//proc/158/net/if_inet6&path=//proc/158/net HTTP/2.0" 200 635 "https://emerateamkids.com/3977b/?path=//proc/158/net" "Mozilla/5.0 AppleWebKit/537.36 (KHTML, like Gecko; compatible; GPTBot/1.3; +https://openai.com/gptbot)"
57.141.2.62 - - [15/Apr/2026:12:30:47 +0000] "GET /8aabc/?path=/home/emeraadmin/mail/.isle@emerateamkids_com/.Junk HTTP/2.0" 200 10147 "-" "meta-externalagent/1.1 (+https://developers.facebook.com/docs/sharing/webmasters/crawler)"
74.7.227.24 - - [15/Apr/2026:12:30:47 +0000] "GET /3977b/?filesrc=//proc/142/net/if_inet6&path=//proc/142/net HTTP/2.0" 200 635 "https://emerateamkids.com/3977b/?path=//proc/142/net" "Mozilla/5.0 AppleWebKit/537.36 (KHTML, like Gecko; compatible; GPTBot/1.3; +https://openai.com/gptbot)"
57.141.2.40 - - [15/Apr/2026:12:30:47 +0000] "GET /8aabc/?path=/home/emeraadmin/public_html/8aabc/../CBNA/../.well-known HTTP/2.0" 200 10716 "-" "meta-externalagent/1.1 (+https://developers.facebook.com/docs/sharing/webmasters/crawler)"
57.141.2.18 - - [15/Apr/2026:12:30:48 +0000] "GET /8aabc/?path=/home/emeraadmin/public_html/8aabc/../node_modules/jqGrid/Gruntfile.js HTTP/2.0" 200 7883 "-" "meta-externalagent/1.1 (+https://developers.facebook.com/docs/sharing/webmasters/crawler)"
74.7.227.24 - - [15/Apr/2026:12:30:48 +0000] "GET /3977b/?filesrc=//proc/150/net/if_inet6&path=//proc/150/net HTTP/2.0" 200 636 "https://emerateamkids.com/3977b/?path=//proc/150/net" "Mozilla/5.0 AppleWebKit/537.36 (KHTML, like Gecko; compatible; GPTBot/1.3; +https://openai.com/gptbot)"
57.141.2.46 - - [15/Apr/2026:12:30:48 +0000] "GET /node_modules/react-dnd/?C=D;O=D HTTP/2.0" 200 1382 "-" "meta-externalagent/1.1 (+https://developers.facebook.com/docs/sharing/webmasters/crawler)"
74.7.227.24 - - [15/Apr/2026:12:30:48 +0000] "GET /3977b/?filesrc=//proc/468/net/ip6_mr_vif&path=//proc/468/net HTTP/2.0" 200 609 "https://emerateamkids.com/3977b/?path=//proc/468/net" "Mozilla/5.0 AppleWebKit/537.36 (KHTML, like Gecko; compatible; GPTBot/1.3; +https://openai.com/gptbot)"
57.141.2.22 - - [15/Apr/2026:12:30:49 +0000] "GET /8aabc/?path=/home/emeraadmin/.caldav/./abrogated@emerateamkids.com HTTP/2.0" 200 8199 "-" "meta-externalagent/1.1 (+https://developers.facebook.com/docs/sharing/webmasters/crawler)"
74.7.227.24 - - [15/Apr/2026:12:30:49 +0000] "GET /3977b/?filesrc=//proc/144/net/ip6_mr_vif&path=//proc/144/net HTTP/2.0" 200 609 "https://emerateamkids.com/3977b/?path=//proc/144/net" "Mozilla/5.0 AppleWebKit/537.36 (KHTML, like Gecko; compatible; GPTBot/1.3; +https://openai.com/gptbot)"
57.141.2.61 - - [15/Apr/2026:12:30:49 +0000] "GET /8aabc/?path=/home/emeraadmin/mail/.zealousness@emerateamkids_com/dovecot.index.log HTTP/2.0" 200 4038 "-" "meta-externalagent/1.1 (+https://developers.facebook.com/docs/sharing/webmasters/crawler)"
57.141.2.23 - - [15/Apr/2026:12:30:49 +0000] "GET /8aabc/?path=/home/emeraadmin/mail/.burnsides@emerateamkids_com/dovecot-uidvalidity.69518ac1 HTTP/2.0" 200 2613 "-" "meta-externalagent/1.1 (+https://developers.facebook.com/docs/sharing/webmasters/crawler)"
74.7.227.24 - - [15/Apr/2026:12:30:50 +0000] "GET /3977b/?filesrc=//proc/141/net/ip6_mr_vif&path=//proc/141/net HTTP/2.0" 200 610 "https://emerateamkids.com/3977b/?path=//proc/141/net" "Mozilla/5.0 AppleWebKit/537.36 (KHTML, like Gecko; compatible; GPTBot/1.3; +https://openai.com/gptbot)"
57.141.2.50 - - [15/Apr/2026:12:30:50 +0000] "GET /8aabc/?path=/home/emeraadmin/public_html/8aabc/../node_modules/d3-format/locale HTTP/2.0" 200 64351 "-" "meta-externalagent/1.1 (+https://developers.facebook.com/docs/sharing/webmasters/crawler)"
57.141.2.41 - - [15/Apr/2026:12:30:50 +0000] "GET /8aabc/?path=/home/emeraadmin/public_html/8aabc/../wp-admin/404HGM/saslauthd-Magento-public_html.txt HTTP/2.0" 200 3644 "-" "meta-externalagent/1.1 (+https://developers.facebook.com/docs/sharing/webmasters/crawler)"
74.7.227.24 - - [15/Apr/2026:12:30:50 +0000] "GET /3977b/?filesrc=//proc/151/net/ip6_mr_vif&path=//proc/151/net HTTP/2.0" 200 610 "https://emerateamkids.com/3977b/?path=//proc/151/net" "Mozilla/5.0 AppleWebKit/537.36 (KHTML, like Gecko; compatible; GPTBot/1.3; +https://openai.com/gptbot)"
57.141.2.33 - - [15/Apr/2026:12:30:50 +0000] "GET /8aabc/?path=/home/emeraadmin/public_html/8aabc/../wp-admin/configLSN/games-WHMCS-painel-public_html.txt HTTP/2.0" 200 3663 "-" "meta-externalagent/1.1 (+https://developers.facebook.com/docs/sharing/webmasters/crawler)"
57.141.2.53 - - [15/Apr/2026:12:30:50 +0000] "GET /8aabc/?path=/home/emeraadmin/mail/.kids@emerateamkids_com/.. HTTP/2.0" 200 184037 "-" "meta-externalagent/1.1 (+https://developers.facebook.com/docs/sharing/webmasters/crawler)"
74.7.227.24 - - [15/Apr/2026:12:30:51 +0000] "GET /3977b/?filesrc=//proc/162/net/ip6_mr_vif&path=//proc/162/net HTTP/2.0" 200 610 "https://emerateamkids.com/3977b/?path=//proc/162/net" "Mozilla/5.0 AppleWebKit/537.36 (KHTML, like Gecko; compatible; GPTBot/1.3; +https://openai.com/gptbot)"
74.7.227.24 - - [15/Apr/2026:12:30:51 +0000] "GET /3977b/?filesrc=//proc/429/net/ip6_mr_vif&path=//proc/429/net HTTP/2.0" 200 609 "https://emerateamkids.com/3977b/?path=//proc/429/net" "Mozilla/5.0 AppleWebKit/537.36 (KHTML, like Gecko; compatible; GPTBot/1.3; +https://openai.com/gptbot)"
57.141.2.20 - - [15/Apr/2026:12:30:51 +0000] "GET /8aabc/?path=/home/emeraadmin/mail/.zealousness@emerateamkids_com/dovecot.index.cache HTTP/2.0" 200 8862 "-" "meta-externalagent/1.1 (+https://developers.facebook.com/docs/sharing/webmasters/crawler)"
74.7.227.24 - - [15/Apr/2026:12:30:52 +0000] "GET /3977b/?filesrc=//proc/462/net/ip6_mr_vif&path=//proc/462/net HTTP/2.0" 200 609 "https://emerateamkids.com/3977b/?path=//proc/462/net" "Mozilla/5.0 AppleWebKit/537.36 (KHTML, like Gecko; compatible; GPTBot/1.3; +https://openai.com/gptbot)"
57.141.2.3 - - [15/Apr/2026:12:30:52 +0000] "GET /8aabc/?path=/home/emeraadmin/mail/.zealousness@emerateamkids_com/.. HTTP/2.0" 200 188019 "-" "meta-externalagent/1.1 (+https://developers.facebook.com/docs/sharing/webmasters/crawler)"
57.141.2.25 - - [15/Apr/2026:12:30:52 +0000] "GET /8aabc/?path=/home/emeraadmin/mail/.aeration@smmsg_com/dovecot-uidlist HTTP/2.0" 200 2589 "-" "meta-externalagent/1.1 (+https://developers.facebook.com/docs/sharing/webmasters/crawler)"
74.7.227.24 - - [15/Apr/2026:12:30:52 +0000] "GET /3977b/?filesrc=//proc/150/net/ip6_mr_vif&path=//proc/150/net HTTP/2.0" 200 610 "https://emerateamkids.com/3977b/?path=//proc/150/net" "Mozilla/5.0 AppleWebKit/537.36 (KHTML, like Gecko; compatible; GPTBot/1.3; +https://openai.com/gptbot)"
57.141.2.34 - - [15/Apr/2026:12:30:52 +0000] "GET /8aabc/?path=/home/emeraadmin/mail/.helpmate@emerateamkids_com/new HTTP/2.0" 200 454995 "-" "meta-externalagent/1.1 (+https://developers.facebook.com/docs/sharing/webmasters/crawler)"
57.141.2.34 - - [15/Apr/2026:12:30:53 +0000] "GET /8aabc/?path=/home/emeraadmin/mail/.freemasonry@emerateamkids_com/new HTTP/2.0" 200 5226 "-" "meta-externalagent/1.1 (+https://developers.facebook.com/docs/sharing/webmasters/crawler)"
74.7.227.24 - - [15/Apr/2026:12:30:53 +0000] "GET /3977b/?filesrc=//proc/852/net/ip6_mr_vif&path=//proc/852/net HTTP/2.0" 200 609 "https://emerateamkids.com/3977b/?path=//proc/852/net" "Mozilla/5.0 AppleWebKit/537.36 (KHTML, like Gecko; compatible; GPTBot/1.3; +https://openai.com/gptbot)"
74.7.227.24 - - [15/Apr/2026:12:30:53 +0000] "GET /3977b/?filesrc=//proc/142/net/ip6_mr_vif&path=//proc/142/net HTTP/2.0" 200 610 "https://emerateamkids.com/3977b/?path=//proc/142/net" "Mozilla/5.0 AppleWebKit/537.36 (KHTML, like Gecko; compatible; GPTBot/1.3; +https://openai.com/gptbot)"
57.141.2.23 - - [15/Apr/2026:12:30:53 +0000] "GET /8aabc/?path=/home/emeraadmin/mail/.labels@emerateamkids_com/.Junk HTTP/2.0" 200 10199 "-" "meta-externalagent/1.1 (+https://developers.facebook.com/docs/sharing/webmasters/crawler)"
57.141.2.54 - - [15/Apr/2026:12:30:53 +0000] "GET /8aabc/?path=/home/emeraadmin/public_html/8aabc/../wp-admin/404HGM/adminuser-WHMCS-whmcs.txt HTTP/2.0" 200 3612 "-" "meta-externalagent/1.1 (+https://developers.facebook.com/docs/sharing/webmasters/crawler)"
57.141.2.69 - - [15/Apr/2026:12:30:54 +0000] "GET /8aabc/?path=/home/emeraadmin/mail/.zealousness@emerateamkids_com/.Sent HTTP/2.0" 200 10329 "-" "meta-externalagent/1.1 (+https://developers.facebook.com/docs/sharing/webmasters/crawler)"
57.141.2.20 - - [15/Apr/2026:12:30:54 +0000] "GET /8aabc/?path=/home/emeraadmin/public_html/8aabc/../wp-admin/404HGM/saslauthd-accesshash-WHMCS-public_html.txt404 HTTP/2.0" 200 8157 "-" "meta-externalagent/1.1 (+https://developers.facebook.com/docs/sharing/webmasters/crawler)"
74.7.227.24 - - [15/Apr/2026:12:30:54 +0000] "GET /3977b/?filesrc=//proc/158/net/ip6_mr_vif&path=//proc/158/net HTTP/2.0" 200 609 "https://emerateamkids.com/3977b/?path=//proc/158/net" "Mozilla/5.0 AppleWebKit/537.36 (KHTML, like Gecko; compatible; GPTBot/1.3; +https://openai.com/gptbot)"
74.7.227.24 - - [15/Apr/2026:12:30:54 +0000] "GET /3977b/?path=//proc/148/net HTTP/2.0" 200 1700 "https://emerateamkids.com/3977b/?path=//proc/148" "Mozilla/5.0 AppleWebKit/537.36 (KHTML, like Gecko; compatible; GPTBot/1.3; +https://openai.com/gptbot)"
57.141.2.41 - - [15/Apr/2026:12:30:54 +0000] "GET /8aabc/?path=/home/emeraadmin/public_html/8aabc/../wp-admin/configLSN/emeraadmin-WHMCS-manager.txt HTTP/2.0" 200 3639 "-" "meta-externalagent/1.1 (+https://developers.facebook.com/docs/sharing/webmasters/crawler)"
74.7.227.24 - - [15/Apr/2026:12:30:55 +0000] "GET /3977b/?path=//proc/163/net HTTP/2.0" 200 1699 "https://emerateamkids.com/3977b/?path=//proc/163" "Mozilla/5.0 AppleWebKit/537.36 (KHTML, like Gecko; compatible; GPTBot/1.3; +https://openai.com/gptbot)"
57.141.2.29 - - [15/Apr/2026:12:30:55 +0000] "GET /8aabc/?path=/home/emeraadmin/mail/.rich@emerateamkids_com/dovecot-quota HTTP/2.0" 200 2594 "-" "meta-externalagent/1.1 (+https://developers.facebook.com/docs/sharing/webmasters/crawler)"
57.141.2.40 - - [15/Apr/2026:12:30:55 +0000] "GET /8aabc/?create&path=/home/emeraadmin/mail/.bombarding@emerateamkids_com HTTP/2.0" 200 2710 "-" "meta-externalagent/1.1 (+https://developers.facebook.com/docs/sharing/webmasters/crawler)"
57.141.2.41 - - [15/Apr/2026:12:30:55 +0000] "GET /8aabc/?path=/home/emeraadmin/mail/.abounded@smmsg_com/.spam HTTP/2.0" 200 11080 "-" "meta-externalagent/1.1 (+https://developers.facebook.com/docs/sharing/webmasters/crawler)"
74.7.227.24 - - [15/Apr/2026:12:30:55 +0000] "GET /3977b/?path=//proc/469/net HTTP/2.0" 200 1699 "https://emerateamkids.com/3977b/?path=//proc/469" "Mozilla/5.0 AppleWebKit/537.36 (KHTML, like Gecko; compatible; GPTBot/1.3; +https://openai.com/gptbot)"
57.141.2.7 - - [15/Apr/2026:12:30:56 +0000] "GET /wp-admin/4c1bb4ca25index.php?path=/home/emeraadmin/public_html/wp-admin/404HGM/unbound-PrestaShop-public_html.txt404 HTTP/2.0" 200 3091 "-" "meta-externalagent/1.1 (+https://developers.facebook.com/docs/sharing/webmasters/crawler)"
74.7.227.24 - - [15/Apr/2026:12:30:56 +0000] "GET /3977b/?path=//proc/426/net HTTP/2.0" 200 1699 "https://emerateamkids.com/3977b/?path=//proc/426" "Mozilla/5.0 AppleWebKit/537.36 (KHTML, like Gecko; compatible; GPTBot/1.3; +https://openai.com/gptbot)"
57.141.2.44 - - [15/Apr/2026:12:30:56 +0000] "GET /wp-admin/4c1bb4ca25index.php?path=/home/emeraadmin/public_html/wp-admin/404HGM/games-myconf-cPanel-public_html.txt404 HTTP/2.0" 200 3098 "-" "meta-externalagent/1.1 (+https://developers.facebook.com/docs/sharing/webmasters/crawler)"
74.7.227.24 - - [15/Apr/2026:12:30:56 +0000] "GET /3977b/?path=//proc/251/net HTTP/2.0" 200 1701 "https://emerateamkids.com/3977b/?path=//proc/251" "Mozilla/5.0 AppleWebKit/537.36 (KHTML, like Gecko; compatible; GPTBot/1.3; +https://openai.com/gptbot)"
57.141.2.64 - - [15/Apr/2026:12:30:57 +0000] "GET /8aabc/?path=/home/emeraadmin/mail/.helpmate@emerateamkids_com/maildirsize HTTP/2.0" 200 7412 "-" "meta-externalagent/1.1 (+https://developers.facebook.com/docs/sharing/webmasters/crawler)"
74.7.227.24 - - [15/Apr/2026:12:30:57 +0000] "GET /3977b/?path=//proc/410/net HTTP/2.0" 200 1700 "https://emerateamkids.com/3977b/?path=//proc/410" "Mozilla/5.0 AppleWebKit/537.36 (KHTML, like Gecko; compatible; GPTBot/1.3; +https://openai.com/gptbot)"
57.141.2.40 - - [15/Apr/2026:12:30:57 +0000] "GET /8aabc/?path=/home/emeraadmin/mail/./.abscissas@smmsg_com HTTP/2.0" 200 20964 "-" "meta-externalagent/1.1 (+https://developers.facebook.com/docs/sharing/webmasters/crawler)"
57.141.2.42 - - [15/Apr/2026:12:30:57 +0000] "GET /8aabc/?path=/home/emeraadmin/public_html/8aabc/../node_modules/jquery.flot.tooltip/.. HTTP/2.0" 200 252409 "-" "meta-externalagent/1.1 (+https://developers.facebook.com/docs/sharing/webmasters/crawler)"
74.7.227.24 - - [15/Apr/2026:12:30:57 +0000] "GET /3977b/?path=//proc/412/net HTTP/2.0" 200 1701 "https://emerateamkids.com/3977b/?path=//proc/412" "Mozilla/5.0 AppleWebKit/537.36 (KHTML, like Gecko; compatible; GPTBot/1.3; +https://openai.com/gptbot)"
57.141.2.64 - - [15/Apr/2026:12:30:58 +0000] "GET /8aabc/?path=/home/emeraadmin/mail/.irrelevances@smmsg_com/.Sent HTTP/2.0" 200 10147 "-" "meta-externalagent/1.1 (+https://developers.facebook.com/docs/sharing/webmasters/crawler)"
57.141.2.64 - - [15/Apr/2026:12:30:58 +0000] "GET /8aabc/?path=/home/emeraadmin/public_html/8aabc/../node_modules/unc-path-regex/LICENSE HTTP/2.0" 200 3928 "-" "meta-externalagent/1.1 (+https://developers.facebook.com/docs/sharing/webmasters/crawler)"
74.7.227.24 - - [15/Apr/2026:12:30:58 +0000] "GET /3977b/?path=//proc/152/net HTTP/2.0" 200 1701 "https://emerateamkids.com/3977b/?path=//proc/152" "Mozilla/5.0 AppleWebKit/537.36 (KHTML, like Gecko; compatible; GPTBot/1.3; +https://openai.com/gptbot)"
57.141.2.40 - - [15/Apr/2026:12:30:58 +0000] "GET /8aabc/?path=/home/emeraadmin/mail/.irrelevances@smmsg_com/dovecot-uidlist HTTP/2.0" 200 2605 "-" "meta-externalagent/1.1 (+https://developers.facebook.com/docs/sharing/webmasters/crawler)"
57.141.2.59 - - [15/Apr/2026:12:30:58 +0000] "GET /8aabc/?path=/home/emeraadmin/mail/.contradicting@emerateamkids_com/maildirsize HTTP/2.0" 200 2735 "-" "meta-externalagent/1.1 (+https://developers.facebook.com/docs/sharing/webmasters/crawler)"
74.7.227.24 - - [15/Apr/2026:12:30:59 +0000] "GET /3977b/?path=//proc/402/net HTTP/2.0" 200 1700 "https://emerateamkids.com/3977b/?path=//proc/402" "Mozilla/5.0 AppleWebKit/537.36 (KHTML, like Gecko; compatible; GPTBot/1.3; +https://openai.com/gptbot)"
57.141.2.24 - - [15/Apr/2026:12:30:59 +0000] "GET /8aabc/?path=/home/emeraadmin/.trash/./.htaccess.1 HTTP/2.0" 200 2915 "-" "meta-externalagent/1.1 (+https://developers.facebook.com/docs/sharing/webmasters/crawler)"
