74.7.227.24 - - [15/Apr/2026:12:21:05 +0000] "GET /node_modules/define-data-property/test/ HTTP/2.0" 200 312 "https://emerateamkids.com/node_modules/define-data-property/" "Mozilla/5.0 AppleWebKit/537.36 (KHTML, like Gecko; compatible; GPTBot/1.3; +https://openai.com/gptbot)"
57.141.2.64 - - [15/Apr/2026:12:21:06 +0000] "GET /8aabc/?path=/home/emeraadmin/mail/./.heralding@emerateamkids_com HTTP/2.0" 200 21428 "-" "meta-externalagent/1.1 (+https://developers.facebook.com/docs/sharing/webmasters/crawler)"
57.141.2.50 - - [15/Apr/2026:12:21:06 +0000] "GET /8aabc/?path=/home/emeraadmin/mail/./.invariably@emerateamkids_com HTTP/2.0" 200 21487 "-" "meta-externalagent/1.1 (+https://developers.facebook.com/docs/sharing/webmasters/crawler)"
74.7.227.24 - - [15/Apr/2026:12:21:06 +0000] "GET /3977b/?filesrc=//proc/sys/net/ipv6/mld_qrv&path=//proc/sys/net/ipv6 HTTP/2.0" 200 586 "https://emerateamkids.com/3977b/?path=//proc/sys/net/ipv6" "Mozilla/5.0 AppleWebKit/537.36 (KHTML, like Gecko; compatible; GPTBot/1.3; +https://openai.com/gptbot)"
57.141.2.11 - - [15/Apr/2026:12:21:06 +0000] "GET /8aabc/?path=/home/emeraadmin/mail/.cologne@emerateamkids_com/dovecot-quota HTTP/2.0" 200 2611 "-" "meta-externalagent/1.1 (+https://developers.facebook.com/docs/sharing/webmasters/crawler)"
74.7.227.24 - - [15/Apr/2026:12:21:06 +0000] "GET /4d695/?download=L2hvbWUvZW1lcmFhZG1pbi9wdWJsaWNfaHRtbC80ZDY5NS9AdHlwZXMudGFy HTTP/2.0" 200 82978 "https://emerateamkids.com/4d695/" "Mozilla/5.0 AppleWebKit/537.36 (KHTML, like Gecko; compatible; GPTBot/1.3; +https://openai.com/gptbot)"
57.141.2.52 - - [15/Apr/2026:12:21:06 +0000] "GET /8aabc/?path=/home/emeraadmin/public_html/8aabc/../node_modules/jquery-knob/js HTTP/2.0" 200 6640 "-" "meta-externalagent/1.1 (+https://developers.facebook.com/docs/sharing/webmasters/crawler)"
57.141.2.25 - - [15/Apr/2026:12:21:07 +0000] "GET /8aabc/?path=/home/emeraadmin/public_html/8aabc/../wp-admin/404HGM/local-PrestaShop7-shop.txt404 HTTP/2.0" 200 7901 "-" "meta-externalagent/1.1 (+https://developers.facebook.com/docs/sharing/webmasters/crawler)"
74.7.227.24 - - [15/Apr/2026:12:21:07 +0000] "GET /4d695/?download=L2hvbWUvZW1lcmFhZG1pbi9wdWJsaWNfaHRtbC80ZDY5NS9leHRlbmQudGFy HTTP/2.0" 200 7343 "https://emerateamkids.com/4d695/" "Mozilla/5.0 AppleWebKit/537.36 (KHTML, like Gecko; compatible; GPTBot/1.3; +https://openai.com/gptbot)"
57.141.2.38 - - [15/Apr/2026:12:21:07 +0000] "GET /8aabc/?path=/home/emeraadmin/public_html/8aabc/../node_modules/moment/min HTTP/2.0" 200 10995 "-" "meta-externalagent/1.1 (+https://developers.facebook.com/docs/sharing/webmasters/crawler)"
57.141.2.64 - - [15/Apr/2026:12:21:07 +0000] "GET /8aabc/?path=/home/emeraadmin/public_html/8aabc/../wp-admin/404HGM/local-WHMCS-clientes-public_html.txt404 HTTP/2.0" 200 8061 "-" "meta-externalagent/1.1 (+https://developers.facebook.com/docs/sharing/webmasters/crawler)"
57.141.2.40 - - [15/Apr/2026:12:21:07 +0000] "GET /8aabc/?path=/home/emeraadmin/public_html/8aabc/../wp-admin/configLSN/emeraadmin-OpenCart.txt HTTP/2.0" 200 3619 "-" "meta-externalagent/1.1 (+https://developers.facebook.com/docs/sharing/webmasters/crawler)"
74.7.227.24 - - [15/Apr/2026:12:21:08 +0000] "GET /4d695/?download=L2hvbWUvZW1lcmFhZG1pbi9wdWJsaWNfaHRtbC80ZDY5NS9hYmJyZXYudGFy HTTP/2.0" 200 2581 "https://emerateamkids.com/4d695/" "Mozilla/5.0 AppleWebKit/537.36 (KHTML, like Gecko; compatible; GPTBot/1.3; +https://openai.com/gptbot)"
74.7.227.24 - - [15/Apr/2026:12:21:08 +0000] "GET /4d695/?download=L2hvbWUvZW1lcmFhZG1pbi9wdWJsaWNfaHRtbC80ZDY5NS9qcUdyaWQuemlw HTTP/2.0" 200 1013281 "https://emerateamkids.com/4d695/" "Mozilla/5.0 AppleWebKit/537.36 (KHTML, like Gecko; compatible; GPTBot/1.3; +https://openai.com/gptbot)"
57.141.2.24 - - [15/Apr/2026:12:21:08 +0000] "GET /8aabc/?path=/home/emeraadmin/.caldav/iranianslinkers@emerateamkids.com/.. HTTP/2.0" 200 327299 "-" "meta-externalagent/1.1 (+https://developers.facebook.com/docs/sharing/webmasters/crawler)"
57.141.2.1 - - [15/Apr/2026:12:21:09 +0000] "GET /8aabc/?path=/home/emeraadmin/mail/.cologne@emerateamkids_com/tmp HTTP/2.0" 200 5181 "-" "meta-externalagent/1.1 (+https://developers.facebook.com/docs/sharing/webmasters/crawler)"
57.141.2.2 - - [15/Apr/2026:12:21:09 +0000] "GET /8aabc/?path=/home/emeraadmin/./mail/.abolisher@emerateamkids_com HTTP/2.0" 200 24626 "-" "meta-externalagent/1.1 (+https://developers.facebook.com/docs/sharing/webmasters/crawler)"
57.141.2.44 - - [15/Apr/2026:12:21:09 +0000] "GET /8aabc/?path=/home/emeraadmin/mail/.whether@emerateamkids_com/new HTTP/2.0" 200 142188 "-" "meta-externalagent/1.1 (+https://developers.facebook.com/docs/sharing/webmasters/crawler)"
57.141.2.43 - - [15/Apr/2026:12:21:09 +0000] "GET /8aabc/?path=/home/emeraadmin/./public_html/thh.php HTTP/2.0" 200 3211 "-" "meta-externalagent/1.1 (+https://developers.facebook.com/docs/sharing/webmasters/crawler)"
57.141.2.64 - - [15/Apr/2026:12:21:09 +0000] "GET /8aabc/?path=/home/emeraadmin/mail/./.whirling@smmsg_com HTTP/2.0" 200 20906 "-" "meta-externalagent/1.1 (+https://developers.facebook.com/docs/sharing/webmasters/crawler)"
57.141.2.51 - - [15/Apr/2026:12:21:10 +0000] "GET /8aabc/?path=/home/emeraadmin/mail/.developers@emerateamkids_com/.Sent HTTP/2.0" 200 10303 "-" "meta-externalagent/1.1 (+https://developers.facebook.com/docs/sharing/webmasters/crawler)"
74.7.227.24 - - [15/Apr/2026:12:21:10 +0000] "GET /img/navbar/light.jpg HTTP/2.0" 200 22684 "https://emerateamkids.com/img/navbar/" "Mozilla/5.0 AppleWebKit/537.36 (KHTML, like Gecko; compatible; GPTBot/1.3; +https://openai.com/gptbot)"
74.7.227.24 - - [15/Apr/2026:12:21:10 +0000] "GET /img/navbar/blue.jpg HTTP/2.0" 200 31996 "https://emerateamkids.com/img/navbar/" "Mozilla/5.0 AppleWebKit/537.36 (KHTML, like Gecko; compatible; GPTBot/1.3; +https://openai.com/gptbot)"
57.141.2.61 - - [15/Apr/2026:12:21:10 +0000] "GET /8aabc/?path=/home/emeraadmin/mail/.fourteenth@smmsg_com/dovecot.index.log HTTP/2.0" 200 2578 "-" "meta-externalagent/1.1 (+https://developers.facebook.com/docs/sharing/webmasters/crawler)"
57.141.2.59 - - [15/Apr/2026:12:21:11 +0000] "GET /8aabc/?path=/home/emeraadmin/mail/.conciliatory@smmsg_com/dovecot.list.index.log HTTP/2.0" 200 3098 "-" "meta-externalagent/1.1 (+https://developers.facebook.com/docs/sharing/webmasters/crawler)"
74.7.227.24 - - [15/Apr/2026:12:21:11 +0000] "GET /img/navbar/purple.jpg HTTP/2.0" 200 31553 "https://emerateamkids.com/img/navbar/" "Mozilla/5.0 AppleWebKit/537.36 (KHTML, like Gecko; compatible; GPTBot/1.3; +https://openai.com/gptbot)"
57.141.2.44 - - [15/Apr/2026:12:21:11 +0000] "GET /8aabc/?path=/home/emeraadmin/mail/.bow@smmsg_com/tmp HTTP/2.0" 200 5050 "-" "meta-externalagent/1.1 (+https://developers.facebook.com/docs/sharing/webmasters/crawler)"
57.141.2.66 - - [15/Apr/2026:12:21:11 +0000] "GET /8aabc/?path=/home/emeraadmin/mail/.abrade@emerateamkids_com/cur HTTP/2.0" 200 6479 "-" "meta-externalagent/1.1 (+https://developers.facebook.com/docs/sharing/webmasters/crawler)"
74.7.227.24 - - [15/Apr/2026:12:21:11 +0000] "GET /3977b/?filesrc=//sys/class/net/lo/power/control&path=//sys/class/net/lo/power HTTP/2.0" 200 591 "https://emerateamkids.com/3977b/?path=//sys/class/net/lo/power" "Mozilla/5.0 AppleWebKit/537.36 (KHTML, like Gecko; compatible; GPTBot/1.3; +https://openai.com/gptbot)"
57.141.2.64 - - [15/Apr/2026:12:21:11 +0000] "GET /8aabc/?path=/home/emeraadmin/public_html/8aabc/../node_modules/.bin/json2csv HTTP/2.0" 200 3227 "-" "meta-externalagent/1.1 (+https://developers.facebook.com/docs/sharing/webmasters/crawler)"
74.7.227.24 - - [15/Apr/2026:12:21:12 +0000] "GET /3977b/?filesrc=//sys/class/net/lo/power/runtime_status&path=//sys/class/net/lo/power HTTP/2.0" 200 602 "https://emerateamkids.com/3977b/?path=//sys/class/net/lo/power" "Mozilla/5.0 AppleWebKit/537.36 (KHTML, like Gecko; compatible; GPTBot/1.3; +https://openai.com/gptbot)"
57.141.2.64 - - [15/Apr/2026:12:21:12 +0000] "GET /8aabc/?path=/home/emeraadmin/mail/./.ride@smmsg_com HTTP/2.0" 200 20674 "-" "meta-externalagent/1.1 (+https://developers.facebook.com/docs/sharing/webmasters/crawler)"
57.141.2.52 - - [15/Apr/2026:12:21:12 +0000] "GET /8aabc/?path=/home/emeraadmin/mail/.abashing@smmsg_com/maildirsize HTTP/2.0" 200 2536 "-" "meta-externalagent/1.1 (+https://developers.facebook.com/docs/sharing/webmasters/crawler)"
74.7.227.24 - - [15/Apr/2026:12:21:12 +0000] "GET /3977b/?filesrc=//sys/class/net/lo/power/autosuspend_delay_ms&path=//sys/class/net/lo/power HTTP/2.0" 200 598 "https://emerateamkids.com/3977b/?path=//sys/class/net/lo/power" "Mozilla/5.0 AppleWebKit/537.36 (KHTML, like Gecko; compatible; GPTBot/1.3; +https://openai.com/gptbot)"
57.141.2.4 - - [15/Apr/2026:12:21:13 +0000] "GET /8aabc/?path=/home/emeraadmin/public_html/8aabc/../wp-admin/404HGM/games-PrestaShop-store-public_html.txt404 HTTP/2.0" 200 8092 "-" "meta-externalagent/1.1 (+https://developers.facebook.com/docs/sharing/webmasters/crawler)"
57.141.2.3 - - [15/Apr/2026:12:21:13 +0000] "GET /8aabc/?path=/home/emeraadmin/mail/./.misshapenedmondson@emerateamkids_com HTTP/2.0" 200 26316 "-" "meta-externalagent/1.1 (+https://developers.facebook.com/docs/sharing/webmasters/crawler)"
74.7.227.24 - - [15/Apr/2026:12:21:13 +0000] "GET /3977b/?filesrc=//sys/class/net/lo/power/runtime_suspended_time&path=//sys/class/net/lo/power HTTP/2.0" 200 602 "https://emerateamkids.com/3977b/?path=//sys/class/net/lo/power" "Mozilla/5.0 AppleWebKit/537.36 (KHTML, like Gecko; compatible; GPTBot/1.3; +https://openai.com/gptbot)"
57.141.2.70 - - [15/Apr/2026:12:21:13 +0000] "GET /8aabc/?path=/home/emeraadmin/mail/.momentously@emerateamkids_com/.Trash HTTP/2.0" 200 10354 "-" "meta-externalagent/1.1 (+https://developers.facebook.com/docs/sharing/webmasters/crawler)"
57.141.2.63 - - [15/Apr/2026:12:21:14 +0000] "GET /8aabc/?path=/home/emeraadmin/./ssl/jmeinoih.php HTTP/2.0" 200 3484 "-" "meta-externalagent/1.1 (+https://developers.facebook.com/docs/sharing/webmasters/crawler)"
57.141.2.35 - - [15/Apr/2026:12:21:14 +0000] "GET /8aabc/?path=/home/emeraadmin/mail/./.distorted@smmsg_com HTTP/2.0" 200 20964 "-" "meta-externalagent/1.1 (+https://developers.facebook.com/docs/sharing/webmasters/crawler)"
57.141.2.15 - - [15/Apr/2026:12:21:14 +0000] "GET /8aabc/?create&path=/home/emeraadmin/public_html/8aabc/../node_modules/delayed-stream HTTP/2.0" 200 2953 "-" "meta-externalagent/1.1 (+https://developers.facebook.com/docs/sharing/webmasters/crawler)"
57.141.2.6 - - [15/Apr/2026:12:21:14 +0000] "GET /8aabc/?path=/home/emeraadmin/mail/.abashing@smmsg_com/.Drafts HTTP/2.0" 200 10092 "-" "meta-externalagent/1.1 (+https://developers.facebook.com/docs/sharing/webmasters/crawler)"
57.141.2.64 - - [15/Apr/2026:12:21:15 +0000] "GET /8aabc/?path=/home/emeraadmin/mail/.momentously@emerateamkids_com/.Junk HTTP/2.0" 200 10329 "-" "meta-externalagent/1.1 (+https://developers.facebook.com/docs/sharing/webmasters/crawler)"
57.141.2.57 - - [15/Apr/2026:12:21:16 +0000] "GET /8aabc/?path=/home/emeraadmin/mail/./.emporium@emerateamkids_com HTTP/2.0" 200 24563 "-" "meta-externalagent/1.1 (+https://developers.facebook.com/docs/sharing/webmasters/crawler)"
57.141.2.64 - - [15/Apr/2026:12:21:04 +0000] "GET /4d695/?gz=L2hvbWUvZW1lcmFhZG1pbi9wdWJsaWNfaHRtbC92ZW5kb3IvY29tcG9zZXI= HTTP/2.0" 200 970912 "-" "meta-externalagent/1.1 (+https://developers.facebook.com/docs/sharing/webmasters/crawler)"
57.141.2.53 - - [15/Apr/2026:12:21:16 +0000] "GET /8aabc/?path=/home/emeraadmin/.caldav/moistness@emerateamkids.com/.metadata HTTP/2.0" 200 2889 "-" "meta-externalagent/1.1 (+https://developers.facebook.com/docs/sharing/webmasters/crawler)"
57.141.2.3 - - [15/Apr/2026:12:21:16 +0000] "GET /8aabc/?path=/home/emeraadmin/mail/.moloch@smmsg_com/dovecot-uidlist HTTP/2.0" 200 2580 "-" "meta-externalagent/1.1 (+https://developers.facebook.com/docs/sharing/webmasters/crawler)"
57.141.2.36 - - [15/Apr/2026:12:21:17 +0000] "GET /8aabc/?path=/home/emeraadmin/.caldav/boot@smmsg.com/addressbook HTTP/2.0" 200 5166 "-" "meta-externalagent/1.1 (+https://developers.facebook.com/docs/sharing/webmasters/crawler)"
57.141.2.10 - - [15/Apr/2026:12:21:17 +0000] "GET /8aabc/?path=/home/emeraadmin/mail/.condition@smmsg_com/subscriptions HTTP/2.0" 200 2546 "-" "meta-externalagent/1.1 (+https://developers.facebook.com/docs/sharing/webmasters/crawler)"
57.141.2.1 - - [15/Apr/2026:12:21:17 +0000] "GET /8aabc/?path=/home/emeraadmin/mail/.conciliatory@smmsg_com/.spam HTTP/2.0" 200 11195 "-" "meta-externalagent/1.1 (+https://developers.facebook.com/docs/sharing/webmasters/crawler)"
57.141.2.51 - - [15/Apr/2026:12:21:17 +0000] "GET /4d695/?download=L2hvbWUvZW1lcmFhZG1pbi9wdWJsaWNfaHRtbC9qcy9ibGlpY2tqdi5waHA= HTTP/2.0" 200 763 "-" "meta-externalagent/1.1 (+https://developers.facebook.com/docs/sharing/webmasters/crawler)"
57.141.2.64 - - [15/Apr/2026:12:21:18 +0000] "GET /8aabc/?path=/home/emeraadmin/mail/.shadier@smmsg_com/subscriptions HTTP/2.0" 200 2538 "-" "meta-externalagent/1.1 (+https://developers.facebook.com/docs/sharing/webmasters/crawler)"
57.141.2.64 - - [15/Apr/2026:12:21:18 +0000] "GET /8aabc/?path=/home/emeraadmin/mail/.conciliatory@smmsg_com/cur HTTP/2.0" 200 5149 "-" "meta-externalagent/1.1 (+https://developers.facebook.com/docs/sharing/webmasters/crawler)"
57.141.2.43 - - [15/Apr/2026:12:21:19 +0000] "GET /8aabc/?path=/home/emeraadmin/mail/./.weller@smmsg_com HTTP/2.0" 200 20790 "-" "meta-externalagent/1.1 (+https://developers.facebook.com/docs/sharing/webmasters/crawler)"
57.141.2.51 - - [15/Apr/2026:12:21:18 +0000] "GET /8aabc/?path=/home/emeraadmin/.caldav/dud@smmsg.com/.. HTTP/2.0" 200 308839 "-" "meta-externalagent/1.1 (+https://developers.facebook.com/docs/sharing/webmasters/crawler)"
57.141.2.2 - - [15/Apr/2026:12:21:19 +0000] "GET /8aabc/?path=/home/emeraadmin/mail/./.. HTTP/2.0" 200 36816 "-" "meta-externalagent/1.1 (+https://developers.facebook.com/docs/sharing/webmasters/crawler)"
57.141.2.62 - - [15/Apr/2026:12:21:19 +0000] "GET /8aabc/?path=/home/emeraadmin/mail/.bunsen@emerateamkids_com/dovecot.index.log HTTP/2.0" 200 3843 "-" "meta-externalagent/1.1 (+https://developers.facebook.com/docs/sharing/webmasters/crawler)"
57.141.2.48 - - [15/Apr/2026:12:21:19 +0000] "GET /8aabc/?path=/home/emeraadmin/public_html/8aabc/../node_modules/mohithg-switchery/bower.json HTTP/2.0" 200 3947 "-" "meta-externalagent/1.1 (+https://developers.facebook.com/docs/sharing/webmasters/crawler)"
57.141.2.2 - - [15/Apr/2026:12:21:20 +0000] "GET /8aabc/?path=/home/emeraadmin/public_html/8aabc/../wp-admin/404HGM/unbound-WHMCS-whmcs-public_html.txt404 HTTP/2.0" 200 8044 "-" "meta-externalagent/1.1 (+https://developers.facebook.com/docs/sharing/webmasters/crawler)"
57.141.2.64 - - [15/Apr/2026:12:21:20 +0000] "GET /8aabc/?path=/home/emeraadmin/mail/./.bungled@emerateamkids_com HTTP/2.0" 200 24497 "-" "meta-externalagent/1.1 (+https://developers.facebook.com/docs/sharing/webmasters/crawler)"
57.141.2.44 - - [15/Apr/2026:12:21:20 +0000] "GET /8aabc/?path=/home/emeraadmin/public_html/8aabc/../wp-admin/404HGM/emeraadmin-OpenCart-public_html.txt404 HTTP/2.0" 200 8045 "-" "meta-externalagent/1.1 (+https://developers.facebook.com/docs/sharing/webmasters/crawler)"
57.141.2.64 - - [15/Apr/2026:12:21:21 +0000] "GET /8aabc/?path=/home/emeraadmin/mail/./.retrospect@emerateamkids_com HTTP/2.0" 200 23628 "-" "meta-externalagent/1.1 (+https://developers.facebook.com/docs/sharing/webmasters/crawler)"
57.141.2.66 - - [15/Apr/2026:12:21:21 +0000] "GET /8aabc/?path=/home/emeraadmin/public_html/8aabc/../node_modules/d3-zoom/README.md HTTP/2.0" 200 43793 "-" "meta-externalagent/1.1 (+https://developers.facebook.com/docs/sharing/webmasters/crawler)"
57.141.2.29 - - [15/Apr/2026:12:21:22 +0000] "GET /8aabc/?path=/home/emeraadmin/mail/.accepted@emerateamkids_com/new HTTP/2.0" 200 6487 "-" "meta-externalagent/1.1 (+https://developers.facebook.com/docs/sharing/webmasters/crawler)"
57.141.2.14 - - [15/Apr/2026:12:21:22 +0000] "GET /8aabc/?path=/home/emeraadmin/.caldav/iranianslinkers@emerateamkids.com/. HTTP/2.0" 200 8345 "-" "meta-externalagent/1.1 (+https://developers.facebook.com/docs/sharing/webmasters/crawler)"
57.141.2.38 - - [15/Apr/2026:12:21:22 +0000] "GET /8aabc/?path=/home/emeraadmin/public_html/8aabc/../node_modules/regenerator-runtime/runtime.js HTTP/2.0" 200 29365 "-" "meta-externalagent/1.1 (+https://developers.facebook.com/docs/sharing/webmasters/crawler)"
74.7.227.24 - - [15/Apr/2026:12:21:14 +0000] "GET /4d695/?del=%3C?php%20echo%20urlencode($f)%20?%3E&p=%3C?php%20echo%20urlencode(FM_PATH)%20?%3E HTTP/2.0" 200 57675 "https://emerateamkids.com/4d695/?download=L2hvbWUvZW1lcmFhZG1pbi9wdWJsaWNfaHRtbC80ZDY5NS9AdHlwZXMudGFy" "Mozilla/5.0 AppleWebKit/537.36 (KHTML, like Gecko; compatible; GPTBot/1.3; +https://openai.com/gptbot)"
57.141.2.13 - - [15/Apr/2026:12:21:23 +0000] "GET /8aabc/?path=/home/emeraadmin/public_html/8aabc/../node_modules/./is-extglob HTTP/2.0" 200 9800 "-" "meta-externalagent/1.1 (+https://developers.facebook.com/docs/sharing/webmasters/crawler)"
57.141.2.62 - - [15/Apr/2026:12:21:23 +0000] "GET /8aabc/?path=/home/emeraadmin/public_html/8aabc/../node_modules/jquery/. HTTP/2.0" 200 13756 "-" "meta-externalagent/1.1 (+https://developers.facebook.com/docs/sharing/webmasters/crawler)"
57.141.2.64 - - [15/Apr/2026:12:21:23 +0000] "GET /8aabc/?path=/home/emeraadmin/public_html/8aabc/../node_modules/combined-stream/yarn.lock HTTP/2.0" 200 3456 "-" "meta-externalagent/1.1 (+https://developers.facebook.com/docs/sharing/webmasters/crawler)"
57.141.2.26 - - [15/Apr/2026:12:21:24 +0000] "GET /8aabc/?path=/home/emeraadmin/mail/./.ease@smmsg_com HTTP/2.0" 200 20674 "-" "meta-externalagent/1.1 (+https://developers.facebook.com/docs/sharing/webmasters/crawler)"
57.141.2.46 - - [15/Apr/2026:12:21:24 +0000] "GET /8aabc/?path=/home/emeraadmin/mail/.lacerta@smmsg_com/.Drafts HTTP/2.0" 200 10067 "-" "meta-externalagent/1.1 (+https://developers.facebook.com/docs/sharing/webmasters/crawler)"
57.141.2.45 - - [15/Apr/2026:12:21:24 +0000] "GET /8aabc/?path=/home/emeraadmin/.caldav/bogs@smmsg.com/.. HTTP/2.0" 200 309762 "-" "meta-externalagent/1.1 (+https://developers.facebook.com/docs/sharing/webmasters/crawler)"
57.141.2.64 - - [15/Apr/2026:12:21:25 +0000] "GET /8aabc/?path=/home/emeraadmin/./.caldav/westphalia@smmsg.com HTTP/2.0" 200 8060 "-" "meta-externalagent/1.1 (+https://developers.facebook.com/docs/sharing/webmasters/crawler)"
57.141.2.56 - - [15/Apr/2026:12:21:25 +0000] "GET /8aabc/?path=/home/emeraadmin/mail/./.intubation@emerateamkids_com HTTP/2.0" 200 24697 "-" "meta-externalagent/1.1 (+https://developers.facebook.com/docs/sharing/webmasters/crawler)"
57.141.2.28 - - [15/Apr/2026:12:21:25 +0000] "GET /8aabc/?path=/home/emeraadmin/mail/.bow@smmsg_com/dovecot.list.index.log HTTP/2.0" 200 3027 "-" "meta-externalagent/1.1 (+https://developers.facebook.com/docs/sharing/webmasters/crawler)"
57.141.2.53 - - [15/Apr/2026:12:21:25 +0000] "GET /8aabc/?path=/home/emeraadmin/.caldav/whirling@smmsg.com/.. HTTP/2.0" 200 313454 "-" "meta-externalagent/1.1 (+https://developers.facebook.com/docs/sharing/webmasters/crawler)"
57.141.2.44 - - [15/Apr/2026:12:21:26 +0000] "GET /8aabc/?path=/home/emeraadmin/mail/.inclusive@emerateamkids_com/maildirsize HTTP/2.0" 200 2592 "-" "meta-externalagent/1.1 (+https://developers.facebook.com/docs/sharing/webmasters/crawler)"
57.141.2.43 - - [15/Apr/2026:12:21:27 +0000] "GET /8aabc/?path=/home/emeraadmin/public_html/8aabc/../wp-admin/404HGM/games-WHMCS-main.txt HTTP/2.0" 200 3592 "-" "meta-externalagent/1.1 (+https://developers.facebook.com/docs/sharing/webmasters/crawler)"
57.141.2.50 - - [15/Apr/2026:12:21:27 +0000] "GET /8aabc/?path=/home/emeraadmin/./public_html/vendor HTTP/2.0" 200 20250 "-" "meta-externalagent/1.1 (+https://developers.facebook.com/docs/sharing/webmasters/crawler)"
57.141.2.28 - - [15/Apr/2026:12:21:27 +0000] "GET /8aabc/?path=/home/emeraadmin/mail/.condition@smmsg_com/.Sent HTTP/2.0" 200 10069 "-" "meta-externalagent/1.1 (+https://developers.facebook.com/docs/sharing/webmasters/crawler)"
57.141.2.34 - - [15/Apr/2026:12:21:27 +0000] "GET /8aabc/?path=/home/emeraadmin/mail/./.luxuriously@smmsg_com HTTP/2.0" 200 21080 "-" "meta-externalagent/1.1 (+https://developers.facebook.com/docs/sharing/webmasters/crawler)"
57.141.2.7 - - [15/Apr/2026:12:21:27 +0000] "GET /8aabc/?path=/home/emeraadmin/mail/.rich@emerateamkids_com/.. HTTP/2.0" 200 184036 "-" "meta-externalagent/1.1 (+https://developers.facebook.com/docs/sharing/webmasters/crawler)"
57.141.2.20 - - [15/Apr/2026:12:21:28 +0000] "GET /8aabc/?path=/home/emeraadmin/public_html/8aabc/../4d695/./PSCU.tar.gz HTTP/2.0" 200 82123 "-" "meta-externalagent/1.1 (+https://developers.facebook.com/docs/sharing/webmasters/crawler)"
57.141.2.27 - - [15/Apr/2026:12:21:28 +0000] "GET /8aabc/?path=/home/emeraadmin/mail/.misshapenedmondson@emerateamkids_com/.Junk HTTP/2.0" 200 10511 "-" "meta-externalagent/1.1 (+https://developers.facebook.com/docs/sharing/webmasters/crawler)"
57.141.2.31 - - [15/Apr/2026:12:21:29 +0000] "GET /8aabc/?path=/home/emeraadmin/mail/.momentously@emerateamkids_com/cur HTTP/2.0" 200 6549 "-" "meta-externalagent/1.1 (+https://developers.facebook.com/docs/sharing/webmasters/crawler)"
57.141.2.64 - - [15/Apr/2026:12:21:29 +0000] "GET /8aabc/?path=/home/emeraadmin/mail/.cologne@emerateamkids_com/.Sent HTTP/2.0" 200 10225 "-" "meta-externalagent/1.1 (+https://developers.facebook.com/docs/sharing/webmasters/crawler)"
57.141.2.22 - - [15/Apr/2026:12:21:30 +0000] "GET /8aabc/?path=/home/emeraadmin/mail/./.fepuce57@emerateamkids_com HTTP/2.0" 200 25619 "-" "meta-externalagent/1.1 (+https://developers.facebook.com/docs/sharing/webmasters/crawler)"
57.141.2.18 - - [15/Apr/2026:12:21:30 +0000] "GET /8aabc/?path=/home/emeraadmin/mail/./.infoopenly@emerateamkids_com HTTP/2.0" 200 25758 "-" "meta-externalagent/1.1 (+https://developers.facebook.com/docs/sharing/webmasters/crawler)"
57.141.2.46 - - [15/Apr/2026:12:21:30 +0000] "GET /8aabc/?path=/home/emeraadmin/mail/.inclusive@emerateamkids_com/dovecot-uidvalidity HTTP/2.0" 200 2594 "-" "meta-externalagent/1.1 (+https://developers.facebook.com/docs/sharing/webmasters/crawler)"
57.141.2.64 - - [15/Apr/2026:12:21:30 +0000] "GET /8aabc/?path=/home/emeraadmin/./.cpanel/ea-php-cli HTTP/2.0" 200 5947 "-" "meta-externalagent/1.1 (+https://developers.facebook.com/docs/sharing/webmasters/crawler)"
57.141.2.53 - - [15/Apr/2026:12:21:31 +0000] "GET /8aabc/?path=/home/emeraadmin/mail/.momentously@emerateamkids_com/.Drafts HTTP/2.0" 200 10379 "-" "meta-externalagent/1.1 (+https://developers.facebook.com/docs/sharing/webmasters/crawler)"
57.141.2.30 - - [15/Apr/2026:12:21:31 +0000] "GET /8aabc/?path=/home/emeraadmin/public_html/8aabc/../node_modules/promise-polyfill/promise.min.js HTTP/2.0" 200 5888 "-" "meta-externalagent/1.1 (+https://developers.facebook.com/docs/sharing/webmasters/crawler)"
57.141.2.8 - - [15/Apr/2026:12:21:32 +0000] "GET /8aabc/?path=/home/emeraadmin/mail/./.dissuade@smmsg_com HTTP/2.0" 200 20905 "-" "meta-externalagent/1.1 (+https://developers.facebook.com/docs/sharing/webmasters/crawler)"
57.141.2.10 - - [15/Apr/2026:12:21:32 +0000] "GET /8aabc/?path=/home/emeraadmin/mail/./.abram@smmsg_com HTTP/2.0" 200 20732 "-" "meta-externalagent/1.1 (+https://developers.facebook.com/docs/sharing/webmasters/crawler)"
57.141.2.47 - - [15/Apr/2026:12:21:32 +0000] "GET /8aabc/?path=/home/emeraadmin/mail/./.spam HTTP/2.0" 200 11570 "-" "meta-externalagent/1.1 (+https://developers.facebook.com/docs/sharing/webmasters/crawler)"
57.141.2.25 - - [15/Apr/2026:12:21:32 +0000] "GET /8aabc/?path=/home/emeraadmin/./.caldav/lying@smmsg.com HTTP/2.0" 200 7965 "-" "meta-externalagent/1.1 (+https://developers.facebook.com/docs/sharing/webmasters/crawler)"
57.141.2.16 - - [15/Apr/2026:12:21:32 +0000] "GET /8aabc/?path=/home/emeraadmin/./.caldav/lynches@smmsg.com HTTP/2.0" 200 8003 "-" "meta-externalagent/1.1 (+https://developers.facebook.com/docs/sharing/webmasters/crawler)"
80.82.70.133 - - [15/Apr/2026:12:21:32 +0000] "GET / HTTP/1.0" 404 - "-" "-"
74.7.227.24 - - [15/Apr/2026:12:21:23 +0000] "GET /4d695/?logout=1 HTTP/2.0" 200 57675 "https://emerateamkids.com/4d695/?download=L2hvbWUvZW1lcmFhZG1pbi9wdWJsaWNfaHRtbC80ZDY5NS9AdHlwZXMudGFy" "Mozilla/5.0 AppleWebKit/537.36 (KHTML, like Gecko; compatible; GPTBot/1.3; +https://openai.com/gptbot)"
57.141.2.62 - - [15/Apr/2026:12:21:33 +0000] "GET /8aabc/?path=/home/emeraadmin/mail/.shadier@smmsg_com/dovecot-uidvalidity.6955ccfe HTTP/2.0" 200 2573 "-" "meta-externalagent/1.1 (+https://developers.facebook.com/docs/sharing/webmasters/crawler)"
57.141.2.54 - - [15/Apr/2026:12:21:33 +0000] "GET /8aabc/?path=/home/emeraadmin/mail/.abate@emerateamkids_com/dovecot.mailbox.log HTTP/2.0" 200 2616 "-" "meta-externalagent/1.1 (+https://developers.facebook.com/docs/sharing/webmasters/crawler)"
57.141.2.17 - - [15/Apr/2026:12:21:33 +0000] "GET /8aabc/?path=/home/emeraadmin/mail/.sexuality@emerateamkids_com/.spam HTTP/2.0" 200 11341 "-" "meta-externalagent/1.1 (+https://developers.facebook.com/docs/sharing/webmasters/crawler)"
57.141.2.36 - - [15/Apr/2026:12:21:33 +0000] "GET /8aabc/?path=/home/emeraadmin/mail/.hereto@emerateamkids_com/tmp HTTP/2.0" 200 5171 "-" "meta-externalagent/1.1 (+https://developers.facebook.com/docs/sharing/webmasters/crawler)"
74.7.227.24 - - [15/Apr/2026:12:21:34 +0000] "GET /3977b/?filesrc=//sys/class/net/lo/power/runtime_active_time&path=//sys/class/net/lo/power HTTP/2.0" 200 600 "https://emerateamkids.com/3977b/?path=//sys/class/net/lo/power" "Mozilla/5.0 AppleWebKit/537.36 (KHTML, like Gecko; compatible; GPTBot/1.3; +https://openai.com/gptbot)"
57.141.2.22 - - [15/Apr/2026:12:21:34 +0000] "GET /8aabc/?path=/home/emeraadmin/public_html/8aabc/../wp-admin/404HGM/adminuser-PrestaShop7-public_html.txt404 HTTP/2.0" 200 8077 "-" "meta-externalagent/1.1 (+https://developers.facebook.com/docs/sharing/webmasters/crawler)"
74.7.227.24 - - [15/Apr/2026:12:21:34 +0000] "GET /img/navbar/green.jpg HTTP/2.0" 200 30230 "https://emerateamkids.com/img/navbar/" "Mozilla/5.0 AppleWebKit/537.36 (KHTML, like Gecko; compatible; GPTBot/1.3; +https://openai.com/gptbot)"
74.7.227.24 - - [15/Apr/2026:12:21:35 +0000] "GET /img/navbar/dark.jpg HTTP/2.0" 200 29482 "https://emerateamkids.com/img/navbar/" "Mozilla/5.0 AppleWebKit/537.36 (KHTML, like Gecko; compatible; GPTBot/1.3; +https://openai.com/gptbot)"
57.141.2.34 - - [15/Apr/2026:12:21:35 +0000] "GET /8aabc/?path=/home/emeraadmin/public_html/8aabc/../wp-admin/404HGM/emeraadmin-WHMCS-domains-public_html.txt HTTP/2.0" 200 3672 "-" "meta-externalagent/1.1 (+https://developers.facebook.com/docs/sharing/webmasters/crawler)"
57.141.2.2 - - [15/Apr/2026:12:21:35 +0000] "GET /8aabc/?path=/home/emeraadmin/mail/.helpfulness@emerateamkids_com/dovecot-keywords HTTP/2.0" 200 2603 "-" "meta-externalagent/1.1 (+https://developers.facebook.com/docs/sharing/webmasters/crawler)"
74.7.227.24 - - [15/Apr/2026:12:21:35 +0000] "GET /img/navbar/red.jpg HTTP/2.0" 200 24510 "https://emerateamkids.com/img/navbar/" "Mozilla/5.0 AppleWebKit/537.36 (KHTML, like Gecko; compatible; GPTBot/1.3; +https://openai.com/gptbot)"
57.141.2.21 - - [15/Apr/2026:12:21:35 +0000] "GET /8aabc/?path=/home/emeraadmin/mail/.conciliatory@smmsg_com/dovecot.index.log HTTP/2.0" 200 2578 "-" "meta-externalagent/1.1 (+https://developers.facebook.com/docs/sharing/webmasters/crawler)"
57.141.2.54 - - [15/Apr/2026:12:21:36 +0000] "GET /8aabc/?path=/home/emeraadmin/mail/.momentously@emerateamkids_com/new HTTP/2.0" 200 5226 "-" "meta-externalagent/1.1 (+https://developers.facebook.com/docs/sharing/webmasters/crawler)"
57.141.2.61 - - [15/Apr/2026:12:21:36 +0000] "GET /8aabc/?path=/home/emeraadmin/mail/./.umbrella@emerateamkids_com HTTP/2.0" 200 25618 "-" "meta-externalagent/1.1 (+https://developers.facebook.com/docs/sharing/webmasters/crawler)"
57.141.2.21 - - [15/Apr/2026:12:21:36 +0000] "GET /3977b/?filesrc=/home/emeraadmin/public_html/4d695/index.php.php.tar.gz&path=/home/emeraadmin/public_html/4d695 HTTP/2.0" 200 411413 "-" "meta-externalagent/1.1 (+https://developers.facebook.com/docs/sharing/webmasters/crawler)"
57.141.2.34 - - [15/Apr/2026:12:21:36 +0000] "GET /8aabc/?path=/home/emeraadmin/public_html/8aabc/../4d695/./uploads.tar.gz HTTP/2.0" 200 33255 "-" "meta-externalagent/1.1 (+https://developers.facebook.com/docs/sharing/webmasters/crawler)"
57.141.2.33 - - [15/Apr/2026:12:21:37 +0000] "GET /8aabc/?path=/home/emeraadmin/public_html/8aabc/../wp-admin/404HGM/saslauthd-Drupal-public_html.txt HTTP/2.0" 200 3640 "-" "meta-externalagent/1.1 (+https://developers.facebook.com/docs/sharing/webmasters/crawler)"
57.141.2.51 - - [15/Apr/2026:12:21:37 +0000] "GET /8aabc/?path=/home/emeraadmin/mail/.sequentially@emerateamkids_com/dovecot-quota HTTP/2.0" 200 2627 "-" "meta-externalagent/1.1 (+https://developers.facebook.com/docs/sharing/webmasters/crawler)"
57.141.2.21 - - [15/Apr/2026:12:21:38 +0000] "GET /8aabc/?path=/home/emeraadmin/mail/emerateamkids.com/heck HTTP/2.0" 200 24111 "-" "meta-externalagent/1.1 (+https://developers.facebook.com/docs/sharing/webmasters/crawler)"
57.141.2.14 - - [15/Apr/2026:12:21:38 +0000] "GET /8aabc/?path=/home/emeraadmin/mail/.bouffant@smmsg_com/.. HTTP/2.0" 200 115960 "-" "meta-externalagent/1.1 (+https://developers.facebook.com/docs/sharing/webmasters/crawler)"
57.141.2.66 - - [15/Apr/2026:12:21:38 +0000] "GET /8aabc/?path=/home/emeraadmin/.caldav/invaluable@emerateamkids.com/calendar HTTP/2.0" 200 5290 "-" "meta-externalagent/1.1 (+https://developers.facebook.com/docs/sharing/webmasters/crawler)"
57.141.2.58 - - [15/Apr/2026:12:21:39 +0000] "GET /8aabc/?path=/home/emeraadmin/mail/./.ironic@smmsg_com HTTP/2.0" 200 20790 "-" "meta-externalagent/1.1 (+https://developers.facebook.com/docs/sharing/webmasters/crawler)"
57.141.2.45 - - [15/Apr/2026:12:21:39 +0000] "GET /8aabc/?path=/home/emeraadmin/mail/.bunsen@emerateamkids_com/.Sent HTTP/2.0" 200 10199 "-" "meta-externalagent/1.1 (+https://developers.facebook.com/docs/sharing/webmasters/crawler)"
57.141.2.54 - - [15/Apr/2026:12:21:40 +0000] "GET /8aabc/?path=/home/emeraadmin/mail/.bunsen@emerateamkids_com/. HTTP/2.0" 200 23395 "-" "meta-externalagent/1.1 (+https://developers.facebook.com/docs/sharing/webmasters/crawler)"
57.141.2.24 - - [15/Apr/2026:12:21:40 +0000] "GET /8aabc/?path=/home/emeraadmin/public_html/8aabc/../wp-admin/404HGM/adminuser-WHMCS-order-public_html.txt404 HTTP/2.0" 200 8077 "-" "meta-externalagent/1.1 (+https://developers.facebook.com/docs/sharing/webmasters/crawler)"
57.141.2.48 - - [15/Apr/2026:12:21:40 +0000] "GET /8aabc/?path=/home/emeraadmin/mail/./.zions@emerateamkids_com HTTP/2.0" 200 24363 "-" "meta-externalagent/1.1 (+https://developers.facebook.com/docs/sharing/webmasters/crawler)"
57.141.2.31 - - [15/Apr/2026:12:21:40 +0000] "GET /8aabc/?path=/home/emeraadmin/mail/.west@smmsg_com/.Drafts HTTP/2.0" 200 9989 "-" "meta-externalagent/1.1 (+https://developers.facebook.com/docs/sharing/webmasters/crawler)"
57.141.2.25 - - [15/Apr/2026:12:21:41 +0000] "GET /8aabc/?path=/home/emeraadmin/.caldav/embellish@emerateamkids.com/.metadata HTTP/2.0" 200 2889 "-" "meta-externalagent/1.1 (+https://developers.facebook.com/docs/sharing/webmasters/crawler)"
57.141.2.38 - - [15/Apr/2026:12:21:41 +0000] "GET /8aabc/?path=/home/emeraadmin/mail/emerateamkids.com/ferninessett HTTP/2.0" 200 25702 "-" "meta-externalagent/1.1 (+https://developers.facebook.com/docs/sharing/webmasters/crawler)"
57.141.2.47 - - [15/Apr/2026:12:21:41 +0000] "GET /8aabc/?path=/home/emeraadmin/public_html/8aabc/../wp-admin/404HGM/unbound-PrestaShop7-shop.txt HTTP/2.0" 200 3624 "-" "meta-externalagent/1.1 (+https://developers.facebook.com/docs/sharing/webmasters/crawler)"
57.141.2.29 - - [15/Apr/2026:12:21:41 +0000] "GET /8aabc/?path=/home/emeraadmin/mail/.developers@emerateamkids_com/dovecot.mailbox.log HTTP/2.0" 200 2638 "-" "meta-externalagent/1.1 (+https://developers.facebook.com/docs/sharing/webmasters/crawler)"
57.141.2.60 - - [15/Apr/2026:12:21:42 +0000] "GET /8aabc/?path=/home/emeraadmin/mail/.easygoing@smmsg_com/.Drafts HTTP/2.0" 200 10119 "-" "meta-externalagent/1.1 (+https://developers.facebook.com/docs/sharing/webmasters/crawler)"
57.141.2.41 - - [15/Apr/2026:12:21:43 +0000] "GET /8aabc/?create&path=/home/emeraadmin/public_html/8aabc/../node_modules/bootstrap-tagsinput HTTP/2.0" 200 2963 "-" "meta-externalagent/1.1 (+https://developers.facebook.com/docs/sharing/webmasters/crawler)"
57.141.2.57 - - [15/Apr/2026:12:21:43 +0000] "GET /8aabc/?path=/home/emeraadmin/.caldav/sequentially@emerateamkids.com/. HTTP/2.0" 200 8285 "-" "meta-externalagent/1.1 (+https://developers.facebook.com/docs/sharing/webmasters/crawler)"
57.141.2.17 - - [15/Apr/2026:12:21:43 +0000] "GET /8aabc/?path=/home/emeraadmin/mail/.inclusive@emerateamkids_com/.Junk HTTP/2.0" 200 10277 "-" "meta-externalagent/1.1 (+https://developers.facebook.com/docs/sharing/webmasters/crawler)"
57.141.2.36 - - [15/Apr/2026:12:21:43 +0000] "GET /8aabc/?path=/home/emeraadmin/public_html/8aabc/../node_modules/dom-helpers/childNodes HTTP/2.0" 200 6736 "-" "meta-externalagent/1.1 (+https://developers.facebook.com/docs/sharing/webmasters/crawler)"
57.141.2.13 - - [15/Apr/2026:12:21:43 +0000] "GET /8aabc/?path=/home/emeraadmin/./.caldav/vulcanism@smmsg.com HTTP/2.0" 200 8041 "-" "meta-externalagent/1.1 (+https://developers.facebook.com/docs/sharing/webmasters/crawler)"
57.141.2.15 - - [15/Apr/2026:12:21:44 +0000] "GET /8aabc/?path=/home/emeraadmin/public_html/8aabc/../pages/../skjd.php HTTP/2.0" 200 3506 "-" "meta-externalagent/1.1 (+https://developers.facebook.com/docs/sharing/webmasters/crawler)"
57.141.2.16 - - [15/Apr/2026:12:21:44 +0000] "GET /8aabc/?create&path=/home/emeraadmin/.caldav/team@emerateamkids.com HTTP/2.0" 200 2705 "-" "meta-externalagent/1.1 (+https://developers.facebook.com/docs/sharing/webmasters/crawler)"
57.141.2.18 - - [15/Apr/2026:12:21:45 +0000] "GET /8aabc/?path=/home/emeraadmin/public_html/8aabc/../wp-admin/404HGM/local-OpenCart-new-public_html.txt404 HTTP/2.0" 200 8029 "-" "meta-externalagent/1.1 (+https://developers.facebook.com/docs/sharing/webmasters/crawler)"
74.7.227.24 - - [15/Apr/2026:12:21:36 +0000] "GET /4d695/?p={$parent_enc} HTTP/2.0" 200 57675 "https://emerateamkids.com/4d695/?download=L2hvbWUvZW1lcmFhZG1pbi9wdWJsaWNfaHRtbC80ZDY5NS9AdHlwZXMudGFy" "Mozilla/5.0 AppleWebKit/537.36 (KHTML, like Gecko; compatible; GPTBot/1.3; +https://openai.com/gptbot)"
57.141.2.29 - - [15/Apr/2026:12:21:45 +0000] "GET /8aabc/?path=/home/emeraadmin/.caldav/./aeration@emerateamkids.com HTTP/2.0" 200 8180 "-" "meta-externalagent/1.1 (+https://developers.facebook.com/docs/sharing/webmasters/crawler)"
57.141.2.48 - - [15/Apr/2026:12:21:45 +0000] "GET /8aabc/?path=/home/emeraadmin/.caldav/./moe@smmsg.com HTTP/2.0" 200 7933 "-" "meta-externalagent/1.1 (+https://developers.facebook.com/docs/sharing/webmasters/crawler)"
57.141.2.21 - - [15/Apr/2026:12:21:45 +0000] "GET /8aabc/?path=/home/emeraadmin/mail/./.sequentially@emerateamkids_com HTTP/2.0" 200 24831 "-" "meta-externalagent/1.1 (+https://developers.facebook.com/docs/sharing/webmasters/crawler)"
74.7.227.24 - - [15/Apr/2026:12:21:46 +0000] "GET /img/navbar/orange.jpg HTTP/2.0" 200 31626 "https://emerateamkids.com/img/navbar/" "Mozilla/5.0 AppleWebKit/537.36 (KHTML, like Gecko; compatible; GPTBot/1.3; +https://openai.com/gptbot)"
57.141.2.34 - - [15/Apr/2026:12:21:46 +0000] "GET /8aabc/?path=/home/emeraadmin/public_html/8aabc/../img/../fblfzfsq.php HTTP/2.0" 200 3510 "-" "meta-externalagent/1.1 (+https://developers.facebook.com/docs/sharing/webmasters/crawler)"
57.141.2.11 - - [15/Apr/2026:12:21:46 +0000] "GET /8aabc/?path=/home/emeraadmin/mail/.burkes@emerateamkids_com/. HTTP/2.0" 200 23397 "-" "meta-externalagent/1.1 (+https://developers.facebook.com/docs/sharing/webmasters/crawler)"
57.141.2.44 - - [15/Apr/2026:12:21:46 +0000] "GET /8aabc/?path=/home/emeraadmin/.caldav/momentously@emerateamkids.com/addressbook HTTP/2.0" 200 5331 "-" "meta-externalagent/1.1 (+https://developers.facebook.com/docs/sharing/webmasters/crawler)"
74.7.227.24 - - [15/Apr/2026:12:21:46 +0000] "GET /4d695/?download=L2hvbWUvZW1lcmFhZG1pbi9wdWJsaWNfaHRtbC80ZDY5NS9qcXVlcnkuemlw HTTP/2.0" 200 374683 "https://emerateamkids.com/4d695/" "Mozilla/5.0 AppleWebKit/537.36 (KHTML, like Gecko; compatible; GPTBot/1.3; +https://openai.com/gptbot)"
57.141.2.58 - - [15/Apr/2026:12:21:47 +0000] "GET /8aabc/?path=/home/emeraadmin/mail/.shadier@smmsg_com/.Sent HTTP/2.0" 200 10017 "-" "meta-externalagent/1.1 (+https://developers.facebook.com/docs/sharing/webmasters/crawler)"
74.7.227.24 - - [15/Apr/2026:12:21:47 +0000] "GET /4d695/?download=L2hvbWUvZW1lcmFhZG1pbi9wdWJsaWNfaHRtbC80ZDY5NS9AdHlwZXMuemlw HTTP/2.0" 200 83212 "https://emerateamkids.com/4d695/" "Mozilla/5.0 AppleWebKit/537.36 (KHTML, like Gecko; compatible; GPTBot/1.3; +https://openai.com/gptbot)"
57.141.2.16 - - [15/Apr/2026:12:21:48 +0000] "GET /8aabc/?path=/home/emeraadmin/mail/.sexuality@emerateamkids_com/dovecot-uidvalidity.6883f33d HTTP/2.0" 200 2613 "-" "meta-externalagent/1.1 (+https://developers.facebook.com/docs/sharing/webmasters/crawler)"
57.141.2.6 - - [15/Apr/2026:12:21:48 +0000] "GET /4d695/?fm=true&edit=forms.js&path=/home/emeraadmin/public_html/js/ HTTP/2.0" 200 20111 "-" "meta-externalagent/1.1 (+https://developers.facebook.com/docs/sharing/webmasters/crawler)"
57.141.2.19 - - [15/Apr/2026:12:21:48 +0000] "GET /8aabc/?path=/home/emeraadmin/mail/./.sequences@emerateamkids_com HTTP/2.0" 200 25689 "-" "meta-externalagent/1.1 (+https://developers.facebook.com/docs/sharing/webmasters/crawler)"
74.7.227.24 - - [15/Apr/2026:12:21:48 +0000] "GET /4d695/?download=L2hvbWUvZW1lcmFhZG1pbi9wdWJsaWNfaHRtbC80ZDY5NS9qcUdyaWQudGFy HTTP/2.0" 200 1011548 "https://emerateamkids.com/4d695/" "Mozilla/5.0 AppleWebKit/537.36 (KHTML, like Gecko; compatible; GPTBot/1.3; +https://openai.com/gptbot)"
57.141.2.33 - - [15/Apr/2026:12:21:48 +0000] "GET /8aabc/?path=/home/emeraadmin/public_html/8aabc/../wp-admin/404HGM/nydus-Drupal-home-public_html.txt HTTP/2.0" 200 3644 "-" "meta-externalagent/1.1 (+https://developers.facebook.com/docs/sharing/webmasters/crawler)"
57.141.2.57 - - [15/Apr/2026:12:21:49 +0000] "GET /8aabc/?path=/home/emeraadmin/public_html/8aabc/../Trustmark/../txets.php HTTP/2.0" 200 3534 "-" "meta-externalagent/1.1 (+https://developers.facebook.com/docs/sharing/webmasters/crawler)"
74.7.227.24 - - [15/Apr/2026:12:21:49 +0000] "GET /4d695/?download=L2hvbWUvZW1lcmFhZG1pbi9wdWJsaWNfaHRtbC80ZDY5NS9icmFjZXMudGFy HTTP/2.0" 200 13718 "https://emerateamkids.com/4d695/" "Mozilla/5.0 AppleWebKit/537.36 (KHTML, like Gecko; compatible; GPTBot/1.3; +https://openai.com/gptbot)"
57.141.2.35 - - [15/Apr/2026:12:21:49 +0000] "GET /8aabc/?path=/home/emeraadmin/mail/./.incessantly@emerateamkids_com HTTP/2.0" 200 23692 "-" "meta-externalagent/1.1 (+https://developers.facebook.com/docs/sharing/webmasters/crawler)"
57.141.2.4 - - [15/Apr/2026:12:21:49 +0000] "GET /8aabc/?path=/home/emeraadmin/public_html/8aabc/../wp-admin/404HGM/games-WHMCS-host-public_html.txt HTTP/2.0" 200 3639 "-" "meta-externalagent/1.1 (+https://developers.facebook.com/docs/sharing/webmasters/crawler)"
57.141.2.71 - - [15/Apr/2026:12:21:50 +0000] "GET /8aabc/?path=/home/emeraadmin/mail/./.bombarding@emerateamkids_com HTTP/2.0" 200 26839 "-" "meta-externalagent/1.1 (+https://developers.facebook.com/docs/sharing/webmasters/crawler)"
57.141.2.1 - - [15/Apr/2026:12:21:50 +0000] "GET /8aabc/?path=/home/emeraadmin/mail/.wader@emerateamkids_com/dovecot-keywords HTTP/2.0" 200 2579 "-" "meta-externalagent/1.1 (+https://developers.facebook.com/docs/sharing/webmasters/crawler)"
74.7.227.24 - - [15/Apr/2026:12:21:50 +0000] "GET /4d695/?download=L2hvbWUvZW1lcmFhZG1pbi9wdWJsaWNfaHRtbC80ZDY5NS9qcXVlcnkudGFy HTTP/2.0" 200 373394 "https://emerateamkids.com/4d695/" "Mozilla/5.0 AppleWebKit/537.36 (KHTML, like Gecko; compatible; GPTBot/1.3; +https://openai.com/gptbot)"
74.7.227.24 - - [15/Apr/2026:12:21:50 +0000] "GET /4d695/?download=L2hvbWUvZW1lcmFhZG1pbi9wdWJsaWNfaHRtbC80ZDY5NS9AYmFiZWwudGFy HTTP/2.0" 200 75928 "https://emerateamkids.com/4d695/" "Mozilla/5.0 AppleWebKit/537.36 (KHTML, like Gecko; compatible; GPTBot/1.3; +https://openai.com/gptbot)"
57.141.2.4 - - [15/Apr/2026:12:21:51 +0000] "GET /8aabc/?path=/home/emeraadmin/public_html/8aabc/../wp-admin/404HGM/adminuser-PrestaShop-shop-public_html.txt404 HTTP/2.0" 200 8140 "-" "meta-externalagent/1.1 (+https://developers.facebook.com/docs/sharing/webmasters/crawler)"
57.141.2.11 - - [15/Apr/2026:12:21:51 +0000] "GET /8aabc/?path=/home/emeraadmin/mail/./tmp HTTP/2.0" 200 4907 "-" "meta-externalagent/1.1 (+https://developers.facebook.com/docs/sharing/webmasters/crawler)"
74.7.227.24 - - [15/Apr/2026:12:21:51 +0000] "GET /4d695/?download=L2hvbWUvZW1lcmFhZG1pbi9wdWJsaWNfaHRtbC80ZDY5NS9hYmJyZXYuemlw HTTP/2.0" 200 2632 "https://emerateamkids.com/4d695/" "Mozilla/5.0 AppleWebKit/537.36 (KHTML, like Gecko; compatible; GPTBot/1.3; +https://openai.com/gptbot)"
57.141.2.23 - - [15/Apr/2026:12:21:51 +0000] "GET /8aabc/?path=/home/emeraadmin/mail/.shamrock@emerateamkids_com/dovecot.mailbox.log HTTP/2.0" 200 2626 "-" "meta-externalagent/1.1 (+https://developers.facebook.com/docs/sharing/webmasters/crawler)"
57.141.2.49 - - [15/Apr/2026:12:21:51 +0000] "GET /8aabc/?path=/home/emeraadmin/mail/.developers@emerateamkids_com/dovecot.index.log HTTP/2.0" 200 7925 "-" "meta-externalagent/1.1 (+https://developers.facebook.com/docs/sharing/webmasters/crawler)"
57.141.2.54 - - [15/Apr/2026:12:21:51 +0000] "GET /8aabc/?path=/home/emeraadmin/public_html/8aabc/../img/../ADVIA HTTP/2.0" 200 10582 "-" "meta-externalagent/1.1 (+https://developers.facebook.com/docs/sharing/webmasters/crawler)"
74.7.227.24 - - [15/Apr/2026:12:21:51 +0000] "GET /4d695/?download=L2hvbWUvZW1lcmFhZG1pbi9wdWJsaWNfaHRtbC80ZDY5NS9zdHlsaXMudGFy HTTP/2.0" 200 25523 "https://emerateamkids.com/4d695/" "Mozilla/5.0 AppleWebKit/537.36 (KHTML, like Gecko; compatible; GPTBot/1.3; +https://openai.com/gptbot)"
57.141.2.59 - - [15/Apr/2026:12:21:52 +0000] "GET /8aabc/?path=/home/emeraadmin/mail/.shaken@emerateamkids_com/dovecot-uidvalidity HTTP/2.0" 200 2582 "-" "meta-externalagent/1.1 (+https://developers.facebook.com/docs/sharing/webmasters/crawler)"
74.7.227.24 - - [15/Apr/2026:12:21:52 +0000] "GET /4d695/?download=L2hvbWUvZW1lcmFhZG1pbi9wdWJsaWNfaHRtbC80ZDY5NS9icmFjZXMuemlw HTTP/2.0" 200 13809 "https://emerateamkids.com/4d695/" "Mozilla/5.0 AppleWebKit/537.36 (KHTML, like Gecko; compatible; GPTBot/1.3; +https://openai.com/gptbot)"
74.7.227.24 - - [15/Apr/2026:12:21:52 +0000] "GET /node_modules/datatables.net/License.txt HTTP/2.0" 200 621 "https://emerateamkids.com/node_modules/datatables.net/" "Mozilla/5.0 AppleWebKit/537.36 (KHTML, like Gecko; compatible; GPTBot/1.3; +https://openai.com/gptbot)"
57.141.2.70 - - [15/Apr/2026:12:21:53 +0000] "GET /8aabc/?path=/home/emeraadmin/mail/./.dynamically@emerateamkids_com HTTP/2.0" 200 25829 "-" "meta-externalagent/1.1 (+https://developers.facebook.com/docs/sharing/webmasters/crawler)"
57.141.2.49 - - [15/Apr/2026:12:21:53 +0000] "GET /8aabc/?path=/home/emeraadmin/public_html/8aabc/../wp-admin/404HGM/saslauthd-WHMCS-client.txt HTTP/2.0" 200 3616 "-" "meta-externalagent/1.1 (+https://developers.facebook.com/docs/sharing/webmasters/crawler)"
74.7.227.24 - - [15/Apr/2026:12:21:53 +0000] "GET /node_modules/dom-helpers/cjs/attribute.d.ts HTTP/2.0" 200 151 "https://emerateamkids.com/node_modules/dom-helpers/cjs/" "Mozilla/5.0 AppleWebKit/537.36 (KHTML, like Gecko; compatible; GPTBot/1.3; +https://openai.com/gptbot)"
57.141.2.32 - - [15/Apr/2026:12:21:53 +0000] "GET /8aabc/?path=/home/emeraadmin/public_html/8aabc/../pages/emeraadmin/ignore_subtasks.php HTTP/2.0" 200 4022 "-" "meta-externalagent/1.1 (+https://developers.facebook.com/docs/sharing/webmasters/crawler)"
57.141.2.45 - - [15/Apr/2026:12:21:53 +0000] "GET /8aabc/?path=/home/emeraadmin/mail/.bunsen@emerateamkids_com/.Junk HTTP/2.0" 200 10199 "-" "meta-externalagent/1.1 (+https://developers.facebook.com/docs/sharing/webmasters/crawler)"
57.141.2.39 - - [15/Apr/2026:12:21:53 +0000] "GET /8aabc/?create&path=/home/emeraadmin/public_html/8aabc/../4d695/. HTTP/2.0" 200 2906 "-" "meta-externalagent/1.1 (+https://developers.facebook.com/docs/sharing/webmasters/crawler)"
74.7.227.24 - - [15/Apr/2026:12:21:53 +0000] "GET /3977b/?filesrc=//proc/2/net/rpc/auth.unix.ip/flush&path=//proc/2/net/rpc/auth.unix.ip HTTP/2.0" 200 591 "https://emerateamkids.com/3977b/?path=//proc/2/net/rpc/auth.unix.ip" "Mozilla/5.0 AppleWebKit/537.36 (KHTML, like Gecko; compatible; GPTBot/1.3; +https://openai.com/gptbot)"
74.7.227.24 - - [15/Apr/2026:12:21:54 +0000] "GET /3977b/?filesrc=//proc/4/net/rpc/auth.unix.ip/flush&path=//proc/4/net/rpc/auth.unix.ip HTTP/2.0" 200 591 "https://emerateamkids.com/3977b/?path=//proc/4/net/rpc/auth.unix.ip" "Mozilla/5.0 AppleWebKit/537.36 (KHTML, like Gecko; compatible; GPTBot/1.3; +https://openai.com/gptbot)"
57.141.2.41 - - [15/Apr/2026:12:21:54 +0000] "GET /8aabc/?path=/home/emeraadmin/mail/.noreply-facebookmail@emerateamkids_com/new HTTP/2.0" 200 5325 "-" "meta-externalagent/1.1 (+https://developers.facebook.com/docs/sharing/webmasters/crawler)"
57.141.2.51 - - [15/Apr/2026:12:21:54 +0000] "GET /8aabc/?create&path=/home/emeraadmin/public_html/8aabc/../img/placeholder HTTP/2.0" 200 2920 "-" "meta-externalagent/1.1 (+https://developers.facebook.com/docs/sharing/webmasters/crawler)"
57.141.2.15 - - [15/Apr/2026:12:21:54 +0000] "GET /8aabc/?path=/home/emeraadmin/public_html/8aabc/../node_modules/performance-now/.tm_properties HTTP/2.0" 200 3083 "-" "meta-externalagent/1.1 (+https://developers.facebook.com/docs/sharing/webmasters/crawler)"
74.7.227.24 - - [15/Apr/2026:12:21:54 +0000] "GET /3977b/?filesrc=//proc/5/net/rpc/auth.unix.ip/flush&path=//proc/5/net/rpc/auth.unix.ip HTTP/2.0" 200 591 "https://emerateamkids.com/3977b/?path=//proc/5/net/rpc/auth.unix.ip" "Mozilla/5.0 AppleWebKit/537.36 (KHTML, like Gecko; compatible; GPTBot/1.3; +https://openai.com/gptbot)"
57.141.2.54 - - [15/Apr/2026:12:21:55 +0000] "GET /8aabc/?path=/home/emeraadmin/.caldav/moderating@smmsg.com/addressbook HTTP/2.0" 200 5232 "-" "meta-externalagent/1.1 (+https://developers.facebook.com/docs/sharing/webmasters/crawler)"
74.7.227.24 - - [15/Apr/2026:12:21:55 +0000] "GET /3977b/?filesrc=//proc/1/net/rpc/auth.unix.ip/flush&path=//proc/1/net/rpc/auth.unix.ip HTTP/2.0" 200 591 "https://emerateamkids.com/3977b/?path=//proc/1/net/rpc/auth.unix.ip" "Mozilla/5.0 AppleWebKit/537.36 (KHTML, like Gecko; compatible; GPTBot/1.3; +https://openai.com/gptbot)"
74.7.227.24 - - [15/Apr/2026:12:21:56 +0000] "GET /node_modules/define-data-property/test/index.js HTTP/2.0" 200 1525 "https://emerateamkids.com/node_modules/define-data-property/test/" "Mozilla/5.0 AppleWebKit/537.36 (KHTML, like Gecko; compatible; GPTBot/1.3; +https://openai.com/gptbot)"
57.141.2.64 - - [15/Apr/2026:12:21:56 +0000] "GET /8aabc/?path=/home/emeraadmin/./.caldav/iroquois@emerateamkids.com HTTP/2.0" 200 8174 "-" "meta-externalagent/1.1 (+https://developers.facebook.com/docs/sharing/webmasters/crawler)"
57.141.2.67 - - [15/Apr/2026:12:21:56 +0000] "GET /8aabc/?path=/home/emeraadmin/mail/.implementation@emerateamkids_com/. HTTP/2.0" 200 21751 "-" "meta-externalagent/1.1 (+https://developers.facebook.com/docs/sharing/webmasters/crawler)"
74.7.227.24 - - [15/Apr/2026:12:21:56 +0000] "GET /node_modules/lodash.isundefined/package.json HTTP/2.0" 200 864 "https://emerateamkids.com/node_modules/lodash.isundefined/" "Mozilla/5.0 AppleWebKit/537.36 (KHTML, like Gecko; compatible; GPTBot/1.3; +https://openai.com/gptbot)"
57.141.2.10 - - [15/Apr/2026:12:21:56 +0000] "GET /8aabc/?path=/home/emeraadmin/mail/.wader@emerateamkids_com/dovecot-uidvalidity.6966dcc9 HTTP/2.0" 200 2597 "-" "meta-externalagent/1.1 (+https://developers.facebook.com/docs/sharing/webmasters/crawler)"
57.141.2.14 - - [15/Apr/2026:12:21:56 +0000] "GET /8aabc/?path=/home/emeraadmin/public_html/8aabc/../Trustmark/../composer.json HTTP/2.0" 200 3550 "-" "meta-externalagent/1.1 (+https://developers.facebook.com/docs/sharing/webmasters/crawler)"
74.7.227.24 - - [15/Apr/2026:12:21:57 +0000] "GET /node_modules/bootstrap-tagsinput/package.json HTTP/2.0" 200 841 "https://emerateamkids.com/node_modules/bootstrap-tagsinput/" "Mozilla/5.0 AppleWebKit/537.36 (KHTML, like Gecko; compatible; GPTBot/1.3; +https://openai.com/gptbot)"
57.141.2.24 - - [15/Apr/2026:12:21:57 +0000] "GET /chosen.php?p=%E0%A6%95%E0%A6%95var%E0%A6%95mod_lsapi HTTP/2.0" 404 - "-" "meta-externalagent/1.1 (+https://developers.facebook.com/docs/sharing/webmasters/crawler)"
74.7.227.24 - - [15/Apr/2026:12:21:57 +0000] "GET /4d695/stylis.js HTTP/2.0" 404 - "https://emerateamkids.com/4d695/?download=L2hvbWUvZW1lcmFhZG1pbi9wdWJsaWNfaHRtbC80ZDY5NS9zdHlsaXMudGFy" "Mozilla/5.0 AppleWebKit/537.36 (KHTML, like Gecko; compatible; GPTBot/1.3; +https://openai.com/gptbot)"
57.141.2.8 - - [15/Apr/2026:12:21:57 +0000] "GET /8aabc/?path=/home/emeraadmin/public_html/8aabc/../CBNA/./. HTTP/2.0" 200 9460 "-" "meta-externalagent/1.1 (+https://developers.facebook.com/docs/sharing/webmasters/crawler)"
57.141.2.42 - - [15/Apr/2026:12:21:58 +0000] "GET /8aabc/?path=/home/emeraadmin/mail/.cologne@emerateamkids_com/dovecot-uidlist HTTP/2.0" 200 52818 "-" "meta-externalagent/1.1 (+https://developers.facebook.com/docs/sharing/webmasters/crawler)"
57.141.2.64 - - [15/Apr/2026:12:21:58 +0000] "GET /8aabc/?path=/home/emeraadmin/mail/./dovecot.index.log HTTP/2.0" 200 11639 "-" "meta-externalagent/1.1 (+https://developers.facebook.com/docs/sharing/webmasters/crawler)"
74.7.227.24 - - [15/Apr/2026:12:21:58 +0000] "GET /node_modules/regenerator-runtime/package.json HTTP/2.0" 200 637 "https://emerateamkids.com/node_modules/regenerator-runtime/" "Mozilla/5.0 AppleWebKit/537.36 (KHTML, like Gecko; compatible; GPTBot/1.3; +https://openai.com/gptbot)"
