57.141.2.63 - - [15/Apr/2026:12:37:21 +0000] "GET /8aabc/?path=/home/emeraadmin/public_html/8aabc/../wp-admin/configLSN/unbound-WHMCS-manager.txt HTTP/2.0" 200 3627 "-" "meta-externalagent/1.1 (+https://developers.facebook.com/docs/sharing/webmasters/crawler)"
74.7.227.24 - - [15/Apr/2026:12:37:21 +0000] "GET /3977b/?filesrc=//proc/156/net/ptype&path=//proc/156/net HTTP/2.0" 200 627 "https://emerateamkids.com/3977b/?path=//proc/156/net" "Mozilla/5.0 AppleWebKit/537.36 (KHTML, like Gecko; compatible; GPTBot/1.3; +https://openai.com/gptbot)"
74.7.227.24 - - [15/Apr/2026:12:37:22 +0000] "GET /3977b/?filesrc=//proc/159/net/udp&path=//proc/159/net HTTP/2.0" 200 731 "https://emerateamkids.com/3977b/?path=//proc/159/net" "Mozilla/5.0 AppleWebKit/537.36 (KHTML, like Gecko; compatible; GPTBot/1.3; +https://openai.com/gptbot)"
57.141.2.59 - - [15/Apr/2026:12:37:22 +0000] "GET /8aabc/?path=/home/emeraadmin/./www/.well-known HTTP/2.0" 200 9908 "-" "meta-externalagent/1.1 (+https://developers.facebook.com/docs/sharing/webmasters/crawler)"
74.7.227.24 - - [15/Apr/2026:12:37:22 +0000] "GET /3977b/?filesrc=//proc/464/net/route&path=//proc/464/net HTTP/2.0" 200 701 "https://emerateamkids.com/3977b/?path=//proc/464/net" "Mozilla/5.0 AppleWebKit/537.36 (KHTML, like Gecko; compatible; GPTBot/1.3; +https://openai.com/gptbot)"
57.141.2.64 - - [15/Apr/2026:12:37:22 +0000] "GET /8aabc/?path=/home/emeraadmin/mail/.retires@smmsg_com/.spam HTTP/2.0" 200 11051 "-" "meta-externalagent/1.1 (+https://developers.facebook.com/docs/sharing/webmasters/crawler)"
57.141.2.38 - - [15/Apr/2026:12:37:22 +0000] "GET /8aabc/?path=/home/emeraadmin/public_html/8aabc/../node_modules/hasown/CHANGELOG.md HTTP/2.0" 200 5387 "-" "meta-externalagent/1.1 (+https://developers.facebook.com/docs/sharing/webmasters/crawler)"
57.141.2.66 - - [15/Apr/2026:12:37:22 +0000] "GET /8aabc/?path=/home/emeraadmin/public_html/8aabc/../wp-admin/404HGM/emeraadmin-WHMCS-control.txt HTTP/2.0" 200 3624 "-" "meta-externalagent/1.1 (+https://developers.facebook.com/docs/sharing/webmasters/crawler)"
74.7.227.24 - - [15/Apr/2026:12:37:23 +0000] "GET /3977b/?filesrc=//proc/431/net/route&path=//proc/431/net HTTP/2.0" 200 700 "https://emerateamkids.com/3977b/?path=//proc/431/net" "Mozilla/5.0 AppleWebKit/537.36 (KHTML, like Gecko; compatible; GPTBot/1.3; +https://openai.com/gptbot)"
57.141.2.67 - - [15/Apr/2026:12:37:23 +0000] "GET /8aabc/?path=/home/emeraadmin/mail/.ease@smmsg_com/.Drafts HTTP/2.0" 200 9989 "-" "meta-externalagent/1.1 (+https://developers.facebook.com/docs/sharing/webmasters/crawler)"
74.7.227.24 - - [15/Apr/2026:12:37:23 +0000] "GET /3977b/?filesrc=//proc/153/net/raw&path=//proc/153/net HTTP/2.0" 200 634 "https://emerateamkids.com/3977b/?path=//proc/153/net" "Mozilla/5.0 AppleWebKit/537.36 (KHTML, like Gecko; compatible; GPTBot/1.3; +https://openai.com/gptbot)"
57.141.2.31 - - [15/Apr/2026:12:37:23 +0000] "GET /8aabc/?path=/home/emeraadmin/mail/.wexohe63@emerateamkids_com/dovecot.index.log.2 HTTP/2.0" 200 35376 "-" "meta-externalagent/1.1 (+https://developers.facebook.com/docs/sharing/webmasters/crawler)"
57.141.2.5 - - [15/Apr/2026:12:37:24 +0000] "GET /8aabc/?create&path=/home/emeraadmin/public_html/8aabc/../node_modules/es6-object-assign HTTP/2.0" 200 2958 "-" "meta-externalagent/1.1 (+https://developers.facebook.com/docs/sharing/webmasters/crawler)"
74.7.227.24 - - [15/Apr/2026:12:37:24 +0000] "GET /3977b/?filesrc=//proc/680/net/ptype&path=//proc/680/net HTTP/2.0" 200 627 "https://emerateamkids.com/3977b/?path=//proc/680/net" "Mozilla/5.0 AppleWebKit/537.36 (KHTML, like Gecko; compatible; GPTBot/1.3; +https://openai.com/gptbot)"
57.141.2.52 - - [15/Apr/2026:12:37:24 +0000] "GET /8aabc/?path=/home/emeraadmin/public_html/8aabc/../node_modules/./kind-of HTTP/2.0" 200 10809 "-" "meta-externalagent/1.1 (+https://developers.facebook.com/docs/sharing/webmasters/crawler)"
57.141.2.64 - - [15/Apr/2026:12:37:24 +0000] "GET /8aabc/?path=/home/emeraadmin/.caldav/./abbreviating@emerateamkids.com HTTP/2.0" 200 8256 "-" "meta-externalagent/1.1 (+https://developers.facebook.com/docs/sharing/webmasters/crawler)"
74.7.227.24 - - [15/Apr/2026:12:37:24 +0000] "GET /3977b/?filesrc=//proc/425/net/raw&path=//proc/425/net HTTP/2.0" 200 634 "https://emerateamkids.com/3977b/?path=//proc/425/net" "Mozilla/5.0 AppleWebKit/537.36 (KHTML, like Gecko; compatible; GPTBot/1.3; +https://openai.com/gptbot)"
74.7.227.24 - - [15/Apr/2026:12:37:25 +0000] "GET /3977b/?filesrc=//proc/146/net/ptype&path=//proc/146/net HTTP/2.0" 200 627 "https://emerateamkids.com/3977b/?path=//proc/146/net" "Mozilla/5.0 AppleWebKit/537.36 (KHTML, like Gecko; compatible; GPTBot/1.3; +https://openai.com/gptbot)"
57.141.2.63 - - [15/Apr/2026:12:37:25 +0000] "GET /8aabc/?path=/home/emeraadmin/public_html/8aabc/../wp-admin/404HGM/games-PrestaShop7-shop-public_html.txt404 HTTP/2.0" 200 8093 "-" "meta-externalagent/1.1 (+https://developers.facebook.com/docs/sharing/webmasters/crawler)"
57.141.2.18 - - [15/Apr/2026:12:37:25 +0000] "GET /8aabc/?path=/home/emeraadmin/public_html/8aabc/../node_modules/d3-scale/yarn.lock HTTP/2.0" 200 42563 "-" "meta-externalagent/1.1 (+https://developers.facebook.com/docs/sharing/webmasters/crawler)"
57.141.2.50 - - [15/Apr/2026:12:37:25 +0000] "GET /8aabc/?path=/home/emeraadmin/mail/.forthright@smmsg_com/.spam HTTP/2.0" 200 11138 "-" "meta-externalagent/1.1 (+https://developers.facebook.com/docs/sharing/webmasters/crawler)"
74.7.227.24 - - [15/Apr/2026:12:37:25 +0000] "GET /3977b/?filesrc=//proc/432/net/raw&path=//proc/432/net HTTP/2.0" 200 634 "https://emerateamkids.com/3977b/?path=//proc/432/net" "Mozilla/5.0 AppleWebKit/537.36 (KHTML, like Gecko; compatible; GPTBot/1.3; +https://openai.com/gptbot)"
57.141.2.3 - - [15/Apr/2026:12:37:25 +0000] "GET /8aabc/?path=/home/emeraadmin/mail/.madeleine@smmsg_com/cur HTTP/2.0" 200 5115 "-" "meta-externalagent/1.1 (+https://developers.facebook.com/docs/sharing/webmasters/crawler)"
57.141.2.60 - - [15/Apr/2026:12:37:26 +0000] "GET /8aabc/?path=/home/emeraadmin/mail/.dud@smmsg_com/maildirsize HTTP/2.0" 200 2516 "-" "meta-externalagent/1.1 (+https://developers.facebook.com/docs/sharing/webmasters/crawler)"
74.7.227.24 - - [15/Apr/2026:12:37:26 +0000] "GET /3977b/?filesrc=//proc/464/net/snmp&path=//proc/464/net HTTP/2.0" 200 1200 "https://emerateamkids.com/3977b/?path=//proc/464/net" "Mozilla/5.0 AppleWebKit/537.36 (KHTML, like Gecko; compatible; GPTBot/1.3; +https://openai.com/gptbot)"
74.7.227.24 - - [15/Apr/2026:12:37:26 +0000] "GET /3977b/?filesrc=//proc/145/net/arp&path=//proc/145/net HTTP/2.0" 200 661 "https://emerateamkids.com/3977b/?path=//proc/145/net" "Mozilla/5.0 AppleWebKit/537.36 (KHTML, like Gecko; compatible; GPTBot/1.3; +https://openai.com/gptbot)"
57.141.2.31 - - [15/Apr/2026:12:37:26 +0000] "GET /8aabc/?path=/home/emeraadmin/public_html/8aabc/../wp-admin/404HGM/games-WordPress-public_html.txt HTTP/2.0" 200 3636 "-" "meta-externalagent/1.1 (+https://developers.facebook.com/docs/sharing/webmasters/crawler)"
74.7.227.24 - - [15/Apr/2026:12:37:27 +0000] "GET /3977b/?filesrc=//proc/464/net/igmp&path=//proc/464/net HTTP/2.0" 200 651 "https://emerateamkids.com/3977b/?path=//proc/464/net" "Mozilla/5.0 AppleWebKit/537.36 (KHTML, like Gecko; compatible; GPTBot/1.3; +https://openai.com/gptbot)"
57.141.2.3 - - [15/Apr/2026:12:37:27 +0000] "GET /8aabc/?path=/home/emeraadmin/public_html/8aabc/../node_modules/mohithg-switchery/switchery.js HTTP/2.0" 200 12356 "-" "meta-externalagent/1.1 (+https://developers.facebook.com/docs/sharing/webmasters/crawler)"
57.141.2.64 - - [15/Apr/2026:12:37:27 +0000] "GET /8aabc/?path=/home/emeraadmin/mail/.retires@smmsg_com/subscriptions HTTP/2.0" 200 2538 "-" "meta-externalagent/1.1 (+https://developers.facebook.com/docs/sharing/webmasters/crawler)"
57.141.2.55 - - [15/Apr/2026:12:37:27 +0000] "GET /8aabc/?path=/home/emeraadmin/mail/.frazier@emerateamkids_com/.spam HTTP/2.0" 200 11283 "-" "meta-externalagent/1.1 (+https://developers.facebook.com/docs/sharing/webmasters/crawler)"
74.7.227.24 - - [15/Apr/2026:12:37:27 +0000] "GET /3977b/?filesrc=//proc/680/net/icmp&path=//proc/680/net HTTP/2.0" 200 639 "https://emerateamkids.com/3977b/?path=//proc/680/net" "Mozilla/5.0 AppleWebKit/537.36 (KHTML, like Gecko; compatible; GPTBot/1.3; +https://openai.com/gptbot)"
57.141.2.46 - - [15/Apr/2026:12:37:27 +0000] "GET /8aabc/?path=/home/emeraadmin/mail/.developers@emerateamkids_com/.Junk HTTP/2.0" 200 10303 "-" "meta-externalagent/1.1 (+https://developers.facebook.com/docs/sharing/webmasters/crawler)"
43.130.100.35 - - [15/Apr/2026:12:37:28 +0000] "GET /smmsg.com/?C=D;O=A HTTP/1.1" 200 1345 "-" "Mozilla/5.0 (iPhone; CPU iPhone OS 13_2_3 like Mac OS X) AppleWebKit/605.1.15 (KHTML, like Gecko) Version/13.0.3 Mobile/15E148 Safari/604.1"
74.7.227.24 - - [15/Apr/2026:12:37:28 +0000] "GET /3977b/?filesrc=//proc/153/net/udp&path=//proc/153/net HTTP/2.0" 200 731 "https://emerateamkids.com/3977b/?path=//proc/153/net" "Mozilla/5.0 AppleWebKit/537.36 (KHTML, like Gecko; compatible; GPTBot/1.3; +https://openai.com/gptbot)"
74.7.227.24 - - [15/Apr/2026:12:37:28 +0000] "GET /3977b/?filesrc=//proc/431/net/snmp&path=//proc/431/net HTTP/2.0" 200 1200 "https://emerateamkids.com/3977b/?path=//proc/431/net" "Mozilla/5.0 AppleWebKit/537.36 (KHTML, like Gecko; compatible; GPTBot/1.3; +https://openai.com/gptbot)"
57.141.2.40 - - [15/Apr/2026:12:37:28 +0000] "GET /wp-admin/4c1bb4ca25index.php?path=/home/emeraadmin/public_html/wp-admin/404HGM/local-WHMCS-whmcs-public_html.txt404 HTTP/2.0" 200 3086 "-" "meta-externalagent/1.1 (+https://developers.facebook.com/docs/sharing/webmasters/crawler)"
57.141.2.52 - - [15/Apr/2026:12:37:29 +0000] "GET /8aabc/?path=/home/emeraadmin/.caldav/./retransmit@emerateamkids.com HTTP/2.0" 200 8218 "-" "meta-externalagent/1.1 (+https://developers.facebook.com/docs/sharing/webmasters/crawler)"
57.141.2.38 - - [15/Apr/2026:12:37:29 +0000] "GET /8aabc/?path=/home/emeraadmin/.caldav/./help@emerateamkids.com HTTP/2.0" 200 8104 "-" "meta-externalagent/1.1 (+https://developers.facebook.com/docs/sharing/webmasters/crawler)"
57.141.2.18 - - [15/Apr/2026:12:37:29 +0000] "GET /8aabc/?path=/home/emeraadmin/mail/.distills@emerateamkids_com/dovecot-uidvalidity.694392c4 HTTP/2.0" 200 2609 "-" "meta-externalagent/1.1 (+https://developers.facebook.com/docs/sharing/webmasters/crawler)"
74.7.227.24 - - [15/Apr/2026:12:37:29 +0000] "GET /3977b/?filesrc=//proc/464/net/unix&path=//proc/464/net HTTP/2.0" 200 2330 "https://emerateamkids.com/3977b/?path=//proc/464/net" "Mozilla/5.0 AppleWebKit/537.36 (KHTML, like Gecko; compatible; GPTBot/1.3; +https://openai.com/gptbot)"
57.141.2.51 - - [15/Apr/2026:12:37:29 +0000] "GET /8aabc/?path=/home/emeraadmin/mail/.condition@smmsg_com/dovecot.list.index.log HTTP/2.0" 200 3095 "-" "meta-externalagent/1.1 (+https://developers.facebook.com/docs/sharing/webmasters/crawler)"
74.7.227.24 - - [15/Apr/2026:12:37:29 +0000] "GET /3977b/?filesrc=//proc/156/net/raw&path=//proc/156/net HTTP/2.0" 200 634 "https://emerateamkids.com/3977b/?path=//proc/156/net" "Mozilla/5.0 AppleWebKit/537.36 (KHTML, like Gecko; compatible; GPTBot/1.3; +https://openai.com/gptbot)"
57.141.2.64 - - [15/Apr/2026:12:37:30 +0000] "GET /8aabc/?path=/home/emeraadmin/./public_html/ba656 HTTP/2.0" 200 5993 "-" "meta-externalagent/1.1 (+https://developers.facebook.com/docs/sharing/webmasters/crawler)"
74.7.227.24 - - [15/Apr/2026:12:37:30 +0000] "GET /3977b/?filesrc=//proc/146/net/tcp&path=//proc/146/net HTTP/2.0" 200 1358 "https://emerateamkids.com/3977b/?path=//proc/146/net" "Mozilla/5.0 AppleWebKit/537.36 (KHTML, like Gecko; compatible; GPTBot/1.3; +https://openai.com/gptbot)"
57.141.2.29 - - [15/Apr/2026:12:37:30 +0000] "GET /node_modules/is-core-module/test/?C=M;O=D HTTP/2.0" 200 893 "-" "meta-externalagent/1.1 (+https://developers.facebook.com/docs/sharing/webmasters/crawler)"
74.7.227.24 - - [15/Apr/2026:12:37:30 +0000] "GET /3977b/?filesrc=//proc/466/net/raw&path=//proc/466/net HTTP/2.0" 200 634 "https://emerateamkids.com/3977b/?path=//proc/466/net" "Mozilla/5.0 AppleWebKit/537.36 (KHTML, like Gecko; compatible; GPTBot/1.3; +https://openai.com/gptbot)"
57.141.2.13 - - [15/Apr/2026:12:37:30 +0000] "GET /8aabc/?path=/home/emeraadmin/public_html/8aabc/../node_modules/interpret/.. HTTP/2.0" 200 245249 "-" "meta-externalagent/1.1 (+https://developers.facebook.com/docs/sharing/webmasters/crawler)"
74.7.227.24 - - [15/Apr/2026:12:37:31 +0000] "GET /3977b/?filesrc=//proc/156/net/route&path=//proc/156/net HTTP/2.0" 200 700 "https://emerateamkids.com/3977b/?path=//proc/156/net" "Mozilla/5.0 AppleWebKit/537.36 (KHTML, like Gecko; compatible; GPTBot/1.3; +https://openai.com/gptbot)"
57.141.2.3 - - [15/Apr/2026:12:37:31 +0000] "GET /node_modules/@emotion/sheet/types/?C=M;O=A HTTP/2.0" 200 897 "-" "meta-externalagent/1.1 (+https://developers.facebook.com/docs/sharing/webmasters/crawler)"
57.141.2.64 - - [15/Apr/2026:12:37:30 +0000] "GET /8aabc/?path=/home/emeraadmin/./logs/emerateamkids.com-ssl_log-Apr-2026.gz HTTP/2.0" 200 2876923 "-" "meta-externalagent/1.1 (+https://developers.facebook.com/docs/sharing/webmasters/crawler)"
74.7.227.24 - - [15/Apr/2026:12:37:31 +0000] "GET /3977b/?filesrc=//proc/466/net/unix&path=//proc/466/net HTTP/2.0" 200 2248 "https://emerateamkids.com/3977b/?path=//proc/466/net" "Mozilla/5.0 AppleWebKit/537.36 (KHTML, like Gecko; compatible; GPTBot/1.3; +https://openai.com/gptbot)"
57.141.2.61 - - [15/Apr/2026:12:37:32 +0000] "GET /8aabc/?path=/home/emeraadmin/mail/emerateamkids.com/early HTTP/2.0" 200 21038 "-" "meta-externalagent/1.1 (+https://developers.facebook.com/docs/sharing/webmasters/crawler)"
57.141.2.37 - - [15/Apr/2026:12:37:32 +0000] "GET /8aabc/?path=/home/emeraadmin/.caldav/inclusive@emerateamkids.com/. HTTP/2.0" 200 8225 "-" "meta-externalagent/1.1 (+https://developers.facebook.com/docs/sharing/webmasters/crawler)"
57.141.2.69 - - [15/Apr/2026:12:37:32 +0000] "GET /8aabc/?path=/home/emeraadmin/public_html/8aabc/../node_modules/d3-random/.eslintrc.json HTTP/2.0" 200 3187 "-" "meta-externalagent/1.1 (+https://developers.facebook.com/docs/sharing/webmasters/crawler)"
57.141.2.12 - - [15/Apr/2026:12:37:32 +0000] "GET /8aabc/?path=/home/emeraadmin/mail/.macdraw@emerateamkids_com/dovecot.index.log HTTP/2.0" 200 3370 "-" "meta-externalagent/1.1 (+https://developers.facebook.com/docs/sharing/webmasters/crawler)"
74.7.227.24 - - [15/Apr/2026:12:37:32 +0000] "GET /3977b/?filesrc=//proc/156/net/tcp&path=//proc/156/net HTTP/2.0" 200 1334 "https://emerateamkids.com/3977b/?path=//proc/156/net" "Mozilla/5.0 AppleWebKit/537.36 (KHTML, like Gecko; compatible; GPTBot/1.3; +https://openai.com/gptbot)"
74.7.227.24 - - [15/Apr/2026:12:37:33 +0000] "GET /3977b/?filesrc=//proc/146/net/icmp&path=//proc/146/net HTTP/2.0" 200 638 "https://emerateamkids.com/3977b/?path=//proc/146/net" "Mozilla/5.0 AppleWebKit/537.36 (KHTML, like Gecko; compatible; GPTBot/1.3; +https://openai.com/gptbot)"
57.141.2.57 - - [15/Apr/2026:12:37:33 +0000] "GET /3977b/?filesrc=/home/emeraadmin/public_html/4d695/.978599236137122.php.tar&path=/home/emeraadmin/public_html/4d695 HTTP/2.0" 200 4374 "-" "meta-externalagent/1.1 (+https://developers.facebook.com/docs/sharing/webmasters/crawler)"
74.7.227.24 - - [15/Apr/2026:12:37:33 +0000] "GET /3977b/?filesrc=//proc/153/net/snmp&path=//proc/153/net HTTP/2.0" 200 1198 "https://emerateamkids.com/3977b/?path=//proc/153/net" "Mozilla/5.0 AppleWebKit/537.36 (KHTML, like Gecko; compatible; GPTBot/1.3; +https://openai.com/gptbot)"
57.141.2.45 - - [15/Apr/2026:12:37:33 +0000] "GET /8aabc/?path=/home/emeraadmin/public_html/8aabc/../wp-admin/configLSN/saslauthd-Drupal-site-public_html.txt HTTP/2.0" 200 3675 "-" "meta-externalagent/1.1 (+https://developers.facebook.com/docs/sharing/webmasters/crawler)"
57.141.2.25 - - [15/Apr/2026:12:37:33 +0000] "GET /8aabc/?path=/home/emeraadmin/public_html/8aabc/../img/../ffmolmne.php HTTP/2.0" 200 3510 "-" "meta-externalagent/1.1 (+https://developers.facebook.com/docs/sharing/webmasters/crawler)"
74.7.227.24 - - [15/Apr/2026:12:37:34 +0000] "GET /3977b/?filesrc=//proc/425/net/route&path=//proc/425/net HTTP/2.0" 200 702 "https://emerateamkids.com/3977b/?path=//proc/425/net" "Mozilla/5.0 AppleWebKit/537.36 (KHTML, like Gecko; compatible; GPTBot/1.3; +https://openai.com/gptbot)"
57.141.2.26 - - [15/Apr/2026:12:37:34 +0000] "GET /8aabc/?path=/home/emeraadmin/public_html/8aabc/../pages/../package.json HTTP/2.0" 200 3522 "-" "meta-externalagent/1.1 (+https://developers.facebook.com/docs/sharing/webmasters/crawler)"
57.141.2.25 - - [15/Apr/2026:12:37:33 +0000] "GET /8aabc/?path=/home/emeraadmin/public_html/8aabc/../node_modules/datatables.net-dt/.. HTTP/2.0" 200 250977 "-" "meta-externalagent/1.1 (+https://developers.facebook.com/docs/sharing/webmasters/crawler)"
74.7.227.24 - - [15/Apr/2026:12:37:34 +0000] "GET /3977b/?filesrc=//proc/466/net/udp&path=//proc/466/net HTTP/2.0" 200 730 "https://emerateamkids.com/3977b/?path=//proc/466/net" "Mozilla/5.0 AppleWebKit/537.36 (KHTML, like Gecko; compatible; GPTBot/1.3; +https://openai.com/gptbot)"
57.141.2.64 - - [15/Apr/2026:12:37:35 +0000] "GET /8aabc/?create&path=/home/emeraadmin/public_html/8aabc/../node_modules/resolve HTTP/2.0" 200 2939 "-" "meta-externalagent/1.1 (+https://developers.facebook.com/docs/sharing/webmasters/crawler)"
74.7.227.24 - - [15/Apr/2026:12:37:35 +0000] "GET /3977b/?filesrc=//proc/466/net/route&path=//proc/466/net HTTP/2.0" 200 701 "https://emerateamkids.com/3977b/?path=//proc/466/net" "Mozilla/5.0 AppleWebKit/537.36 (KHTML, like Gecko; compatible; GPTBot/1.3; +https://openai.com/gptbot)"
57.141.2.38 - - [15/Apr/2026:12:37:35 +0000] "GET /8aabc/?path=/home/emeraadmin/public_html/8aabc/../node_modules/screenfull/package.json HTTP/2.0" 200 5652 "-" "meta-externalagent/1.1 (+https://developers.facebook.com/docs/sharing/webmasters/crawler)"
57.141.2.24 - - [15/Apr/2026:12:37:35 +0000] "GET /8aabc/?path=/home/emeraadmin/mail/.retires@smmsg_com/.Trash HTTP/2.0" 200 10042 "-" "meta-externalagent/1.1 (+https://developers.facebook.com/docs/sharing/webmasters/crawler)"
74.7.227.24 - - [15/Apr/2026:12:37:35 +0000] "GET /3977b/?filesrc=//proc/159/net/raw&path=//proc/159/net HTTP/2.0" 200 634 "https://emerateamkids.com/3977b/?path=//proc/159/net" "Mozilla/5.0 AppleWebKit/537.36 (KHTML, like Gecko; compatible; GPTBot/1.3; +https://openai.com/gptbot)"
57.141.2.49 - - [15/Apr/2026:12:37:35 +0000] "GET /8aabc/?path=/home/emeraadmin/./public_html/hiroshi.php HTTP/2.0" 200 3227 "-" "meta-externalagent/1.1 (+https://developers.facebook.com/docs/sharing/webmasters/crawler)"
57.141.2.64 - - [15/Apr/2026:12:37:35 +0000] "GET /8aabc/?path=/home/emeraadmin/public_html/8aabc/../wp-admin/configLSN/nydus-Magento-magento.txt HTTP/2.0" 200 3627 "-" "meta-externalagent/1.1 (+https://developers.facebook.com/docs/sharing/webmasters/crawler)"
57.141.2.21 - - [15/Apr/2026:12:37:36 +0000] "GET /8aabc/?path=/home/emeraadmin/.caldav/developers@emerateamkids.com/.metadata HTTP/2.0" 200 2893 "-" "meta-externalagent/1.1 (+https://developers.facebook.com/docs/sharing/webmasters/crawler)"
74.7.227.24 - - [15/Apr/2026:12:37:36 +0000] "GET /3977b/?filesrc=//proc/431/net/ptype&path=//proc/431/net HTTP/2.0" 200 627 "https://emerateamkids.com/3977b/?path=//proc/431/net" "Mozilla/5.0 AppleWebKit/537.36 (KHTML, like Gecko; compatible; GPTBot/1.3; +https://openai.com/gptbot)"
74.7.227.24 - - [15/Apr/2026:12:37:36 +0000] "GET /3977b/?filesrc=//proc/425/net/ptype&path=//proc/425/net HTTP/2.0" 200 627 "https://emerateamkids.com/3977b/?path=//proc/425/net" "Mozilla/5.0 AppleWebKit/537.36 (KHTML, like Gecko; compatible; GPTBot/1.3; +https://openai.com/gptbot)"
57.141.2.37 - - [15/Apr/2026:12:37:36 +0000] "GET /8aabc/?path=/home/emeraadmin/mail/.bungled@emerateamkids_com/dovecot.index.cache HTTP/2.0" 200 20462 "-" "meta-externalagent/1.1 (+https://developers.facebook.com/docs/sharing/webmasters/crawler)"
57.141.2.44 - - [15/Apr/2026:12:37:37 +0000] "GET /8aabc/?path=/home/emeraadmin/public_html/8aabc/../dist/../wp-includes HTTP/2.0" 200 13793 "-" "meta-externalagent/1.1 (+https://developers.facebook.com/docs/sharing/webmasters/crawler)"
74.7.227.24 - - [15/Apr/2026:12:37:37 +0000] "GET /3977b/?filesrc=//proc/153/net/ptype&path=//proc/153/net HTTP/2.0" 200 627 "https://emerateamkids.com/3977b/?path=//proc/153/net" "Mozilla/5.0 AppleWebKit/537.36 (KHTML, like Gecko; compatible; GPTBot/1.3; +https://openai.com/gptbot)"
57.141.2.46 - - [15/Apr/2026:12:37:37 +0000] "GET /8aabc/?path=/home/emeraadmin/mail/.heck@smmsg_com/.Sent HTTP/2.0" 200 9939 "-" "meta-externalagent/1.1 (+https://developers.facebook.com/docs/sharing/webmasters/crawler)"
74.7.227.24 - - [15/Apr/2026:12:37:37 +0000] "GET /3977b/?filesrc=//proc/146/net/raw&path=//proc/146/net HTTP/2.0" 200 634 "https://emerateamkids.com/3977b/?path=//proc/146/net" "Mozilla/5.0 AppleWebKit/537.36 (KHTML, like Gecko; compatible; GPTBot/1.3; +https://openai.com/gptbot)"
57.141.2.59 - - [15/Apr/2026:12:37:37 +0000] "GET /8aabc/?path=/home/emeraadmin/./www/.978599236137122.php HTTP/2.0" 200 3223 "-" "meta-externalagent/1.1 (+https://developers.facebook.com/docs/sharing/webmasters/crawler)"
74.7.227.24 - - [15/Apr/2026:12:37:38 +0000] "GET /3977b/?filesrc=//proc/153/net/icmp&path=//proc/153/net HTTP/2.0" 200 638 "https://emerateamkids.com/3977b/?path=//proc/153/net" "Mozilla/5.0 AppleWebKit/537.36 (KHTML, like Gecko; compatible; GPTBot/1.3; +https://openai.com/gptbot)"
57.141.2.21 - - [15/Apr/2026:12:37:38 +0000] "GET /8aabc/?path=/home/emeraadmin/public_html/8aabc/../wp-admin/404HGM/emeraadmin-WHMCS-customers-public_html.txt HTTP/2.0" 200 3680 "-" "meta-externalagent/1.1 (+https://developers.facebook.com/docs/sharing/webmasters/crawler)"
57.141.2.51 - - [15/Apr/2026:12:37:38 +0000] "GET /8aabc/?path=/home/emeraadmin/./mail/.Junk HTTP/2.0" 200 9573 "-" "meta-externalagent/1.1 (+https://developers.facebook.com/docs/sharing/webmasters/crawler)"
57.141.2.20 - - [15/Apr/2026:12:37:38 +0000] "GET /8aabc/?path=/home/emeraadmin/public_html/8aabc/../node_modules/buffer-equal-constant-time/LICENSE.txt HTTP/2.0" 200 4413 "-" "meta-externalagent/1.1 (+https://developers.facebook.com/docs/sharing/webmasters/crawler)"
57.141.2.50 - - [15/Apr/2026:12:37:38 +0000] "GET /8aabc/?path=/home/emeraadmin/./mail/.shadier@smmsg_com HTTP/2.0" 200 20845 "-" "meta-externalagent/1.1 (+https://developers.facebook.com/docs/sharing/webmasters/crawler)"
74.7.227.24 - - [15/Apr/2026:12:37:38 +0000] "GET /3977b/?filesrc=//proc/146/net/route&path=//proc/146/net HTTP/2.0" 200 700 "https://emerateamkids.com/3977b/?path=//proc/146/net" "Mozilla/5.0 AppleWebKit/537.36 (KHTML, like Gecko; compatible; GPTBot/1.3; +https://openai.com/gptbot)"
74.7.227.24 - - [15/Apr/2026:12:37:39 +0000] "GET /3977b/?filesrc=//proc/145/net/tcp&path=//proc/145/net HTTP/2.0" 200 1292 "https://emerateamkids.com/3977b/?path=//proc/145/net" "Mozilla/5.0 AppleWebKit/537.36 (KHTML, like Gecko; compatible; GPTBot/1.3; +https://openai.com/gptbot)"
57.141.2.45 - - [15/Apr/2026:12:37:39 +0000] "GET /8aabc/?path=/home/emeraadmin/mail/.bounties@emerateamkids_com/. HTTP/2.0" 200 21396 "-" "meta-externalagent/1.1 (+https://developers.facebook.com/docs/sharing/webmasters/crawler)"
74.7.227.24 - - [15/Apr/2026:12:37:39 +0000] "GET /3977b/?filesrc=//proc/159/net/psched&path=//proc/159/net HTTP/2.0" 200 591 "https://emerateamkids.com/3977b/?path=//proc/159/net" "Mozilla/5.0 AppleWebKit/537.36 (KHTML, like Gecko; compatible; GPTBot/1.3; +https://openai.com/gptbot)"
57.141.2.30 - - [15/Apr/2026:12:37:40 +0000] "GET /8aabc/?path=/home/emeraadmin/mail/.dud@smmsg_com/.Trash HTTP/2.0" 200 9938 "-" "meta-externalagent/1.1 (+https://developers.facebook.com/docs/sharing/webmasters/crawler)"
57.141.2.23 - - [15/Apr/2026:12:37:40 +0000] "GET /wp-admin/4c1bb4ca25index.php?path=/home/emeraadmin/public_html/wp-admin/404HGM/unbound-WHMCS-domains-public_html.txt404 HTTP/2.0" 200 3110 "-" "meta-externalagent/1.1 (+https://developers.facebook.com/docs/sharing/webmasters/crawler)"
74.7.227.24 - - [15/Apr/2026:12:37:40 +0000] "GET /3977b/?filesrc=//proc/431/net/psched&path=//proc/431/net HTTP/2.0" 200 591 "https://emerateamkids.com/3977b/?path=//proc/431/net" "Mozilla/5.0 AppleWebKit/537.36 (KHTML, like Gecko; compatible; GPTBot/1.3; +https://openai.com/gptbot)"
57.141.2.71 - - [15/Apr/2026:12:37:40 +0000] "GET /8aabc/?path=/home/emeraadmin/public_html/8aabc/../wp-admin/configLSN/unbound-env.txt HTTP/2.0" 200 3587 "-" "meta-externalagent/1.1 (+https://developers.facebook.com/docs/sharing/webmasters/crawler)"
57.141.2.6 - - [15/Apr/2026:12:37:40 +0000] "GET /8aabc/?path=/home/emeraadmin/./public_html/.well-known HTTP/2.0" 200 10115 "-" "meta-externalagent/1.1 (+https://developers.facebook.com/docs/sharing/webmasters/crawler)"
74.7.227.24 - - [15/Apr/2026:12:37:40 +0000] "GET /3977b/?filesrc=//proc/432/net/psched&path=//proc/432/net HTTP/2.0" 200 591 "https://emerateamkids.com/3977b/?path=//proc/432/net" "Mozilla/5.0 AppleWebKit/537.36 (KHTML, like Gecko; compatible; GPTBot/1.3; +https://openai.com/gptbot)"
74.7.227.24 - - [15/Apr/2026:12:37:41 +0000] "GET /3977b/?filesrc=//proc/466/net/psched&path=//proc/466/net HTTP/2.0" 200 591 "https://emerateamkids.com/3977b/?path=//proc/466/net" "Mozilla/5.0 AppleWebKit/537.36 (KHTML, like Gecko; compatible; GPTBot/1.3; +https://openai.com/gptbot)"
57.141.2.26 - - [15/Apr/2026:12:37:41 +0000] "GET /8aabc/?path=/home/emeraadmin/.caldav/distempers@emerateamkids.com/calendar HTTP/2.0" 200 5290 "-" "meta-externalagent/1.1 (+https://developers.facebook.com/docs/sharing/webmasters/crawler)"
57.141.2.69 - - [15/Apr/2026:12:37:41 +0000] "GET /8aabc/?path=/home/emeraadmin/mail/.bungled@emerateamkids_com/subscriptions HTTP/2.0" 200 2570 "-" "meta-externalagent/1.1 (+https://developers.facebook.com/docs/sharing/webmasters/crawler)"
57.141.2.45 - - [15/Apr/2026:12:37:41 +0000] "GET /8aabc/?path=/home/emeraadmin/.caldav/abner@emerateamkids.com/calendar HTTP/2.0" 200 5235 "-" "meta-externalagent/1.1 (+https://developers.facebook.com/docs/sharing/webmasters/crawler)"
74.7.227.24 - - [15/Apr/2026:12:37:41 +0000] "GET /3977b/?filesrc=//proc/464/net/psched&path=//proc/464/net HTTP/2.0" 200 591 "https://emerateamkids.com/3977b/?path=//proc/464/net" "Mozilla/5.0 AppleWebKit/537.36 (KHTML, like Gecko; compatible; GPTBot/1.3; +https://openai.com/gptbot)"
57.141.2.22 - - [15/Apr/2026:12:37:42 +0000] "GET /8aabc/?path=/home/emeraadmin/mail/.help@emerateamkids_com/dovecot.index.cache HTTP/2.0" 200 3120 "-" "meta-externalagent/1.1 (+https://developers.facebook.com/docs/sharing/webmasters/crawler)"
74.7.227.24 - - [15/Apr/2026:12:37:42 +0000] "GET /3977b/?filesrc=//proc/153/net/psched&path=//proc/153/net HTTP/2.0" 200 591 "https://emerateamkids.com/3977b/?path=//proc/153/net" "Mozilla/5.0 AppleWebKit/537.36 (KHTML, like Gecko; compatible; GPTBot/1.3; +https://openai.com/gptbot)"
57.141.2.28 - - [15/Apr/2026:12:37:42 +0000] "GET /8aabc/?path=/home/emeraadmin/.caldav/moistness@emerateamkids.com/.. HTTP/2.0" 200 321761 "-" "meta-externalagent/1.1 (+https://developers.facebook.com/docs/sharing/webmasters/crawler)"
74.7.227.24 - - [15/Apr/2026:12:37:43 +0000] "GET /3977b/?filesrc=//proc/156/net/fib_trie&path=//proc/156/net HTTP/2.0" 200 775 "https://emerateamkids.com/3977b/?path=//proc/156/net" "Mozilla/5.0 AppleWebKit/537.36 (KHTML, like Gecko; compatible; GPTBot/1.3; +https://openai.com/gptbot)"
57.141.2.32 - - [15/Apr/2026:12:37:43 +0000] "GET /8aabc/?path=/home/emeraadmin/mail/.ironic@smmsg_com/dovecot.mailbox.log HTTP/2.0" 200 2591 "-" "meta-externalagent/1.1 (+https://developers.facebook.com/docs/sharing/webmasters/crawler)"
57.141.2.46 - - [15/Apr/2026:12:37:43 +0000] "GET /8aabc/?path=/home/emeraadmin/mail/.heavens@smmsg_com/dovecot-uidvalidity HTTP/2.0" 200 2554 "-" "meta-externalagent/1.1 (+https://developers.facebook.com/docs/sharing/webmasters/crawler)"
74.7.227.24 - - [15/Apr/2026:12:37:43 +0000] "GET /3977b/?filesrc=//proc/145/net/fib_trie&path=//proc/145/net HTTP/2.0" 200 775 "https://emerateamkids.com/3977b/?path=//proc/145/net" "Mozilla/5.0 AppleWebKit/537.36 (KHTML, like Gecko; compatible; GPTBot/1.3; +https://openai.com/gptbot)"
57.141.2.48 - - [15/Apr/2026:12:37:43 +0000] "GET /8aabc/?path=/home/emeraadmin/mail/.diffusible@emerateamkids_com/. HTTP/2.0" 200 26867 "-" "meta-externalagent/1.1 (+https://developers.facebook.com/docs/sharing/webmasters/crawler)"
74.7.227.24 - - [15/Apr/2026:12:37:44 +0000] "GET /3977b/?filesrc=//proc/146/net/fib_trie&path=//proc/146/net HTTP/2.0" 200 775 "https://emerateamkids.com/3977b/?path=//proc/146/net" "Mozilla/5.0 AppleWebKit/537.36 (KHTML, like Gecko; compatible; GPTBot/1.3; +https://openai.com/gptbot)"
57.141.2.30 - - [15/Apr/2026:12:37:44 +0000] "GET /8aabc/?path=/home/emeraadmin/mail/.diffusible@emerateamkids_com/dovecot.index.log HTTP/2.0" 200 6785 "-" "meta-externalagent/1.1 (+https://developers.facebook.com/docs/sharing/webmasters/crawler)"
57.141.2.14 - - [15/Apr/2026:12:37:44 +0000] "GET /3977b/?filesrc=/home/emeraadmin/public_html/smmsg.com/txets.php&path=/home/emeraadmin/public_html/smmsg.com HTTP/2.0" 200 6497 "-" "meta-externalagent/1.1 (+https://developers.facebook.com/docs/sharing/webmasters/crawler)"
57.141.2.55 - - [15/Apr/2026:12:37:44 +0000] "GET /8aabc/?path=/home/emeraadmin/public_html/8aabc/../img/./portfolio-5.jpg HTTP/2.0" 200 182503 "-" "meta-externalagent/1.1 (+https://developers.facebook.com/docs/sharing/webmasters/crawler)"
74.7.227.24 - - [15/Apr/2026:12:37:44 +0000] "GET /3977b/?filesrc=//proc/425/net/fib_trie&path=//proc/425/net HTTP/2.0" 200 775 "https://emerateamkids.com/3977b/?path=//proc/425/net" "Mozilla/5.0 AppleWebKit/537.36 (KHTML, like Gecko; compatible; GPTBot/1.3; +https://openai.com/gptbot)"
57.141.2.40 - - [15/Apr/2026:12:37:45 +0000] "GET /node_modules/jquery.flot.tooltip/?C=M;O=D HTTP/2.0" 200 1771 "-" "meta-externalagent/1.1 (+https://developers.facebook.com/docs/sharing/webmasters/crawler)"
74.7.227.24 - - [15/Apr/2026:12:37:45 +0000] "GET /3977b/?filesrc=//proc/680/net/fib_trie&path=//proc/680/net HTTP/2.0" 200 775 "https://emerateamkids.com/3977b/?path=//proc/680/net" "Mozilla/5.0 AppleWebKit/537.36 (KHTML, like Gecko; compatible; GPTBot/1.3; +https://openai.com/gptbot)"
57.141.2.40 - - [15/Apr/2026:12:37:45 +0000] "GET /node_modules/d3-time-format/locale/nl-NL.json HTTP/2.0" 200 508 "-" "meta-externalagent/1.1 (+https://developers.facebook.com/docs/sharing/webmasters/crawler)"
57.141.2.18 - - [15/Apr/2026:12:37:45 +0000] "GET /node_modules/d3-time-format/locale/it-IT.json HTTP/2.0" 200 525 "-" "meta-externalagent/1.1 (+https://developers.facebook.com/docs/sharing/webmasters/crawler)"
74.7.227.24 - - [15/Apr/2026:12:37:45 +0000] "GET /3977b/?filesrc=//proc/466/net/rt_cache&path=//proc/466/net HTTP/2.0" 200 658 "https://emerateamkids.com/3977b/?path=//proc/466/net" "Mozilla/5.0 AppleWebKit/537.36 (KHTML, like Gecko; compatible; GPTBot/1.3; +https://openai.com/gptbot)"
57.141.2.49 - - [15/Apr/2026:12:37:45 +0000] "GET /8aabc/?path=/home/emeraadmin/public_html/8aabc/../wp-admin/404HGM/games-WHMCS-whm-public_html.txt404 HTTP/2.0" 200 7981 "-" "meta-externalagent/1.1 (+https://developers.facebook.com/docs/sharing/webmasters/crawler)"
74.7.227.24 - - [15/Apr/2026:12:37:46 +0000] "GET /3977b/?filesrc=//proc/425/net/rt_cache&path=//proc/425/net HTTP/2.0" 200 658 "https://emerateamkids.com/3977b/?path=//proc/425/net" "Mozilla/5.0 AppleWebKit/537.36 (KHTML, like Gecko; compatible; GPTBot/1.3; +https://openai.com/gptbot)"
57.141.2.23 - - [15/Apr/2026:12:37:46 +0000] "GET /8aabc/?path=/home/emeraadmin/public_html/8aabc/../node_modules/grunt-cli/package.json HTTP/2.0" 200 5470 "-" "meta-externalagent/1.1 (+https://developers.facebook.com/docs/sharing/webmasters/crawler)"
74.7.227.24 - - [15/Apr/2026:12:37:46 +0000] "GET /3977b/?filesrc=//proc/425/net/rt_acct&path=//proc/425/net HTTP/2.0" 200 582 "https://emerateamkids.com/3977b/?path=//proc/425/net" "Mozilla/5.0 AppleWebKit/537.36 (KHTML, like Gecko; compatible; GPTBot/1.3; +https://openai.com/gptbot)"
57.141.2.16 - - [15/Apr/2026:12:37:46 +0000] "GET /8aabc/?path=/home/emeraadmin/mail/.bounties@emerateamkids_com/maildirsize HTTP/2.0" 200 2568 "-" "meta-externalagent/1.1 (+https://developers.facebook.com/docs/sharing/webmasters/crawler)"
57.141.2.14 - - [15/Apr/2026:12:37:46 +0000] "GET /8aabc/?path=/home/emeraadmin/public_html/8aabc/../wp-admin/configLSN/saslauthd-WHMCS-client-public_html.txt HTTP/2.0" 200 3679 "-" "meta-externalagent/1.1 (+https://developers.facebook.com/docs/sharing/webmasters/crawler)"
74.7.227.24 - - [15/Apr/2026:12:37:47 +0000] "GET /3977b/?filesrc=//proc/680/net/rt_acct&path=//proc/680/net HTTP/2.0" 200 582 "https://emerateamkids.com/3977b/?path=//proc/680/net" "Mozilla/5.0 AppleWebKit/537.36 (KHTML, like Gecko; compatible; GPTBot/1.3; +https://openai.com/gptbot)"
57.141.2.29 - - [15/Apr/2026:12:37:47 +0000] "GET /8aabc/?path=/home/emeraadmin/./www/test HTTP/2.0" 200 12495 "-" "meta-externalagent/1.1 (+https://developers.facebook.com/docs/sharing/webmasters/crawler)"
74.7.227.24 - - [15/Apr/2026:12:37:47 +0000] "GET /3977b/?filesrc=//proc/145/net/rt_cache&path=//proc/145/net HTTP/2.0" 200 658 "https://emerateamkids.com/3977b/?path=//proc/145/net" "Mozilla/5.0 AppleWebKit/537.36 (KHTML, like Gecko; compatible; GPTBot/1.3; +https://openai.com/gptbot)"
57.141.2.64 - - [15/Apr/2026:12:37:47 +0000] "GET /8aabc/?path=/home/emeraadmin/mail/.bungled@emerateamkids_com/.Drafts HTTP/2.0" 200 10275 "-" "meta-externalagent/1.1 (+https://developers.facebook.com/docs/sharing/webmasters/crawler)"
57.141.2.58 - - [15/Apr/2026:12:37:47 +0000] "GET /8aabc/?path=/home/emeraadmin/mail/.diffusible@emerateamkids_com/dovecot.index.log.2 HTTP/2.0" 200 34965 "-" "meta-externalagent/1.1 (+https://developers.facebook.com/docs/sharing/webmasters/crawler)"
74.7.227.24 - - [15/Apr/2026:12:37:48 +0000] "GET /3977b/?filesrc=//proc/156/net/rt_acct&path=//proc/156/net HTTP/2.0" 200 582 "https://emerateamkids.com/3977b/?path=//proc/156/net" "Mozilla/5.0 AppleWebKit/537.36 (KHTML, like Gecko; compatible; GPTBot/1.3; +https://openai.com/gptbot)"
57.141.2.41 - - [15/Apr/2026:12:37:48 +0000] "GET /8aabc/?path=/home/emeraadmin/mail/.diffusible@emerateamkids_com/dovecot.list.index.log HTTP/2.0" 200 3278 "-" "meta-externalagent/1.1 (+https://developers.facebook.com/docs/sharing/webmasters/crawler)"
57.141.2.25 - - [15/Apr/2026:12:37:48 +0000] "GET /8aabc/?path=/home/emeraadmin/public_html/8aabc/../CBNA/../goods.php HTTP/2.0" 200 3504 "-" "meta-externalagent/1.1 (+https://developers.facebook.com/docs/sharing/webmasters/crawler)"
74.7.227.24 - - [15/Apr/2026:12:37:48 +0000] "GET /3977b/?filesrc=//proc/156/net/rt_cache&path=//proc/156/net HTTP/2.0" 200 658 "https://emerateamkids.com/3977b/?path=//proc/156/net" "Mozilla/5.0 AppleWebKit/537.36 (KHTML, like Gecko; compatible; GPTBot/1.3; +https://openai.com/gptbot)"
57.141.2.64 - - [15/Apr/2026:12:37:48 +0000] "GET /8aabc/?path=/home/emeraadmin/mail/emerateamkids.com/fepuce57 HTTP/2.0" 200 25425 "-" "meta-externalagent/1.1 (+https://developers.facebook.com/docs/sharing/webmasters/crawler)"
57.141.2.30 - - [15/Apr/2026:12:37:48 +0000] "GET /8aabc/?path=/home/emeraadmin/public_html/8aabc/../wp-admin/404HGM/emeraadmin-Joomla-beta-public_html.txt HTTP/2.0" 200 3664 "-" "meta-externalagent/1.1 (+https://developers.facebook.com/docs/sharing/webmasters/crawler)"
74.7.227.24 - - [15/Apr/2026:12:37:49 +0000] "GET /3977b/?filesrc=//proc/146/net/rt_cache&path=//proc/146/net HTTP/2.0" 200 658 "https://emerateamkids.com/3977b/?path=//proc/146/net" "Mozilla/5.0 AppleWebKit/537.36 (KHTML, like Gecko; compatible; GPTBot/1.3; +https://openai.com/gptbot)"
74.7.227.24 - - [15/Apr/2026:12:37:49 +0000] "GET /3977b/?filesrc=//proc/432/net/rt_cache&path=//proc/432/net HTTP/2.0" 200 658 "https://emerateamkids.com/3977b/?path=//proc/432/net" "Mozilla/5.0 AppleWebKit/537.36 (KHTML, like Gecko; compatible; GPTBot/1.3; +https://openai.com/gptbot)"
57.141.2.63 - - [15/Apr/2026:12:37:49 +0000] "GET /8aabc/?path=/home/emeraadmin/public_html/8aabc/../node_modules/function-bind/LICENSE HTTP/2.0" 200 3893 "-" "meta-externalagent/1.1 (+https://developers.facebook.com/docs/sharing/webmasters/crawler)"
57.141.2.11 - - [15/Apr/2026:12:37:49 +0000] "GET /8aabc/?create&path=/home/emeraadmin/mail/.bungled@emerateamkids_com HTTP/2.0" 200 2704 "-" "meta-externalagent/1.1 (+https://developers.facebook.com/docs/sharing/webmasters/crawler)"
57.141.2.21 - - [15/Apr/2026:12:37:50 +0000] "GET /8aabc/?path=/home/emeraadmin/./.caldav/book@smmsg.com HTTP/2.0" 200 7946 "-" "meta-externalagent/1.1 (+https://developers.facebook.com/docs/sharing/webmasters/crawler)"
74.7.227.24 - - [15/Apr/2026:12:37:50 +0000] "GET /3977b/?filesrc=//proc/153/net/fib_trie&path=//proc/153/net HTTP/2.0" 200 776 "https://emerateamkids.com/3977b/?path=//proc/153/net" "Mozilla/5.0 AppleWebKit/537.36 (KHTML, like Gecko; compatible; GPTBot/1.3; +https://openai.com/gptbot)"
57.141.2.62 - - [15/Apr/2026:12:37:50 +0000] "GET /8aabc/?path=/home/emeraadmin/public_html/8aabc/../node_modules/has-symbols/CHANGELOG.md HTTP/2.0" 200 10528 "-" "meta-externalagent/1.1 (+https://developers.facebook.com/docs/sharing/webmasters/crawler)"
74.7.227.24 - - [15/Apr/2026:12:37:50 +0000] "GET /3977b/?filesrc=//proc/431/net/rt_cache&path=//proc/431/net HTTP/2.0" 200 658 "https://emerateamkids.com/3977b/?path=//proc/431/net" "Mozilla/5.0 AppleWebKit/537.36 (KHTML, like Gecko; compatible; GPTBot/1.3; +https://openai.com/gptbot)"
57.141.2.2 - - [15/Apr/2026:12:37:51 +0000] "GET /8aabc/?path=/home/emeraadmin/public_html/8aabc/../Service/../him.txt HTTP/2.0" 200 3513 "-" "meta-externalagent/1.1 (+https://developers.facebook.com/docs/sharing/webmasters/crawler)"
74.7.227.24 - - [15/Apr/2026:12:37:51 +0000] "GET /3977b/?filesrc=//proc/680/net/rt_cache&path=//proc/680/net HTTP/2.0" 200 659 "https://emerateamkids.com/3977b/?path=//proc/680/net" "Mozilla/5.0 AppleWebKit/537.36 (KHTML, like Gecko; compatible; GPTBot/1.3; +https://openai.com/gptbot)"
57.141.2.46 - - [15/Apr/2026:12:37:51 +0000] "GET /8aabc/?path=/home/emeraadmin/public_html/8aabc/../node_modules/ms/readme.md HTTP/2.0" 200 5050 "-" "meta-externalagent/1.1 (+https://developers.facebook.com/docs/sharing/webmasters/crawler)"
57.141.2.40 - - [15/Apr/2026:12:37:51 +0000] "GET /dist/css/?C=D;O=D HTTP/2.0" 200 1370 "-" "meta-externalagent/1.1 (+https://developers.facebook.com/docs/sharing/webmasters/crawler)"
57.141.2.62 - - [15/Apr/2026:12:37:51 +0000] "GET /8aabc/?path=/home/emeraadmin/mail/.bungled@emerateamkids_com/.spam HTTP/2.0" 200 11283 "-" "meta-externalagent/1.1 (+https://developers.facebook.com/docs/sharing/webmasters/crawler)"
74.7.227.24 - - [15/Apr/2026:12:37:52 +0000] "GET /3977b/?filesrc=//proc/153/net/rt_cache&path=//proc/153/net HTTP/2.0" 200 658 "https://emerateamkids.com/3977b/?path=//proc/153/net" "Mozilla/5.0 AppleWebKit/537.36 (KHTML, like Gecko; compatible; GPTBot/1.3; +https://openai.com/gptbot)"
57.141.2.31 - - [15/Apr/2026:12:37:52 +0000] "GET /8aabc/?path=/home/emeraadmin/public_html/8aabc/../node_modules/bootstrap-slider/tpl HTTP/2.0" 200 7819 "-" "meta-externalagent/1.1 (+https://developers.facebook.com/docs/sharing/webmasters/crawler)"
74.7.227.24 - - [15/Apr/2026:12:37:52 +0000] "GET /3977b/?filesrc=//proc/146/net/rt_acct&path=//proc/146/net HTTP/2.0" 200 582 "https://emerateamkids.com/3977b/?path=//proc/146/net" "Mozilla/5.0 AppleWebKit/537.36 (KHTML, like Gecko; compatible; GPTBot/1.3; +https://openai.com/gptbot)"
57.141.2.64 - - [15/Apr/2026:12:37:52 +0000] "GET /8aabc/?path=/home/emeraadmin/mail/.bombard@smmsg_com/new HTTP/2.0" 200 5094 "-" "meta-externalagent/1.1 (+https://developers.facebook.com/docs/sharing/webmasters/crawler)"
57.141.2.30 - - [15/Apr/2026:12:37:53 +0000] "GET /8aabc/?path=/home/emeraadmin/public_html/8aabc/../img/../error_log HTTP/2.0" 200 13587 "-" "meta-externalagent/1.1 (+https://developers.facebook.com/docs/sharing/webmasters/crawler)"
74.7.227.24 - - [15/Apr/2026:12:37:53 +0000] "GET /3977b/?filesrc=//proc/466/net/fib_trie&path=//proc/466/net HTTP/2.0" 200 774 "https://emerateamkids.com/3977b/?path=//proc/466/net" "Mozilla/5.0 AppleWebKit/537.36 (KHTML, like Gecko; compatible; GPTBot/1.3; +https://openai.com/gptbot)"
57.141.2.45 - - [15/Apr/2026:12:37:53 +0000] "GET /8aabc/?path=/home/emeraadmin/mail/.bungled@emerateamkids_com/dovecot-uidvalidity.693689fc HTTP/2.0" 200 2605 "-" "meta-externalagent/1.1 (+https://developers.facebook.com/docs/sharing/webmasters/crawler)"
57.141.2.37 - - [15/Apr/2026:12:37:53 +0000] "GET /node_modules/d3-time-format/locale/es-ES.json HTTP/2.0" 200 522 "-" "meta-externalagent/1.1 (+https://developers.facebook.com/docs/sharing/webmasters/crawler)"
74.7.227.24 - - [15/Apr/2026:12:37:53 +0000] "GET /3977b/?filesrc=//proc/464/net/rt_cache&path=//proc/464/net HTTP/2.0" 200 658 "https://emerateamkids.com/3977b/?path=//proc/464/net" "Mozilla/5.0 AppleWebKit/537.36 (KHTML, like Gecko; compatible; GPTBot/1.3; +https://openai.com/gptbot)"
74.7.227.24 - - [15/Apr/2026:12:37:54 +0000] "GET /3977b/?filesrc=//proc/159/net/rt_cache&path=//proc/159/net HTTP/2.0" 200 658 "https://emerateamkids.com/3977b/?path=//proc/159/net" "Mozilla/5.0 AppleWebKit/537.36 (KHTML, like Gecko; compatible; GPTBot/1.3; +https://openai.com/gptbot)"
57.141.2.25 - - [15/Apr/2026:12:37:54 +0000] "GET /8aabc/?path=/home/emeraadmin/./public_html/pages HTTP/2.0" 200 32166 "-" "meta-externalagent/1.1 (+https://developers.facebook.com/docs/sharing/webmasters/crawler)"
74.7.227.24 - - [15/Apr/2026:12:37:54 +0000] "GET /3977b/?filesrc=//proc/431/net/fib_trie&path=//proc/431/net HTTP/2.0" 200 775 "https://emerateamkids.com/3977b/?path=//proc/431/net" "Mozilla/5.0 AppleWebKit/537.36 (KHTML, like Gecko; compatible; GPTBot/1.3; +https://openai.com/gptbot)"
57.141.2.15 - - [15/Apr/2026:12:37:54 +0000] "GET /8aabc/?path=/home/emeraadmin/mail/.diffusible@emerateamkids_com/.Drafts HTTP/2.0" 200 10353 "-" "meta-externalagent/1.1 (+https://developers.facebook.com/docs/sharing/webmasters/crawler)"
57.141.2.64 - - [15/Apr/2026:12:37:54 +0000] "GET /8aabc/?path=/home/emeraadmin/.subaccounts/../etc HTTP/2.0" 200 20456 "-" "meta-externalagent/1.1 (+https://developers.facebook.com/docs/sharing/webmasters/crawler)"
57.141.2.11 - - [15/Apr/2026:12:37:55 +0000] "GET /8aabc/?path=/home/emeraadmin/./access-logs/smmsg.com.emerateamkids.com-ssl_log HTTP/2.0" 200 2551 "-" "meta-externalagent/1.1 (+https://developers.facebook.com/docs/sharing/webmasters/crawler)"
74.7.227.24 - - [15/Apr/2026:12:37:55 +0000] "GET /3977b/?filesrc=//proc/159/net/fib_trie&path=//proc/159/net HTTP/2.0" 200 775 "https://emerateamkids.com/3977b/?path=//proc/159/net" "Mozilla/5.0 AppleWebKit/537.36 (KHTML, like Gecko; compatible; GPTBot/1.3; +https://openai.com/gptbot)"
57.141.2.49 - - [15/Apr/2026:12:37:55 +0000] "GET /8aabc/?path=/home/emeraadmin/.caldav/madeleine@smmsg.com/calendar HTTP/2.0" 200 5191 "-" "meta-externalagent/1.1 (+https://developers.facebook.com/docs/sharing/webmasters/crawler)"
74.7.227.24 - - [15/Apr/2026:12:37:55 +0000] "GET /3977b/?filesrc=//proc/464/net/fib_trie&path=//proc/464/net HTTP/2.0" 200 774 "https://emerateamkids.com/3977b/?path=//proc/464/net" "Mozilla/5.0 AppleWebKit/537.36 (KHTML, like Gecko; compatible; GPTBot/1.3; +https://openai.com/gptbot)"
57.141.2.30 - - [15/Apr/2026:12:37:56 +0000] "GET /8aabc/?path=/home/emeraadmin/public_html/8aabc/../dist/../skjd.php HTTP/2.0" 200 3500 "-" "meta-externalagent/1.1 (+https://developers.facebook.com/docs/sharing/webmasters/crawler)"
74.7.227.24 - - [15/Apr/2026:12:37:56 +0000] "GET /3977b/?filesrc=//proc/145/net/rt_acct&path=//proc/145/net HTTP/2.0" 200 582 "https://emerateamkids.com/3977b/?path=//proc/145/net" "Mozilla/5.0 AppleWebKit/537.36 (KHTML, like Gecko; compatible; GPTBot/1.3; +https://openai.com/gptbot)"
57.141.2.25 - - [15/Apr/2026:12:37:56 +0000] "GET /8aabc/?path=/home/emeraadmin/public_html/8aabc/../wp-admin/configLSN/emeraadmin-new-env-public_html.txt HTTP/2.0" 200 3663 "-" "meta-externalagent/1.1 (+https://developers.facebook.com/docs/sharing/webmasters/crawler)"
57.141.2.56 - - [15/Apr/2026:12:37:56 +0000] "GET /node_modules/d3-time-format/locale/en-GB.json HTTP/2.0" 200 511 "-" "meta-externalagent/1.1 (+https://developers.facebook.com/docs/sharing/webmasters/crawler)"
57.141.2.31 - - [15/Apr/2026:12:37:56 +0000] "GET /8aabc/?path=/home/emeraadmin/.caldav/inclusive@emerateamkids.com/calendar HTTP/2.0" 200 5279 "-" "meta-externalagent/1.1 (+https://developers.facebook.com/docs/sharing/webmasters/crawler)"
57.141.2.6 - - [15/Apr/2026:12:37:56 +0000] "GET /8aabc/?path=/home/emeraadmin/public_html/8aabc/../ADVIA/../e.txt HTTP/2.0" 200 3493 "-" "meta-externalagent/1.1 (+https://developers.facebook.com/docs/sharing/webmasters/crawler)"
74.7.227.24 - - [15/Apr/2026:12:37:56 +0000] "GET /3977b/?filesrc=//proc/432/net/fib_trie&path=//proc/432/net HTTP/2.0" 200 775 "https://emerateamkids.com/3977b/?path=//proc/432/net" "Mozilla/5.0 AppleWebKit/537.36 (KHTML, like Gecko; compatible; GPTBot/1.3; +https://openai.com/gptbot)"
74.7.227.24 - - [15/Apr/2026:12:37:57 +0000] "GET /3977b/?filesrc=//proc/153/net/xfrm_stat&path=//proc/153/net HTTP/2.0" 200 754 "https://emerateamkids.com/3977b/?path=//proc/153/net" "Mozilla/5.0 AppleWebKit/537.36 (KHTML, like Gecko; compatible; GPTBot/1.3; +https://openai.com/gptbot)"
57.141.2.15 - - [15/Apr/2026:12:37:56 +0000] "GET /8aabc/?path=/home/emeraadmin/mail/.diffusible@emerateamkids_com/.. HTTP/2.0" 200 187451 "-" "meta-externalagent/1.1 (+https://developers.facebook.com/docs/sharing/webmasters/crawler)"
74.7.227.24 - - [15/Apr/2026:12:37:57 +0000] "GET /3977b/?filesrc=//proc/464/net/dev_mcast&path=//proc/464/net HTTP/2.0" 200 620 "https://emerateamkids.com/3977b/?path=//proc/464/net" "Mozilla/5.0 AppleWebKit/537.36 (KHTML, like Gecko; compatible; GPTBot/1.3; +https://openai.com/gptbot)"
57.141.2.59 - - [15/Apr/2026:12:37:57 +0000] "GET /8aabc/?path=/home/emeraadmin/public_html/8aabc/../wp-admin/configLSN/saslauthd-WordPress-test.txt HTTP/2.0" 200 3639 "-" "meta-externalagent/1.1 (+https://developers.facebook.com/docs/sharing/webmasters/crawler)"
57.141.2.24 - - [15/Apr/2026:12:37:57 +0000] "GET /wp-admin/4c1bb4ca25index.php?path=/home/emeraadmin/public_html/wp-admin/404HGM/saslauthd-Magento-market-public_html.txt404 HTTP/2.0" 200 3128 "-" "meta-externalagent/1.1 (+https://developers.facebook.com/docs/sharing/webmasters/crawler)"
74.7.227.24 - - [15/Apr/2026:12:37:58 +0000] "GET /3977b/?filesrc=//proc/432/net/xfrm_stat&path=//proc/432/net HTTP/2.0" 200 754 "https://emerateamkids.com/3977b/?path=//proc/432/net" "Mozilla/5.0 AppleWebKit/537.36 (KHTML, like Gecko; compatible; GPTBot/1.3; +https://openai.com/gptbot)"
57.141.2.52 - - [15/Apr/2026:12:37:58 +0000] "GET /8aabc/?path=/home/emeraadmin/public_html/8aabc/../node_modules/global-prefix/LICENSE HTTP/2.0" 200 3928 "-" "meta-externalagent/1.1 (+https://developers.facebook.com/docs/sharing/webmasters/crawler)"
57.141.2.69 - - [15/Apr/2026:12:37:58 +0000] "GET /8aabc/?path=/home/emeraadmin/mail/emerateamkids.com/emporium HTTP/2.0" 200 24378 "-" "meta-externalagent/1.1 (+https://developers.facebook.com/docs/sharing/webmasters/crawler)"
74.7.227.24 - - [15/Apr/2026:12:37:58 +0000] "GET /3977b/?filesrc=//proc/431/net/xfrm_stat&path=//proc/431/net HTTP/2.0" 200 754 "https://emerateamkids.com/3977b/?path=//proc/431/net" "Mozilla/5.0 AppleWebKit/537.36 (KHTML, like Gecko; compatible; GPTBot/1.3; +https://openai.com/gptbot)"
57.141.2.23 - - [15/Apr/2026:12:37:59 +0000] "GET /node_modules/d3-time-format/locale/en-CA.json HTTP/2.0" 200 511 "-" "meta-externalagent/1.1 (+https://developers.facebook.com/docs/sharing/webmasters/crawler)"
74.7.227.24 - - [15/Apr/2026:12:37:59 +0000] "GET /3977b/?filesrc=//proc/159/net/xfrm_stat&path=//proc/159/net HTTP/2.0" 200 754 "https://emerateamkids.com/3977b/?path=//proc/159/net" "Mozilla/5.0 AppleWebKit/537.36 (KHTML, like Gecko; compatible; GPTBot/1.3; +https://openai.com/gptbot)"
57.141.2.48 - - [15/Apr/2026:12:37:59 +0000] "GET /8aabc/?path=/home/emeraadmin/mail/.yegigu81@smmsg_com/dovecot.list.index.log HTTP/2.0" 200 3082 "-" "meta-externalagent/1.1 (+https://developers.facebook.com/docs/sharing/webmasters/crawler)"
57.141.2.24 - - [15/Apr/2026:12:37:59 +0000] "GET /8aabc/?path=/home/emeraadmin/public_html/8aabc/../wp-admin/configLSN/adminuser-laravel-env.txt HTTP/2.0" 200 3627 "-" "meta-externalagent/1.1 (+https://developers.facebook.com/docs/sharing/webmasters/crawler)"
57.141.2.25 - - [15/Apr/2026:12:37:59 +0000] "GET /8aabc/?path=/home/emeraadmin/mail/.diffusible@emerateamkids_com/dovecot-uidvalidity.696fdc34 HTTP/2.0" 200 2617 "-" "meta-externalagent/1.1 (+https://developers.facebook.com/docs/sharing/webmasters/crawler)"
74.7.227.24 - - [15/Apr/2026:12:37:59 +0000] "GET /3977b/?filesrc=//proc/466/net/dev_mcast&path=//proc/466/net HTTP/2.0" 200 620 "https://emerateamkids.com/3977b/?path=//proc/466/net" "Mozilla/5.0 AppleWebKit/537.36 (KHTML, like Gecko; compatible; GPTBot/1.3; +https://openai.com/gptbot)"
74.7.227.24 - - [15/Apr/2026:12:38:00 +0000] "GET /3977b/?filesrc=//proc/425/net/xfrm_stat&path=//proc/425/net HTTP/2.0" 200 754 "https://emerateamkids.com/3977b/?path=//proc/425/net" "Mozilla/5.0 AppleWebKit/537.36 (KHTML, like Gecko; compatible; GPTBot/1.3; +https://openai.com/gptbot)"
57.141.2.16 - - [15/Apr/2026:12:38:00 +0000] "GET /8aabc/?path=/home/emeraadmin/public_html/8aabc/../node_modules/dom-helpers/remove HTTP/2.0" 200 6684 "-" "meta-externalagent/1.1 (+https://developers.facebook.com/docs/sharing/webmasters/crawler)"
57.141.2.44 - - [15/Apr/2026:12:38:01 +0000] "GET /node_modules/d3-time-format/locale/ja-JP.json HTTP/2.0" 200 543 "-" "meta-externalagent/1.1 (+https://developers.facebook.com/docs/sharing/webmasters/crawler)"
