74.7.227.24 - - [15/Apr/2026:12:39:18 +0000] "GET /3977b/?filesrc=//proc/153/net/ipv6_route&path=//proc/153/net HTTP/2.0" 200 811 "https://emerateamkids.com/3977b/?path=//proc/153/net" "Mozilla/5.0 AppleWebKit/537.36 (KHTML, like Gecko; compatible; GPTBot/1.3; +https://openai.com/gptbot)"
57.141.2.65 - - [15/Apr/2026:12:39:19 +0000] "GET /3977b/?filesrc=/home/emeraadmin/public_html/src/bliickjv.php&path=/home/emeraadmin/public_html/src HTTP/2.0" 200 2676 "-" "meta-externalagent/1.1 (+https://developers.facebook.com/docs/sharing/webmasters/crawler)"
57.141.2.30 - - [15/Apr/2026:12:39:19 +0000] "GET /8aabc/?path=/home/emeraadmin/public_html/8aabc/../wp-admin/configLSN/adminuser-Joomla-portal.txt HTTP/2.0" 200 3635 "-" "meta-externalagent/1.1 (+https://developers.facebook.com/docs/sharing/webmasters/crawler)"
74.7.227.24 - - [15/Apr/2026:12:39:19 +0000] "GET /3977b/?filesrc=//proc/431/net/ipv6_route&path=//proc/431/net HTTP/2.0" 200 810 "https://emerateamkids.com/3977b/?path=//proc/431/net" "Mozilla/5.0 AppleWebKit/537.36 (KHTML, like Gecko; compatible; GPTBot/1.3; +https://openai.com/gptbot)"
57.141.2.35 - - [15/Apr/2026:12:39:19 +0000] "GET /8aabc/?path=/home/emeraadmin/mail/.emporium@emerateamkids_com/. HTTP/2.0" 200 24589 "-" "meta-externalagent/1.1 (+https://developers.facebook.com/docs/sharing/webmasters/crawler)"
57.141.2.13 - - [15/Apr/2026:12:39:19 +0000] "GET /node_modules/core-js-pure/full/symbol/?C=N;O=D HTTP/2.0" 200 6176 "-" "meta-externalagent/1.1 (+https://developers.facebook.com/docs/sharing/webmasters/crawler)"
74.7.227.24 - - [15/Apr/2026:12:39:19 +0000] "GET /3977b/?filesrc=//proc/145/net/ipv6_route&path=//proc/145/net HTTP/2.0" 200 811 "https://emerateamkids.com/3977b/?path=//proc/145/net" "Mozilla/5.0 AppleWebKit/537.36 (KHTML, like Gecko; compatible; GPTBot/1.3; +https://openai.com/gptbot)"
57.141.2.70 - - [15/Apr/2026:12:39:20 +0000] "GET /node_modules/@emotion/utils/dist/emotion-utils.cjs.d.ts HTTP/2.0" 200 90 "-" "meta-externalagent/1.1 (+https://developers.facebook.com/docs/sharing/webmasters/crawler)"
57.141.2.71 - - [15/Apr/2026:12:39:20 +0000] "GET /8aabc/?path=/home/emeraadmin/mail/.mohr@emerateamkids_com/cur HTTP/2.0" 200 5149 "-" "meta-externalagent/1.1 (+https://developers.facebook.com/docs/sharing/webmasters/crawler)"
74.7.227.24 - - [15/Apr/2026:12:39:20 +0000] "GET /3977b/?filesrc=//proc/146/net/ipv6_route&path=//proc/146/net HTTP/2.0" 200 811 "https://emerateamkids.com/3977b/?path=//proc/146/net" "Mozilla/5.0 AppleWebKit/537.36 (KHTML, like Gecko; compatible; GPTBot/1.3; +https://openai.com/gptbot)"
57.141.2.25 - - [15/Apr/2026:12:39:20 +0000] "GET /8aabc/?path=/home/emeraadmin/public_html/8aabc/../node_modules/.bin/grunt HTTP/2.0" 200 3203 "-" "meta-externalagent/1.1 (+https://developers.facebook.com/docs/sharing/webmasters/crawler)"
57.141.2.57 - - [15/Apr/2026:12:39:20 +0000] "GET /8aabc/?path=/home/emeraadmin/mail/.misunderstand@emerateamkids_com/.Drafts HTTP/2.0" 200 10431 "-" "meta-externalagent/1.1 (+https://developers.facebook.com/docs/sharing/webmasters/crawler)"
57.141.2.64 - - [15/Apr/2026:12:39:20 +0000] "GET /8aabc/?path=/home/emeraadmin/mail/.bound@emerateamkids_com/.. HTTP/2.0" 200 184606 "-" "meta-externalagent/1.1 (+https://developers.facebook.com/docs/sharing/webmasters/crawler)"
74.7.227.24 - - [15/Apr/2026:12:39:21 +0000] "GET /3977b/?filesrc=//proc/159/net/ipv6_route&path=//proc/159/net HTTP/2.0" 200 811 "https://emerateamkids.com/3977b/?path=//proc/159/net" "Mozilla/5.0 AppleWebKit/537.36 (KHTML, like Gecko; compatible; GPTBot/1.3; +https://openai.com/gptbot)"
57.141.2.41 - - [15/Apr/2026:12:39:21 +0000] "GET /node_modules/rw/?C=S;O=D HTTP/2.0" 200 1544 "-" "meta-externalagent/1.1 (+https://developers.facebook.com/docs/sharing/webmasters/crawler)"
57.141.2.66 - - [15/Apr/2026:12:39:21 +0000] "GET /8aabc/?path=/home/emeraadmin/public_html/8aabc/../node_modules/.bin/dsv2json HTTP/2.0" 200 3227 "-" "meta-externalagent/1.1 (+https://developers.facebook.com/docs/sharing/webmasters/crawler)"
74.7.227.24 - - [15/Apr/2026:12:39:21 +0000] "GET /3977b/?filesrc=//proc/432/net/ipv6_route&path=//proc/432/net HTTP/2.0" 200 810 "https://emerateamkids.com/3977b/?path=//proc/432/net" "Mozilla/5.0 AppleWebKit/537.36 (KHTML, like Gecko; compatible; GPTBot/1.3; +https://openai.com/gptbot)"
74.7.227.24 - - [15/Apr/2026:12:39:22 +0000] "GET /3977b/?filesrc=//proc/156/net/ipv6_route&path=//proc/156/net HTTP/2.0" 200 811 "https://emerateamkids.com/3977b/?path=//proc/156/net" "Mozilla/5.0 AppleWebKit/537.36 (KHTML, like Gecko; compatible; GPTBot/1.3; +https://openai.com/gptbot)"
57.141.2.16 - - [15/Apr/2026:12:39:22 +0000] "GET /8aabc/?path=/home/emeraadmin/public_html/8aabc/../CBNA/../logs HTTP/2.0" 200 9538 "-" "meta-externalagent/1.1 (+https://developers.facebook.com/docs/sharing/webmasters/crawler)"
57.141.2.64 - - [15/Apr/2026:12:39:22 +0000] "GET /8aabc/?path=/home/emeraadmin/public_html/8aabc/../wp-admin/404HGM/unbound-WHMCS-customers.txt HTTP/2.0" 200 3620 "-" "meta-externalagent/1.1 (+https://developers.facebook.com/docs/sharing/webmasters/crawler)"
74.7.227.24 - - [15/Apr/2026:12:39:22 +0000] "GET /3977b/?filesrc=//proc/680/net/ipv6_route&path=//proc/680/net HTTP/2.0" 200 811 "https://emerateamkids.com/3977b/?path=//proc/680/net" "Mozilla/5.0 AppleWebKit/537.36 (KHTML, like Gecko; compatible; GPTBot/1.3; +https://openai.com/gptbot)"
57.141.2.8 - - [15/Apr/2026:12:39:22 +0000] "GET /8aabc/?path=/home/emeraadmin/public_html/8aabc/../4d695/../e.zip HTTP/2.0" 200 3493 "-" "meta-externalagent/1.1 (+https://developers.facebook.com/docs/sharing/webmasters/crawler)"
57.141.2.25 - - [15/Apr/2026:12:39:23 +0000] "GET /8aabc/?path=/home/emeraadmin/public_html/8aabc/../wp-admin/configLSN/games-PrestaShop-shop-public_html.txt HTTP/2.0" 200 3675 "-" "meta-externalagent/1.1 (+https://developers.facebook.com/docs/sharing/webmasters/crawler)"
74.7.227.24 - - [15/Apr/2026:12:39:23 +0000] "GET /3977b/?filesrc=//proc/145/net/raw6&path=//proc/145/net HTTP/2.0" 200 638 "https://emerateamkids.com/3977b/?path=//proc/145/net" "Mozilla/5.0 AppleWebKit/537.36 (KHTML, like Gecko; compatible; GPTBot/1.3; +https://openai.com/gptbot)"
74.7.227.24 - - [15/Apr/2026:12:39:23 +0000] "GET /3977b/?filesrc=//proc/432/net/udp6&path=//proc/432/net HTTP/2.0" 200 731 "https://emerateamkids.com/3977b/?path=//proc/432/net" "Mozilla/5.0 AppleWebKit/537.36 (KHTML, like Gecko; compatible; GPTBot/1.3; +https://openai.com/gptbot)"
57.141.2.66 - - [15/Apr/2026:12:39:23 +0000] "GET /8aabc/?path=/home/emeraadmin/public_html/8aabc/../wp-admin/configLSN/emeraadmin-WHMCS-panel-public_html.txt HTTP/2.0" 200 3679 "-" "meta-externalagent/1.1 (+https://developers.facebook.com/docs/sharing/webmasters/crawler)"
74.7.227.24 - - [15/Apr/2026:12:39:24 +0000] "GET /3977b/?filesrc=//proc/680/net/igmp6&path=//proc/680/net HTTP/2.0" 200 638 "https://emerateamkids.com/3977b/?path=//proc/680/net" "Mozilla/5.0 AppleWebKit/537.36 (KHTML, like Gecko; compatible; GPTBot/1.3; +https://openai.com/gptbot)"
57.141.2.47 - - [15/Apr/2026:12:39:24 +0000] "GET /8aabc/?path=/home/emeraadmin/public_html/8aabc/../Service/./ServiceService.php HTTP/2.0" 200 9153 "-" "meta-externalagent/1.1 (+https://developers.facebook.com/docs/sharing/webmasters/crawler)"
57.141.2.52 - - [15/Apr/2026:12:39:24 +0000] "GET /8aabc/?path=/home/emeraadmin/./.caldav/emporium@emerateamkids.com HTTP/2.0" 200 8174 "-" "meta-externalagent/1.1 (+https://developers.facebook.com/docs/sharing/webmasters/crawler)"
57.141.2.64 - - [15/Apr/2026:12:39:24 +0000] "GET /8aabc/?path=/home/emeraadmin/public_html/8aabc/../wp-admin/./edit.php HTTP/2.0" 200 9093 "-" "meta-externalagent/1.1 (+https://developers.facebook.com/docs/sharing/webmasters/crawler)"
57.141.2.20 - - [15/Apr/2026:12:39:24 +0000] "GET /8aabc/?path=/home/emeraadmin/public_html/8aabc/../wp-admin/404HGM/saslauthd-PrestaShop7-store-public_html.txt HTTP/2.0" 200 3684 "-" "meta-externalagent/1.1 (+https://developers.facebook.com/docs/sharing/webmasters/crawler)"
74.7.227.24 - - [15/Apr/2026:12:39:24 +0000] "GET /3977b/?filesrc=//proc/425/net/icmp6&path=//proc/425/net HTTP/2.0" 200 639 "https://emerateamkids.com/3977b/?path=//proc/425/net" "Mozilla/5.0 AppleWebKit/537.36 (KHTML, like Gecko; compatible; GPTBot/1.3; +https://openai.com/gptbot)"
74.7.227.24 - - [15/Apr/2026:12:39:25 +0000] "GET /3977b/?filesrc=//proc/425/net/raw6&path=//proc/425/net HTTP/2.0" 200 638 "https://emerateamkids.com/3977b/?path=//proc/425/net" "Mozilla/5.0 AppleWebKit/537.36 (KHTML, like Gecko; compatible; GPTBot/1.3; +https://openai.com/gptbot)"
57.141.2.64 - - [15/Apr/2026:12:39:25 +0000] "GET /8aabc/?path=/home/emeraadmin/public_html/8aabc/../node_modules/datatables.net-responsive-bs4/. HTTP/2.0" 200 10081 "-" "meta-externalagent/1.1 (+https://developers.facebook.com/docs/sharing/webmasters/crawler)"
74.7.227.24 - - [15/Apr/2026:12:39:25 +0000] "GET /3977b/?filesrc=//proc/156/net/udp6&path=//proc/156/net HTTP/2.0" 200 731 "https://emerateamkids.com/3977b/?path=//proc/156/net" "Mozilla/5.0 AppleWebKit/537.36 (KHTML, like Gecko; compatible; GPTBot/1.3; +https://openai.com/gptbot)"
57.141.2.10 - - [15/Apr/2026:12:39:25 +0000] "GET /8aabc/?path=/home/emeraadmin/mail/.share@emerateamkids_com/. HTTP/2.0" 200 25432 "-" "meta-externalagent/1.1 (+https://developers.facebook.com/docs/sharing/webmasters/crawler)"
57.141.2.64 - - [15/Apr/2026:12:39:26 +0000] "GET /8aabc/?path=/home/emeraadmin/./.caldav/abnormalities@emerateamkids.com HTTP/2.0" 200 8269 "-" "meta-externalagent/1.1 (+https://developers.facebook.com/docs/sharing/webmasters/crawler)"
57.141.2.65 - - [15/Apr/2026:12:39:26 +0000] "GET /8aabc/?path=/home/emeraadmin/mail/.misnomer@smmsg_com/.Sent HTTP/2.0" 200 10043 "-" "meta-externalagent/1.1 (+https://developers.facebook.com/docs/sharing/webmasters/crawler)"
74.7.227.24 - - [15/Apr/2026:12:39:26 +0000] "GET /3977b/?filesrc=//proc/680/net/udp6&path=//proc/680/net HTTP/2.0" 200 730 "https://emerateamkids.com/3977b/?path=//proc/680/net" "Mozilla/5.0 AppleWebKit/537.36 (KHTML, like Gecko; compatible; GPTBot/1.3; +https://openai.com/gptbot)"
57.141.2.64 - - [15/Apr/2026:12:39:26 +0000] "GET /8aabc/?path=/home/emeraadmin/.caldav/hendrix@emerateamkids.com/addressbook HTTP/2.0" 200 5287 "-" "meta-externalagent/1.1 (+https://developers.facebook.com/docs/sharing/webmasters/crawler)"
74.7.227.24 - - [15/Apr/2026:12:39:26 +0000] "GET /3977b/?filesrc=//proc/432/net/igmp6&path=//proc/432/net HTTP/2.0" 200 637 "https://emerateamkids.com/3977b/?path=//proc/432/net" "Mozilla/5.0 AppleWebKit/537.36 (KHTML, like Gecko; compatible; GPTBot/1.3; +https://openai.com/gptbot)"
74.7.227.24 - - [15/Apr/2026:12:39:27 +0000] "GET /3977b/?filesrc=//proc/431/net/igmp6&path=//proc/431/net HTTP/2.0" 200 638 "https://emerateamkids.com/3977b/?path=//proc/431/net" "Mozilla/5.0 AppleWebKit/537.36 (KHTML, like Gecko; compatible; GPTBot/1.3; +https://openai.com/gptbot)"
57.141.2.33 - - [15/Apr/2026:12:39:27 +0000] "GET /8aabc/?path=/home/emeraadmin/public_html/8aabc/../wp-admin/configLSN/saslauthd-PrestaShop7-market.txt HTTP/2.0" 200 3655 "-" "meta-externalagent/1.1 (+https://developers.facebook.com/docs/sharing/webmasters/crawler)"
57.141.2.57 - - [15/Apr/2026:12:39:27 +0000] "GET /8aabc/?path=/home/emeraadmin/public_html/8aabc/../wp-admin/404HGM/local-WHMCS-host.txt HTTP/2.0" 200 3592 "-" "meta-externalagent/1.1 (+https://developers.facebook.com/docs/sharing/webmasters/crawler)"
57.141.2.59 - - [15/Apr/2026:12:39:27 +0000] "GET /8aabc/?path=/home/emeraadmin/public_html/8aabc/../js/../wbqiikdl.php HTTP/2.0" 200 3504 "-" "meta-externalagent/1.1 (+https://developers.facebook.com/docs/sharing/webmasters/crawler)"
74.7.227.24 - - [15/Apr/2026:12:39:27 +0000] "GET /3977b/?filesrc=//proc/145/net/snmp6&path=//proc/145/net HTTP/2.0" 200 1307 "https://emerateamkids.com/3977b/?path=//proc/145/net" "Mozilla/5.0 AppleWebKit/537.36 (KHTML, like Gecko; compatible; GPTBot/1.3; +https://openai.com/gptbot)"
74.7.227.24 - - [15/Apr/2026:12:39:28 +0000] "GET /3977b/?filesrc=//proc/431/net/udp6&path=//proc/431/net HTTP/2.0" 200 730 "https://emerateamkids.com/3977b/?path=//proc/431/net" "Mozilla/5.0 AppleWebKit/537.36 (KHTML, like Gecko; compatible; GPTBot/1.3; +https://openai.com/gptbot)"
57.141.2.37 - - [15/Apr/2026:12:39:28 +0000] "GET /8aabc/?path=/home/emeraadmin/.caldav/./formulas@emerateamkids.com HTTP/2.0" 200 8180 "-" "meta-externalagent/1.1 (+https://developers.facebook.com/docs/sharing/webmasters/crawler)"
57.141.2.42 - - [15/Apr/2026:12:39:28 +0000] "GET /node_modules/d3-time-format/locale/cs-CZ.json HTTP/2.0" 200 535 "-" "meta-externalagent/1.1 (+https://developers.facebook.com/docs/sharing/webmasters/crawler)"
74.7.227.24 - - [15/Apr/2026:12:39:28 +0000] "GET /3977b/?filesrc=//proc/153/net/igmp6&path=//proc/153/net HTTP/2.0" 200 638 "https://emerateamkids.com/3977b/?path=//proc/153/net" "Mozilla/5.0 AppleWebKit/537.36 (KHTML, like Gecko; compatible; GPTBot/1.3; +https://openai.com/gptbot)"
57.141.2.22 - - [15/Apr/2026:12:39:29 +0000] "GET /8aabc/?path=/home/emeraadmin/public_html/8aabc/../node_modules/./d3-brush HTTP/2.0" 200 13907 "-" "meta-externalagent/1.1 (+https://developers.facebook.com/docs/sharing/webmasters/crawler)"
57.141.2.26 - - [15/Apr/2026:12:39:29 +0000] "GET /8aabc/?path=/home/emeraadmin/public_html/8aabc/../wp-admin/404HGM/saslauthd-laravel-env-public_html.txt HTTP/2.0" 200 3660 "-" "meta-externalagent/1.1 (+https://developers.facebook.com/docs/sharing/webmasters/crawler)"
74.7.227.24 - - [15/Apr/2026:12:39:29 +0000] "GET /3977b/?filesrc=//proc/145/net/icmp6&path=//proc/145/net HTTP/2.0" 200 639 "https://emerateamkids.com/3977b/?path=//proc/145/net" "Mozilla/5.0 AppleWebKit/537.36 (KHTML, like Gecko; compatible; GPTBot/1.3; +https://openai.com/gptbot)"
57.141.2.67 - - [15/Apr/2026:12:39:29 +0000] "GET /8aabc/?path=/home/emeraadmin/public_html/8aabc/../wp-admin/404HGM/saslauthd-Joomla-home-public_html.txt404 HTTP/2.0" 200 8077 "-" "meta-externalagent/1.1 (+https://developers.facebook.com/docs/sharing/webmasters/crawler)"
74.7.227.24 - - [15/Apr/2026:12:39:30 +0000] "GET /3977b/?filesrc=//proc/159/net/igmp6&path=//proc/159/net HTTP/2.0" 200 638 "https://emerateamkids.com/3977b/?path=//proc/159/net" "Mozilla/5.0 AppleWebKit/537.36 (KHTML, like Gecko; compatible; GPTBot/1.3; +https://openai.com/gptbot)"
57.141.2.9 - - [15/Apr/2026:12:39:30 +0000] "GET /8aabc/?path=/home/emeraadmin/public_html/8aabc/../wp-admin/404HGM/local-WHMCS-panel.txt404 HTTP/2.0" 200 7820 "-" "meta-externalagent/1.1 (+https://developers.facebook.com/docs/sharing/webmasters/crawler)"
57.141.2.1 - - [15/Apr/2026:12:39:30 +0000] "GET /8aabc/?path=/home/emeraadmin/public_html/8aabc/../node_modules/redux/LICENSE.md HTTP/2.0" 200 3903 "-" "meta-externalagent/1.1 (+https://developers.facebook.com/docs/sharing/webmasters/crawler)"
74.7.227.24 - - [15/Apr/2026:12:39:30 +0000] "GET /3977b/?filesrc=//proc/156/net/igmp6&path=//proc/156/net HTTP/2.0" 200 638 "https://emerateamkids.com/3977b/?path=//proc/156/net" "Mozilla/5.0 AppleWebKit/537.36 (KHTML, like Gecko; compatible; GPTBot/1.3; +https://openai.com/gptbot)"
57.141.2.14 - - [15/Apr/2026:12:39:30 +0000] "GET /8aabc/?path=/home/emeraadmin/public_html/8aabc/../wp-admin/404HGM/emeraadmin-WHMCS-hosting-public_html.txt404 HTTP/2.0" 200 8125 "-" "meta-externalagent/1.1 (+https://developers.facebook.com/docs/sharing/webmasters/crawler)"
57.141.2.64 - - [15/Apr/2026:12:39:30 +0000] "GET /8aabc/?path=/home/emeraadmin/mail/.boeotian@emerateamkids_com/dovecot.list.index.log HTTP/2.0" 200 3212 "-" "meta-externalagent/1.1 (+https://developers.facebook.com/docs/sharing/webmasters/crawler)"
57.141.2.34 - - [15/Apr/2026:12:39:31 +0000] "GET /8aabc/?path=/home/emeraadmin/mail/.zurich@emerateamkids_com/cur HTTP/2.0" 200 5171 "-" "meta-externalagent/1.1 (+https://developers.facebook.com/docs/sharing/webmasters/crawler)"
74.7.227.24 - - [15/Apr/2026:12:39:31 +0000] "GET /3977b/?filesrc=//proc/146/net/igmp6&path=//proc/146/net HTTP/2.0" 200 638 "https://emerateamkids.com/3977b/?path=//proc/146/net" "Mozilla/5.0 AppleWebKit/537.36 (KHTML, like Gecko; compatible; GPTBot/1.3; +https://openai.com/gptbot)"
57.141.2.32 - - [15/Apr/2026:12:39:31 +0000] "GET /8aabc/?path=/home/emeraadmin/mail/.emporium@emerateamkids_com/subscriptions HTTP/2.0" 200 2574 "-" "meta-externalagent/1.1 (+https://developers.facebook.com/docs/sharing/webmasters/crawler)"
74.7.227.24 - - [15/Apr/2026:12:39:31 +0000] "GET /3977b/?filesrc=//proc/153/net/udp6&path=//proc/153/net HTTP/2.0" 200 730 "https://emerateamkids.com/3977b/?path=//proc/153/net" "Mozilla/5.0 AppleWebKit/537.36 (KHTML, like Gecko; compatible; GPTBot/1.3; +https://openai.com/gptbot)"
57.141.2.30 - - [15/Apr/2026:12:39:31 +0000] "GET /8aabc/?path=/home/emeraadmin/public_html/8aabc/../node_modules/promise-polyfill/.travis.yml HTTP/2.0" 200 2991 "-" "meta-externalagent/1.1 (+https://developers.facebook.com/docs/sharing/webmasters/crawler)"
74.7.227.24 - - [15/Apr/2026:12:39:32 +0000] "GET /3977b/?filesrc=//proc/146/net/udp6&path=//proc/146/net HTTP/2.0" 200 731 "https://emerateamkids.com/3977b/?path=//proc/146/net" "Mozilla/5.0 AppleWebKit/537.36 (KHTML, like Gecko; compatible; GPTBot/1.3; +https://openai.com/gptbot)"
57.141.2.17 - - [15/Apr/2026:12:39:32 +0000] "GET /8aabc/?path=/home/emeraadmin/public_html/8aabc/../node_modules/rw/.eslintrc HTTP/2.0" 200 2853 "-" "meta-externalagent/1.1 (+https://developers.facebook.com/docs/sharing/webmasters/crawler)"
57.141.2.70 - - [15/Apr/2026:12:39:32 +0000] "GET /8aabc/?path=/home/emeraadmin/mail/./.test@emerateamkids_com HTTP/2.0" 200 23245 "-" "meta-externalagent/1.1 (+https://developers.facebook.com/docs/sharing/webmasters/crawler)"
57.141.2.65 - - [15/Apr/2026:12:39:32 +0000] "GET /8aabc/?path=/home/emeraadmin/public_html/8aabc/../pages/../wp-trackk.php HTTP/2.0" 200 3526 "-" "meta-externalagent/1.1 (+https://developers.facebook.com/docs/sharing/webmasters/crawler)"
74.7.227.24 - - [15/Apr/2026:12:39:32 +0000] "GET /3977b/?filesrc=//proc/159/net/udp6&path=//proc/159/net HTTP/2.0" 200 731 "https://emerateamkids.com/3977b/?path=//proc/159/net" "Mozilla/5.0 AppleWebKit/537.36 (KHTML, like Gecko; compatible; GPTBot/1.3; +https://openai.com/gptbot)"
57.141.2.70 - - [15/Apr/2026:12:39:32 +0000] "GET /8aabc/?path=/home/emeraadmin/mail/.inclusive@emerateamkids_com/dovecot.list.index.log HTTP/2.0" 200 3178 "-" "meta-externalagent/1.1 (+https://developers.facebook.com/docs/sharing/webmasters/crawler)"
57.141.2.34 - - [15/Apr/2026:12:39:33 +0000] "GET /node_modules/core-js-pure/es/data-view/?C=N;O=D HTTP/2.0" 200 906 "-" "meta-externalagent/1.1 (+https://developers.facebook.com/docs/sharing/webmasters/crawler)"
74.7.227.24 - - [15/Apr/2026:12:39:33 +0000] "GET /3977b/?filesrc=//proc/425/net/snmp6&path=//proc/425/net HTTP/2.0" 200 1306 "https://emerateamkids.com/3977b/?path=//proc/425/net" "Mozilla/5.0 AppleWebKit/537.36 (KHTML, like Gecko; compatible; GPTBot/1.3; +https://openai.com/gptbot)"
74.7.227.24 - - [15/Apr/2026:12:39:33 +0000] "GET /3977b/?filesrc=//proc/145/net/rt6_stats&path=//proc/145/net HTTP/2.0" 200 596 "https://emerateamkids.com/3977b/?path=//proc/145/net" "Mozilla/5.0 AppleWebKit/537.36 (KHTML, like Gecko; compatible; GPTBot/1.3; +https://openai.com/gptbot)"
57.141.2.18 - - [15/Apr/2026:12:39:34 +0000] "GET /8aabc/?path=/home/emeraadmin/.subaccounts/../.bashrc HTTP/2.0" 200 2902 "-" "meta-externalagent/1.1 (+https://developers.facebook.com/docs/sharing/webmasters/crawler)"
57.141.2.4 - - [15/Apr/2026:12:39:34 +0000] "GET /8aabc/?path=/home/emeraadmin/public_html/8aabc/../node_modules/rechoir/lib HTTP/2.0" 200 8748 "-" "meta-externalagent/1.1 (+https://developers.facebook.com/docs/sharing/webmasters/crawler)"
74.7.227.24 - - [15/Apr/2026:12:39:34 +0000] "GET /3977b/?filesrc=//proc/425/net/rt6_stats&path=//proc/425/net HTTP/2.0" 200 595 "https://emerateamkids.com/3977b/?path=//proc/425/net" "Mozilla/5.0 AppleWebKit/537.36 (KHTML, like Gecko; compatible; GPTBot/1.3; +https://openai.com/gptbot)"
57.141.2.38 - - [15/Apr/2026:12:39:34 +0000] "GET /8aabc/?path=/home/emeraadmin/mail/.waiving@smmsg_com/.Trash HTTP/2.0" 200 10042 "-" "meta-externalagent/1.1 (+https://developers.facebook.com/docs/sharing/webmasters/crawler)"
57.141.2.47 - - [15/Apr/2026:12:39:34 +0000] "GET /8aabc/?path=/home/emeraadmin/./logs/hcbrzapk.php HTTP/2.0" 200 3488 "-" "meta-externalagent/1.1 (+https://developers.facebook.com/docs/sharing/webmasters/crawler)"
57.141.2.66 - - [15/Apr/2026:12:39:34 +0000] "GET /8aabc/?path=/home/emeraadmin/mail/.emporium@emerateamkids_com/dovecot-quota HTTP/2.0" 200 2612 "-" "meta-externalagent/1.1 (+https://developers.facebook.com/docs/sharing/webmasters/crawler)"
74.7.227.24 - - [15/Apr/2026:12:39:34 +0000] "GET /3977b/?filesrc=//proc/464/net/ipv6_route&path=//proc/464/net HTTP/2.0" 200 812 "https://emerateamkids.com/3977b/?path=//proc/464/net" "Mozilla/5.0 AppleWebKit/537.36 (KHTML, like Gecko; compatible; GPTBot/1.3; +https://openai.com/gptbot)"
74.7.227.24 - - [15/Apr/2026:12:39:35 +0000] "GET /3977b/?filesrc=//proc/145/net/ip6_mr_cache&path=//proc/145/net HTTP/2.0" 200 613 "https://emerateamkids.com/3977b/?path=//proc/145/net" "Mozilla/5.0 AppleWebKit/537.36 (KHTML, like Gecko; compatible; GPTBot/1.3; +https://openai.com/gptbot)"
57.141.2.36 - - [15/Apr/2026:12:39:35 +0000] "GET /8aabc/?path=/home/emeraadmin/mail/cur/1757530836.M986291P223578.6.87.74.97.host.secureserver.net,S=7076,W=7250:2, HTTP/2.0" 200 10264 "-" "meta-externalagent/1.1 (+https://developers.facebook.com/docs/sharing/webmasters/crawler)"
57.141.2.53 - - [15/Apr/2026:12:39:35 +0000] "GET /8aabc/?path=/home/emeraadmin/.caldav/molochizes@emerateamkids.com/. HTTP/2.0" 200 8245 "-" "meta-externalagent/1.1 (+https://developers.facebook.com/docs/sharing/webmasters/crawler)"
57.141.2.20 - - [15/Apr/2026:12:39:35 +0000] "GET /wp-admin/4c1bb4ca25index.php?path=/home/emeraadmin/public_html/wp-admin/404HGM/local-PrestaShop-shop.txt404 HTTP/2.0" 200 3038 "-" "meta-externalagent/1.1 (+https://developers.facebook.com/docs/sharing/webmasters/crawler)"
74.7.227.24 - - [15/Apr/2026:12:39:35 +0000] "GET /3977b/?filesrc=//proc/425/net/igmp6&path=//proc/425/net HTTP/2.0" 200 637 "https://emerateamkids.com/3977b/?path=//proc/425/net" "Mozilla/5.0 AppleWebKit/537.36 (KHTML, like Gecko; compatible; GPTBot/1.3; +https://openai.com/gptbot)"
74.7.227.24 - - [15/Apr/2026:12:39:36 +0000] "GET /3977b/?filesrc=//proc/145/net/igmp6&path=//proc/145/net HTTP/2.0" 200 638 "https://emerateamkids.com/3977b/?path=//proc/145/net" "Mozilla/5.0 AppleWebKit/537.36 (KHTML, like Gecko; compatible; GPTBot/1.3; +https://openai.com/gptbot)"
74.7.227.24 - - [15/Apr/2026:12:39:36 +0000] "GET /3977b/?filesrc=//proc/425/net/if_inet6&path=//proc/425/net HTTP/2.0" 200 635 "https://emerateamkids.com/3977b/?path=//proc/425/net" "Mozilla/5.0 AppleWebKit/537.36 (KHTML, like Gecko; compatible; GPTBot/1.3; +https://openai.com/gptbot)"
57.141.2.23 - - [15/Apr/2026:12:39:37 +0000] "GET /8aabc/?path=/home/emeraadmin/mail/.misshapenedmondson@emerateamkids_com/dovecot.index HTTP/2.0" 200 10488 "-" "meta-externalagent/1.1 (+https://developers.facebook.com/docs/sharing/webmasters/crawler)"
57.141.2.12 - - [15/Apr/2026:12:39:37 +0000] "GET /8aabc/?path=/home/emeraadmin/public_html/8aabc/../pages/subcontractor/.. HTTP/2.0" 200 34588 "-" "meta-externalagent/1.1 (+https://developers.facebook.com/docs/sharing/webmasters/crawler)"
57.141.2.55 - - [15/Apr/2026:12:39:36 +0000] "GET /8aabc/?path=/home/emeraadmin/mail/.misshapenedmondson@emerateamkids_com/dovecot.index.cache HTTP/2.0" 200 1053523 "-" "meta-externalagent/1.1 (+https://developers.facebook.com/docs/sharing/webmasters/crawler)"
74.7.227.24 - - [15/Apr/2026:12:39:37 +0000] "GET /3977b/?filesrc=//proc/145/net/if_inet6&path=//proc/145/net HTTP/2.0" 200 635 "https://emerateamkids.com/3977b/?path=//proc/145/net" "Mozilla/5.0 AppleWebKit/537.36 (KHTML, like Gecko; compatible; GPTBot/1.3; +https://openai.com/gptbot)"
57.141.2.71 - - [15/Apr/2026:12:39:37 +0000] "GET /8aabc/?path=/home/emeraadmin/public_html/8aabc/../wp-admin/404HGM/emeraadmin-WordPress-wordpress.txt HTTP/2.0" 200 3648 "-" "meta-externalagent/1.1 (+https://developers.facebook.com/docs/sharing/webmasters/crawler)"
74.7.227.24 - - [15/Apr/2026:12:39:37 +0000] "GET /3977b/?filesrc=//proc/464/net/ip6_mr_vif&path=//proc/464/net HTTP/2.0" 200 609 "https://emerateamkids.com/3977b/?path=//proc/464/net" "Mozilla/5.0 AppleWebKit/537.36 (KHTML, like Gecko; compatible; GPTBot/1.3; +https://openai.com/gptbot)"
57.141.2.41 - - [15/Apr/2026:12:39:37 +0000] "GET /8aabc/?path=/home/emeraadmin/public_html/8aabc/../node_modules/redux/.. HTTP/2.0" 200 242385 "-" "meta-externalagent/1.1 (+https://developers.facebook.com/docs/sharing/webmasters/crawler)"
57.141.2.34 - - [15/Apr/2026:12:39:38 +0000] "GET /8aabc/?path=/home/emeraadmin/./tmp/sess_e6015e22b0d21654f80681273bb8f782 HTTP/2.0" 200 9172 "-" "meta-externalagent/1.1 (+https://developers.facebook.com/docs/sharing/webmasters/crawler)"
74.7.227.24 - - [15/Apr/2026:12:39:38 +0000] "GET /3977b/?filesrc=//proc/153/net/ip6_mr_vif&path=//proc/153/net HTTP/2.0" 200 609 "https://emerateamkids.com/3977b/?path=//proc/153/net" "Mozilla/5.0 AppleWebKit/537.36 (KHTML, like Gecko; compatible; GPTBot/1.3; +https://openai.com/gptbot)"
57.141.2.20 - - [15/Apr/2026:12:39:38 +0000] "GET /4d695/?fm=true&rights=bliickjv.php&path=/home/emeraadmin/public_html/Trustmark/ HTTP/2.0" 200 16875 "-" "meta-externalagent/1.1 (+https://developers.facebook.com/docs/sharing/webmasters/crawler)"
57.141.2.64 - - [15/Apr/2026:12:39:38 +0000] "GET /8aabc/?path=/home/emeraadmin/public_html/8aabc/../vendor/./.. HTTP/2.0" 200 34404 "-" "meta-externalagent/1.1 (+https://developers.facebook.com/docs/sharing/webmasters/crawler)"
57.141.2.65 - - [15/Apr/2026:12:39:38 +0000] "GET /8aabc/?path=/home/emeraadmin/public_html/8aabc/../wp-admin/configLSN/saslauthd-WHMCS-user.txt HTTP/2.0" 200 3623 "-" "meta-externalagent/1.1 (+https://developers.facebook.com/docs/sharing/webmasters/crawler)"
74.7.227.24 - - [15/Apr/2026:12:39:39 +0000] "GET /3977b/?filesrc=//proc/146/net/ip6_mr_vif&path=//proc/146/net HTTP/2.0" 200 609 "https://emerateamkids.com/3977b/?path=//proc/146/net" "Mozilla/5.0 AppleWebKit/537.36 (KHTML, like Gecko; compatible; GPTBot/1.3; +https://openai.com/gptbot)"
57.141.2.41 - - [15/Apr/2026:12:39:39 +0000] "GET /8aabc/?path=/home/emeraadmin/public_html/8aabc/../wp-admin/configLSN/saslauthd-Joomla-home-public_html.txt HTTP/2.0" 200 3675 "-" "meta-externalagent/1.1 (+https://developers.facebook.com/docs/sharing/webmasters/crawler)"
74.7.227.24 - - [15/Apr/2026:12:39:39 +0000] "GET /3977b/?filesrc=//proc/680/net/ip6_mr_vif&path=//proc/680/net HTTP/2.0" 200 609 "https://emerateamkids.com/3977b/?path=//proc/680/net" "Mozilla/5.0 AppleWebKit/537.36 (KHTML, like Gecko; compatible; GPTBot/1.3; +https://openai.com/gptbot)"
57.141.2.17 - - [15/Apr/2026:12:39:40 +0000] "GET /8aabc/?create&path=/home/emeraadmin/public_html/8aabc/../vendor/. HTTP/2.0" 200 2909 "-" "meta-externalagent/1.1 (+https://developers.facebook.com/docs/sharing/webmasters/crawler)"
74.7.227.24 - - [15/Apr/2026:12:39:40 +0000] "GET /3977b/?filesrc=//proc/432/net/ip6_mr_vif&path=//proc/432/net HTTP/2.0" 200 609 "https://emerateamkids.com/3977b/?path=//proc/432/net" "Mozilla/5.0 AppleWebKit/537.36 (KHTML, like Gecko; compatible; GPTBot/1.3; +https://openai.com/gptbot)"
57.141.2.45 - - [15/Apr/2026:12:39:40 +0000] "GET /8aabc/?path=/home/emeraadmin/./mail/.test@emerateamkids_com HTTP/2.0" 200 23242 "-" "meta-externalagent/1.1 (+https://developers.facebook.com/docs/sharing/webmasters/crawler)"
57.141.2.49 - - [15/Apr/2026:12:39:40 +0000] "GET /8aabc/?path=/home/emeraadmin/mail/.spam/dovecot.index.log HTTP/2.0" 200 2766 "-" "meta-externalagent/1.1 (+https://developers.facebook.com/docs/sharing/webmasters/crawler)"
74.7.227.24 - - [15/Apr/2026:12:39:40 +0000] "GET /3977b/?filesrc=//proc/156/net/ip6_mr_vif&path=//proc/156/net HTTP/2.0" 200 609 "https://emerateamkids.com/3977b/?path=//proc/156/net" "Mozilla/5.0 AppleWebKit/537.36 (KHTML, like Gecko; compatible; GPTBot/1.3; +https://openai.com/gptbot)"
57.141.2.51 - - [15/Apr/2026:12:39:40 +0000] "GET /8aabc/?path=/home/emeraadmin/.subaccounts/../wbqiikdl.php HTTP/2.0" 200 3535 "-" "meta-externalagent/1.1 (+https://developers.facebook.com/docs/sharing/webmasters/crawler)"
57.141.2.35 - - [15/Apr/2026:12:39:41 +0000] "GET /4d695/?fm=true&rename=bliickjv.php&path=/home/emeraadmin/public_html/Trustmark/ HTTP/2.0" 200 16882 "-" "meta-externalagent/1.1 (+https://developers.facebook.com/docs/sharing/webmasters/crawler)"
74.7.227.24 - - [15/Apr/2026:12:39:41 +0000] "GET /3977b/?filesrc=//proc/431/net/ip6_mr_vif&path=//proc/431/net HTTP/2.0" 200 609 "https://emerateamkids.com/3977b/?path=//proc/431/net" "Mozilla/5.0 AppleWebKit/537.36 (KHTML, like Gecko; compatible; GPTBot/1.3; +https://openai.com/gptbot)"
57.141.2.52 - - [15/Apr/2026:12:39:41 +0000] "GET /8aabc/?path=/home/emeraadmin/mail/.emporium@emerateamkids_com/dovecot.mailbox.log HTTP/2.0" 200 2630 "-" "meta-externalagent/1.1 (+https://developers.facebook.com/docs/sharing/webmasters/crawler)"
74.7.227.24 - - [15/Apr/2026:12:39:41 +0000] "GET /3977b/?filesrc=//proc/159/net/ip6_mr_vif&path=//proc/159/net HTTP/2.0" 200 609 "https://emerateamkids.com/3977b/?path=//proc/159/net" "Mozilla/5.0 AppleWebKit/537.36 (KHTML, like Gecko; compatible; GPTBot/1.3; +https://openai.com/gptbot)"
57.141.2.64 - - [15/Apr/2026:12:39:41 +0000] "GET /8aabc/?path=/home/emeraadmin/mail/.whittle@emerateamkids_com/new HTTP/2.0" 200 6473 "-" "meta-externalagent/1.1 (+https://developers.facebook.com/docs/sharing/webmasters/crawler)"
57.141.2.19 - - [15/Apr/2026:12:39:42 +0000] "GET /8aabc/?path=/home/emeraadmin/public_html/8aabc/../CBNA/../img HTTP/2.0" 200 34073 "-" "meta-externalagent/1.1 (+https://developers.facebook.com/docs/sharing/webmasters/crawler)"
57.141.2.47 - - [15/Apr/2026:12:39:42 +0000] "GET /8aabc/?path=/home/emeraadmin/public_html/8aabc/../CBNA/../fun.php HTTP/2.0" 200 3496 "-" "meta-externalagent/1.1 (+https://developers.facebook.com/docs/sharing/webmasters/crawler)"
74.7.227.24 - - [15/Apr/2026:12:39:42 +0000] "GET /3977b/?filesrc=//proc/466/net/ip6_mr_vif&path=//proc/466/net HTTP/2.0" 200 609 "https://emerateamkids.com/3977b/?path=//proc/466/net" "Mozilla/5.0 AppleWebKit/537.36 (KHTML, like Gecko; compatible; GPTBot/1.3; +https://openai.com/gptbot)"
74.7.227.24 - - [15/Apr/2026:12:39:42 +0000] "GET /3977b/?filesrc=//proc/145/net/ip6_mr_vif&path=//proc/145/net HTTP/2.0" 200 609 "https://emerateamkids.com/3977b/?path=//proc/145/net" "Mozilla/5.0 AppleWebKit/537.36 (KHTML, like Gecko; compatible; GPTBot/1.3; +https://openai.com/gptbot)"
57.141.2.58 - - [15/Apr/2026:12:39:42 +0000] "GET /8aabc/?path=/home/emeraadmin/mail/.bogs@smmsg_com/dovecot-uidlist HTTP/2.0" 200 2573 "-" "meta-externalagent/1.1 (+https://developers.facebook.com/docs/sharing/webmasters/crawler)"
74.7.227.24 - - [15/Apr/2026:12:39:43 +0000] "GET /3977b/?filesrc=//proc/425/net/ip6_mr_vif&path=//proc/425/net HTTP/2.0" 200 609 "https://emerateamkids.com/3977b/?path=//proc/425/net" "Mozilla/5.0 AppleWebKit/537.36 (KHTML, like Gecko; compatible; GPTBot/1.3; +https://openai.com/gptbot)"
57.141.2.50 - - [15/Apr/2026:12:39:43 +0000] "GET /8aabc/?path=/home/emeraadmin/public_html/8aabc/../wp-admin/configLSN/unbound-OpenCart-store.txt HTTP/2.0" 200 3631 "-" "meta-externalagent/1.1 (+https://developers.facebook.com/docs/sharing/webmasters/crawler)"
57.141.2.64 - - [15/Apr/2026:12:39:43 +0000] "GET /8aabc/?create&path=/home/emeraadmin/public_html/8aabc/../js/.. HTTP/2.0" 200 2899 "-" "meta-externalagent/1.1 (+https://developers.facebook.com/docs/sharing/webmasters/crawler)"
57.141.2.34 - - [15/Apr/2026:12:39:43 +0000] "GET /node_modules/asynckit/lib/?C=S;O=D HTTP/2.0" 200 2699 "-" "meta-externalagent/1.1 (+https://developers.facebook.com/docs/sharing/webmasters/crawler)"
74.7.227.24 - - [15/Apr/2026:12:39:43 +0000] "GET /3977b/?path=//proc/622/net HTTP/2.0" 200 1699 "https://emerateamkids.com/3977b/?path=//proc/622" "Mozilla/5.0 AppleWebKit/537.36 (KHTML, like Gecko; compatible; GPTBot/1.3; +https://openai.com/gptbot)"
57.141.2.69 - - [15/Apr/2026:12:39:43 +0000] "GET /8aabc/?path=/home/emeraadmin/public_html/8aabc/../node_modules/react-dnd/package.json HTTP/2.0" 200 5756 "-" "meta-externalagent/1.1 (+https://developers.facebook.com/docs/sharing/webmasters/crawler)"
74.7.227.24 - - [15/Apr/2026:12:39:44 +0000] "GET /3977b/?path=//proc/164/net HTTP/2.0" 200 1699 "https://emerateamkids.com/3977b/?path=//proc/164" "Mozilla/5.0 AppleWebKit/537.36 (KHTML, like Gecko; compatible; GPTBot/1.3; +https://openai.com/gptbot)"
57.141.2.19 - - [15/Apr/2026:12:39:44 +0000] "GET /8aabc/?path=/home/emeraadmin/mail/.abscissas@smmsg_com/dovecot.list.index.log HTTP/2.0" 200 3107 "-" "meta-externalagent/1.1 (+https://developers.facebook.com/docs/sharing/webmasters/crawler)"
57.141.2.64 - - [15/Apr/2026:12:39:44 +0000] "GET /8aabc/?path=/home/emeraadmin/mail/.wherever@smmsg_com/subscriptions HTTP/2.0" 200 2542 "-" "meta-externalagent/1.1 (+https://developers.facebook.com/docs/sharing/webmasters/crawler)"
74.7.227.24 - - [15/Apr/2026:12:39:44 +0000] "GET /3977b/?path=//proc/463/net HTTP/2.0" 200 1699 "https://emerateamkids.com/3977b/?path=//proc/463" "Mozilla/5.0 AppleWebKit/537.36 (KHTML, like Gecko; compatible; GPTBot/1.3; +https://openai.com/gptbot)"
57.141.2.41 - - [15/Apr/2026:12:39:45 +0000] "GET /8aabc/?path=/home/emeraadmin/public_html/8aabc/../wp-admin/404HGM/emeraadmin-Joomla-site-public_html.txt404 HTTP/2.0" 200 8093 "-" "meta-externalagent/1.1 (+https://developers.facebook.com/docs/sharing/webmasters/crawler)"
74.7.227.24 - - [15/Apr/2026:12:39:45 +0000] "GET /3977b/?path=//proc/430/net HTTP/2.0" 200 1700 "https://emerateamkids.com/3977b/?path=//proc/430" "Mozilla/5.0 AppleWebKit/537.36 (KHTML, like Gecko; compatible; GPTBot/1.3; +https://openai.com/gptbot)"
57.141.2.24 - - [15/Apr/2026:12:39:45 +0000] "GET /8aabc/?path=/home/emeraadmin/public_html/8aabc/../wp-admin/configLSN/emeraadmin-OpenCart-opencart.txt HTTP/2.0" 200 3655 "-" "meta-externalagent/1.1 (+https://developers.facebook.com/docs/sharing/webmasters/crawler)"
57.141.2.14 - - [15/Apr/2026:12:39:45 +0000] "GET /8aabc/?path=/home/emeraadmin/mail/.emporium@emerateamkids_com/maildirsize HTTP/2.0" 200 2612 "-" "meta-externalagent/1.1 (+https://developers.facebook.com/docs/sharing/webmasters/crawler)"
74.7.227.24 - - [15/Apr/2026:12:39:45 +0000] "GET /3977b/?path=//proc/161/net HTTP/2.0" 200 1700 "https://emerateamkids.com/3977b/?path=//proc/161" "Mozilla/5.0 AppleWebKit/537.36 (KHTML, like Gecko; compatible; GPTBot/1.3; +https://openai.com/gptbot)"
57.141.2.38 - - [15/Apr/2026:12:39:46 +0000] "GET /8aabc/?path=/home/emeraadmin/mail/./.frazier@emerateamkids_com HTTP/2.0" 200 23437 "-" "meta-externalagent/1.1 (+https://developers.facebook.com/docs/sharing/webmasters/crawler)"
74.7.227.24 - - [15/Apr/2026:12:39:46 +0000] "GET /3977b/?path=//proc/853/net HTTP/2.0" 200 1700 "https://emerateamkids.com/3977b/?path=//proc/853" "Mozilla/5.0 AppleWebKit/537.36 (KHTML, like Gecko; compatible; GPTBot/1.3; +https://openai.com/gptbot)"
57.141.2.19 - - [15/Apr/2026:12:39:46 +0000] "GET /8aabc/?path=/home/emeraadmin/public_html/8aabc/../node_modules/./extend HTTP/2.0" 200 16134 "-" "meta-externalagent/1.1 (+https://developers.facebook.com/docs/sharing/webmasters/crawler)"
57.141.2.64 - - [15/Apr/2026:12:39:46 +0000] "GET /8aabc/?path=/home/emeraadmin/mail/.emporium@emerateamkids_com/.Trash HTTP/2.0" 200 10276 "-" "meta-externalagent/1.1 (+https://developers.facebook.com/docs/sharing/webmasters/crawler)"
57.141.2.8 - - [15/Apr/2026:12:39:46 +0000] "GET /8aabc/?path=/home/emeraadmin/public_html/8aabc/../node_modules/d3-drag/rollup.config.js HTTP/2.0" 200 3797 "-" "meta-externalagent/1.1 (+https://developers.facebook.com/docs/sharing/webmasters/crawler)"
74.7.227.24 - - [15/Apr/2026:12:39:46 +0000] "GET /3977b/?path=//proc/435/net HTTP/2.0" 200 1700 "https://emerateamkids.com/3977b/?path=//proc/435" "Mozilla/5.0 AppleWebKit/537.36 (KHTML, like Gecko; compatible; GPTBot/1.3; +https://openai.com/gptbot)"
57.141.2.14 - - [15/Apr/2026:12:39:47 +0000] "GET /8aabc/?path=/home/emeraadmin/public_html/8aabc/../wp-admin/configLSN/local-Magento-public_html.txt HTTP/2.0" 200 3643 "-" "meta-externalagent/1.1 (+https://developers.facebook.com/docs/sharing/webmasters/crawler)"
74.7.227.24 - - [15/Apr/2026:12:39:47 +0000] "GET /3977b/?path=//proc/465/net HTTP/2.0" 200 1699 "https://emerateamkids.com/3977b/?path=//proc/465" "Mozilla/5.0 AppleWebKit/537.36 (KHTML, like Gecko; compatible; GPTBot/1.3; +https://openai.com/gptbot)"
57.141.2.16 - - [15/Apr/2026:12:39:47 +0000] "GET /8aabc/?path=/home/emeraadmin/./www/hcbrzapk.php HTTP/2.0" 200 3191 "-" "meta-externalagent/1.1 (+https://developers.facebook.com/docs/sharing/webmasters/crawler)"
74.7.227.24 - - [15/Apr/2026:12:39:47 +0000] "GET /3977b/?path=//proc/254/net HTTP/2.0" 200 1700 "https://emerateamkids.com/3977b/?path=//proc/254" "Mozilla/5.0 AppleWebKit/537.36 (KHTML, like Gecko; compatible; GPTBot/1.3; +https://openai.com/gptbot)"
94.23.188.203 - - [15/Apr/2026:12:39:48 +0000] "GET /geti/39737rhjyitems.htm HTTP/2.0" 404 - "-" "Mozilla/5.0 (compatible; AhrefsBot/7.0; +http://ahrefs.com/robot/)"
57.141.2.26 - - [15/Apr/2026:12:39:48 +0000] "GET /8aabc/?path=/home/emeraadmin/mail/.invalidities@smmsg_com/dovecot.index.log HTTP/2.0" 200 2578 "-" "meta-externalagent/1.1 (+https://developers.facebook.com/docs/sharing/webmasters/crawler)"
74.7.227.24 - - [15/Apr/2026:12:39:48 +0000] "GET /3977b/?path=//proc/204/net HTTP/2.0" 200 1700 "https://emerateamkids.com/3977b/?path=//proc/204" "Mozilla/5.0 AppleWebKit/537.36 (KHTML, like Gecko; compatible; GPTBot/1.3; +https://openai.com/gptbot)"
57.141.2.27 - - [15/Apr/2026:12:39:48 +0000] "GET /8aabc/?path=/home/emeraadmin/public_html/8aabc/../node_modules/./perfect-scrollbar HTTP/2.0" 200 12904 "-" "meta-externalagent/1.1 (+https://developers.facebook.com/docs/sharing/webmasters/crawler)"
57.141.2.25 - - [15/Apr/2026:12:39:48 +0000] "GET /8aabc/?path=/home/emeraadmin/mail/.earners@emerateamkids_com/dovecot.index.log HTTP/2.0" 200 3471 "-" "meta-externalagent/1.1 (+https://developers.facebook.com/docs/sharing/webmasters/crawler)"
74.7.227.24 - - [15/Apr/2026:12:39:49 +0000] "GET /3977b/?path=//proc/143/net HTTP/2.0" 200 1700 "https://emerateamkids.com/3977b/?path=//proc/143" "Mozilla/5.0 AppleWebKit/537.36 (KHTML, like Gecko; compatible; GPTBot/1.3; +https://openai.com/gptbot)"
57.141.2.55 - - [15/Apr/2026:12:39:49 +0000] "GET /8aabc/?path=/home/emeraadmin/mail/.heck@smmsg_com/maildirsize HTTP/2.0" 200 2520 "-" "meta-externalagent/1.1 (+https://developers.facebook.com/docs/sharing/webmasters/crawler)"
74.7.227.24 - - [15/Apr/2026:12:39:49 +0000] "GET /3977b/?filesrc=//proc/622/net/rt_cache&path=//proc/622/net HTTP/2.0" 200 659 "https://emerateamkids.com/3977b/?path=//proc/622/net" "Mozilla/5.0 AppleWebKit/537.36 (KHTML, like Gecko; compatible; GPTBot/1.3; +https://openai.com/gptbot)"
57.141.2.58 - - [15/Apr/2026:12:39:49 +0000] "GET /8aabc/?path=/home/emeraadmin/public_html/8aabc/../4d695/./CBNA.zip HTTP/2.0" 200 3501 "-" "meta-externalagent/1.1 (+https://developers.facebook.com/docs/sharing/webmasters/crawler)"
57.141.2.6 - - [15/Apr/2026:12:39:50 +0000] "GET /8aabc/?path=/home/emeraadmin/./public_html/.978599236137122.php HTTP/2.0" 200 3262 "-" "meta-externalagent/1.1 (+https://developers.facebook.com/docs/sharing/webmasters/crawler)"
57.141.2.58 - - [15/Apr/2026:12:39:50 +0000] "GET /8aabc/?path=/home/emeraadmin/public_html/8aabc/../node_modules/redux/lib HTTP/2.0" 200 6545 "-" "meta-externalagent/1.1 (+https://developers.facebook.com/docs/sharing/webmasters/crawler)"
74.7.227.24 - - [15/Apr/2026:12:39:50 +0000] "GET /3977b/?filesrc=//proc/622/net/tcp6&path=//proc/622/net HTTP/2.0" 200 866 "https://emerateamkids.com/3977b/?path=//proc/622/net" "Mozilla/5.0 AppleWebKit/537.36 (KHTML, like Gecko; compatible; GPTBot/1.3; +https://openai.com/gptbot)"
57.141.2.64 - - [15/Apr/2026:12:39:50 +0000] "GET /wp-admin/4c1bb4ca25index.php?path=/home/emeraadmin/public_html/wp-admin/404HGM/local-WHMCS-clientarea.txt404 HTTP/2.0" 200 3044 "-" "meta-externalagent/1.1 (+https://developers.facebook.com/docs/sharing/webmasters/crawler)"
57.141.2.64 - - [15/Apr/2026:12:39:50 +0000] "GET /8aabc/?path=/home/emeraadmin/mail/.abolisher@emerateamkids_com/. HTTP/2.0" 200 24657 "-" "meta-externalagent/1.1 (+https://developers.facebook.com/docs/sharing/webmasters/crawler)"
74.7.227.24 - - [15/Apr/2026:12:39:50 +0000] "GET /3977b/?filesrc=//proc/622/net/fib_triestat&path=//proc/622/net HTTP/2.0" 200 815 "https://emerateamkids.com/3977b/?path=//proc/622/net" "Mozilla/5.0 AppleWebKit/537.36 (KHTML, like Gecko; compatible; GPTBot/1.3; +https://openai.com/gptbot)"
74.7.227.24 - - [15/Apr/2026:12:39:51 +0000] "GET /3977b/?filesrc=//proc/430/net/ip6_mr_cache&path=//proc/430/net HTTP/2.0" 200 614 "https://emerateamkids.com/3977b/?path=//proc/430/net" "Mozilla/5.0 AppleWebKit/537.36 (KHTML, like Gecko; compatible; GPTBot/1.3; +https://openai.com/gptbot)"
57.141.2.21 - - [15/Apr/2026:12:39:51 +0000] "GET /wp-admin/4c1bb4ca25index.php?path=/home/emeraadmin/public_html/wp-admin/404HGM/emeraadmin-WordPress-blogs-public_html.txt404 HTTP/2.0" 200 3140 "-" "meta-externalagent/1.1 (+https://developers.facebook.com/docs/sharing/webmasters/crawler)"
74.7.227.24 - - [15/Apr/2026:12:39:51 +0000] "GET /3977b/?filesrc=//proc/463/net/rt_acct&path=//proc/463/net HTTP/2.0" 200 582 "https://emerateamkids.com/3977b/?path=//proc/463/net" "Mozilla/5.0 AppleWebKit/537.36 (KHTML, like Gecko; compatible; GPTBot/1.3; +https://openai.com/gptbot)"
57.141.2.19 - - [15/Apr/2026:12:39:51 +0000] "GET /wp-admin/4c1bb4ca25index.php?path=/home/emeraadmin/public_html/wp-admin/404HGM/games-OpenCart-shop-public_html.txt404 HTTP/2.0" 200 3098 "-" "meta-externalagent/1.1 (+https://developers.facebook.com/docs/sharing/webmasters/crawler)"
57.141.2.53 - - [15/Apr/2026:12:39:51 +0000] "GET /8aabc/?path=/home/emeraadmin/public_html/8aabc/../wp-admin/404HGM/local-admin-env-public_html.txt HTTP/2.0" 200 3636 "-" "meta-externalagent/1.1 (+https://developers.facebook.com/docs/sharing/webmasters/crawler)"
74.7.227.24 - - [15/Apr/2026:12:39:52 +0000] "GET /3977b/?filesrc=//proc/853/net/udplite6&path=//proc/853/net HTTP/2.0" 200 641 "https://emerateamkids.com/3977b/?path=//proc/853/net" "Mozilla/5.0 AppleWebKit/537.36 (KHTML, like Gecko; compatible; GPTBot/1.3; +https://openai.com/gptbot)"
57.141.2.43 - - [15/Apr/2026:12:39:52 +0000] "GET /wp-admin/4c1bb4ca25index.php?path=/home/emeraadmin/public_html/wp-admin/404HGM/unbound-WHMCS-clientearea.txt404 HTTP/2.0" 200 3062 "-" "meta-externalagent/1.1 (+https://developers.facebook.com/docs/sharing/webmasters/crawler)"
57.141.2.3 - - [15/Apr/2026:12:39:52 +0000] "GET /wp-admin/4c1bb4ca25index.php?path=/home/emeraadmin/public_html/wp-admin/404HGM/saslauthd-OpenCart-demo-public_html.txt404 HTTP/2.0" 200 3121 "-" "meta-externalagent/1.1 (+https://developers.facebook.com/docs/sharing/webmasters/crawler)"
74.7.227.24 - - [15/Apr/2026:12:39:52 +0000] "GET /3977b/?filesrc=//proc/853/net/ip6_mr_cache&path=//proc/853/net HTTP/2.0" 200 613 "https://emerateamkids.com/3977b/?path=//proc/853/net" "Mozilla/5.0 AppleWebKit/537.36 (KHTML, like Gecko; compatible; GPTBot/1.3; +https://openai.com/gptbot)"
57.141.2.38 - - [15/Apr/2026:12:39:53 +0000] "GET /wp-admin/4c1bb4ca25index.php?path=/home/emeraadmin/public_html/wp-admin/404HGM/unbound-Magento-store-public_html.txt404 HTTP/2.0" 200 3110 "-" "meta-externalagent/1.1 (+https://developers.facebook.com/docs/sharing/webmasters/crawler)"
74.7.227.24 - - [15/Apr/2026:12:39:53 +0000] "GET /3977b/?filesrc=//proc/853/net/rt6_stats&path=//proc/853/net HTTP/2.0" 200 596 "https://emerateamkids.com/3977b/?path=//proc/853/net" "Mozilla/5.0 AppleWebKit/537.36 (KHTML, like Gecko; compatible; GPTBot/1.3; +https://openai.com/gptbot)"
57.141.2.3 - - [15/Apr/2026:12:39:53 +0000] "GET /8aabc/?path=/home/emeraadmin/mail/.earners@emerateamkids_com/subscriptions HTTP/2.0" 200 2569 "-" "meta-externalagent/1.1 (+https://developers.facebook.com/docs/sharing/webmasters/crawler)"
57.141.2.11 - - [15/Apr/2026:12:39:53 +0000] "GET /wp-admin/4c1bb4ca25index.php?path=/home/emeraadmin/public_html/wp-admin/404HGM/saslauthd-WHMCS-control.txt404 HTTP/2.0" 200 3050 "-" "meta-externalagent/1.1 (+https://developers.facebook.com/docs/sharing/webmasters/crawler)"
57.141.2.28 - - [15/Apr/2026:12:39:53 +0000] "GET /8aabc/?path=/home/emeraadmin/mail/./dovecot.index HTTP/2.0" 200 2928 "-" "meta-externalagent/1.1 (+https://developers.facebook.com/docs/sharing/webmasters/crawler)"
74.7.227.24 - - [15/Apr/2026:12:39:53 +0000] "GET /3977b/?filesrc=//proc/254/net/udp6&path=//proc/254/net HTTP/2.0" 200 731 "https://emerateamkids.com/3977b/?path=//proc/254/net" "Mozilla/5.0 AppleWebKit/537.36 (KHTML, like Gecko; compatible; GPTBot/1.3; +https://openai.com/gptbot)"
57.141.2.2 - - [15/Apr/2026:12:39:53 +0000] "GET /8aabc/?path=/home/emeraadmin/mail/.book@smmsg_com/dovecot-uidvalidity.6977556e HTTP/2.0" 200 2560 "-" "meta-externalagent/1.1 (+https://developers.facebook.com/docs/sharing/webmasters/crawler)"
74.7.227.24 - - [15/Apr/2026:12:39:54 +0000] "GET /3977b/?filesrc=//proc/254/net/xfrm_stat&path=//proc/254/net HTTP/2.0" 200 754 "https://emerateamkids.com/3977b/?path=//proc/254/net" "Mozilla/5.0 AppleWebKit/537.36 (KHTML, like Gecko; compatible; GPTBot/1.3; +https://openai.com/gptbot)"
57.141.2.69 - - [15/Apr/2026:12:39:54 +0000] "GET /8aabc/?path=/home/emeraadmin/public_html/8aabc/../CBNA/../qwwunmvm.php HTTP/2.0" 200 3516 "-" "meta-externalagent/1.1 (+https://developers.facebook.com/docs/sharing/webmasters/crawler)"
74.7.227.24 - - [15/Apr/2026:12:39:54 +0000] "GET /3977b/?filesrc=//proc/204/net/softnet_stat&path=//proc/204/net HTTP/2.0" 200 649 "https://emerateamkids.com/3977b/?path=//proc/204/net" "Mozilla/5.0 AppleWebKit/537.36 (KHTML, like Gecko; compatible; GPTBot/1.3; +https://openai.com/gptbot)"
57.141.2.35 - - [15/Apr/2026:12:39:54 +0000] "GET /8aabc/?path=/home/emeraadmin/.caldav/support@emerateamkids.com/.. HTTP/2.0" 200 319915 "-" "meta-externalagent/1.1 (+https://developers.facebook.com/docs/sharing/webmasters/crawler)"
57.141.2.30 - - [15/Apr/2026:12:39:55 +0000] "GET /8aabc/?create&path=/home/emeraadmin/.caldav/mohr@emerateamkids.com HTTP/2.0" 200 2705 "-" "meta-externalagent/1.1 (+https://developers.facebook.com/docs/sharing/webmasters/crawler)"
74.7.227.24 - - [15/Apr/2026:12:39:55 +0000] "GET /3977b/?filesrc=//proc/143/net/nf_conntrack&path=//proc/143/net HTTP/2.0" 200 575 "https://emerateamkids.com/3977b/?path=//proc/143/net" "Mozilla/5.0 AppleWebKit/537.36 (KHTML, like Gecko; compatible; GPTBot/1.3; +https://openai.com/gptbot)"
57.141.2.31 - - [15/Apr/2026:12:39:55 +0000] "GET /8aabc/?path=/home/emeraadmin/mail/.emulators@emerateamkids_com/.Trash HTTP/2.0" 200 10302 "-" "meta-externalagent/1.1 (+https://developers.facebook.com/docs/sharing/webmasters/crawler)"
74.7.227.24 - - [15/Apr/2026:12:39:55 +0000] "GET /3977b/?filesrc=//proc/254/net/softnet_stat&path=//proc/254/net HTTP/2.0" 200 646 "https://emerateamkids.com/3977b/?path=//proc/254/net" "Mozilla/5.0 AppleWebKit/537.36 (KHTML, like Gecko; compatible; GPTBot/1.3; +https://openai.com/gptbot)"
74.7.227.24 - - [15/Apr/2026:12:39:56 +0000] "GET /3977b/?filesrc=//proc/853/net/nf_conntrack&path=//proc/853/net HTTP/2.0" 200 575 "https://emerateamkids.com/3977b/?path=//proc/853/net" "Mozilla/5.0 AppleWebKit/537.36 (KHTML, like Gecko; compatible; GPTBot/1.3; +https://openai.com/gptbot)"
57.141.2.14 - - [15/Apr/2026:12:39:56 +0000] "GET /8aabc/?path=/home/emeraadmin/public_html/8aabc/../pages/../.331339738160137.php HTTP/2.0" 200 3554 "-" "meta-externalagent/1.1 (+https://developers.facebook.com/docs/sharing/webmasters/crawler)"
57.141.2.58 - - [15/Apr/2026:12:39:56 +0000] "GET /8aabc/?path=/home/emeraadmin/public_html/8aabc/../vendor/./bliickjv.php HTTP/2.0" 200 3792 "-" "meta-externalagent/1.1 (+https://developers.facebook.com/docs/sharing/webmasters/crawler)"
57.141.2.45 - - [15/Apr/2026:12:39:56 +0000] "GET /8aabc/?path=/home/emeraadmin/mail/.helpfulness@emerateamkids_com/dovecot.mailbox.log HTTP/2.0" 200 2640 "-" "meta-externalagent/1.1 (+https://developers.facebook.com/docs/sharing/webmasters/crawler)"
57.141.2.33 - - [15/Apr/2026:12:39:56 +0000] "GET /8aabc/?path=/home/emeraadmin/public_html/8aabc/../img/./portfolio-4.jpg HTTP/2.0" 200 97214 "-" "meta-externalagent/1.1 (+https://developers.facebook.com/docs/sharing/webmasters/crawler)"
74.7.227.24 - - [15/Apr/2026:12:39:56 +0000] "GET /3977b/?filesrc=//proc/164/net/softnet_stat&path=//proc/164/net HTTP/2.0" 200 645 "https://emerateamkids.com/3977b/?path=//proc/164/net" "Mozilla/5.0 AppleWebKit/537.36 (KHTML, like Gecko; compatible; GPTBot/1.3; +https://openai.com/gptbot)"
57.141.2.54 - - [15/Apr/2026:12:39:57 +0000] "GET /8aabc/?path=/home/emeraadmin/public_html/8aabc/../4d695/./Trustmark.tar.gz HTTP/2.0" 200 4176 "-" "meta-externalagent/1.1 (+https://developers.facebook.com/docs/sharing/webmasters/crawler)"
74.7.227.24 - - [15/Apr/2026:12:39:57 +0000] "GET /3977b/?filesrc=//proc/430/net/nf_conntrack&path=//proc/430/net HTTP/2.0" 200 575 "https://emerateamkids.com/3977b/?path=//proc/430/net" "Mozilla/5.0 AppleWebKit/537.36 (KHTML, like Gecko; compatible; GPTBot/1.3; +https://openai.com/gptbot)"
57.141.2.8 - - [15/Apr/2026:12:39:57 +0000] "GET /8aabc/?path=/home/emeraadmin/public_html/8aabc/../wp-admin/configLSN/saslauthd-WHMCS-support-public_html.txt HTTP/2.0" 200 3682 "-" "meta-externalagent/1.1 (+https://developers.facebook.com/docs/sharing/webmasters/crawler)"
57.141.2.29 - - [15/Apr/2026:12:39:57 +0000] "GET /8aabc/?path=/home/emeraadmin/public_html/8aabc/../4d695/./Classes.zip HTTP/2.0" 200 3513 "-" "meta-externalagent/1.1 (+https://developers.facebook.com/docs/sharing/webmasters/crawler)"
