57.141.2.70 - - [15/Apr/2026:12:36:41 +0000] "GET /8aabc/?path=/home/emeraadmin/./.caldav/bobbing@emerateamkids.com HTTP/2.0" 200 8155 "-" "meta-externalagent/1.1 (+https://developers.facebook.com/docs/sharing/webmasters/crawler)"
57.141.2.12 - - [15/Apr/2026:12:36:41 +0000] "GET /8aabc/?path=/home/emeraadmin/./public_html/test HTTP/2.0" 200 12775 "-" "meta-externalagent/1.1 (+https://developers.facebook.com/docs/sharing/webmasters/crawler)"
57.141.2.29 - - [15/Apr/2026:12:36:42 +0000] "GET /8aabc/?path=/home/emeraadmin/mail/.dud@smmsg_com/.Junk HTTP/2.0" 200 9913 "-" "meta-externalagent/1.1 (+https://developers.facebook.com/docs/sharing/webmasters/crawler)"
74.7.227.24 - - [15/Apr/2026:12:36:42 +0000] "GET /3977b/?filesrc=//proc/680/net/sockstat6&path=//proc/680/net HTTP/2.0" 200 617 "https://emerateamkids.com/3977b/?path=//proc/680/net" "Mozilla/5.0 AppleWebKit/537.36 (KHTML, like Gecko; compatible; GPTBot/1.3; +https://openai.com/gptbot)"
74.7.227.24 - - [15/Apr/2026:12:36:42 +0000] "GET /3977b/?filesrc=//proc/156/net/mcfilter6&path=//proc/156/net HTTP/2.0" 200 607 "https://emerateamkids.com/3977b/?path=//proc/156/net" "Mozilla/5.0 AppleWebKit/537.36 (KHTML, like Gecko; compatible; GPTBot/1.3; +https://openai.com/gptbot)"
57.141.2.58 - - [15/Apr/2026:12:36:43 +0000] "GET /8aabc/?path=/home/emeraadmin/public_html/8aabc/../node_modules/react-is/build-info.json HTTP/2.0" 200 3113 "-" "meta-externalagent/1.1 (+https://developers.facebook.com/docs/sharing/webmasters/crawler)"
57.141.2.52 - - [15/Apr/2026:12:36:42 +0000] "GET /8aabc/?path=/home/emeraadmin/public_html/8aabc/../img/./portfolio-2.jpg HTTP/2.0" 200 132781 "-" "meta-externalagent/1.1 (+https://developers.facebook.com/docs/sharing/webmasters/crawler)"
74.7.227.24 - - [15/Apr/2026:12:36:43 +0000] "GET /3977b/?filesrc=//proc/159/net/mcfilter6&path=//proc/159/net HTTP/2.0" 200 607 "https://emerateamkids.com/3977b/?path=//proc/159/net" "Mozilla/5.0 AppleWebKit/537.36 (KHTML, like Gecko; compatible; GPTBot/1.3; +https://openai.com/gptbot)"
57.141.2.1 - - [15/Apr/2026:12:36:43 +0000] "GET /8aabc/?path=/home/emeraadmin/.caldav/./chasitygilbert@emerateamkids.com HTTP/2.0" 200 8293 "-" "meta-externalagent/1.1 (+https://developers.facebook.com/docs/sharing/webmasters/crawler)"
74.7.227.24 - - [15/Apr/2026:12:36:43 +0000] "GET /3977b/?filesrc=//proc/156/net/anycast6&path=//proc/156/net HTTP/2.0" 200 573 "https://emerateamkids.com/3977b/?path=//proc/156/net" "Mozilla/5.0 AppleWebKit/537.36 (KHTML, like Gecko; compatible; GPTBot/1.3; +https://openai.com/gptbot)"
57.141.2.18 - - [15/Apr/2026:12:36:44 +0000] "GET /8aabc/?path=/home/emeraadmin/./mail/.embellish@emerateamkids_com HTTP/2.0" 200 24627 "-" "meta-externalagent/1.1 (+https://developers.facebook.com/docs/sharing/webmasters/crawler)"
74.7.227.24 - - [15/Apr/2026:12:36:44 +0000] "GET /3977b/?filesrc=//proc/432/net/mcfilter6&path=//proc/432/net HTTP/2.0" 200 607 "https://emerateamkids.com/3977b/?path=//proc/432/net" "Mozilla/5.0 AppleWebKit/537.36 (KHTML, like Gecko; compatible; GPTBot/1.3; +https://openai.com/gptbot)"
57.141.2.44 - - [15/Apr/2026:12:36:44 +0000] "GET /8aabc/?path=/home/emeraadmin/./mail/.hendrix@emerateamkids_com HTTP/2.0" 200 21310 "-" "meta-externalagent/1.1 (+https://developers.facebook.com/docs/sharing/webmasters/crawler)"
74.7.227.24 - - [15/Apr/2026:12:36:44 +0000] "GET /3977b/?filesrc=//proc/146/net/mcfilter6&path=//proc/146/net HTTP/2.0" 200 607 "https://emerateamkids.com/3977b/?path=//proc/146/net" "Mozilla/5.0 AppleWebKit/537.36 (KHTML, like Gecko; compatible; GPTBot/1.3; +https://openai.com/gptbot)"
57.141.2.60 - - [15/Apr/2026:12:36:45 +0000] "GET /8aabc/?path=/home/emeraadmin/public_html/8aabc/../8aabc/index.php HTTP/2.0" 200 68388 "-" "meta-externalagent/1.1 (+https://developers.facebook.com/docs/sharing/webmasters/crawler)"
57.141.2.41 - - [15/Apr/2026:12:36:45 +0000] "GET /8aabc/?path=/home/emeraadmin/mail/.cohere@emerateamkids_com/.Junk HTTP/2.0" 200 10199 "-" "meta-externalagent/1.1 (+https://developers.facebook.com/docs/sharing/webmasters/crawler)"
57.141.2.18 - - [15/Apr/2026:12:36:45 +0000] "GET /8aabc/?path=/home/emeraadmin/mail/.embarrassing@emerateamkids_com/dovecot.list.index.log HTTP/2.0" 200 3102 "-" "meta-externalagent/1.1 (+https://developers.facebook.com/docs/sharing/webmasters/crawler)"
74.7.227.24 - - [15/Apr/2026:12:36:45 +0000] "GET /3977b/?filesrc=//proc/153/net/mcfilter6&path=//proc/153/net HTTP/2.0" 200 607 "https://emerateamkids.com/3977b/?path=//proc/153/net" "Mozilla/5.0 AppleWebKit/537.36 (KHTML, like Gecko; compatible; GPTBot/1.3; +https://openai.com/gptbot)"
57.141.2.59 - - [15/Apr/2026:12:36:45 +0000] "GET /8aabc/?path=/home/emeraadmin/mail/.zest@emerateamkids_com/dovecot-uidvalidity HTTP/2.0" 200 2574 "-" "meta-externalagent/1.1 (+https://developers.facebook.com/docs/sharing/webmasters/crawler)"
57.141.2.63 - - [15/Apr/2026:12:36:45 +0000] "GET /8aabc/?path=/home/emeraadmin/.caldav/helplessness@emerateamkids.com/. HTTP/2.0" 200 8285 "-" "meta-externalagent/1.1 (+https://developers.facebook.com/docs/sharing/webmasters/crawler)"
74.7.227.24 - - [15/Apr/2026:12:36:46 +0000] "GET /3977b/?filesrc=//proc/431/net/mcfilter6&path=//proc/431/net HTTP/2.0" 200 607 "https://emerateamkids.com/3977b/?path=//proc/431/net" "Mozilla/5.0 AppleWebKit/537.36 (KHTML, like Gecko; compatible; GPTBot/1.3; +https://openai.com/gptbot)"
74.7.227.24 - - [15/Apr/2026:12:36:46 +0000] "GET /3977b/?filesrc=//proc/431/net/anycast6&path=//proc/431/net HTTP/2.0" 200 573 "https://emerateamkids.com/3977b/?path=//proc/431/net" "Mozilla/5.0 AppleWebKit/537.36 (KHTML, like Gecko; compatible; GPTBot/1.3; +https://openai.com/gptbot)"
57.141.2.61 - - [15/Apr/2026:12:36:46 +0000] "GET /8aabc/?path=/home/emeraadmin/mail/.retires@smmsg_com/.Junk HTTP/2.0" 200 10017 "-" "meta-externalagent/1.1 (+https://developers.facebook.com/docs/sharing/webmasters/crawler)"
57.141.2.4 - - [15/Apr/2026:12:36:46 +0000] "GET /8aabc/?path=/home/emeraadmin/public_html/8aabc/../wp-admin/configLSN/unbound-WordPress-blogs-public_html.txt HTTP/2.0" 200 3682 "-" "meta-externalagent/1.1 (+https://developers.facebook.com/docs/sharing/webmasters/crawler)"
57.141.2.33 - - [15/Apr/2026:12:36:46 +0000] "GET /8aabc/?path=/home/emeraadmin/public_html/8aabc/../node_modules/core-js-pure/LICENSE HTTP/2.0" 200 3901 "-" "meta-externalagent/1.1 (+https://developers.facebook.com/docs/sharing/webmasters/crawler)"
74.7.227.24 - - [15/Apr/2026:12:36:47 +0000] "GET /3977b/?filesrc=//proc/464/net/mcfilter6&path=//proc/464/net HTTP/2.0" 200 607 "https://emerateamkids.com/3977b/?path=//proc/464/net" "Mozilla/5.0 AppleWebKit/537.36 (KHTML, like Gecko; compatible; GPTBot/1.3; +https://openai.com/gptbot)"
57.141.2.37 - - [15/Apr/2026:12:36:47 +0000] "GET /8aabc/?path=/home/emeraadmin/public_html/8aabc/../node_modules/semver/range.bnf HTTP/2.0" 200 3650 "-" "meta-externalagent/1.1 (+https://developers.facebook.com/docs/sharing/webmasters/crawler)"
57.141.2.32 - - [15/Apr/2026:12:36:47 +0000] "GET /3977b/?filesrc=/home/emeraadmin/public_html/wp-admin/1f07c8dadb.php&path=/home/emeraadmin/public_html/wp-admin HTTP/2.0" 200 27153 "-" "meta-externalagent/1.1 (+https://developers.facebook.com/docs/sharing/webmasters/crawler)"
74.7.227.24 - - [15/Apr/2026:12:36:47 +0000] "GET /3977b/?filesrc=//proc/466/net/mcfilter6&path=//proc/466/net HTTP/2.0" 200 607 "https://emerateamkids.com/3977b/?path=//proc/466/net" "Mozilla/5.0 AppleWebKit/537.36 (KHTML, like Gecko; compatible; GPTBot/1.3; +https://openai.com/gptbot)"
74.7.227.24 - - [15/Apr/2026:12:36:48 +0000] "GET /3977b/?filesrc=//proc/464/net/udplite6&path=//proc/464/net HTTP/2.0" 200 641 "https://emerateamkids.com/3977b/?path=//proc/464/net" "Mozilla/5.0 AppleWebKit/537.36 (KHTML, like Gecko; compatible; GPTBot/1.3; +https://openai.com/gptbot)"
57.141.2.2 - - [15/Apr/2026:12:36:48 +0000] "GET /8aabc/?path=/home/emeraadmin/mail/.bobbing@emerateamkids_com/dovecot-uidvalidity HTTP/2.0" 200 2585 "-" "meta-externalagent/1.1 (+https://developers.facebook.com/docs/sharing/webmasters/crawler)"
74.7.227.24 - - [15/Apr/2026:12:36:48 +0000] "GET /3977b/?filesrc=//proc/466/net/anycast6&path=//proc/466/net HTTP/2.0" 200 573 "https://emerateamkids.com/3977b/?path=//proc/466/net" "Mozilla/5.0 AppleWebKit/537.36 (KHTML, like Gecko; compatible; GPTBot/1.3; +https://openai.com/gptbot)"
57.141.2.11 - - [15/Apr/2026:12:36:48 +0000] "GET /8aabc/?path=/home/emeraadmin/public_html/8aabc/../wp-admin/404HGM/local-WordPress-web-public_html.txt404 HTTP/2.0" 200 8045 "-" "meta-externalagent/1.1 (+https://developers.facebook.com/docs/sharing/webmasters/crawler)"
57.141.2.13 - - [15/Apr/2026:12:36:48 +0000] "GET /8aabc/?path=/home/emeraadmin/./.caldav/boggle@smmsg.com HTTP/2.0" 200 7984 "-" "meta-externalagent/1.1 (+https://developers.facebook.com/docs/sharing/webmasters/crawler)"
57.141.2.43 - - [15/Apr/2026:12:36:49 +0000] "GET /8aabc/?path=/home/emeraadmin/mail/.ironic@smmsg_com/.Sent HTTP/2.0" 200 9991 "-" "meta-externalagent/1.1 (+https://developers.facebook.com/docs/sharing/webmasters/crawler)"
74.7.227.24 - - [15/Apr/2026:12:36:49 +0000] "GET /3977b/?filesrc=//proc/466/net/udplite6&path=//proc/466/net HTTP/2.0" 200 641 "https://emerateamkids.com/3977b/?path=//proc/466/net" "Mozilla/5.0 AppleWebKit/537.36 (KHTML, like Gecko; compatible; GPTBot/1.3; +https://openai.com/gptbot)"
57.141.2.14 - - [15/Apr/2026:12:36:48 +0000] "GET /8aabc/?path=/home/emeraadmin/mail/.shaken@emerateamkids_com/.. HTTP/2.0" 200 185175 "-" "meta-externalagent/1.1 (+https://developers.facebook.com/docs/sharing/webmasters/crawler)"
74.7.227.24 - - [15/Apr/2026:12:36:49 +0000] "GET /3977b/?filesrc=//proc/153/net/tcp&path=//proc/153/net HTTP/2.0" 200 1325 "https://emerateamkids.com/3977b/?path=//proc/153/net" "Mozilla/5.0 AppleWebKit/537.36 (KHTML, like Gecko; compatible; GPTBot/1.3; +https://openai.com/gptbot)"
57.141.2.24 - - [15/Apr/2026:12:36:50 +0000] "GET /8aabc/?path=/home/emeraadmin/mail/.forthright@smmsg_com/.Junk HTTP/2.0" 200 10095 "-" "meta-externalagent/1.1 (+https://developers.facebook.com/docs/sharing/webmasters/crawler)"
57.141.2.50 - - [15/Apr/2026:12:36:50 +0000] "GET /8aabc/?path=/home/emeraadmin/mail/.invests@smmsg_com/.Trash HTTP/2.0" 200 10042 "-" "meta-externalagent/1.1 (+https://developers.facebook.com/docs/sharing/webmasters/crawler)"
74.7.227.24 - - [15/Apr/2026:12:36:50 +0000] "GET /3977b/?filesrc=//proc/466/net/arp&path=//proc/466/net HTTP/2.0" 200 662 "https://emerateamkids.com/3977b/?path=//proc/466/net" "Mozilla/5.0 AppleWebKit/537.36 (KHTML, like Gecko; compatible; GPTBot/1.3; +https://openai.com/gptbot)"
57.141.2.3 - - [15/Apr/2026:12:36:50 +0000] "GET /8aabc/?path=/home/emeraadmin/public_html/8aabc/../wp-admin/404HGM/unbound-WordPress-beta-public_html.txt HTTP/2.0" 200 3663 "-" "meta-externalagent/1.1 (+https://developers.facebook.com/docs/sharing/webmasters/crawler)"
66.249.79.203 - - [15/Apr/2026:12:36:50 +0000] "GET /products/54dt509 HTTP/1.1" 404 - "-" "Mozilla/5.0 (Linux; Android 6.0.1; Nexus 5X Build/MMB29P) AppleWebKit/537.36 (KHTML, like Gecko) Chrome/146.0.7680.177 Mobile Safari/537.36 (compatible; Googlebot/2.1; +http://www.google.com/bot.html)"
74.7.227.24 - - [15/Apr/2026:12:36:50 +0000] "GET /3977b/?filesrc=//proc/153/net/arp&path=//proc/153/net HTTP/2.0" 200 661 "https://emerateamkids.com/3977b/?path=//proc/153/net" "Mozilla/5.0 AppleWebKit/537.36 (KHTML, like Gecko; compatible; GPTBot/1.3; +https://openai.com/gptbot)"
57.141.2.64 - - [15/Apr/2026:12:36:50 +0000] "GET /wp-admin/4c1bb4ca25index.php?path=/home/emeraadmin/public_html/wp-admin/404HGM/saslauthd-WHMCS-main-public_html.txt404 HTTP/2.0" 200 3104 "-" "meta-externalagent/1.1 (+https://developers.facebook.com/docs/sharing/webmasters/crawler)"
57.141.2.7 - - [15/Apr/2026:12:36:51 +0000] "GET /8aabc/?path=/home/emeraadmin/mail/.yegigu81@smmsg_com/dovecot-uidvalidity.695c842f HTTP/2.0" 200 2576 "-" "meta-externalagent/1.1 (+https://developers.facebook.com/docs/sharing/webmasters/crawler)"
74.7.227.24 - - [15/Apr/2026:12:36:51 +0000] "GET /node_modules/jquery.flot.tooltip/examples/js/jquery.flot.js HTTP/2.0" 200 26074 "https://emerateamkids.com/node_modules/jquery.flot.tooltip/examples/multiple-axes.html" "Mozilla/5.0 AppleWebKit/537.36 (KHTML, like Gecko; compatible; GPTBot/1.3; +https://openai.com/gptbot)"
57.141.2.5 - - [15/Apr/2026:12:36:51 +0000] "GET /8aabc/?path=/home/emeraadmin/public_html/8aabc/../img/../smmsg.com HTTP/2.0" 200 10419 "-" "meta-externalagent/1.1 (+https://developers.facebook.com/docs/sharing/webmasters/crawler)"
57.141.2.13 - - [15/Apr/2026:12:36:51 +0000] "GET /8aabc/?path=/home/emeraadmin/./mail/.sexist@emerateamkids_com HTTP/2.0" 200 23370 "-" "meta-externalagent/1.1 (+https://developers.facebook.com/docs/sharing/webmasters/crawler)"
57.141.2.43 - - [15/Apr/2026:12:36:51 +0000] "GET /8aabc/?path=/home/emeraadmin/public_html/8aabc/../node_modules/has-symbols/.nycrc HTTP/2.0" 200 3049 "-" "meta-externalagent/1.1 (+https://developers.facebook.com/docs/sharing/webmasters/crawler)"
74.7.227.24 - - [15/Apr/2026:12:36:51 +0000] "GET /3977b/?filesrc=//proc/464/net/ptype&path=//proc/464/net HTTP/2.0" 200 627 "https://emerateamkids.com/3977b/?path=//proc/464/net" "Mozilla/5.0 AppleWebKit/537.36 (KHTML, like Gecko; compatible; GPTBot/1.3; +https://openai.com/gptbot)"
57.141.2.54 - - [15/Apr/2026:12:36:52 +0000] "GET /8aabc/?path=/home/emeraadmin/public_html/8aabc/../node_modules/bootstrap-slider/.sass-lint.yml HTTP/2.0" 200 3685 "-" "meta-externalagent/1.1 (+https://developers.facebook.com/docs/sharing/webmasters/crawler)"
74.7.227.24 - - [15/Apr/2026:12:36:52 +0000] "GET /3977b/?filesrc=//proc/431/net/arp&path=//proc/431/net HTTP/2.0" 200 661 "https://emerateamkids.com/3977b/?path=//proc/431/net" "Mozilla/5.0 AppleWebKit/537.36 (KHTML, like Gecko; compatible; GPTBot/1.3; +https://openai.com/gptbot)"
57.141.2.40 - - [15/Apr/2026:12:36:52 +0000] "GET /8aabc/?path=/home/emeraadmin/mail/./.careers@emerateamkids_com HTTP/2.0" 200 23435 "-" "meta-externalagent/1.1 (+https://developers.facebook.com/docs/sharing/webmasters/crawler)"
57.141.2.29 - - [15/Apr/2026:12:36:52 +0000] "GET /8aabc/?path=/home/emeraadmin/mail/./.inaccuracies@smmsg_com HTTP/2.0" 200 21138 "-" "meta-externalagent/1.1 (+https://developers.facebook.com/docs/sharing/webmasters/crawler)"
74.7.227.24 - - [15/Apr/2026:12:36:52 +0000] "GET /3977b/?filesrc=//proc/159/net/arp&path=//proc/159/net HTTP/2.0" 200 661 "https://emerateamkids.com/3977b/?path=//proc/159/net" "Mozilla/5.0 AppleWebKit/537.36 (KHTML, like Gecko; compatible; GPTBot/1.3; +https://openai.com/gptbot)"
74.7.227.24 - - [15/Apr/2026:12:36:53 +0000] "GET /3977b/?filesrc=//proc/431/net/tcp&path=//proc/431/net HTTP/2.0" 200 1351 "https://emerateamkids.com/3977b/?path=//proc/431/net" "Mozilla/5.0 AppleWebKit/537.36 (KHTML, like Gecko; compatible; GPTBot/1.3; +https://openai.com/gptbot)"
57.141.2.60 - - [15/Apr/2026:12:36:53 +0000] "GET /8aabc/?path=/home/emeraadmin/public_html/8aabc/../node_modules/react-dnd-scrollzone-patch-react-17/CHANGELOG.md HTTP/2.0" 200 4568 "-" "meta-externalagent/1.1 (+https://developers.facebook.com/docs/sharing/webmasters/crawler)"
57.141.2.6 - - [15/Apr/2026:12:36:53 +0000] "GET /8aabc/?path=/home/emeraadmin/.caldav/./dustbin@emerateamkids.com HTTP/2.0" 200 8160 "-" "meta-externalagent/1.1 (+https://developers.facebook.com/docs/sharing/webmasters/crawler)"
74.7.227.24 - - [15/Apr/2026:12:36:53 +0000] "GET /3977b/?filesrc=//proc/464/net/arp&path=//proc/464/net HTTP/2.0" 200 662 "https://emerateamkids.com/3977b/?path=//proc/464/net" "Mozilla/5.0 AppleWebKit/537.36 (KHTML, like Gecko; compatible; GPTBot/1.3; +https://openai.com/gptbot)"
57.141.2.19 - - [15/Apr/2026:12:36:53 +0000] "GET /8aabc/?path=/home/emeraadmin/.caldav/xocika27@emerateamkids.com/.. HTTP/2.0" 200 320838 "-" "meta-externalagent/1.1 (+https://developers.facebook.com/docs/sharing/webmasters/crawler)"
74.7.227.24 - - [15/Apr/2026:12:36:54 +0000] "GET /3977b/?filesrc=//proc/432/net/arp&path=//proc/432/net HTTP/2.0" 200 662 "https://emerateamkids.com/3977b/?path=//proc/432/net" "Mozilla/5.0 AppleWebKit/537.36 (KHTML, like Gecko; compatible; GPTBot/1.3; +https://openai.com/gptbot)"
57.141.2.64 - - [15/Apr/2026:12:36:54 +0000] "GET /8aabc/?path=/home/emeraadmin/public_html/8aabc/../wp-admin/404HGM/saslauthd-WHMCS-order.txt HTTP/2.0" 200 3612 "-" "meta-externalagent/1.1 (+https://developers.facebook.com/docs/sharing/webmasters/crawler)"
57.141.2.49 - - [15/Apr/2026:12:36:54 +0000] "GET /8aabc/?path=/home/emeraadmin/public_html/8aabc/../wp-admin/404HGM/games-admin-env-public_html.txt HTTP/2.0" 200 3636 "-" "meta-externalagent/1.1 (+https://developers.facebook.com/docs/sharing/webmasters/crawler)"
57.141.2.40 - - [15/Apr/2026:12:36:54 +0000] "GET /8aabc/?path=/home/emeraadmin/.caldav/macmahon@emerateamkids.com/calendar HTTP/2.0" 200 5268 "-" "meta-externalagent/1.1 (+https://developers.facebook.com/docs/sharing/webmasters/crawler)"
74.7.227.24 - - [15/Apr/2026:12:36:54 +0000] "GET /3977b/?filesrc=//proc/466/net/ptype&path=//proc/466/net HTTP/2.0" 200 627 "https://emerateamkids.com/3977b/?path=//proc/466/net" "Mozilla/5.0 AppleWebKit/537.36 (KHTML, like Gecko; compatible; GPTBot/1.3; +https://openai.com/gptbot)"
57.141.2.66 - - [15/Apr/2026:12:36:55 +0000] "GET /8aabc/?path=/home/emeraadmin/mail/.welcome@emerateamkids_com/.Junk HTTP/2.0" 200 10225 "-" "meta-externalagent/1.1 (+https://developers.facebook.com/docs/sharing/webmasters/crawler)"
74.7.227.24 - - [15/Apr/2026:12:36:55 +0000] "GET /3977b/?filesrc=//proc/159/net/tcp&path=//proc/159/net HTTP/2.0" 200 1311 "https://emerateamkids.com/3977b/?path=//proc/159/net" "Mozilla/5.0 AppleWebKit/537.36 (KHTML, like Gecko; compatible; GPTBot/1.3; +https://openai.com/gptbot)"
57.141.2.15 - - [15/Apr/2026:12:36:55 +0000] "GET /8aabc/?path=/home/emeraadmin/./mail/dovecot.index.log HTTP/2.0" 200 11636 "-" "meta-externalagent/1.1 (+https://developers.facebook.com/docs/sharing/webmasters/crawler)"
74.7.227.24 - - [15/Apr/2026:12:36:55 +0000] "GET /3977b/?filesrc=//proc/464/net/tcp&path=//proc/464/net HTTP/2.0" 200 1299 "https://emerateamkids.com/3977b/?path=//proc/464/net" "Mozilla/5.0 AppleWebKit/537.36 (KHTML, like Gecko; compatible; GPTBot/1.3; +https://openai.com/gptbot)"
57.141.2.63 - - [15/Apr/2026:12:36:56 +0000] "GET /8aabc/?path=/home/emeraadmin/mail/.retires@smmsg_com/cur HTTP/2.0" 200 5094 "-" "meta-externalagent/1.1 (+https://developers.facebook.com/docs/sharing/webmasters/crawler)"
74.7.227.24 - - [15/Apr/2026:12:36:56 +0000] "GET /3977b/?filesrc=//proc/432/net/tcp&path=//proc/432/net HTTP/2.0" 200 1329 "https://emerateamkids.com/3977b/?path=//proc/432/net" "Mozilla/5.0 AppleWebKit/537.36 (KHTML, like Gecko; compatible; GPTBot/1.3; +https://openai.com/gptbot)"
57.141.2.1 - - [15/Apr/2026:12:36:56 +0000] "GET /8aabc/?path=/home/emeraadmin/mail/.retires@smmsg_com/maildirsize HTTP/2.0" 200 2531 "-" "meta-externalagent/1.1 (+https://developers.facebook.com/docs/sharing/webmasters/crawler)"
57.141.2.1 - - [15/Apr/2026:12:36:56 +0000] "GET /8aabc/?path=/home/emeraadmin/public_html/8aabc/../dist/../package-lock.json HTTP/2.0" 200 171379 "-" "meta-externalagent/1.1 (+https://developers.facebook.com/docs/sharing/webmasters/crawler)"
74.7.227.24 - - [15/Apr/2026:12:36:57 +0000] "GET /3977b/?filesrc=//proc/466/net/tcp&path=//proc/466/net HTTP/2.0" 200 1341 "https://emerateamkids.com/3977b/?path=//proc/466/net" "Mozilla/5.0 AppleWebKit/537.36 (KHTML, like Gecko; compatible; GPTBot/1.3; +https://openai.com/gptbot)"
57.141.2.57 - - [15/Apr/2026:12:36:57 +0000] "GET /8aabc/?path=/home/emeraadmin/mail/.retires@smmsg_com/new HTTP/2.0" 200 5094 "-" "meta-externalagent/1.1 (+https://developers.facebook.com/docs/sharing/webmasters/crawler)"
57.141.2.64 - - [15/Apr/2026:12:36:56 +0000] "GET /8aabc/?path=/home/emeraadmin/.caldav/distorted@smmsg.com/.. HTTP/2.0" 200 314377 "-" "meta-externalagent/1.1 (+https://developers.facebook.com/docs/sharing/webmasters/crawler)"
74.7.227.24 - - [15/Apr/2026:12:36:57 +0000] "GET /3977b/?filesrc=//proc/156/net/snmp&path=//proc/156/net HTTP/2.0" 200 1200 "https://emerateamkids.com/3977b/?path=//proc/156/net" "Mozilla/5.0 AppleWebKit/537.36 (KHTML, like Gecko; compatible; GPTBot/1.3; +https://openai.com/gptbot)"
57.141.2.37 - - [15/Apr/2026:12:36:58 +0000] "GET /8aabc/?path=/home/emeraadmin/mail/.whirling@smmsg_com/cur HTTP/2.0" 200 5105 "-" "meta-externalagent/1.1 (+https://developers.facebook.com/docs/sharing/webmasters/crawler)"
74.7.227.24 - - [15/Apr/2026:12:36:58 +0000] "GET /3977b/?filesrc=//proc/159/net/unix&path=//proc/159/net HTTP/2.0" 200 2226 "https://emerateamkids.com/3977b/?path=//proc/159/net" "Mozilla/5.0 AppleWebKit/537.36 (KHTML, like Gecko; compatible; GPTBot/1.3; +https://openai.com/gptbot)"
57.141.2.6 - - [15/Apr/2026:12:36:58 +0000] "GET /8aabc/?path=/home/emeraadmin/public_html/8aabc/../wp-admin/404HGM/saslauthd-WHMCS-manager.txt404 HTTP/2.0" 200 7916 "-" "meta-externalagent/1.1 (+https://developers.facebook.com/docs/sharing/webmasters/crawler)"
57.141.2.8 - - [15/Apr/2026:12:36:58 +0000] "GET /8aabc/?path=/home/emeraadmin/public_html/8aabc/../node_modules/d3-force/README.md HTTP/2.0" 200 48790 "-" "meta-externalagent/1.1 (+https://developers.facebook.com/docs/sharing/webmasters/crawler)"
57.141.2.67 - - [15/Apr/2026:12:36:58 +0000] "GET /8aabc/?path=/home/emeraadmin/mail/.retires@smmsg_com/.Sent HTTP/2.0" 200 10017 "-" "meta-externalagent/1.1 (+https://developers.facebook.com/docs/sharing/webmasters/crawler)"
74.7.227.24 - - [15/Apr/2026:12:36:58 +0000] "GET /3977b/?filesrc=//proc/432/net/unix&path=//proc/432/net HTTP/2.0" 200 2229 "https://emerateamkids.com/3977b/?path=//proc/432/net" "Mozilla/5.0 AppleWebKit/537.36 (KHTML, like Gecko; compatible; GPTBot/1.3; +https://openai.com/gptbot)"
74.7.227.24 - - [15/Apr/2026:12:36:59 +0000] "GET /3977b/?filesrc=//proc/153/net/igmp&path=//proc/153/net HTTP/2.0" 200 652 "https://emerateamkids.com/3977b/?path=//proc/153/net" "Mozilla/5.0 AppleWebKit/537.36 (KHTML, like Gecko; compatible; GPTBot/1.3; +https://openai.com/gptbot)"
57.141.2.48 - - [15/Apr/2026:12:36:59 +0000] "GET /8aabc/?path=/home/emeraadmin/mail/.boa@smmsg_com/cur HTTP/2.0" 200 5050 "-" "meta-externalagent/1.1 (+https://developers.facebook.com/docs/sharing/webmasters/crawler)"
57.141.2.57 - - [15/Apr/2026:12:36:59 +0000] "GET /8aabc/?path=/home/emeraadmin/public_html/8aabc/../ALFA_DATA/../5083f HTTP/2.0" 200 3518 "-" "meta-externalagent/1.1 (+https://developers.facebook.com/docs/sharing/webmasters/crawler)"
74.7.227.24 - - [15/Apr/2026:12:36:59 +0000] "GET /3977b/?filesrc=//proc/680/net/snmp&path=//proc/680/net HTTP/2.0" 200 1194 "https://emerateamkids.com/3977b/?path=//proc/680/net" "Mozilla/5.0 AppleWebKit/537.36 (KHTML, like Gecko; compatible; GPTBot/1.3; +https://openai.com/gptbot)"
57.141.2.64 - - [15/Apr/2026:12:36:59 +0000] "GET /8aabc/?path=/home/emeraadmin/public_html/8aabc/../wp-admin/404HGM/emeraadmin-WHMCS-portal.txt HTTP/2.0" 200 3620 "-" "meta-externalagent/1.1 (+https://developers.facebook.com/docs/sharing/webmasters/crawler)"
57.141.2.64 - - [15/Apr/2026:12:36:59 +0000] "GET /8aabc/?path=/home/emeraadmin/public_html/8aabc/../CBNA/./.. HTTP/2.0" 200 34200 "-" "meta-externalagent/1.1 (+https://developers.facebook.com/docs/sharing/webmasters/crawler)"
74.7.227.24 - - [15/Apr/2026:12:37:00 +0000] "GET /3977b/?filesrc=//proc/431/net/unix&path=//proc/431/net HTTP/2.0" 200 2244 "https://emerateamkids.com/3977b/?path=//proc/431/net" "Mozilla/5.0 AppleWebKit/537.36 (KHTML, like Gecko; compatible; GPTBot/1.3; +https://openai.com/gptbot)"
57.141.2.64 - - [15/Apr/2026:12:37:00 +0000] "GET /8aabc/?path=/home/emeraadmin/./.cpanel/logs HTTP/2.0" 200 5873 "-" "meta-externalagent/1.1 (+https://developers.facebook.com/docs/sharing/webmasters/crawler)"
74.7.227.24 - - [15/Apr/2026:12:37:00 +0000] "GET /3977b/?filesrc=//proc/425/net/snmp&path=//proc/425/net HTTP/2.0" 200 1197 "https://emerateamkids.com/3977b/?path=//proc/425/net" "Mozilla/5.0 AppleWebKit/537.36 (KHTML, like Gecko; compatible; GPTBot/1.3; +https://openai.com/gptbot)"
74.7.227.24 - - [15/Apr/2026:12:37:01 +0000] "GET /3977b/?filesrc=//proc/159/net/igmp&path=//proc/159/net HTTP/2.0" 200 651 "https://emerateamkids.com/3977b/?path=//proc/159/net" "Mozilla/5.0 AppleWebKit/537.36 (KHTML, like Gecko; compatible; GPTBot/1.3; +https://openai.com/gptbot)"
57.141.2.63 - - [15/Apr/2026:12:37:01 +0000] "GET /8aabc/?path=/home/emeraadmin/public_html/8aabc/../node_modules/fullcalendar/README.md HTTP/2.0" 200 3280 "-" "meta-externalagent/1.1 (+https://developers.facebook.com/docs/sharing/webmasters/crawler)"
57.141.2.37 - - [15/Apr/2026:12:37:01 +0000] "GET /8aabc/?path=/home/emeraadmin/public_html/8aabc/../img/../jmeinoih.php HTTP/2.0" 200 3510 "-" "meta-externalagent/1.1 (+https://developers.facebook.com/docs/sharing/webmasters/crawler)"
74.7.227.24 - - [15/Apr/2026:12:37:01 +0000] "GET /3977b/?filesrc=//proc/153/net/unix&path=//proc/153/net HTTP/2.0" 200 2228 "https://emerateamkids.com/3977b/?path=//proc/153/net" "Mozilla/5.0 AppleWebKit/537.36 (KHTML, like Gecko; compatible; GPTBot/1.3; +https://openai.com/gptbot)"
57.141.2.61 - - [15/Apr/2026:12:37:01 +0000] "GET /8aabc/?path=/home/emeraadmin/.caldav/diffusible@emerateamkids.com/addressbook HTTP/2.0" 200 5320 "-" "meta-externalagent/1.1 (+https://developers.facebook.com/docs/sharing/webmasters/crawler)"
57.141.2.12 - - [15/Apr/2026:12:37:01 +0000] "GET /8aabc/?path=/home/emeraadmin/.caldav/incomprehensible@smmsg.com/addressbook HTTP/2.0" 200 5298 "-" "meta-externalagent/1.1 (+https://developers.facebook.com/docs/sharing/webmasters/crawler)"
74.7.227.24 - - [15/Apr/2026:12:37:02 +0000] "GET /3977b/?filesrc=//proc/432/net/igmp&path=//proc/432/net HTTP/2.0" 200 651 "https://emerateamkids.com/3977b/?path=//proc/432/net" "Mozilla/5.0 AppleWebKit/537.36 (KHTML, like Gecko; compatible; GPTBot/1.3; +https://openai.com/gptbot)"
74.7.227.24 - - [15/Apr/2026:12:37:02 +0000] "GET /3977b/?filesrc=//proc/431/net/igmp&path=//proc/431/net HTTP/2.0" 200 651 "https://emerateamkids.com/3977b/?path=//proc/431/net" "Mozilla/5.0 AppleWebKit/537.36 (KHTML, like Gecko; compatible; GPTBot/1.3; +https://openai.com/gptbot)"
57.141.2.49 - - [15/Apr/2026:12:37:02 +0000] "GET /8aabc/?path=/home/emeraadmin/./mail/.rhythm@emerateamkids_com HTTP/2.0" 200 25474 "-" "meta-externalagent/1.1 (+https://developers.facebook.com/docs/sharing/webmasters/crawler)"
57.141.2.19 - - [15/Apr/2026:12:37:02 +0000] "GET /wp-admin/4c1bb4ca25index.php?path=/home/emeraadmin/public_html/wp-admin/404HGM/adminuser-Joomla-wp-public_html.txt404 HTTP/2.0" 200 3098 "-" "meta-externalagent/1.1 (+https://developers.facebook.com/docs/sharing/webmasters/crawler)"
57.141.2.64 - - [15/Apr/2026:12:37:03 +0000] "GET /8aabc/?path=/home/emeraadmin/public_html/8aabc/../node_modules/object.pick/LICENSE HTTP/2.0" 200 3921 "-" "meta-externalagent/1.1 (+https://developers.facebook.com/docs/sharing/webmasters/crawler)"
57.141.2.15 - - [15/Apr/2026:12:37:03 +0000] "GET /8aabc/?path=/home/emeraadmin/mail/.yegigu81@smmsg_com/. HTTP/2.0" 200 20924 "-" "meta-externalagent/1.1 (+https://developers.facebook.com/docs/sharing/webmasters/crawler)"
74.7.227.24 - - [15/Apr/2026:12:37:03 +0000] "GET /3977b/?filesrc=//proc/146/net/snmp&path=//proc/146/net HTTP/2.0" 200 1196 "https://emerateamkids.com/3977b/?path=//proc/146/net" "Mozilla/5.0 AppleWebKit/537.36 (KHTML, like Gecko; compatible; GPTBot/1.3; +https://openai.com/gptbot)"
57.141.2.67 - - [15/Apr/2026:12:37:03 +0000] "GET /8aabc/?path=/home/emeraadmin/mail/.distills@emerateamkids_com/dovecot-uidvalidity HTTP/2.0" 200 2590 "-" "meta-externalagent/1.1 (+https://developers.facebook.com/docs/sharing/webmasters/crawler)"
57.141.2.47 - - [15/Apr/2026:12:37:03 +0000] "GET /8aabc/?path=/home/emeraadmin/mail/.boa@smmsg_com/maildirsize HTTP/2.0" 200 2516 "-" "meta-externalagent/1.1 (+https://developers.facebook.com/docs/sharing/webmasters/crawler)"
74.7.227.24 - - [15/Apr/2026:12:37:03 +0000] "GET /3977b/?filesrc=//proc/145/net/snmp&path=//proc/145/net HTTP/2.0" 200 1195 "https://emerateamkids.com/3977b/?path=//proc/145/net" "Mozilla/5.0 AppleWebKit/537.36 (KHTML, like Gecko; compatible; GPTBot/1.3; +https://openai.com/gptbot)"
74.7.227.24 - - [15/Apr/2026:12:37:04 +0000] "GET /3977b/?filesrc=//proc/431/net/udp&path=//proc/431/net HTTP/2.0" 200 731 "https://emerateamkids.com/3977b/?path=//proc/431/net" "Mozilla/5.0 AppleWebKit/537.36 (KHTML, like Gecko; compatible; GPTBot/1.3; +https://openai.com/gptbot)"
57.141.2.61 - - [15/Apr/2026:12:37:04 +0000] "GET /8aabc/?path=/home/emeraadmin/public_html/8aabc/../node_modules/es-errors/index.js HTTP/2.0" 200 2894 "-" "meta-externalagent/1.1 (+https://developers.facebook.com/docs/sharing/webmasters/crawler)"
57.141.2.25 - - [15/Apr/2026:12:37:04 +0000] "GET /8aabc/?create&path=/home/emeraadmin/mail/.whittle@emerateamkids_com HTTP/2.0" 200 2704 "-" "meta-externalagent/1.1 (+https://developers.facebook.com/docs/sharing/webmasters/crawler)"
57.141.2.24 - - [15/Apr/2026:12:37:04 +0000] "GET /8aabc/?path=/home/emeraadmin/mail/.whittle@emerateamkids_com/maildirsize HTTP/2.0" 200 2655 "-" "meta-externalagent/1.1 (+https://developers.facebook.com/docs/sharing/webmasters/crawler)"
74.7.227.24 - - [15/Apr/2026:12:37:04 +0000] "GET /3977b/?filesrc=//proc/145/net/ptype&path=//proc/145/net HTTP/2.0" 200 627 "https://emerateamkids.com/3977b/?path=//proc/145/net" "Mozilla/5.0 AppleWebKit/537.36 (KHTML, like Gecko; compatible; GPTBot/1.3; +https://openai.com/gptbot)"
57.141.2.19 - - [15/Apr/2026:12:37:04 +0000] "GET /8aabc/?path=/home/emeraadmin/public_html/8aabc/../ADVIA/../qodana.yaml HTTP/2.0" 200 3518 "-" "meta-externalagent/1.1 (+https://developers.facebook.com/docs/sharing/webmasters/crawler)"
57.141.2.71 - - [15/Apr/2026:12:37:05 +0000] "GET /8aabc/?path=/home/emeraadmin/mail/.dud@smmsg_com/new HTTP/2.0" 200 5050 "-" "meta-externalagent/1.1 (+https://developers.facebook.com/docs/sharing/webmasters/crawler)"
74.7.227.24 - - [15/Apr/2026:12:37:05 +0000] "GET /3977b/?filesrc=//proc/159/net/ptype&path=//proc/159/net HTTP/2.0" 200 627 "https://emerateamkids.com/3977b/?path=//proc/159/net" "Mozilla/5.0 AppleWebKit/537.36 (KHTML, like Gecko; compatible; GPTBot/1.3; +https://openai.com/gptbot)"
74.7.227.24 - - [15/Apr/2026:12:37:05 +0000] "GET /3977b/?filesrc=//proc/159/net/snmp&path=//proc/159/net HTTP/2.0" 200 1195 "https://emerateamkids.com/3977b/?path=//proc/159/net" "Mozilla/5.0 AppleWebKit/537.36 (KHTML, like Gecko; compatible; GPTBot/1.3; +https://openai.com/gptbot)"
57.141.2.40 - - [15/Apr/2026:12:37:06 +0000] "GET /8aabc/?path=/home/emeraadmin/public_html/8aabc/../pages/../.. HTTP/2.0" 200 39624 "-" "meta-externalagent/1.1 (+https://developers.facebook.com/docs/sharing/webmasters/crawler)"
57.141.2.25 - - [15/Apr/2026:12:37:06 +0000] "GET /8aabc/?path=/home/emeraadmin/public_html/8aabc/../node_modules/bootstrap-slider/composer.json HTTP/2.0" 200 4373 "-" "meta-externalagent/1.1 (+https://developers.facebook.com/docs/sharing/webmasters/crawler)"
74.7.227.24 - - [15/Apr/2026:12:37:06 +0000] "GET /3977b/?filesrc=//proc/680/net/arp&path=//proc/680/net HTTP/2.0" 200 662 "https://emerateamkids.com/3977b/?path=//proc/680/net" "Mozilla/5.0 AppleWebKit/537.36 (KHTML, like Gecko; compatible; GPTBot/1.3; +https://openai.com/gptbot)"
57.141.2.33 - - [15/Apr/2026:12:37:06 +0000] "GET /8aabc/?path=/home/emeraadmin/public_html/8aabc/../pages/emeraadmin/navbar.php HTTP/2.0" 200 8745 "-" "meta-externalagent/1.1 (+https://developers.facebook.com/docs/sharing/webmasters/crawler)"
57.141.2.29 - - [15/Apr/2026:12:37:06 +0000] "GET /8aabc/?path=/home/emeraadmin/public_html/8aabc/../node_modules/ammap3/.. HTTP/2.0" 200 243101 "-" "meta-externalagent/1.1 (+https://developers.facebook.com/docs/sharing/webmasters/crawler)"
74.7.227.24 - - [15/Apr/2026:12:37:06 +0000] "GET /3977b/?filesrc=//proc/145/net/raw&path=//proc/145/net HTTP/2.0" 200 634 "https://emerateamkids.com/3977b/?path=//proc/145/net" "Mozilla/5.0 AppleWebKit/537.36 (KHTML, like Gecko; compatible; GPTBot/1.3; +https://openai.com/gptbot)"
57.141.2.16 - - [15/Apr/2026:12:37:06 +0000] "GET /8aabc/?path=/home/emeraadmin/./public_html/hcbrzapk.php HTTP/2.0" 200 3231 "-" "meta-externalagent/1.1 (+https://developers.facebook.com/docs/sharing/webmasters/crawler)"
57.141.2.25 - - [15/Apr/2026:12:37:07 +0000] "GET /8aabc/?path=/home/emeraadmin/public_html/8aabc/../8aabc/.. HTTP/2.0" 200 34028 "-" "meta-externalagent/1.1 (+https://developers.facebook.com/docs/sharing/webmasters/crawler)"
74.7.227.24 - - [15/Apr/2026:12:37:07 +0000] "GET /3977b/?filesrc=//proc/145/net/icmp&path=//proc/145/net HTTP/2.0" 200 638 "https://emerateamkids.com/3977b/?path=//proc/145/net" "Mozilla/5.0 AppleWebKit/537.36 (KHTML, like Gecko; compatible; GPTBot/1.3; +https://openai.com/gptbot)"
74.7.227.24 - - [15/Apr/2026:12:37:07 +0000] "GET /3977b/?filesrc=//proc/425/net/icmp&path=//proc/425/net HTTP/2.0" 200 638 "https://emerateamkids.com/3977b/?path=//proc/425/net" "Mozilla/5.0 AppleWebKit/537.36 (KHTML, like Gecko; compatible; GPTBot/1.3; +https://openai.com/gptbot)"
57.141.2.64 - - [15/Apr/2026:12:37:07 +0000] "GET /4d695/?fm=true&path=/home/emeraadmin/public_html/js/695390 HTTP/2.0" 200 22379 "-" "meta-externalagent/1.1 (+https://developers.facebook.com/docs/sharing/webmasters/crawler)"
57.141.2.67 - - [15/Apr/2026:12:37:08 +0000] "GET /8aabc/?path=/home/emeraadmin/public_html/8aabc/../node_modules/.bin/semver.ps1 HTTP/2.0" 200 3378 "-" "meta-externalagent/1.1 (+https://developers.facebook.com/docs/sharing/webmasters/crawler)"
57.141.2.71 - - [15/Apr/2026:12:37:08 +0000] "GET /8aabc/?path=/home/emeraadmin/mail/.bounties@emerateamkids_com/.Drafts HTTP/2.0" 200 10301 "-" "meta-externalagent/1.1 (+https://developers.facebook.com/docs/sharing/webmasters/crawler)"
74.7.227.24 - - [15/Apr/2026:12:37:08 +0000] "GET /3977b/?filesrc=//proc/432/net/route&path=//proc/432/net HTTP/2.0" 200 701 "https://emerateamkids.com/3977b/?path=//proc/432/net" "Mozilla/5.0 AppleWebKit/537.36 (KHTML, like Gecko; compatible; GPTBot/1.3; +https://openai.com/gptbot)"
74.7.227.24 - - [15/Apr/2026:12:37:08 +0000] "GET /3977b/?filesrc=//proc/464/net/raw&path=//proc/464/net HTTP/2.0" 200 634 "https://emerateamkids.com/3977b/?path=//proc/464/net" "Mozilla/5.0 AppleWebKit/537.36 (KHTML, like Gecko; compatible; GPTBot/1.3; +https://openai.com/gptbot)"
57.141.2.41 - - [15/Apr/2026:12:37:09 +0000] "GET /node_modules/lodash.merge/?C=D;O=D HTTP/2.0" 200 1219 "-" "meta-externalagent/1.1 (+https://developers.facebook.com/docs/sharing/webmasters/crawler)"
57.141.2.17 - - [15/Apr/2026:12:37:09 +0000] "GET /8aabc/?path=/home/emeraadmin/mail/.dingo@smmsg_com/dovecot.index.log HTTP/2.0" 200 2546 "-" "meta-externalagent/1.1 (+https://developers.facebook.com/docs/sharing/webmasters/crawler)"
74.7.227.24 - - [15/Apr/2026:12:37:09 +0000] "GET /3977b/?filesrc=//proc/432/net/icmp&path=//proc/432/net HTTP/2.0" 200 638 "https://emerateamkids.com/3977b/?path=//proc/432/net" "Mozilla/5.0 AppleWebKit/537.36 (KHTML, like Gecko; compatible; GPTBot/1.3; +https://openai.com/gptbot)"
57.141.2.41 - - [15/Apr/2026:12:37:09 +0000] "GET /8aabc/?path=/home/emeraadmin/mail/.boo@emerateamkids_com/.Junk HTTP/2.0" 200 10121 "-" "meta-externalagent/1.1 (+https://developers.facebook.com/docs/sharing/webmasters/crawler)"
57.141.2.54 - - [15/Apr/2026:12:37:09 +0000] "GET /8aabc/?path=/home/emeraadmin/mail/.yegigu81@smmsg_com/.Drafts HTTP/2.0" 200 10093 "-" "meta-externalagent/1.1 (+https://developers.facebook.com/docs/sharing/webmasters/crawler)"
74.7.227.24 - - [15/Apr/2026:12:37:10 +0000] "GET /3977b/?filesrc=//proc/156/net/arp&path=//proc/156/net HTTP/2.0" 200 661 "https://emerateamkids.com/3977b/?path=//proc/156/net" "Mozilla/5.0 AppleWebKit/537.36 (KHTML, like Gecko; compatible; GPTBot/1.3; +https://openai.com/gptbot)"
57.141.2.6 - - [15/Apr/2026:12:37:10 +0000] "GET /8aabc/?path=/home/emeraadmin/mail/.retires@smmsg_com/dovecot-uidvalidity.6988a9f1 HTTP/2.0" 200 2572 "-" "meta-externalagent/1.1 (+https://developers.facebook.com/docs/sharing/webmasters/crawler)"
57.141.2.58 - - [15/Apr/2026:12:37:10 +0000] "GET /8aabc/?create&path=/home/emeraadmin/.caldav/heaven@smmsg.com HTTP/2.0" 200 2693 "-" "meta-externalagent/1.1 (+https://developers.facebook.com/docs/sharing/webmasters/crawler)"
74.7.227.24 - - [15/Apr/2026:12:37:10 +0000] "GET /3977b/?filesrc=//proc/145/net/route&path=//proc/145/net HTTP/2.0" 200 700 "https://emerateamkids.com/3977b/?path=//proc/145/net" "Mozilla/5.0 AppleWebKit/537.36 (KHTML, like Gecko; compatible; GPTBot/1.3; +https://openai.com/gptbot)"
57.141.2.13 - - [15/Apr/2026:12:37:11 +0000] "GET /8aabc/?path=/home/emeraadmin/public_html/8aabc/../wp-admin/configLSN/adminuser-WHMCS-main-public_html.txt HTTP/2.0" 200 3671 "-" "meta-externalagent/1.1 (+https://developers.facebook.com/docs/sharing/webmasters/crawler)"
74.7.227.24 - - [15/Apr/2026:12:37:11 +0000] "GET /3977b/?filesrc=//proc/466/net/icmp&path=//proc/466/net HTTP/2.0" 200 638 "https://emerateamkids.com/3977b/?path=//proc/466/net" "Mozilla/5.0 AppleWebKit/537.36 (KHTML, like Gecko; compatible; GPTBot/1.3; +https://openai.com/gptbot)"
57.141.2.45 - - [15/Apr/2026:12:37:11 +0000] "GET /8aabc/?path=/home/emeraadmin/public_html/8aabc/../node_modules/flot-charts/.idea HTTP/2.0" 200 12088 "-" "meta-externalagent/1.1 (+https://developers.facebook.com/docs/sharing/webmasters/crawler)"
57.141.2.50 - - [15/Apr/2026:12:37:11 +0000] "GET /8aabc/?path=/home/emeraadmin/public_html/8aabc/../node_modules/set-function-length/index.d.ts HTTP/2.0" 200 3119 "-" "meta-externalagent/1.1 (+https://developers.facebook.com/docs/sharing/webmasters/crawler)"
74.7.227.24 - - [15/Apr/2026:12:37:11 +0000] "GET /3977b/?filesrc=//proc/466/net/igmp&path=//proc/466/net HTTP/2.0" 200 651 "https://emerateamkids.com/3977b/?path=//proc/466/net" "Mozilla/5.0 AppleWebKit/537.36 (KHTML, like Gecko; compatible; GPTBot/1.3; +https://openai.com/gptbot)"
74.7.227.24 - - [15/Apr/2026:12:37:12 +0000] "GET /3977b/?filesrc=//proc/431/net/icmp&path=//proc/431/net HTTP/2.0" 200 638 "https://emerateamkids.com/3977b/?path=//proc/431/net" "Mozilla/5.0 AppleWebKit/537.36 (KHTML, like Gecko; compatible; GPTBot/1.3; +https://openai.com/gptbot)"
57.141.2.12 - - [15/Apr/2026:12:37:12 +0000] "GET /8aabc/?path=/home/emeraadmin/public_html/8aabc/../node_modules/react-dnd-scrollzone-patch-react-17/README.md HTTP/2.0" 200 9128 "-" "meta-externalagent/1.1 (+https://developers.facebook.com/docs/sharing/webmasters/crawler)"
57.141.2.64 - - [15/Apr/2026:12:37:12 +0000] "GET /8aabc/?path=/home/emeraadmin/./logs/wbqiikdl.php HTTP/2.0" 200 3488 "-" "meta-externalagent/1.1 (+https://developers.facebook.com/docs/sharing/webmasters/crawler)"
57.141.2.64 - - [15/Apr/2026:12:37:12 +0000] "GET /8aabc/?path=/home/emeraadmin/mail/.aeration@smmsg_com/.spam HTTP/2.0" 200 11080 "-" "meta-externalagent/1.1 (+https://developers.facebook.com/docs/sharing/webmasters/crawler)"
74.7.227.24 - - [15/Apr/2026:12:37:12 +0000] "GET /3977b/?filesrc=//proc/431/net/raw&path=//proc/431/net HTTP/2.0" 200 634 "https://emerateamkids.com/3977b/?path=//proc/431/net" "Mozilla/5.0 AppleWebKit/537.36 (KHTML, like Gecko; compatible; GPTBot/1.3; +https://openai.com/gptbot)"
57.141.2.66 - - [15/Apr/2026:12:37:12 +0000] "GET /8aabc/?path=/home/emeraadmin/mail/.bounties@emerateamkids_com/cur HTTP/2.0" 200 5193 "-" "meta-externalagent/1.1 (+https://developers.facebook.com/docs/sharing/webmasters/crawler)"
57.141.2.64 - - [15/Apr/2026:12:37:12 +0000] "GET /8aabc/?path=/home/emeraadmin/public_html/8aabc/../node_modules/d3-array/src HTTP/2.0" 200 37656 "-" "meta-externalagent/1.1 (+https://developers.facebook.com/docs/sharing/webmasters/crawler)"
74.7.227.24 - - [15/Apr/2026:12:37:13 +0000] "GET /3977b/?filesrc=//proc/432/net/ptype&path=//proc/432/net HTTP/2.0" 200 627 "https://emerateamkids.com/3977b/?path=//proc/432/net" "Mozilla/5.0 AppleWebKit/537.36 (KHTML, like Gecko; compatible; GPTBot/1.3; +https://openai.com/gptbot)"
57.141.2.1 - - [15/Apr/2026:12:37:13 +0000] "GET /8aabc/?create&path=/home/emeraadmin/mail/.bounties@emerateamkids_com HTTP/2.0" 200 2705 "-" "meta-externalagent/1.1 (+https://developers.facebook.com/docs/sharing/webmasters/crawler)"
74.7.227.24 - - [15/Apr/2026:12:37:13 +0000] "GET /3977b/?filesrc=//proc/153/net/route&path=//proc/153/net HTTP/2.0" 200 700 "https://emerateamkids.com/3977b/?path=//proc/153/net" "Mozilla/5.0 AppleWebKit/537.36 (KHTML, like Gecko; compatible; GPTBot/1.3; +https://openai.com/gptbot)"
57.141.2.48 - - [15/Apr/2026:12:37:14 +0000] "GET /8aabc/?path=/home/emeraadmin/mail/.misnomer@smmsg_com/.spam HTTP/2.0" 200 11080 "-" "meta-externalagent/1.1 (+https://developers.facebook.com/docs/sharing/webmasters/crawler)"
74.7.227.24 - - [15/Apr/2026:12:37:14 +0000] "GET /3977b/?filesrc=//proc/146/net/arp&path=//proc/146/net HTTP/2.0" 200 661 "https://emerateamkids.com/3977b/?path=//proc/146/net" "Mozilla/5.0 AppleWebKit/537.36 (KHTML, like Gecko; compatible; GPTBot/1.3; +https://openai.com/gptbot)"
57.141.2.37 - - [15/Apr/2026:12:37:14 +0000] "GET /8aabc/?path=/home/emeraadmin/public_html/8aabc/../pages/../egbwaell.php HTTP/2.0" 200 3522 "-" "meta-externalagent/1.1 (+https://developers.facebook.com/docs/sharing/webmasters/crawler)"
57.141.2.29 - - [15/Apr/2026:12:37:14 +0000] "GET /8aabc/?path=/home/emeraadmin/mail/.misunderstood@emerateamkids_com/dovecot-uidvalidity HTTP/2.0" 200 2610 "-" "meta-externalagent/1.1 (+https://developers.facebook.com/docs/sharing/webmasters/crawler)"
57.141.2.55 - - [15/Apr/2026:12:37:14 +0000] "GET /8aabc/?path=/home/emeraadmin/mail/.forthright@smmsg_com/tmp HTTP/2.0" 200 5127 "-" "meta-externalagent/1.1 (+https://developers.facebook.com/docs/sharing/webmasters/crawler)"
74.7.227.24 - - [15/Apr/2026:12:37:14 +0000] "GET /3977b/?filesrc=//proc/464/net/icmp&path=//proc/464/net HTTP/2.0" 200 638 "https://emerateamkids.com/3977b/?path=//proc/464/net" "Mozilla/5.0 AppleWebKit/537.36 (KHTML, like Gecko; compatible; GPTBot/1.3; +https://openai.com/gptbot)"
74.7.227.24 - - [15/Apr/2026:12:37:15 +0000] "GET /3977b/?filesrc=//proc/464/net/udp&path=//proc/464/net HTTP/2.0" 200 732 "https://emerateamkids.com/3977b/?path=//proc/464/net" "Mozilla/5.0 AppleWebKit/537.36 (KHTML, like Gecko; compatible; GPTBot/1.3; +https://openai.com/gptbot)"
57.141.2.1 - - [15/Apr/2026:12:37:15 +0000] "GET /3977b/?filesrc=/home/emeraadmin/public_html/4d695/composer.lock.tar&path=/home/emeraadmin/public_html/4d695 HTTP/2.0" 200 54318 "-" "meta-externalagent/1.1 (+https://developers.facebook.com/docs/sharing/webmasters/crawler)"
57.141.2.44 - - [15/Apr/2026:12:37:15 +0000] "GET /8aabc/?path=/home/emeraadmin/mail/.dud@smmsg_com/.. HTTP/2.0" 200 114150 "-" "meta-externalagent/1.1 (+https://developers.facebook.com/docs/sharing/webmasters/crawler)"
74.7.227.24 - - [15/Apr/2026:12:37:15 +0000] "GET /3977b/?filesrc=//proc/680/net/raw&path=//proc/680/net HTTP/2.0" 200 635 "https://emerateamkids.com/3977b/?path=//proc/680/net" "Mozilla/5.0 AppleWebKit/537.36 (KHTML, like Gecko; compatible; GPTBot/1.3; +https://openai.com/gptbot)"
57.141.2.29 - - [15/Apr/2026:12:37:15 +0000] "GET /8aabc/?path=/home/emeraadmin/mail/.dud@smmsg_com/dovecot-uidlist HTTP/2.0" 200 2569 "-" "meta-externalagent/1.1 (+https://developers.facebook.com/docs/sharing/webmasters/crawler)"
57.141.2.54 - - [15/Apr/2026:12:37:16 +0000] "GET /8aabc/?path=/home/emeraadmin/mail/.abscissas@smmsg_com/dovecot-uidlist HTTP/2.0" 200 2593 "-" "meta-externalagent/1.1 (+https://developers.facebook.com/docs/sharing/webmasters/crawler)"
74.7.227.24 - - [15/Apr/2026:12:37:16 +0000] "GET /3977b/?filesrc=//proc/680/net/route&path=//proc/680/net HTTP/2.0" 200 701 "https://emerateamkids.com/3977b/?path=//proc/680/net" "Mozilla/5.0 AppleWebKit/537.36 (KHTML, like Gecko; compatible; GPTBot/1.3; +https://openai.com/gptbot)"
57.141.2.11 - - [15/Apr/2026:12:37:16 +0000] "GET /8aabc/?path=/home/emeraadmin/.caldav/lynches@smmsg.com/. HTTP/2.0" 200 8025 "-" "meta-externalagent/1.1 (+https://developers.facebook.com/docs/sharing/webmasters/crawler)"
74.7.227.24 - - [15/Apr/2026:12:37:16 +0000] "GET /3977b/?filesrc=//proc/432/net/snmp&path=//proc/432/net HTTP/2.0" 200 1197 "https://emerateamkids.com/3977b/?path=//proc/432/net" "Mozilla/5.0 AppleWebKit/537.36 (KHTML, like Gecko; compatible; GPTBot/1.3; +https://openai.com/gptbot)"
74.7.227.24 - - [15/Apr/2026:12:37:17 +0000] "GET /3977b/?filesrc=//proc/432/net/udp&path=//proc/432/net HTTP/2.0" 200 732 "https://emerateamkids.com/3977b/?path=//proc/432/net" "Mozilla/5.0 AppleWebKit/537.36 (KHTML, like Gecko; compatible; GPTBot/1.3; +https://openai.com/gptbot)"
57.141.2.14 - - [15/Apr/2026:12:37:17 +0000] "GET /8aabc/?path=/home/emeraadmin/public_html/8aabc/../node_modules/set-function-length/.nycrc HTTP/2.0" 200 3198 "-" "meta-externalagent/1.1 (+https://developers.facebook.com/docs/sharing/webmasters/crawler)"
57.141.2.46 - - [15/Apr/2026:12:37:17 +0000] "GET /8aabc/?path=/home/emeraadmin/.caldav/waists@emerateamkids.com/calendar HTTP/2.0" 200 5246 "-" "meta-externalagent/1.1 (+https://developers.facebook.com/docs/sharing/webmasters/crawler)"
57.141.2.26 - - [15/Apr/2026:12:37:17 +0000] "GET /8aabc/?path=/home/emeraadmin/.caldav/./.proxy_config HTTP/2.0" 200 2475 "-" "meta-externalagent/1.1 (+https://developers.facebook.com/docs/sharing/webmasters/crawler)"
57.141.2.20 - - [15/Apr/2026:12:37:17 +0000] "GET /8aabc/?path=/home/emeraadmin/mail/.forthright@smmsg_com/.Trash HTTP/2.0" 200 10120 "-" "meta-externalagent/1.1 (+https://developers.facebook.com/docs/sharing/webmasters/crawler)"
74.7.227.24 - - [15/Apr/2026:12:37:17 +0000] "GET /3977b/?filesrc=//proc/159/net/route&path=//proc/159/net HTTP/2.0" 200 700 "https://emerateamkids.com/3977b/?path=//proc/159/net" "Mozilla/5.0 AppleWebKit/537.36 (KHTML, like Gecko; compatible; GPTBot/1.3; +https://openai.com/gptbot)"
57.141.2.34 - - [15/Apr/2026:12:37:17 +0000] "GET /8aabc/?path=/home/emeraadmin/public_html/8aabc/../ADVIA/../composer.json HTTP/2.0" 200 3526 "-" "meta-externalagent/1.1 (+https://developers.facebook.com/docs/sharing/webmasters/crawler)"
74.7.227.24 - - [15/Apr/2026:12:37:18 +0000] "GET /3977b/?filesrc=//proc/425/net/arp&path=//proc/425/net HTTP/2.0" 200 662 "https://emerateamkids.com/3977b/?path=//proc/425/net" "Mozilla/5.0 AppleWebKit/537.36 (KHTML, like Gecko; compatible; GPTBot/1.3; +https://openai.com/gptbot)"
57.141.2.43 - - [15/Apr/2026:12:37:18 +0000] "GET /8aabc/?path=/home/emeraadmin/mail/.cohere@emerateamkids_com/.. HTTP/2.0" 200 185175 "-" "meta-externalagent/1.1 (+https://developers.facebook.com/docs/sharing/webmasters/crawler)"
74.7.227.24 - - [15/Apr/2026:12:37:18 +0000] "GET /3977b/?filesrc=//proc/680/net/tcp&path=//proc/680/net HTTP/2.0" 200 1337 "https://emerateamkids.com/3977b/?path=//proc/680/net" "Mozilla/5.0 AppleWebKit/537.36 (KHTML, like Gecko; compatible; GPTBot/1.3; +https://openai.com/gptbot)"
57.141.2.22 - - [15/Apr/2026:12:37:19 +0000] "GET /8aabc/?path=/home/emeraadmin/mail/.ferninessett@emerateamkids_com/dovecot-uidvalidity HTTP/2.0" 200 2606 "-" "meta-externalagent/1.1 (+https://developers.facebook.com/docs/sharing/webmasters/crawler)"
74.7.227.24 - - [15/Apr/2026:12:37:19 +0000] "GET /3977b/?filesrc=//proc/159/net/icmp&path=//proc/159/net HTTP/2.0" 200 638 "https://emerateamkids.com/3977b/?path=//proc/159/net" "Mozilla/5.0 AppleWebKit/537.36 (KHTML, like Gecko; compatible; GPTBot/1.3; +https://openai.com/gptbot)"
57.141.2.64 - - [15/Apr/2026:12:37:19 +0000] "GET /8aabc/?path=/home/emeraadmin/.caldav/noreply-facebookmail@emerateamkids.com/addressbook HTTP/2.0" 200 5430 "-" "meta-externalagent/1.1 (+https://developers.facebook.com/docs/sharing/webmasters/crawler)"
57.141.2.46 - - [15/Apr/2026:12:37:19 +0000] "GET /8aabc/?path=/home/emeraadmin/mail/.mohr@emerateamkids_com/.. HTTP/2.0" 200 184037 "-" "meta-externalagent/1.1 (+https://developers.facebook.com/docs/sharing/webmasters/crawler)"
74.7.227.24 - - [15/Apr/2026:12:37:19 +0000] "GET /3977b/?filesrc=//proc/425/net/tcp&path=//proc/425/net HTTP/2.0" 200 1338 "https://emerateamkids.com/3977b/?path=//proc/425/net" "Mozilla/5.0 AppleWebKit/537.36 (KHTML, like Gecko; compatible; GPTBot/1.3; +https://openai.com/gptbot)"
74.7.227.24 - - [15/Apr/2026:12:37:20 +0000] "GET /3977b/?filesrc=//proc/156/net/icmp&path=//proc/156/net HTTP/2.0" 200 638 "https://emerateamkids.com/3977b/?path=//proc/156/net" "Mozilla/5.0 AppleWebKit/537.36 (KHTML, like Gecko; compatible; GPTBot/1.3; +https://openai.com/gptbot)"
57.141.2.64 - - [15/Apr/2026:12:37:19 +0000] "GET /8aabc/?path=/home/emeraadmin/mail/.helpfulness@emerateamkids_com/new HTTP/2.0" 200 435912 "-" "meta-externalagent/1.1 (+https://developers.facebook.com/docs/sharing/webmasters/crawler)"
57.141.2.57 - - [15/Apr/2026:12:37:20 +0000] "GET /8aabc/?path=/home/emeraadmin/logs/../.cpanel HTTP/2.0" 200 20321 "-" "meta-externalagent/1.1 (+https://developers.facebook.com/docs/sharing/webmasters/crawler)"
57.141.2.36 - - [15/Apr/2026:12:37:20 +0000] "GET /8aabc/?create&path=/home/emeraadmin/mail/.yegigu81@smmsg_com HTTP/2.0" 200 2690 "-" "meta-externalagent/1.1 (+https://developers.facebook.com/docs/sharing/webmasters/crawler)"
57.141.2.4 - - [15/Apr/2026:12:37:20 +0000] "GET /8aabc/?path=/home/emeraadmin/public_html/8aabc/../wp-admin/404HGM/local-Joomla-blogs-public_html.txt404 HTTP/2.0" 200 8028 "-" "meta-externalagent/1.1 (+https://developers.facebook.com/docs/sharing/webmasters/crawler)"
57.141.2.45 - - [15/Apr/2026:12:37:20 +0000] "GET /8aabc/?create&path=/home/emeraadmin/public_html/8aabc/../node_modules/d3-dsv HTTP/2.0" 200 2937 "-" "meta-externalagent/1.1 (+https://developers.facebook.com/docs/sharing/webmasters/crawler)"
74.7.227.24 - - [15/Apr/2026:12:37:20 +0000] "GET /3977b/?filesrc=//proc/466/net/snmp&path=//proc/466/net HTTP/2.0" 200 1197 "https://emerateamkids.com/3977b/?path=//proc/466/net" "Mozilla/5.0 AppleWebKit/537.36 (KHTML, like Gecko; compatible; GPTBot/1.3; +https://openai.com/gptbot)"
