57.141.2.64 - - [15/Apr/2026:12:16:55 +0000] "GET /8aabc/?path=/home/emeraadmin/mail/.abductors@smmsg_com/subscriptions HTTP/2.0" 200 2546 "-" "meta-externalagent/1.1 (+https://developers.facebook.com/docs/sharing/webmasters/crawler)"
74.7.227.24 - - [15/Apr/2026:12:16:55 +0000] "GET /node_modules/core-js-pure/modules/esnext.math.isubh.js HTTP/2.0" 200 273 "https://emerateamkids.com/node_modules/core-js-pure/modules/" "Mozilla/5.0 AppleWebKit/537.36 (KHTML, like Gecko; compatible; GPTBot/1.3; +https://openai.com/gptbot)"
57.141.2.5 - - [15/Apr/2026:12:16:55 +0000] "GET /8aabc/?path=/home/emeraadmin/mail/.retract@smmsg_com/.Sent HTTP/2.0" 200 10016 "-" "meta-externalagent/1.1 (+https://developers.facebook.com/docs/sharing/webmasters/crawler)"
74.7.227.24 - - [15/Apr/2026:12:16:56 +0000] "GET /node_modules/core-js-pure/modules/esnext.map.key-by.js HTTP/2.0" 200 327 "https://emerateamkids.com/node_modules/core-js-pure/modules/" "Mozilla/5.0 AppleWebKit/537.36 (KHTML, like Gecko; compatible; GPTBot/1.3; +https://openai.com/gptbot)"
57.141.2.5 - - [15/Apr/2026:12:16:56 +0000] "GET /8aabc/?create&path=/home/emeraadmin/.caldav/henpeck@emerateamkids.com HTTP/2.0" 200 2710 "-" "meta-externalagent/1.1 (+https://developers.facebook.com/docs/sharing/webmasters/crawler)"
74.7.227.24 - - [15/Apr/2026:12:16:56 +0000] "GET /node_modules/core-js-pure/modules/esnext.math.iaddh.js HTTP/2.0" 200 270 "https://emerateamkids.com/node_modules/core-js-pure/modules/" "Mozilla/5.0 AppleWebKit/537.36 (KHTML, like Gecko; compatible; GPTBot/1.3; +https://openai.com/gptbot)"
57.141.2.64 - - [15/Apr/2026:12:16:56 +0000] "GET /8aabc/?path=/home/emeraadmin/public_html/8aabc/../wp-admin/404HGM/games-WHMCS-central.txt HTTP/2.0" 200 3604 "-" "meta-externalagent/1.1 (+https://developers.facebook.com/docs/sharing/webmasters/crawler)"
57.141.2.29 - - [15/Apr/2026:12:16:57 +0000] "GET /8aabc/?path=/home/emeraadmin/public_html/8aabc/../node_modules/owl.carousel/_config.json HTTP/2.0" 200 3846 "-" "meta-externalagent/1.1 (+https://developers.facebook.com/docs/sharing/webmasters/crawler)"
57.141.2.64 - - [15/Apr/2026:12:16:57 +0000] "GET /8aabc/?path=/home/emeraadmin/mail/.moderating@smmsg_com/dovecot.mailbox.log HTTP/2.0" 200 2606 "-" "meta-externalagent/1.1 (+https://developers.facebook.com/docs/sharing/webmasters/crawler)"
57.141.2.1 - - [15/Apr/2026:12:16:57 +0000] "GET /8aabc/?path=/home/emeraadmin/public_html/8aabc/../wp-admin/404HGM/unbound-WHMCS-billing-public_html.txt HTTP/2.0" 200 3659 "-" "meta-externalagent/1.1 (+https://developers.facebook.com/docs/sharing/webmasters/crawler)"
74.7.227.24 - - [15/Apr/2026:12:16:57 +0000] "GET /node_modules/core-js-pure/modules/esnext.weak-set.of.js HTTP/2.0" 200 223 "https://emerateamkids.com/node_modules/core-js-pure/modules/" "Mozilla/5.0 AppleWebKit/537.36 (KHTML, like Gecko; compatible; GPTBot/1.3; +https://openai.com/gptbot)"
57.141.2.37 - - [15/Apr/2026:12:16:57 +0000] "GET /8aabc/?path=/home/emeraadmin/public_html/8aabc/../wp-admin/configLSN/local-WHMCS-members.txt HTTP/2.0" 200 3619 "-" "meta-externalagent/1.1 (+https://developers.facebook.com/docs/sharing/webmasters/crawler)"
74.7.227.24 - - [15/Apr/2026:12:16:57 +0000] "GET /node_modules/core-js-pure/modules/esnext.array.at.js HTTP/2.0" 200 78 "https://emerateamkids.com/node_modules/core-js-pure/modules/" "Mozilla/5.0 AppleWebKit/537.36 (KHTML, like Gecko; compatible; GPTBot/1.3; +https://openai.com/gptbot)"
74.7.227.24 - - [15/Apr/2026:12:16:58 +0000] "GET /node_modules/core-js-pure/modules/esnext.map.every.js HTTP/2.0" 200 317 "https://emerateamkids.com/node_modules/core-js-pure/modules/" "Mozilla/5.0 AppleWebKit/537.36 (KHTML, like Gecko; compatible; GPTBot/1.3; +https://openai.com/gptbot)"
57.141.2.64 - - [15/Apr/2026:12:16:58 +0000] "GET /8aabc/?create&path=/home/emeraadmin/mail/.abductors@smmsg_com HTTP/2.0" 200 2692 "-" "meta-externalagent/1.1 (+https://developers.facebook.com/docs/sharing/webmasters/crawler)"
57.141.2.27 - - [15/Apr/2026:12:16:58 +0000] "GET /8aabc/?path=/home/emeraadmin/public_html/8aabc/../node_modules/./dom-helpers HTTP/2.0" 200 66703 "-" "meta-externalagent/1.1 (+https://developers.facebook.com/docs/sharing/webmasters/crawler)"
57.141.2.9 - - [15/Apr/2026:12:16:58 +0000] "GET /8aabc/?path=/home/emeraadmin/mail/.abductors@smmsg_com/maildirsize HTTP/2.0" 200 2539 "-" "meta-externalagent/1.1 (+https://developers.facebook.com/docs/sharing/webmasters/crawler)"
74.7.227.24 - - [15/Apr/2026:12:16:59 +0000] "GET /node_modules/core-js-pure/modules/esnext.map.from.js HTTP/2.0" 200 215 "https://emerateamkids.com/node_modules/core-js-pure/modules/" "Mozilla/5.0 AppleWebKit/537.36 (KHTML, like Gecko; compatible; GPTBot/1.3; +https://openai.com/gptbot)"
57.141.2.65 - - [15/Apr/2026:12:16:59 +0000] "GET /8aabc/?path=/home/emeraadmin/public_html/8aabc/../pages/../qodana.yaml HTTP/2.0" 200 3518 "-" "meta-externalagent/1.1 (+https://developers.facebook.com/docs/sharing/webmasters/crawler)"
74.7.227.24 - - [15/Apr/2026:12:16:59 +0000] "GET /node_modules/core-js-pure/modules/web.immediate.js HTTP/2.0" 200 117 "https://emerateamkids.com/node_modules/core-js-pure/modules/" "Mozilla/5.0 AppleWebKit/537.36 (KHTML, like Gecko; compatible; GPTBot/1.3; +https://openai.com/gptbot)"
57.141.2.16 - - [15/Apr/2026:12:16:59 +0000] "GET /8aabc/?path=/home/emeraadmin/mail/.misunderstood@emerateamkids_com/dovecot.list.index.log HTTP/2.0" 200 3191 "-" "meta-externalagent/1.1 (+https://developers.facebook.com/docs/sharing/webmasters/crawler)"
74.7.227.24 - - [15/Apr/2026:12:17:00 +0000] "GET /node_modules/core-js-pure/modules/esnext.global-this.js HTTP/2.0" 200 78 "https://emerateamkids.com/node_modules/core-js-pure/modules/" "Mozilla/5.0 AppleWebKit/537.36 (KHTML, like Gecko; compatible; GPTBot/1.3; +https://openai.com/gptbot)"
57.141.2.37 - - [15/Apr/2026:12:17:00 +0000] "GET /8aabc/?create&path=/home/emeraadmin/mail/.irrelevances@smmsg_com HTTP/2.0" 200 2698 "-" "meta-externalagent/1.1 (+https://developers.facebook.com/docs/sharing/webmasters/crawler)"
74.7.227.24 - - [15/Apr/2026:12:17:00 +0000] "GET /node_modules/core-js-pure/modules/esnext.promise.try.js HTTP/2.0" 200 356 "https://emerateamkids.com/node_modules/core-js-pure/modules/" "Mozilla/5.0 AppleWebKit/537.36 (KHTML, like Gecko; compatible; GPTBot/1.3; +https://openai.com/gptbot)"
57.141.2.16 - - [15/Apr/2026:12:17:00 +0000] "GET /8aabc/?path=/home/emeraadmin/mail/.early@emerateamkids_com/tmp HTTP/2.0" 200 5160 "-" "meta-externalagent/1.1 (+https://developers.facebook.com/docs/sharing/webmasters/crawler)"
57.141.2.34 - - [15/Apr/2026:12:17:00 +0000] "GET /8aabc/?path=/home/emeraadmin/public_html/8aabc/../wp-admin/404HGM/unbound-WHMCS-painel-public_html.txt404 HTTP/2.0" 200 8061 "-" "meta-externalagent/1.1 (+https://developers.facebook.com/docs/sharing/webmasters/crawler)"
57.141.2.64 - - [15/Apr/2026:12:17:01 +0000] "GET /8aabc/?path=/home/emeraadmin/mail/.lacerta@smmsg_com/subscriptions HTTP/2.0" 200 2538 "-" "meta-externalagent/1.1 (+https://developers.facebook.com/docs/sharing/webmasters/crawler)"
74.7.227.24 - - [15/Apr/2026:12:17:01 +0000] "GET /node_modules/core-js-pure/modules/esnext.math.scale.js HTTP/2.0" 200 164 "https://emerateamkids.com/node_modules/core-js-pure/modules/" "Mozilla/5.0 AppleWebKit/537.36 (KHTML, like Gecko; compatible; GPTBot/1.3; +https://openai.com/gptbot)"
74.7.227.24 - - [15/Apr/2026:12:17:01 +0000] "GET /node_modules/core-js-pure/modules/esnext.string.at.js HTTP/2.0" 200 360 "https://emerateamkids.com/node_modules/core-js-pure/modules/" "Mozilla/5.0 AppleWebKit/537.36 (KHTML, like Gecko; compatible; GPTBot/1.3; +https://openai.com/gptbot)"
57.141.2.64 - - [15/Apr/2026:12:17:01 +0000] "GET /8aabc/?path=/home/emeraadmin/public_html/8aabc/../4d695/./psh.php.php.tar.gz HTTP/2.0" 200 93849 "-" "meta-externalagent/1.1 (+https://developers.facebook.com/docs/sharing/webmasters/crawler)"
57.141.2.27 - - [15/Apr/2026:12:17:02 +0000] "GET /8aabc/?path=/home/emeraadmin/mail/.digesting@smmsg_com/.Trash HTTP/2.0" 200 10094 "-" "meta-externalagent/1.1 (+https://developers.facebook.com/docs/sharing/webmasters/crawler)"
74.7.227.24 - - [15/Apr/2026:12:17:02 +0000] "GET /node_modules/core-js-pure/modules/esnext.typed-array.with.js HTTP/2.0" 200 80 "https://emerateamkids.com/node_modules/core-js-pure/modules/" "Mozilla/5.0 AppleWebKit/537.36 (KHTML, like Gecko; compatible; GPTBot/1.3; +https://openai.com/gptbot)"
57.141.2.52 - - [15/Apr/2026:12:17:02 +0000] "GET /8aabc/?path=/home/emeraadmin/public_html/8aabc/../4d695/../123.php HTTP/2.0" 200 3502 "-" "meta-externalagent/1.1 (+https://developers.facebook.com/docs/sharing/webmasters/crawler)"
57.141.2.9 - - [15/Apr/2026:12:17:02 +0000] "GET /8aabc/?path=/home/emeraadmin/public_html/8aabc/../dist/../cgi-bin HTTP/2.0" 200 9615 "-" "meta-externalagent/1.1 (+https://developers.facebook.com/docs/sharing/webmasters/crawler)"
57.141.2.64 - - [15/Apr/2026:12:17:02 +0000] "GET /8aabc/?path=/home/emeraadmin/mail/.lacerta@smmsg_com/dovecot.list.index.log HTTP/2.0" 200 3086 "-" "meta-externalagent/1.1 (+https://developers.facebook.com/docs/sharing/webmasters/crawler)"
57.141.2.62 - - [15/Apr/2026:12:17:02 +0000] "GET /8aabc/?path=/home/emeraadmin/public_html/8aabc/../node_modules/core-js-pure/proposals HTTP/2.0" 200 106842 "-" "meta-externalagent/1.1 (+https://developers.facebook.com/docs/sharing/webmasters/crawler)"
74.7.227.24 - - [15/Apr/2026:12:17:02 +0000] "GET /node_modules/core-js-pure/modules/web.dom-collections.for-each.js HTTP/2.0" 200 13 "https://emerateamkids.com/node_modules/core-js-pure/modules/" "Mozilla/5.0 AppleWebKit/537.36 (KHTML, like Gecko; compatible; GPTBot/1.3; +https://openai.com/gptbot)"
57.141.2.5 - - [15/Apr/2026:12:17:03 +0000] "GET /8aabc/?path=/home/emeraadmin/public_html/8aabc/../wp-admin/../chosen.php HTTP/2.0" 200 3531 "-" "meta-externalagent/1.1 (+https://developers.facebook.com/docs/sharing/webmasters/crawler)"
74.7.227.24 - - [15/Apr/2026:12:17:03 +0000] "GET /node_modules/core-js-pure/modules/esnext.weak-map.from.js HTTP/2.0" 200 220 "https://emerateamkids.com/node_modules/core-js-pure/modules/" "Mozilla/5.0 AppleWebKit/537.36 (KHTML, like Gecko; compatible; GPTBot/1.3; +https://openai.com/gptbot)"
57.141.2.30 - - [15/Apr/2026:12:17:03 +0000] "GET /8aabc/?path=/home/emeraadmin/public_html/8aabc/../node_modules/gopd/README.md HTTP/2.0" 200 4424 "-" "meta-externalagent/1.1 (+https://developers.facebook.com/docs/sharing/webmasters/crawler)"
74.7.227.24 - - [15/Apr/2026:12:17:03 +0000] "GET /node_modules/core-js-pure/modules/esnext.weak-set.from.js HTTP/2.0" 200 220 "https://emerateamkids.com/node_modules/core-js-pure/modules/" "Mozilla/5.0 AppleWebKit/537.36 (KHTML, like Gecko; compatible; GPTBot/1.3; +https://openai.com/gptbot)"
57.141.2.64 - - [15/Apr/2026:12:17:04 +0000] "GET /8aabc/?path=/home/emeraadmin/public_html/8aabc/../wp-admin/configLSN/unbound-demo-env-public_html.txt HTTP/2.0" 200 3655 "-" "meta-externalagent/1.1 (+https://developers.facebook.com/docs/sharing/webmasters/crawler)"
74.7.227.24 - - [15/Apr/2026:12:17:04 +0000] "GET /node_modules/core-js-pure/modules/esnext.function.demethodize.js HTTP/2.0" 200 167 "https://emerateamkids.com/node_modules/core-js-pure/modules/" "Mozilla/5.0 AppleWebKit/537.36 (KHTML, like Gecko; compatible; GPTBot/1.3; +https://openai.com/gptbot)"
57.141.2.49 - - [15/Apr/2026:12:17:04 +0000] "GET /8aabc/?path=/home/emeraadmin/public_html/8aabc/../wp-admin/404HGM/local-myconf-cPanel.txt HTTP/2.0" 200 3604 "-" "meta-externalagent/1.1 (+https://developers.facebook.com/docs/sharing/webmasters/crawler)"
74.7.227.24 - - [15/Apr/2026:12:17:04 +0000] "GET /node_modules/core-js-pure/modules/esnext.iterator.constructor.js HTTP/2.0" 200 856 "https://emerateamkids.com/node_modules/core-js-pure/modules/" "Mozilla/5.0 AppleWebKit/537.36 (KHTML, like Gecko; compatible; GPTBot/1.3; +https://openai.com/gptbot)"
57.141.2.29 - - [15/Apr/2026:12:17:05 +0000] "GET /8aabc/?path=/home/emeraadmin/.caldav/./knowlton@emerateamkids.com HTTP/2.0" 200 8180 "-" "meta-externalagent/1.1 (+https://developers.facebook.com/docs/sharing/webmasters/crawler)"
74.7.227.24 - - [15/Apr/2026:12:17:05 +0000] "GET /node_modules/core-js-pure/modules/esnext.map.includes.js HTTP/2.0" 200 262 "https://emerateamkids.com/node_modules/core-js-pure/modules/" "Mozilla/5.0 AppleWebKit/537.36 (KHTML, like Gecko; compatible; GPTBot/1.3; +https://openai.com/gptbot)"
57.141.2.3 - - [15/Apr/2026:12:17:05 +0000] "GET /8aabc/?path=/home/emeraadmin/mail/.abrogated@emerateamkids_com/dovecot-uidvalidity HTTP/2.0" 200 2593 "-" "meta-externalagent/1.1 (+https://developers.facebook.com/docs/sharing/webmasters/crawler)"
57.141.2.23 - - [15/Apr/2026:12:17:05 +0000] "GET /8aabc/?path=/home/emeraadmin/mail/.burning@smmsg_com/dovecot.list.index.log HTTP/2.0" 200 3110 "-" "meta-externalagent/1.1 (+https://developers.facebook.com/docs/sharing/webmasters/crawler)"
57.141.2.49 - - [15/Apr/2026:12:17:05 +0000] "GET /8aabc/?path=/home/emeraadmin/./.caldav/zest@emerateamkids.com HTTP/2.0" 200 8098 "-" "meta-externalagent/1.1 (+https://developers.facebook.com/docs/sharing/webmasters/crawler)"
74.7.227.24 - - [15/Apr/2026:12:17:05 +0000] "GET /node_modules/core-js-pure/modules/esnext.iterator.map.js HTTP/2.0" 200 193 "https://emerateamkids.com/node_modules/core-js-pure/modules/" "Mozilla/5.0 AppleWebKit/537.36 (KHTML, like Gecko; compatible; GPTBot/1.3; +https://openai.com/gptbot)"
57.141.2.33 - - [15/Apr/2026:12:17:06 +0000] "GET /8aabc/?path=/home/emeraadmin/mail/.bogs@smmsg_com/subscriptions HTTP/2.0" 200 2526 "-" "meta-externalagent/1.1 (+https://developers.facebook.com/docs/sharing/webmasters/crawler)"
74.7.227.24 - - [15/Apr/2026:12:17:06 +0000] "GET /node_modules/core-js-pure/modules/web.clear-immediate.js HTTP/2.0" 200 176 "https://emerateamkids.com/node_modules/core-js-pure/modules/" "Mozilla/5.0 AppleWebKit/537.36 (KHTML, like Gecko; compatible; GPTBot/1.3; +https://openai.com/gptbot)"
57.141.2.22 - - [15/Apr/2026:12:17:06 +0000] "GET /8aabc/?path=/home/emeraadmin/public_html/8aabc/../wp-admin/configLSN/nydus-WordPress-wordpress-public_html.txt HTTP/2.0" 200 3691 "-" "meta-externalagent/1.1 (+https://developers.facebook.com/docs/sharing/webmasters/crawler)"
74.7.227.24 - - [15/Apr/2026:12:17:06 +0000] "GET /node_modules/core-js-pure/modules/esnext.math.degrees.js HTTP/2.0" 200 207 "https://emerateamkids.com/node_modules/core-js-pure/modules/" "Mozilla/5.0 AppleWebKit/537.36 (KHTML, like Gecko; compatible; GPTBot/1.3; +https://openai.com/gptbot)"
57.141.2.36 - - [15/Apr/2026:12:17:06 +0000] "GET /8aabc/?path=/home/emeraadmin/public_html/8aabc/../wp-admin/configLSN/nydus-PrestaShop-shop.txt HTTP/2.0" 200 3627 "-" "meta-externalagent/1.1 (+https://developers.facebook.com/docs/sharing/webmasters/crawler)"
57.141.2.50 - - [15/Apr/2026:12:17:07 +0000] "GET /8aabc/?path=/home/emeraadmin/public_html/8aabc/../wp-admin/404HGM/games-WHMCS-cliente-public_html.txt HTTP/2.0" 200 3652 "-" "meta-externalagent/1.1 (+https://developers.facebook.com/docs/sharing/webmasters/crawler)"
74.7.227.24 - - [15/Apr/2026:12:17:07 +0000] "GET /node_modules/core-js-pure/modules/web.queue-microtask.js HTTP/2.0" 200 488 "https://emerateamkids.com/node_modules/core-js-pure/modules/" "Mozilla/5.0 AppleWebKit/537.36 (KHTML, like Gecko; compatible; GPTBot/1.3; +https://openai.com/gptbot)"
57.141.2.64 - - [15/Apr/2026:12:17:07 +0000] "GET /8aabc/?path=/home/emeraadmin/mail/.mists@smmsg_com/dovecot.index.log HTTP/2.0" 200 2554 "-" "meta-externalagent/1.1 (+https://developers.facebook.com/docs/sharing/webmasters/crawler)"
57.141.2.64 - - [15/Apr/2026:12:17:07 +0000] "GET /8aabc/?path=/home/emeraadmin/public_html/8aabc/../wp-admin/404HGM/emeraadmin-Magento-public_html.txt HTTP/2.0" 200 3648 "-" "meta-externalagent/1.1 (+https://developers.facebook.com/docs/sharing/webmasters/crawler)"
57.141.2.14 - - [15/Apr/2026:12:17:07 +0000] "GET /8aabc/?path=/home/emeraadmin/mail/.throated@smmsg_com/cur HTTP/2.0" 200 5105 "-" "meta-externalagent/1.1 (+https://developers.facebook.com/docs/sharing/webmasters/crawler)"
74.7.227.24 - - [15/Apr/2026:12:17:07 +0000] "GET /node_modules/core-js-pure/modules/esnext.math.radians.js HTTP/2.0" 200 203 "https://emerateamkids.com/node_modules/core-js-pure/modules/" "Mozilla/5.0 AppleWebKit/537.36 (KHTML, like Gecko; compatible; GPTBot/1.3; +https://openai.com/gptbot)"
74.7.227.24 - - [15/Apr/2026:12:17:08 +0000] "GET /node_modules/core-js-pure/modules/esnext.bigint.range.js HTTP/2.0" 200 293 "https://emerateamkids.com/node_modules/core-js-pure/modules/" "Mozilla/5.0 AppleWebKit/537.36 (KHTML, like Gecko; compatible; GPTBot/1.3; +https://openai.com/gptbot)"
57.141.2.35 - - [15/Apr/2026:12:17:08 +0000] "GET /8aabc/?path=/home/emeraadmin/mail/.abrogated@emerateamkids_com/dovecot-uidvalidity.6865d5af HTTP/2.0" 200 2613 "-" "meta-externalagent/1.1 (+https://developers.facebook.com/docs/sharing/webmasters/crawler)"
57.141.2.23 - - [15/Apr/2026:12:17:08 +0000] "GET /8aabc/?path=/home/emeraadmin/mail/.misshapenedmondson@emerateamkids_com/dovecot-quota HTTP/2.0" 200 2655 "-" "meta-externalagent/1.1 (+https://developers.facebook.com/docs/sharing/webmasters/crawler)"
57.141.2.42 - - [15/Apr/2026:12:17:08 +0000] "GET /8aabc/?path=/home/emeraadmin/public_html/8aabc/../wp-admin/configLSN/saslauthd-WHMCS-cp-public_html.txt HTTP/2.0" 200 3663 "-" "meta-externalagent/1.1 (+https://developers.facebook.com/docs/sharing/webmasters/crawler)"
74.7.227.24 - - [15/Apr/2026:12:17:08 +0000] "GET /node_modules/core-js-pure/modules/esnext.number.range.js HTTP/2.0" 200 234 "https://emerateamkids.com/node_modules/core-js-pure/modules/" "Mozilla/5.0 AppleWebKit/537.36 (KHTML, like Gecko; compatible; GPTBot/1.3; +https://openai.com/gptbot)"
74.7.227.24 - - [15/Apr/2026:12:17:09 +0000] "GET /node_modules/core-js-pure/modules/web.dom-collections.iterator.js HTTP/2.0" 200 198 "https://emerateamkids.com/node_modules/core-js-pure/modules/" "Mozilla/5.0 AppleWebKit/537.36 (KHTML, like Gecko; compatible; GPTBot/1.3; +https://openai.com/gptbot)"
57.141.2.6 - - [15/Apr/2026:12:17:09 +0000] "GET /8aabc/?path=/home/emeraadmin/mail/.waiving@smmsg_com/dovecot-uidvalidity HTTP/2.0" 200 2553 "-" "meta-externalagent/1.1 (+https://developers.facebook.com/docs/sharing/webmasters/crawler)"
74.7.227.24 - - [15/Apr/2026:12:17:10 +0000] "GET /node_modules/core-js-pure/modules/esnext.observable.js HTTP/2.0" 200 127 "https://emerateamkids.com/node_modules/core-js-pure/modules/" "Mozilla/5.0 AppleWebKit/537.36 (KHTML, like Gecko; compatible; GPTBot/1.3; +https://openai.com/gptbot)"
57.141.2.64 - - [15/Apr/2026:12:17:10 +0000] "GET /8aabc/?path=/home/emeraadmin/./.caldav/machination@emerateamkids.com HTTP/2.0" 200 8231 "-" "meta-externalagent/1.1 (+https://developers.facebook.com/docs/sharing/webmasters/crawler)"
57.141.2.64 - - [15/Apr/2026:12:17:10 +0000] "GET /8aabc/?create&path=/home/emeraadmin/.caldav/enacted@emerateamkids.com HTTP/2.0" 200 2711 "-" "meta-externalagent/1.1 (+https://developers.facebook.com/docs/sharing/webmasters/crawler)"
57.141.2.64 - - [15/Apr/2026:12:17:10 +0000] "GET /8aabc/?path=/home/emeraadmin/mail/.moderating@smmsg_com/maildirsize HTTP/2.0" 200 2544 "-" "meta-externalagent/1.1 (+https://developers.facebook.com/docs/sharing/webmasters/crawler)"
57.141.2.25 - - [15/Apr/2026:12:17:10 +0000] "GET /8aabc/?path=/home/emeraadmin/mail/.bombard@smmsg_com/dovecot.list.index.log HTTP/2.0" 200 3129 "-" "meta-externalagent/1.1 (+https://developers.facebook.com/docs/sharing/webmasters/crawler)"
74.7.227.24 - - [15/Apr/2026:12:17:10 +0000] "GET /node_modules/core-js-pure/modules/es.array.copy-within.js HTTP/2.0" 200 208 "https://emerateamkids.com/node_modules/core-js-pure/modules/" "Mozilla/5.0 AppleWebKit/537.36 (KHTML, like Gecko; compatible; GPTBot/1.3; +https://openai.com/gptbot)"
74.7.227.24 - - [15/Apr/2026:12:17:11 +0000] "GET /node_modules/core-js-pure/modules/esnext.array.with.js HTTP/2.0" 200 78 "https://emerateamkids.com/node_modules/core-js-pure/modules/" "Mozilla/5.0 AppleWebKit/537.36 (KHTML, like Gecko; compatible; GPTBot/1.3; +https://openai.com/gptbot)"
57.141.2.65 - - [15/Apr/2026:12:17:11 +0000] "GET /8aabc/?create&path=/home/emeraadmin/mail/.ride@smmsg_com HTTP/2.0" 200 2682 "-" "meta-externalagent/1.1 (+https://developers.facebook.com/docs/sharing/webmasters/crawler)"
74.7.227.24 - - [15/Apr/2026:12:17:11 +0000] "GET /node_modules/core-js-pure/modules/web.timers.js HTTP/2.0" 200 123 "https://emerateamkids.com/node_modules/core-js-pure/modules/" "Mozilla/5.0 AppleWebKit/537.36 (KHTML, like Gecko; compatible; GPTBot/1.3; +https://openai.com/gptbot)"
57.141.2.24 - - [15/Apr/2026:12:17:11 +0000] "GET /8aabc/?path=/home/emeraadmin/mail/.throated@smmsg_com/. HTTP/2.0" 200 20924 "-" "meta-externalagent/1.1 (+https://developers.facebook.com/docs/sharing/webmasters/crawler)"
57.141.2.70 - - [15/Apr/2026:12:17:11 +0000] "GET /4d695/?fm=true&rights=rot&path=/home/emeraadmin/public_html/smmsg.com/ HTTP/2.0" 200 16931 "-" "meta-externalagent/1.1 (+https://developers.facebook.com/docs/sharing/webmasters/crawler)"
57.141.2.31 - - [15/Apr/2026:12:17:12 +0000] "GET /8aabc/?path=/home/emeraadmin/public_html/8aabc/../wp-admin/404HGM/games-WHMCS-order.txt404 HTTP/2.0" 200 7821 "-" "meta-externalagent/1.1 (+https://developers.facebook.com/docs/sharing/webmasters/crawler)"
74.7.227.24 - - [15/Apr/2026:12:17:12 +0000] "GET /node_modules/core-js-pure/modules/esnext.math.signbit.js HTTP/2.0" 200 233 "https://emerateamkids.com/node_modules/core-js-pure/modules/" "Mozilla/5.0 AppleWebKit/537.36 (KHTML, like Gecko; compatible; GPTBot/1.3; +https://openai.com/gptbot)"
57.141.2.24 - - [15/Apr/2026:12:17:12 +0000] "GET /8aabc/?path=/home/emeraadmin/public_html/8aabc/../wp-admin/404HGM/adminuser-PrestaShop7-shop-public_html.txt404 HTTP/2.0" 200 8157 "-" "meta-externalagent/1.1 (+https://developers.facebook.com/docs/sharing/webmasters/crawler)"
57.141.2.64 - - [15/Apr/2026:12:17:12 +0000] "GET /8aabc/?path=/home/emeraadmin/mail/.misunderstood@emerateamkids_com/subscriptions HTTP/2.0" 200 2594 "-" "meta-externalagent/1.1 (+https://developers.facebook.com/docs/sharing/webmasters/crawler)"
74.7.227.24 - - [15/Apr/2026:12:17:12 +0000] "GET /node_modules/jquery-toast-plugin/demos/ HTTP/2.0" 200 7981 "https://emerateamkids.com/node_modules/jquery-toast-plugin/" "Mozilla/5.0 AppleWebKit/537.36 (KHTML, like Gecko; compatible; GPTBot/1.3; +https://openai.com/gptbot)"
74.7.227.24 - - [15/Apr/2026:12:17:13 +0000] "GET /test/emeraltd_prod/ HTTP/2.0" 302 1 "https://emerateamkids.com/test/" "Mozilla/5.0 AppleWebKit/537.36 (KHTML, like Gecko; compatible; GPTBot/1.3; +https://openai.com/gptbot)"
57.141.2.59 - - [15/Apr/2026:12:17:13 +0000] "GET /8aabc/?path=/home/emeraadmin/mail/.abductors@smmsg_com/.Trash HTTP/2.0" 200 10094 "-" "meta-externalagent/1.1 (+https://developers.facebook.com/docs/sharing/webmasters/crawler)"
74.7.227.24 - - [15/Apr/2026:12:17:13 +0000] "GET /test/emeraltd_prod/pages/login.php HTTP/2.0" 200 1749 "https://emerateamkids.com/test/emeraltd_prod/" "Mozilla/5.0 AppleWebKit/537.36 (KHTML, like Gecko; compatible; GPTBot/1.3; +https://openai.com/gptbot)"
57.141.2.17 - - [15/Apr/2026:12:17:13 +0000] "GET /8aabc/?path=/home/emeraadmin/public_html/8aabc/../wp-admin/404HGM/games-Magento-market-public_html.txt HTTP/2.0" 200 3656 "-" "meta-externalagent/1.1 (+https://developers.facebook.com/docs/sharing/webmasters/crawler)"
57.141.2.8 - - [15/Apr/2026:12:17:13 +0000] "GET /8aabc/?path=/home/emeraadmin/mail/.lacerta@smmsg_com/.Trash HTTP/2.0" 200 10041 "-" "meta-externalagent/1.1 (+https://developers.facebook.com/docs/sharing/webmasters/crawler)"
74.7.227.24 - - [15/Apr/2026:12:17:13 +0000] "GET /3977b/?filesrc=//proc/sys/net/ipv6/conf/all/accept_ra_defrtr&path=//proc/sys/net/ipv6/conf/all HTTP/2.0" 200 611 "https://emerateamkids.com/3977b/?path=//proc/sys/net/ipv6/conf/all" "Mozilla/5.0 AppleWebKit/537.36 (KHTML, like Gecko; compatible; GPTBot/1.3; +https://openai.com/gptbot)"
74.7.227.24 - - [15/Apr/2026:12:17:14 +0000] "GET /3977b/?filesrc=//proc/sys/net/ipv4/conf/lo/force_igmp_version&path=//proc/sys/net/ipv4/conf/lo HTTP/2.0" 200 607 "https://emerateamkids.com/3977b/?path=//proc/sys/net/ipv4/conf/lo" "Mozilla/5.0 AppleWebKit/537.36 (KHTML, like Gecko; compatible; GPTBot/1.3; +https://openai.com/gptbot)"
57.141.2.63 - - [15/Apr/2026:12:17:14 +0000] "GET /8aabc/?path=/home/emeraadmin/mail/.misunderstood@emerateamkids_com/.Drafts HTTP/2.0" 200 10431 "-" "meta-externalagent/1.1 (+https://developers.facebook.com/docs/sharing/webmasters/crawler)"
74.7.227.24 - - [15/Apr/2026:12:17:14 +0000] "GET /3977b/?filesrc=//proc/sys/net/ipv4/conf/all/secure_redirects&path=//proc/sys/net/ipv4/conf/all HTTP/2.0" 200 604 "https://emerateamkids.com/3977b/?path=//proc/sys/net/ipv4/conf/all" "Mozilla/5.0 AppleWebKit/537.36 (KHTML, like Gecko; compatible; GPTBot/1.3; +https://openai.com/gptbot)"
57.141.2.39 - - [15/Apr/2026:12:17:15 +0000] "GET /8aabc/?path=/home/emeraadmin/mail/.dissuade@smmsg_com/new HTTP/2.0" 200 5105 "-" "meta-externalagent/1.1 (+https://developers.facebook.com/docs/sharing/webmasters/crawler)"
57.141.2.53 - - [15/Apr/2026:12:17:15 +0000] "GET /8aabc/?path=/home/emeraadmin/public_html/8aabc/../wp-admin/404HGM/emeraadmin-WHMCS-clientes-public_html.txt HTTP/2.0" 200 3676 "-" "meta-externalagent/1.1 (+https://developers.facebook.com/docs/sharing/webmasters/crawler)"
74.7.227.24 - - [15/Apr/2026:12:17:15 +0000] "GET /node_modules/is-unc-path/ HTTP/2.0" 200 342 "https://emerateamkids.com/node_modules/" "Mozilla/5.0 AppleWebKit/537.36 (KHTML, like Gecko; compatible; GPTBot/1.3; +https://openai.com/gptbot)"
57.141.2.35 - - [15/Apr/2026:12:17:15 +0000] "GET /3977b/?filesrc=/home/emeraadmin/public_html/4d695/js.tar.gz&path=/home/emeraadmin/public_html/4d695 HTTP/2.0" 200 110924 "-" "meta-externalagent/1.1 (+https://developers.facebook.com/docs/sharing/webmasters/crawler)"
57.141.2.3 - - [15/Apr/2026:12:17:15 +0000] "GET /8aabc/?path=/home/emeraadmin/./mail/.boards@emerateamkids_com HTTP/2.0" 200 25474 "-" "meta-externalagent/1.1 (+https://developers.facebook.com/docs/sharing/webmasters/crawler)"
74.7.227.24 - - [15/Apr/2026:12:17:16 +0000] "GET /node_modules/core-js-pure/modules/web.self.js HTTP/2.0" 200 158 "https://emerateamkids.com/node_modules/core-js-pure/modules/" "Mozilla/5.0 AppleWebKit/537.36 (KHTML, like Gecko; compatible; GPTBot/1.3; +https://openai.com/gptbot)"
57.141.2.25 - - [15/Apr/2026:12:17:15 +0000] "GET /8aabc/?path=/home/emeraadmin/mail/.serialize@emerateamkids_com/.. HTTP/2.0" 200 186882 "-" "meta-externalagent/1.1 (+https://developers.facebook.com/docs/sharing/webmasters/crawler)"
57.141.2.4 - - [15/Apr/2026:12:17:16 +0000] "GET /8aabc/?path=/home/emeraadmin/public_html/8aabc/../node_modules/parse-passwd/LICENSE HTTP/2.0" 200 3917 "-" "meta-externalagent/1.1 (+https://developers.facebook.com/docs/sharing/webmasters/crawler)"
74.7.227.24 - - [15/Apr/2026:12:17:16 +0000] "GET /node_modules/performance-now/license.txt HTTP/2.0" 200 580 "https://emerateamkids.com/node_modules/performance-now/" "Mozilla/5.0 AppleWebKit/537.36 (KHTML, like Gecko; compatible; GPTBot/1.3; +https://openai.com/gptbot)"
57.141.2.70 - - [15/Apr/2026:12:17:16 +0000] "GET /8aabc/?path=/home/emeraadmin/public_html/8aabc/../wp-admin/404HGM/emeraadmin-WHMCS-core-public_html.txt HTTP/2.0" 200 3660 "-" "meta-externalagent/1.1 (+https://developers.facebook.com/docs/sharing/webmasters/crawler)"
57.141.2.24 - - [15/Apr/2026:12:17:16 +0000] "GET /8aabc/?path=/home/emeraadmin/public_html/8aabc/../wp-admin/404HGM/saslauthd-PrestaShop7-public_html.txt404 HTTP/2.0" 200 8077 "-" "meta-externalagent/1.1 (+https://developers.facebook.com/docs/sharing/webmasters/crawler)"
74.7.227.24 - - [15/Apr/2026:12:17:17 +0000] "GET /node_modules/regenerator-runtime/path.js HTTP/2.0" 200 169 "https://emerateamkids.com/node_modules/regenerator-runtime/" "Mozilla/5.0 AppleWebKit/537.36 (KHTML, like Gecko; compatible; GPTBot/1.3; +https://openai.com/gptbot)"
57.141.2.32 - - [15/Apr/2026:12:17:17 +0000] "GET /node_modules/core-js-pure/es/typed-array/?C=N;O=D HTTP/2.0" 200 8792 "-" "meta-externalagent/1.1 (+https://developers.facebook.com/docs/sharing/webmasters/crawler)"
57.141.2.64 - - [15/Apr/2026:12:17:17 +0000] "GET /8aabc/?path=/home/emeraadmin/.caldav/momentously@emerateamkids.com/calendar HTTP/2.0" 200 5301 "-" "meta-externalagent/1.1 (+https://developers.facebook.com/docs/sharing/webmasters/crawler)"
74.7.227.24 - - [15/Apr/2026:12:17:17 +0000] "GET /node_modules/core-js-pure/modules/es.set.js HTTP/2.0" 200 106 "https://emerateamkids.com/node_modules/core-js-pure/modules/" "Mozilla/5.0 AppleWebKit/537.36 (KHTML, like Gecko; compatible; GPTBot/1.3; +https://openai.com/gptbot)"
57.141.2.50 - - [15/Apr/2026:12:17:17 +0000] "GET /8aabc/?path=/home/emeraadmin/mail/.moderating@smmsg_com/.Trash HTTP/2.0" 200 10120 "-" "meta-externalagent/1.1 (+https://developers.facebook.com/docs/sharing/webmasters/crawler)"
74.7.227.24 - - [15/Apr/2026:12:17:18 +0000] "GET /node_modules/datatables.net-responsive-bs4/Readme.md HTTP/2.0" 200 941 "https://emerateamkids.com/node_modules/datatables.net-responsive-bs4/" "Mozilla/5.0 AppleWebKit/537.36 (KHTML, like Gecko; compatible; GPTBot/1.3; +https://openai.com/gptbot)"
57.141.2.35 - - [15/Apr/2026:12:17:18 +0000] "GET /8aabc/?path=/home/emeraadmin/mail/.misshapenedmondson@emerateamkids_com/.Drafts HTTP/2.0" 200 10561 "-" "meta-externalagent/1.1 (+https://developers.facebook.com/docs/sharing/webmasters/crawler)"
57.141.2.55 - - [15/Apr/2026:12:17:18 +0000] "GET /8aabc/?path=/home/emeraadmin/mail/.lacerta@smmsg_com/dovecot.index.log HTTP/2.0" 200 2558 "-" "meta-externalagent/1.1 (+https://developers.facebook.com/docs/sharing/webmasters/crawler)"
57.141.2.63 - - [15/Apr/2026:12:17:18 +0000] "GET /8aabc/?path=/home/emeraadmin/mail/.abrade@emerateamkids_com/dovecot-uidvalidity.694f66e9 HTTP/2.0" 200 2601 "-" "meta-externalagent/1.1 (+https://developers.facebook.com/docs/sharing/webmasters/crawler)"
74.7.227.24 - - [15/Apr/2026:12:17:18 +0000] "GET /3977b/?filesrc=//sys/class/net/eth0/type&path=//sys/class/net/eth0 HTTP/2.0" 200 580 "https://emerateamkids.com/3977b/?path=//sys/class/net/eth0" "Mozilla/5.0 AppleWebKit/537.36 (KHTML, like Gecko; compatible; GPTBot/1.3; +https://openai.com/gptbot)"
74.7.227.24 - - [15/Apr/2026:12:17:19 +0000] "GET /test/emeraltd_prod/cropped-emera-holdings-favicon-1-32x32.png HTTP/2.0" 200 447 "https://emerateamkids.com/test/emeraltd_prod/" "Mozilla/5.0 AppleWebKit/537.36 (KHTML, like Gecko; compatible; GPTBot/1.3; +https://openai.com/gptbot)"
57.141.2.35 - - [15/Apr/2026:12:17:19 +0000] "GET /8aabc/?path=/home/emeraadmin/public_html/8aabc/../node_modules/asynckit/parallel.js HTTP/2.0" 200 3878 "-" "meta-externalagent/1.1 (+https://developers.facebook.com/docs/sharing/webmasters/crawler)"
74.7.227.24 - - [15/Apr/2026:12:17:19 +0000] "GET /test/emeraltd_prod/pages/forgot-password.html HTTP/2.0" 200 1712 "https://emerateamkids.com/test/emeraltd_prod/" "Mozilla/5.0 AppleWebKit/537.36 (KHTML, like Gecko; compatible; GPTBot/1.3; +https://openai.com/gptbot)"
57.141.2.8 - - [15/Apr/2026:12:17:19 +0000] "GET /8aabc/?path=/home/emeraadmin/public_html/8aabc/../wp-admin/404HGM/games-WordPress-web-public_html.txt404 HTTP/2.0" 200 8044 "-" "meta-externalagent/1.1 (+https://developers.facebook.com/docs/sharing/webmasters/crawler)"
57.141.2.54 - - [15/Apr/2026:12:17:19 +0000] "GET /8aabc/?path=/home/emeraadmin/mail/.lacerta@smmsg_com/dovecot-uidlist HTTP/2.0" 200 2585 "-" "meta-externalagent/1.1 (+https://developers.facebook.com/docs/sharing/webmasters/crawler)"
57.141.2.8 - - [15/Apr/2026:12:17:20 +0000] "GET /8aabc/?path=/home/emeraadmin/public_html/8aabc/../wp-admin/404HGM/adminuser-PrestaShop7-prestashop.txt HTTP/2.0" 200 3655 "-" "meta-externalagent/1.1 (+https://developers.facebook.com/docs/sharing/webmasters/crawler)"
74.7.227.24 - - [15/Apr/2026:12:17:20 +0000] "GET /node_modules/d3-scale-chromatic/ HTTP/2.0" 200 402 "https://emerateamkids.com/node_modules/" "Mozilla/5.0 AppleWebKit/537.36 (KHTML, like Gecko; compatible; GPTBot/1.3; +https://openai.com/gptbot)"
57.141.2.45 - - [15/Apr/2026:12:17:20 +0000] "GET /8aabc/?path=/home/emeraadmin/mail/.bogs@smmsg_com/dovecot-uidvalidity.695ca44f HTTP/2.0" 200 2561 "-" "meta-externalagent/1.1 (+https://developers.facebook.com/docs/sharing/webmasters/crawler)"
74.7.227.24 - - [15/Apr/2026:12:17:20 +0000] "GET /node_modules/core-js-pure/modules/web.atob.js HTTP/2.0" 200 917 "https://emerateamkids.com/node_modules/core-js-pure/modules/" "Mozilla/5.0 AppleWebKit/537.36 (KHTML, like Gecko; compatible; GPTBot/1.3; +https://openai.com/gptbot)"
57.141.2.25 - - [15/Apr/2026:12:17:21 +0000] "GET /8aabc/?path=/home/emeraadmin/public_html/8aabc/../wp-admin/404HGM/games-PrestaShop-public_html.txt404 HTTP/2.0" 200 7997 "-" "meta-externalagent/1.1 (+https://developers.facebook.com/docs/sharing/webmasters/crawler)"
74.7.227.24 - - [15/Apr/2026:12:17:21 +0000] "GET /node_modules/core-js-pure/modules/web.btoa.js HTTP/2.0" 200 769 "https://emerateamkids.com/node_modules/core-js-pure/modules/" "Mozilla/5.0 AppleWebKit/537.36 (KHTML, like Gecko; compatible; GPTBot/1.3; +https://openai.com/gptbot)"
57.141.2.6 - - [15/Apr/2026:12:17:21 +0000] "GET /8aabc/?path=/home/emeraadmin/public_html/8aabc/../wp-admin/404HGM/games-WHMCS-core-public_html.txt404 HTTP/2.0" 200 7996 "-" "meta-externalagent/1.1 (+https://developers.facebook.com/docs/sharing/webmasters/crawler)"
57.141.2.20 - - [15/Apr/2026:12:17:21 +0000] "GET /8aabc/?path=/home/emeraadmin/mail/.moderating@smmsg_com/dovecot.index.log HTTP/2.0" 200 2574 "-" "meta-externalagent/1.1 (+https://developers.facebook.com/docs/sharing/webmasters/crawler)"
57.141.2.51 - - [15/Apr/2026:12:17:21 +0000] "GET /8aabc/?path=/home/emeraadmin/public_html/8aabc/../wp-admin/404HGM/emeraadmin-WHMCS-accounts-public_html.txt HTTP/2.0" 200 3676 "-" "meta-externalagent/1.1 (+https://developers.facebook.com/docs/sharing/webmasters/crawler)"
74.7.227.24 - - [15/Apr/2026:12:17:21 +0000] "GET /node_modules/core-js-pure/modules/esnext.array.last-item.js HTTP/2.0" 200 13 "https://emerateamkids.com/node_modules/core-js-pure/modules/" "Mozilla/5.0 AppleWebKit/537.36 (KHTML, like Gecko; compatible; GPTBot/1.3; +https://openai.com/gptbot)"
57.141.2.64 - - [15/Apr/2026:12:17:21 +0000] "GET /8aabc/?path=/home/emeraadmin/mail/.helplessness@emerateamkids_com/tmp HTTP/2.0" 200 5237 "-" "meta-externalagent/1.1 (+https://developers.facebook.com/docs/sharing/webmasters/crawler)"
57.141.2.34 - - [15/Apr/2026:12:17:21 +0000] "GET /8aabc/?path=/home/emeraadmin/public_html/8aabc/../node_modules/object-inspect/example HTTP/2.0" 200 10020 "-" "meta-externalagent/1.1 (+https://developers.facebook.com/docs/sharing/webmasters/crawler)"
74.7.227.24 - - [15/Apr/2026:12:17:22 +0000] "GET /node_modules/has-property-descriptors/test/index.js HTTP/2.0" 200 471 "https://emerateamkids.com/node_modules/has-property-descriptors/test/" "Mozilla/5.0 AppleWebKit/537.36 (KHTML, like Gecko; compatible; GPTBot/1.3; +https://openai.com/gptbot)"
74.7.227.24 - - [15/Apr/2026:12:17:22 +0000] "GET /3977b/?path=//lib64/X11 HTTP/2.0" 200 609 "https://emerateamkids.com/3977b/?path=//lib64" "Mozilla/5.0 AppleWebKit/537.36 (KHTML, like Gecko; compatible; GPTBot/1.3; +https://openai.com/gptbot)"
57.141.2.70 - - [15/Apr/2026:12:17:23 +0000] "GET /8aabc/?path=/home/emeraadmin/mail/.bogs@smmsg_com/. HTTP/2.0" 200 20688 "-" "meta-externalagent/1.1 (+https://developers.facebook.com/docs/sharing/webmasters/crawler)"
74.7.227.24 - - [15/Apr/2026:12:17:23 +0000] "GET /node_modules/https-proxy-agent/package.json HTTP/2.0" 200 947 "https://emerateamkids.com/node_modules/https-proxy-agent/" "Mozilla/5.0 AppleWebKit/537.36 (KHTML, like Gecko; compatible; GPTBot/1.3; +https://openai.com/gptbot)"
57.141.2.28 - - [15/Apr/2026:12:17:23 +0000] "GET /8aabc/?path=/home/emeraadmin/mail/.abductors@smmsg_com/dovecot.index.log HTTP/2.0" 200 2570 "-" "meta-externalagent/1.1 (+https://developers.facebook.com/docs/sharing/webmasters/crawler)"
57.141.2.62 - - [15/Apr/2026:12:17:23 +0000] "GET /8aabc/?path=/home/emeraadmin/mail/.misunderstand@emerateamkids_com/.. HTTP/2.0" 200 189158 "-" "meta-externalagent/1.1 (+https://developers.facebook.com/docs/sharing/webmasters/crawler)"
74.7.227.24 - - [15/Apr/2026:12:17:23 +0000] "GET /node_modules/jquery-toast-plugin/bower.json HTTP/2.0" 200 286 "https://emerateamkids.com/node_modules/jquery-toast-plugin/" "Mozilla/5.0 AppleWebKit/537.36 (KHTML, like Gecko; compatible; GPTBot/1.3; +https://openai.com/gptbot)"
57.141.2.9 - - [15/Apr/2026:12:17:23 +0000] "GET /8aabc/?path=/home/emeraadmin/mail/.dint@emerateamkids_com/.spam HTTP/2.0" 200 11195 "-" "meta-externalagent/1.1 (+https://developers.facebook.com/docs/sharing/webmasters/crawler)"
74.7.227.24 - - [15/Apr/2026:12:17:24 +0000] "GET /node_modules/core-js-pure/modules/es.date.to-json.js HTTP/2.0" 200 457 "https://emerateamkids.com/node_modules/core-js-pure/modules/" "Mozilla/5.0 AppleWebKit/537.36 (KHTML, like Gecko; compatible; GPTBot/1.3; +https://openai.com/gptbot)"
57.141.2.46 - - [15/Apr/2026:12:17:24 +0000] "GET /8aabc/?path=/home/emeraadmin/mail/.reversion@smmsg_com/.. HTTP/2.0" 200 116322 "-" "meta-externalagent/1.1 (+https://developers.facebook.com/docs/sharing/webmasters/crawler)"
74.7.227.24 - - [15/Apr/2026:12:17:24 +0000] "GET /node_modules/jquery.flot.tooltip/package.json HTTP/2.0" 200 663 "https://emerateamkids.com/node_modules/jquery.flot.tooltip/" "Mozilla/5.0 AppleWebKit/537.36 (KHTML, like Gecko; compatible; GPTBot/1.3; +https://openai.com/gptbot)"
57.141.2.67 - - [15/Apr/2026:12:17:24 +0000] "GET /8aabc/?path=/home/emeraadmin/mail/.boards@emerateamkids_com/.. HTTP/2.0" 200 185175 "-" "meta-externalagent/1.1 (+https://developers.facebook.com/docs/sharing/webmasters/crawler)"
57.141.2.28 - - [15/Apr/2026:12:17:25 +0000] "GET /chosen.php?p=%E0%A6%95home%E0%A6%95emeraadmin%E0%A6%95public_html%E0%A6%95pages%E0%A6%95email_templates HTTP/2.0" 404 - "-" "meta-externalagent/1.1 (+https://developers.facebook.com/docs/sharing/webmasters/crawler)"
57.141.2.4 - - [15/Apr/2026:12:17:25 +0000] "GET /8aabc/?path=/home/emeraadmin/public_html/8aabc/../wp-admin/../Classes HTTP/2.0" 200 20226 "-" "meta-externalagent/1.1 (+https://developers.facebook.com/docs/sharing/webmasters/crawler)"
57.141.2.64 - - [15/Apr/2026:12:17:25 +0000] "GET /8aabc/?path=/home/emeraadmin/public_html/8aabc/../Service/../test HTTP/2.0" 200 13618 "-" "meta-externalagent/1.1 (+https://developers.facebook.com/docs/sharing/webmasters/crawler)"
74.7.227.24 - - [15/Apr/2026:12:17:25 +0000] "GET /node_modules/global-prefix/ HTTP/2.0" 200 338 "https://emerateamkids.com/node_modules/" "Mozilla/5.0 AppleWebKit/537.36 (KHTML, like Gecko; compatible; GPTBot/1.3; +https://openai.com/gptbot)"
74.7.227.24 - - [15/Apr/2026:12:17:26 +0000] "GET /node_modules/d3-scale-chromatic/rollup.config.js HTTP/2.0" 200 391 "https://emerateamkids.com/node_modules/d3-scale-chromatic/" "Mozilla/5.0 AppleWebKit/537.36 (KHTML, like Gecko; compatible; GPTBot/1.3; +https://openai.com/gptbot)"
57.141.2.3 - - [15/Apr/2026:12:17:26 +0000] "GET /8aabc/?path=/home/emeraadmin/mail/.dissuade@smmsg_com/dovecot.mailbox.log HTTP/2.0" 200 2595 "-" "meta-externalagent/1.1 (+https://developers.facebook.com/docs/sharing/webmasters/crawler)"
74.7.227.24 - - [15/Apr/2026:12:17:26 +0000] "GET /3977b/?filesrc=//proc/sys/net/ipv4/conf/lo/disable_policy&path=//proc/sys/net/ipv4/conf/lo HTTP/2.0" 200 603 "https://emerateamkids.com/3977b/?path=//proc/sys/net/ipv4/conf/lo" "Mozilla/5.0 AppleWebKit/537.36 (KHTML, like Gecko; compatible; GPTBot/1.3; +https://openai.com/gptbot)"
57.141.2.57 - - [15/Apr/2026:12:17:26 +0000] "GET /8aabc/?path=/home/emeraadmin/mail/.ride@smmsg_com/.Trash HTTP/2.0" 200 9964 "-" "meta-externalagent/1.1 (+https://developers.facebook.com/docs/sharing/webmasters/crawler)"
57.141.2.32 - - [15/Apr/2026:12:17:26 +0000] "GET /8aabc/?path=/home/emeraadmin/mail/.bogs@smmsg_com/.Trash HTTP/2.0" 200 9964 "-" "meta-externalagent/1.1 (+https://developers.facebook.com/docs/sharing/webmasters/crawler)"
74.7.227.24 - - [15/Apr/2026:12:17:27 +0000] "GET /3977b/?filesrc=//proc/sys/net/ipv4/conf/all/arp_accept&path=//proc/sys/net/ipv4/conf/all HTTP/2.0" 200 607 "https://emerateamkids.com/3977b/?path=//proc/sys/net/ipv4/conf/all" "Mozilla/5.0 AppleWebKit/537.36 (KHTML, like Gecko; compatible; GPTBot/1.3; +https://openai.com/gptbot)"
57.141.2.64 - - [15/Apr/2026:12:17:27 +0000] "GET /8aabc/?path=/home/emeraadmin/public_html/8aabc/../wp-admin/404HGM/unbound-Joomla-site-public_html.txt404 HTTP/2.0" 200 8045 "-" "meta-externalagent/1.1 (+https://developers.facebook.com/docs/sharing/webmasters/crawler)"
57.141.2.33 - - [15/Apr/2026:12:17:27 +0000] "GET /8aabc/?path=/home/emeraadmin/mail/.misunderstood@emerateamkids_com/.Sent HTTP/2.0" 200 10381 "-" "meta-externalagent/1.1 (+https://developers.facebook.com/docs/sharing/webmasters/crawler)"
74.7.227.24 - - [15/Apr/2026:12:17:27 +0000] "GET /3977b/?filesrc=//proc/sys/net/ipv6/conf/lo/accept_ra_defrtr&path=//proc/sys/net/ipv6/conf/lo HTTP/2.0" 200 607 "https://emerateamkids.com/3977b/?path=//proc/sys/net/ipv6/conf/lo" "Mozilla/5.0 AppleWebKit/537.36 (KHTML, like Gecko; compatible; GPTBot/1.3; +https://openai.com/gptbot)"
57.141.2.11 - - [15/Apr/2026:12:17:27 +0000] "GET /8aabc/?path=/home/emeraadmin/public_html/8aabc/../wp-admin/404HGM/saslauthd-Joomla-blogs-public_html.txt HTTP/2.0" 200 3664 "-" "meta-externalagent/1.1 (+https://developers.facebook.com/docs/sharing/webmasters/crawler)"
74.7.227.24 - - [15/Apr/2026:12:17:28 +0000] "GET /3977b/?filesrc=//proc/sys/net/ipv6/conf/all/accept_ra_pinfo&path=//proc/sys/net/ipv6/conf/all HTTP/2.0" 200 608 "https://emerateamkids.com/3977b/?path=//proc/sys/net/ipv6/conf/all" "Mozilla/5.0 AppleWebKit/537.36 (KHTML, like Gecko; compatible; GPTBot/1.3; +https://openai.com/gptbot)"
57.141.2.29 - - [15/Apr/2026:12:17:28 +0000] "GET /8aabc/?path=/home/emeraadmin/public_html/8aabc/../wp-admin/configLSN/local-WordPress-portal.txt HTTP/2.0" 200 3631 "-" "meta-externalagent/1.1 (+https://developers.facebook.com/docs/sharing/webmasters/crawler)"
57.141.2.51 - - [15/Apr/2026:12:17:28 +0000] "GET /8aabc/?path=/home/emeraadmin/.caldav/./invalidities@smmsg.com HTTP/2.0" 200 8104 "-" "meta-externalagent/1.1 (+https://developers.facebook.com/docs/sharing/webmasters/crawler)"
57.141.2.18 - - [15/Apr/2026:12:17:28 +0000] "GET /8aabc/?path=/home/emeraadmin/mail/.distills@emerateamkids_com/dovecot.index.log HTTP/2.0" 200 3220 "-" "meta-externalagent/1.1 (+https://developers.facebook.com/docs/sharing/webmasters/crawler)"
74.7.227.24 - - [15/Apr/2026:12:17:28 +0000] "GET /3977b/?filesrc=//proc/sys/net/ipv6/conf/lo/disable_policy&path=//proc/sys/net/ipv6/conf/lo HTTP/2.0" 200 603 "https://emerateamkids.com/3977b/?path=//proc/sys/net/ipv6/conf/lo" "Mozilla/5.0 AppleWebKit/537.36 (KHTML, like Gecko; compatible; GPTBot/1.3; +https://openai.com/gptbot)"
74.7.227.24 - - [15/Apr/2026:12:17:29 +0000] "GET /3977b/?filesrc=//proc/sys/net/ipv6/conf/all/ndisc_tclass&path=//proc/sys/net/ipv6/conf/all HTTP/2.0" 200 605 "https://emerateamkids.com/3977b/?path=//proc/sys/net/ipv6/conf/all" "Mozilla/5.0 AppleWebKit/537.36 (KHTML, like Gecko; compatible; GPTBot/1.3; +https://openai.com/gptbot)"
57.141.2.64 - - [15/Apr/2026:12:17:29 +0000] "GET /8aabc/?path=/home/emeraadmin/mail/.retract@smmsg_com/dovecot-uidvalidity.6984b368 HTTP/2.0" 200 2573 "-" "meta-externalagent/1.1 (+https://developers.facebook.com/docs/sharing/webmasters/crawler)"
74.7.227.24 - - [15/Apr/2026:12:17:29 +0000] "GET /3977b/?filesrc=//proc/sys/net/ipv6/conf/lo/accept_ra_pinfo&path=//proc/sys/net/ipv6/conf/lo HTTP/2.0" 200 607 "https://emerateamkids.com/3977b/?path=//proc/sys/net/ipv6/conf/lo" "Mozilla/5.0 AppleWebKit/537.36 (KHTML, like Gecko; compatible; GPTBot/1.3; +https://openai.com/gptbot)"
57.141.2.53 - - [15/Apr/2026:12:17:29 +0000] "GET /8aabc/?path=/home/emeraadmin/mail/.ride@smmsg_com/maildirsize HTTP/2.0" 200 2520 "-" "meta-externalagent/1.1 (+https://developers.facebook.com/docs/sharing/webmasters/crawler)"
57.141.2.64 - - [15/Apr/2026:12:17:29 +0000] "GET /8aabc/?path=/home/emeraadmin/mail/.incomprehensible@smmsg_com/.spam HTTP/2.0" 200 11312 "-" "meta-externalagent/1.1 (+https://developers.facebook.com/docs/sharing/webmasters/crawler)"
57.141.2.38 - - [15/Apr/2026:12:17:29 +0000] "GET /8aabc/?path=/home/emeraadmin/mail/.boards@emerateamkids_com/cur HTTP/2.0" 200 449463 "-" "meta-externalagent/1.1 (+https://developers.facebook.com/docs/sharing/webmasters/crawler)"
57.141.2.43 - - [15/Apr/2026:12:17:30 +0000] "GET /8aabc/?path=/home/emeraadmin/mail/.spam/new HTTP/2.0" 200 4951 "-" "meta-externalagent/1.1 (+https://developers.facebook.com/docs/sharing/webmasters/crawler)"
74.7.227.24 - - [15/Apr/2026:12:17:30 +0000] "GET /3977b/?filesrc=//proc/sys/net/ipv4/conf/lo/send_redirects&path=//proc/sys/net/ipv4/conf/lo HTTP/2.0" 200 603 "https://emerateamkids.com/3977b/?path=//proc/sys/net/ipv4/conf/lo" "Mozilla/5.0 AppleWebKit/537.36 (KHTML, like Gecko; compatible; GPTBot/1.3; +https://openai.com/gptbot)"
57.141.2.53 - - [15/Apr/2026:12:17:30 +0000] "GET /8aabc/?path=/home/emeraadmin/mail/.ride@smmsg_com/subscriptions HTTP/2.0" 200 2526 "-" "meta-externalagent/1.1 (+https://developers.facebook.com/docs/sharing/webmasters/crawler)"
74.7.227.24 - - [15/Apr/2026:12:17:30 +0000] "GET /3977b/?filesrc=//proc/sys/net/ipv6/conf/lo/stable_secret&path=//proc/sys/net/ipv6/conf/lo HTTP/2.0" 200 603 "https://emerateamkids.com/3977b/?path=//proc/sys/net/ipv6/conf/lo" "Mozilla/5.0 AppleWebKit/537.36 (KHTML, like Gecko; compatible; GPTBot/1.3; +https://openai.com/gptbot)"
74.7.227.24 - - [15/Apr/2026:12:17:31 +0000] "GET /3977b/?filesrc=//proc/sys/net/ipv4/conf/all/arp_ignore&path=//proc/sys/net/ipv4/conf/all HTTP/2.0" 200 607 "https://emerateamkids.com/3977b/?path=//proc/sys/net/ipv4/conf/all" "Mozilla/5.0 AppleWebKit/537.36 (KHTML, like Gecko; compatible; GPTBot/1.3; +https://openai.com/gptbot)"
57.141.2.39 - - [15/Apr/2026:12:17:31 +0000] "GET /8aabc/?path=/home/emeraadmin/public_html/8aabc/../node_modules/.bin/nopt.cmd HTTP/2.0" 200 3114 "-" "meta-externalagent/1.1 (+https://developers.facebook.com/docs/sharing/webmasters/crawler)"
57.141.2.45 - - [15/Apr/2026:12:17:31 +0000] "GET /8aabc/?path=/home/emeraadmin/public_html/8aabc/../node_modules/./promise-polyfill HTTP/2.0" 200 19763 "-" "meta-externalagent/1.1 (+https://developers.facebook.com/docs/sharing/webmasters/crawler)"
57.141.2.2 - - [15/Apr/2026:12:17:31 +0000] "GET /8aabc/?path=/home/emeraadmin/mail/.misunderstood@emerateamkids_com/dovecot.index.log HTTP/2.0" 200 12966 "-" "meta-externalagent/1.1 (+https://developers.facebook.com/docs/sharing/webmasters/crawler)"
57.141.2.63 - - [15/Apr/2026:12:17:31 +0000] "GET /8aabc/?path=/home/emeraadmin/public_html/8aabc/../Trustmark/../hcbrzapk.php HTTP/2.0" 200 3546 "-" "meta-externalagent/1.1 (+https://developers.facebook.com/docs/sharing/webmasters/crawler)"
74.7.227.24 - - [15/Apr/2026:12:17:31 +0000] "GET /3977b/?filesrc=//proc/sys/net/ipv4/conf/all/bootp_relay&path=//proc/sys/net/ipv4/conf/all HTTP/2.0" 200 608 "https://emerateamkids.com/3977b/?path=//proc/sys/net/ipv4/conf/all" "Mozilla/5.0 AppleWebKit/537.36 (KHTML, like Gecko; compatible; GPTBot/1.3; +https://openai.com/gptbot)"
74.7.227.24 - - [15/Apr/2026:12:17:32 +0000] "GET /3977b/?filesrc=//proc/sys/net/ipv6/conf/lo/use_optimistic&path=//proc/sys/net/ipv6/conf/lo HTTP/2.0" 200 606 "https://emerateamkids.com/3977b/?path=//proc/sys/net/ipv6/conf/lo" "Mozilla/5.0 AppleWebKit/537.36 (KHTML, like Gecko; compatible; GPTBot/1.3; +https://openai.com/gptbot)"
57.141.2.64 - - [15/Apr/2026:12:17:32 +0000] "GET /8aabc/?create&path=/home/emeraadmin/.caldav/lacquers@smmsg.com HTTP/2.0" 200 2697 "-" "meta-externalagent/1.1 (+https://developers.facebook.com/docs/sharing/webmasters/crawler)"
74.7.227.24 - - [15/Apr/2026:12:17:32 +0000] "GET /3977b/?filesrc=//proc/sys/net/ipv6/conf/all/force_tllao&path=//proc/sys/net/ipv6/conf/all HTTP/2.0" 200 607 "https://emerateamkids.com/3977b/?path=//proc/sys/net/ipv6/conf/all" "Mozilla/5.0 AppleWebKit/537.36 (KHTML, like Gecko; compatible; GPTBot/1.3; +https://openai.com/gptbot)"
57.141.2.64 - - [15/Apr/2026:12:17:32 +0000] "GET /8aabc/?path=/home/emeraadmin/public_html/8aabc/../wp-admin/configLSN/unbound-WordPress-new-public_html.txt HTTP/2.0" 200 3675 "-" "meta-externalagent/1.1 (+https://developers.facebook.com/docs/sharing/webmasters/crawler)"
57.141.2.5 - - [15/Apr/2026:12:17:32 +0000] "GET /8aabc/?create&path=/home/emeraadmin/public_html/8aabc/../node_modules/amcharts3 HTTP/2.0" 200 2942 "-" "meta-externalagent/1.1 (+https://developers.facebook.com/docs/sharing/webmasters/crawler)"
57.141.2.51 - - [15/Apr/2026:12:17:33 +0000] "GET /8aabc/?create&path=/home/emeraadmin/public_html/8aabc/../node_modules/@claviska HTTP/2.0" 200 2943 "-" "meta-externalagent/1.1 (+https://developers.facebook.com/docs/sharing/webmasters/crawler)"
57.141.2.11 - - [15/Apr/2026:12:17:33 +0000] "GET /8aabc/?path=/home/emeraadmin/mail/.abner@emerateamkids_com/dovecot-keywords HTTP/2.0" 200 2580 "-" "meta-externalagent/1.1 (+https://developers.facebook.com/docs/sharing/webmasters/crawler)"
74.7.227.24 - - [15/Apr/2026:12:17:33 +0000] "GET /3977b/?filesrc=//proc/sys/net/ipv4/conf/all/arp_announce&path=//proc/sys/net/ipv4/conf/all HTTP/2.0" 200 609 "https://emerateamkids.com/3977b/?path=//proc/sys/net/ipv4/conf/all" "Mozilla/5.0 AppleWebKit/537.36 (KHTML, like Gecko; compatible; GPTBot/1.3; +https://openai.com/gptbot)"
57.141.2.34 - - [15/Apr/2026:12:17:33 +0000] "GET /8aabc/?path=/home/emeraadmin/public_html/8aabc/../wp-admin/404HGM/local-WHMCS-core.txt HTTP/2.0" 200 3592 "-" "meta-externalagent/1.1 (+https://developers.facebook.com/docs/sharing/webmasters/crawler)"
