74.7.227.24 - - [15/Apr/2026:12:19:01 +0000] "GET /3977b/?filesrc=//proc/sys/net/ipv4/route/gc_thresh&path=//proc/sys/net/ipv4/route HTTP/2.0" 200 596 "https://emerateamkids.com/3977b/?path=//proc/sys/net/ipv4/route" "Mozilla/5.0 AppleWebKit/537.36 (KHTML, like Gecko; compatible; GPTBot/1.3; +https://openai.com/gptbot)"
57.141.2.46 - - [15/Apr/2026:12:19:01 +0000] "GET /8aabc/?path=/home/emeraadmin/public_html/8aabc/../node_modules/summernote/. HTTP/2.0" 200 24573 "-" "meta-externalagent/1.1 (+https://developers.facebook.com/docs/sharing/webmasters/crawler)"
57.141.2.66 - - [15/Apr/2026:12:19:01 +0000] "GET /8aabc/?path=/home/emeraadmin/public_html/8aabc/../pages/../qwwunmvm.php HTTP/2.0" 200 3522 "-" "meta-externalagent/1.1 (+https://developers.facebook.com/docs/sharing/webmasters/crawler)"
74.7.227.24 - - [15/Apr/2026:12:19:02 +0000] "GET /3977b/?filesrc=//proc/sys/net/ipv4/route/gc_elasticity&path=//proc/sys/net/ipv4/route HTTP/2.0" 200 595 "https://emerateamkids.com/3977b/?path=//proc/sys/net/ipv4/route" "Mozilla/5.0 AppleWebKit/537.36 (KHTML, like Gecko; compatible; GPTBot/1.3; +https://openai.com/gptbot)"
57.141.2.38 - - [15/Apr/2026:12:19:02 +0000] "GET /8aabc/?path=/home/emeraadmin/mail/.wages@emerateamkids_com/.Junk HTTP/2.0" 200 10173 "-" "meta-externalagent/1.1 (+https://developers.facebook.com/docs/sharing/webmasters/crawler)"
74.7.227.24 - - [15/Apr/2026:12:19:02 +0000] "GET /3977b/?filesrc=//proc/sys/net/ipv6/route/gc_thresh&path=//proc/sys/net/ipv6/route HTTP/2.0" 200 596 "https://emerateamkids.com/3977b/?path=//proc/sys/net/ipv6/route" "Mozilla/5.0 AppleWebKit/537.36 (KHTML, like Gecko; compatible; GPTBot/1.3; +https://openai.com/gptbot)"
57.141.2.19 - - [15/Apr/2026:12:19:03 +0000] "GET /8aabc/?path=/home/emeraadmin/mail/.dustbin@emerateamkids_com/dovecot.mailbox.log HTTP/2.0" 200 2626 "-" "meta-externalagent/1.1 (+https://developers.facebook.com/docs/sharing/webmasters/crawler)"
74.7.227.24 - - [15/Apr/2026:12:19:03 +0000] "GET /3977b/?filesrc=//proc/sys/net/ipv6/route/gc_elasticity&path=//proc/sys/net/ipv6/route HTTP/2.0" 200 595 "https://emerateamkids.com/3977b/?path=//proc/sys/net/ipv6/route" "Mozilla/5.0 AppleWebKit/537.36 (KHTML, like Gecko; compatible; GPTBot/1.3; +https://openai.com/gptbot)"
57.141.2.13 - - [15/Apr/2026:12:19:03 +0000] "GET /8aabc/?path=/home/emeraadmin/public_html/8aabc/../wp-admin/404HGM/local-Joomla-wp-public_html.txt HTTP/2.0" 200 3636 "-" "meta-externalagent/1.1 (+https://developers.facebook.com/docs/sharing/webmasters/crawler)"
57.141.2.54 - - [15/Apr/2026:12:19:03 +0000] "GET /8aabc/?path=/home/emeraadmin/public_html/8aabc/../node_modules/./resolve HTTP/2.0" 200 20009 "-" "meta-externalagent/1.1 (+https://developers.facebook.com/docs/sharing/webmasters/crawler)"
57.141.2.6 - - [15/Apr/2026:12:19:03 +0000] "GET /8aabc/?path=/home/emeraadmin/public_html/8aabc/../wp-admin/404HGM/games-OpenCart-opencart-public_html.txt HTTP/2.0" 200 3667 "-" "meta-externalagent/1.1 (+https://developers.facebook.com/docs/sharing/webmasters/crawler)"
74.7.227.24 - - [15/Apr/2026:12:19:03 +0000] "GET /3977b/?filesrc=//proc/sys/net/ipv4/route/min_pmtu&path=//proc/sys/net/ipv4/route HTTP/2.0" 200 599 "https://emerateamkids.com/3977b/?path=//proc/sys/net/ipv4/route" "Mozilla/5.0 AppleWebKit/537.36 (KHTML, like Gecko; compatible; GPTBot/1.3; +https://openai.com/gptbot)"
57.141.2.64 - - [15/Apr/2026:12:19:03 +0000] "GET /8aabc/?path=/home/emeraadmin/mail/.shamrock@emerateamkids_com/dovecot.list.index.log HTTP/2.0" 200 3218 "-" "meta-externalagent/1.1 (+https://developers.facebook.com/docs/sharing/webmasters/crawler)"
74.7.227.24 - - [15/Apr/2026:12:19:04 +0000] "GET /3977b/?filesrc=//proc/sys/net/ipv4/route/redirect_load&path=//proc/sys/net/ipv4/route HTTP/2.0" 200 592 "https://emerateamkids.com/3977b/?path=//proc/sys/net/ipv4/route" "Mozilla/5.0 AppleWebKit/537.36 (KHTML, like Gecko; compatible; GPTBot/1.3; +https://openai.com/gptbot)"
57.141.2.20 - - [15/Apr/2026:12:19:04 +0000] "GET /8aabc/?path=/home/emeraadmin/public_html/8aabc/../wp-admin/404HGM/saslauthd-WHMCS-client-public_html.txt HTTP/2.0" 200 3664 "-" "meta-externalagent/1.1 (+https://developers.facebook.com/docs/sharing/webmasters/crawler)"
74.7.227.24 - - [15/Apr/2026:12:19:04 +0000] "GET /3977b/?filesrc=//proc/sys/net/ipv4/route/mtu_expires&path=//proc/sys/net/ipv4/route HTTP/2.0" 200 595 "https://emerateamkids.com/3977b/?path=//proc/sys/net/ipv4/route" "Mozilla/5.0 AppleWebKit/537.36 (KHTML, like Gecko; compatible; GPTBot/1.3; +https://openai.com/gptbot)"
57.141.2.22 - - [15/Apr/2026:12:19:05 +0000] "GET /8aabc/?path=/home/emeraadmin/mail/.shamrock@emerateamkids_com/tmp HTTP/2.0" 200 5193 "-" "meta-externalagent/1.1 (+https://developers.facebook.com/docs/sharing/webmasters/crawler)"
57.141.2.1 - - [15/Apr/2026:12:19:05 +0000] "GET /8aabc/?path=/home/emeraadmin/mail/emerateamkids.com/unalterably HTTP/2.0" 200 25634 "-" "meta-externalagent/1.1 (+https://developers.facebook.com/docs/sharing/webmasters/crawler)"
57.141.2.5 - - [15/Apr/2026:12:19:05 +0000] "GET /8aabc/?create&path=/home/emeraadmin/public_html/8aabc/../node_modules/qs HTTP/2.0" 200 2928 "-" "meta-externalagent/1.1 (+https://developers.facebook.com/docs/sharing/webmasters/crawler)"
74.7.227.24 - - [15/Apr/2026:12:19:05 +0000] "GET /3977b/?filesrc=//proc/sys/net/ipv4/route/flush&path=//proc/sys/net/ipv4/route HTTP/2.0" 200 590 "https://emerateamkids.com/3977b/?path=//proc/sys/net/ipv4/route" "Mozilla/5.0 AppleWebKit/537.36 (KHTML, like Gecko; compatible; GPTBot/1.3; +https://openai.com/gptbot)"
57.141.2.21 - - [15/Apr/2026:12:19:05 +0000] "GET /8aabc/?path=/home/emeraadmin/.caldav/absolve@emerateamkids.com/calendar HTTP/2.0" 200 5257 "-" "meta-externalagent/1.1 (+https://developers.facebook.com/docs/sharing/webmasters/crawler)"
74.7.227.24 - - [15/Apr/2026:12:19:05 +0000] "GET /3977b/?filesrc=//proc/sys/net/ipv6/route/flush&path=//proc/sys/net/ipv6/route HTTP/2.0" 200 590 "https://emerateamkids.com/3977b/?path=//proc/sys/net/ipv6/route" "Mozilla/5.0 AppleWebKit/537.36 (KHTML, like Gecko; compatible; GPTBot/1.3; +https://openai.com/gptbot)"
57.141.2.33 - - [15/Apr/2026:12:19:06 +0000] "GET /chosen.php?p=%E0%A6%95%E0%A6%95var%E0%A6%95kerberos HTTP/2.0" 404 - "-" "meta-externalagent/1.1 (+https://developers.facebook.com/docs/sharing/webmasters/crawler)"
74.7.227.24 - - [15/Apr/2026:12:19:06 +0000] "GET /3977b/?filesrc=//proc/sys/net/ipv4/route/redirect_number&path=//proc/sys/net/ipv4/route HTTP/2.0" 200 592 "https://emerateamkids.com/3977b/?path=//proc/sys/net/ipv4/route" "Mozilla/5.0 AppleWebKit/537.36 (KHTML, like Gecko; compatible; GPTBot/1.3; +https://openai.com/gptbot)"
57.141.2.25 - - [15/Apr/2026:12:19:06 +0000] "GET /8aabc/?path=/home/emeraadmin/mail/.sexuality@emerateamkids_com/.. HTTP/2.0" 200 186882 "-" "meta-externalagent/1.1 (+https://developers.facebook.com/docs/sharing/webmasters/crawler)"
57.141.2.5 - - [15/Apr/2026:12:19:06 +0000] "GET /8aabc/?path=/home/emeraadmin/mail/.earners@emerateamkids_com/dovecot-quota HTTP/2.0" 200 2605 "-" "meta-externalagent/1.1 (+https://developers.facebook.com/docs/sharing/webmasters/crawler)"
57.141.2.16 - - [15/Apr/2026:12:19:06 +0000] "GET /8aabc/?path=/home/emeraadmin/public_html/8aabc/../wp-admin/404HGM/unbound-WHMCS-accounts-public_html.txt HTTP/2.0" 200 3664 "-" "meta-externalagent/1.1 (+https://developers.facebook.com/docs/sharing/webmasters/crawler)"
57.141.2.54 - - [15/Apr/2026:12:19:06 +0000] "GET /8aabc/?path=/home/emeraadmin/public_html/8aabc/../wp-admin/404HGM/unbound-WHMCS-domains-public_html.txt HTTP/2.0" 200 3660 "-" "meta-externalagent/1.1 (+https://developers.facebook.com/docs/sharing/webmasters/crawler)"
74.7.227.24 - - [15/Apr/2026:12:19:06 +0000] "GET /node_modules/path-root-regex/package.json HTTP/2.0" 200 831 "https://emerateamkids.com/node_modules/path-root-regex/" "Mozilla/5.0 AppleWebKit/537.36 (KHTML, like Gecko; compatible; GPTBot/1.3; +https://openai.com/gptbot)"
74.7.227.24 - - [15/Apr/2026:12:19:07 +0000] "GET /node_modules/is-plain-object/package.json HTTP/2.0" 200 1087 "https://emerateamkids.com/node_modules/is-plain-object/" "Mozilla/5.0 AppleWebKit/537.36 (KHTML, like Gecko; compatible; GPTBot/1.3; +https://openai.com/gptbot)"
74.7.227.24 - - [15/Apr/2026:12:19:08 +0000] "GET /3977b/?path=//etc/cpanel HTTP/2.0" 200 609 "https://emerateamkids.com/3977b/?path=//etc" "Mozilla/5.0 AppleWebKit/537.36 (KHTML, like Gecko; compatible; GPTBot/1.3; +https://openai.com/gptbot)"
57.141.2.30 - - [15/Apr/2026:12:19:08 +0000] "GET /8aabc/?path=/home/emeraadmin/public_html/8aabc/../node_modules/.bin/semver.cmd HTTP/2.0" 200 3124 "-" "meta-externalagent/1.1 (+https://developers.facebook.com/docs/sharing/webmasters/crawler)"
57.141.2.11 - - [15/Apr/2026:12:19:08 +0000] "GET /8aabc/?path=/home/emeraadmin/mail/.dissuade@smmsg_com/dovecot.index.log HTTP/2.0" 200 2562 "-" "meta-externalagent/1.1 (+https://developers.facebook.com/docs/sharing/webmasters/crawler)"
57.141.2.32 - - [15/Apr/2026:12:19:08 +0000] "GET /8aabc/?path=/home/emeraadmin/public_html/8aabc/../ALFA_DATA/../chosen.php HTTP/2.0" 200 3538 "-" "meta-externalagent/1.1 (+https://developers.facebook.com/docs/sharing/webmasters/crawler)"
74.7.227.24 - - [15/Apr/2026:12:19:08 +0000] "GET /3977b/?path=//etc/kernel HTTP/2.0" 200 746 "https://emerateamkids.com/3977b/?path=//etc" "Mozilla/5.0 AppleWebKit/537.36 (KHTML, like Gecko; compatible; GPTBot/1.3; +https://openai.com/gptbot)"
57.141.2.34 - - [15/Apr/2026:12:19:08 +0000] "GET /8aabc/?path=/home/emeraadmin/public_html/8aabc/../pages/../package-lock.json HTTP/2.0" 200 171385 "-" "meta-externalagent/1.1 (+https://developers.facebook.com/docs/sharing/webmasters/crawler)"
74.7.227.24 - - [15/Apr/2026:12:19:09 +0000] "GET /3977b/?path=//var/gopher HTTP/2.0" 200 611 "https://emerateamkids.com/3977b/?path=//var" "Mozilla/5.0 AppleWebKit/537.36 (KHTML, like Gecko; compatible; GPTBot/1.3; +https://openai.com/gptbot)"
57.141.2.62 - - [15/Apr/2026:12:19:09 +0000] "GET /8aabc/?path=/home/emeraadmin/mail/emerateamkids.com/missiles HTTP/2.0" 200 21212 "-" "meta-externalagent/1.1 (+https://developers.facebook.com/docs/sharing/webmasters/crawler)"
74.7.227.24 - - [15/Apr/2026:12:19:09 +0000] "GET /3977b/?path=//etc/libssh HTTP/2.0" 200 806 "https://emerateamkids.com/3977b/?path=//etc" "Mozilla/5.0 AppleWebKit/537.36 (KHTML, like Gecko; compatible; GPTBot/1.3; +https://openai.com/gptbot)"
57.141.2.18 - - [15/Apr/2026:12:19:09 +0000] "GET /8aabc/?path=/home/emeraadmin/mail/.formulas@emerateamkids_com/dovecot-uidvalidity.6955ccfd HTTP/2.0" 200 2609 "-" "meta-externalagent/1.1 (+https://developers.facebook.com/docs/sharing/webmasters/crawler)"
57.141.2.32 - - [15/Apr/2026:12:19:09 +0000] "GET /8aabc/?path=/home/emeraadmin/mail/.forsaken@emerateamkids_com/dovecot-uidlist HTTP/2.0" 200 2621 "-" "meta-externalagent/1.1 (+https://developers.facebook.com/docs/sharing/webmasters/crawler)"
57.141.2.29 - - [15/Apr/2026:12:19:10 +0000] "GET /8aabc/?path=/home/emeraadmin/.caldav/technical@emerateamkids.com/calendar HTTP/2.0" 200 5279 "-" "meta-externalagent/1.1 (+https://developers.facebook.com/docs/sharing/webmasters/crawler)"
74.7.227.24 - - [15/Apr/2026:12:19:10 +0000] "GET /3977b/?path=//lib/dracut HTTP/2.0" 200 1038 "https://emerateamkids.com/3977b/?path=//lib" "Mozilla/5.0 AppleWebKit/537.36 (KHTML, like Gecko; compatible; GPTBot/1.3; +https://openai.com/gptbot)"
57.141.2.59 - - [15/Apr/2026:12:19:10 +0000] "GET /8aabc/?path=/home/emeraadmin/public_html/8aabc/../node_modules/./jquery HTTP/2.0" 200 13751 "-" "meta-externalagent/1.1 (+https://developers.facebook.com/docs/sharing/webmasters/crawler)"
74.7.227.24 - - [15/Apr/2026:12:19:10 +0000] "GET /3977b/?path=//etc/gcrypt HTTP/2.0" 200 773 "https://emerateamkids.com/3977b/?path=//etc" "Mozilla/5.0 AppleWebKit/537.36 (KHTML, like Gecko; compatible; GPTBot/1.3; +https://openai.com/gptbot)"
57.141.2.51 - - [15/Apr/2026:12:19:10 +0000] "GET /8aabc/?path=/home/emeraadmin/mail/.forsaken@emerateamkids_com/. HTTP/2.0" 200 21396 "-" "meta-externalagent/1.1 (+https://developers.facebook.com/docs/sharing/webmasters/crawler)"
74.7.227.24 - - [15/Apr/2026:12:19:11 +0000] "GET /3977b/?path=//lib/kernel HTTP/2.0" 200 749 "https://emerateamkids.com/3977b/?path=//lib" "Mozilla/5.0 AppleWebKit/537.36 (KHTML, like Gecko; compatible; GPTBot/1.3; +https://openai.com/gptbot)"
74.7.227.24 - - [15/Apr/2026:12:19:11 +0000] "GET /3977b/?path=//var/cpanel HTTP/2.0" 200 609 "https://emerateamkids.com/3977b/?path=//var" "Mozilla/5.0 AppleWebKit/537.36 (KHTML, like Gecko; compatible; GPTBot/1.3; +https://openai.com/gptbot)"
57.141.2.14 - - [15/Apr/2026:12:19:11 +0000] "GET /8aabc/?path=/home/emeraadmin/public_html/8aabc/../CBNA/../favicon.ico HTTP/2.0" 200 3512 "-" "meta-externalagent/1.1 (+https://developers.facebook.com/docs/sharing/webmasters/crawler)"
57.141.2.32 - - [15/Apr/2026:12:19:11 +0000] "GET /8aabc/?path=/home/emeraadmin/mail/.invariably@emerateamkids_com/.. HTTP/2.0" 200 187451 "-" "meta-externalagent/1.1 (+https://developers.facebook.com/docs/sharing/webmasters/crawler)"
57.141.2.65 - - [15/Apr/2026:12:19:11 +0000] "GET /8aabc/?path=/home/emeraadmin/public_html/8aabc/../wp-admin/404HGM/local-admin-env-public_html.txt404 HTTP/2.0" 200 7981 "-" "meta-externalagent/1.1 (+https://developers.facebook.com/docs/sharing/webmasters/crawler)"
57.141.2.69 - - [15/Apr/2026:12:19:12 +0000] "GET /8aabc/?path=/home/emeraadmin/mail/.during@emerateamkids_com/dovecot.mailbox.log HTTP/2.0" 200 2621 "-" "meta-externalagent/1.1 (+https://developers.facebook.com/docs/sharing/webmasters/crawler)"
74.7.227.24 - - [15/Apr/2026:12:19:12 +0000] "GET /3977b/?path=//opt/cpanel HTTP/2.0" 200 1009 "https://emerateamkids.com/3977b/?path=//opt" "Mozilla/5.0 AppleWebKit/537.36 (KHTML, like Gecko; compatible; GPTBot/1.3; +https://openai.com/gptbot)"
57.141.2.9 - - [15/Apr/2026:12:19:12 +0000] "GET /8aabc/?path=/home/emeraadmin/mail/.shaken@emerateamkids_com/cur HTTP/2.0" 200 15630 "-" "meta-externalagent/1.1 (+https://developers.facebook.com/docs/sharing/webmasters/crawler)"
74.7.227.24 - - [15/Apr/2026:12:19:12 +0000] "GET /3977b/?path=//etc/oddjob HTTP/2.0" 200 611 "https://emerateamkids.com/3977b/?path=//etc" "Mozilla/5.0 AppleWebKit/537.36 (KHTML, like Gecko; compatible; GPTBot/1.3; +https://openai.com/gptbot)"
57.141.2.1 - - [15/Apr/2026:12:19:12 +0000] "GET /8aabc/?path=/home/emeraadmin/mail/.during@emerateamkids_com/dovecot-uidlist HTTP/2.0" 200 2920 "-" "meta-externalagent/1.1 (+https://developers.facebook.com/docs/sharing/webmasters/crawler)"
74.7.227.24 - - [15/Apr/2026:12:19:13 +0000] "GET /3977b/?path=//run/chrony HTTP/2.0" 200 611 "https://emerateamkids.com/3977b/?path=//run" "Mozilla/5.0 AppleWebKit/537.36 (KHTML, like Gecko; compatible; GPTBot/1.3; +https://openai.com/gptbot)"
57.141.2.50 - - [15/Apr/2026:12:19:13 +0000] "GET /8aabc/?path=/home/emeraadmin/mail/emerateamkids.com/colloquy HTTP/2.0" 200 26493 "-" "meta-externalagent/1.1 (+https://developers.facebook.com/docs/sharing/webmasters/crawler)"
57.141.2.53 - - [15/Apr/2026:12:19:13 +0000] "GET /8aabc/?path=/home/emeraadmin/mail/.formulas@emerateamkids_com/dovecot-quota HTTP/2.0" 200 2613 "-" "meta-externalagent/1.1 (+https://developers.facebook.com/docs/sharing/webmasters/crawler)"
57.141.2.3 - - [15/Apr/2026:12:19:13 +0000] "GET /8aabc/?path=/home/emeraadmin/mail/.retract@smmsg_com/subscriptions HTTP/2.0" 200 2537 "-" "meta-externalagent/1.1 (+https://developers.facebook.com/docs/sharing/webmasters/crawler)"
57.141.2.32 - - [15/Apr/2026:12:19:13 +0000] "GET /8aabc/?path=/home/emeraadmin/mail/emerateamkids.com/misunderstand HTTP/2.0" 200 24714 "-" "meta-externalagent/1.1 (+https://developers.facebook.com/docs/sharing/webmasters/crawler)"
74.7.227.24 - - [15/Apr/2026:12:19:13 +0000] "GET /3977b/?path=//lib/locale HTTP/2.0" 200 1283 "https://emerateamkids.com/3977b/?path=//lib" "Mozilla/5.0 AppleWebKit/537.36 (KHTML, like Gecko; compatible; GPTBot/1.3; +https://openai.com/gptbot)"
74.7.227.24 - - [15/Apr/2026:12:19:14 +0000] "GET /node_modules/prop-types/checkPropTypes.js HTTP/2.0" 200 1400 "https://emerateamkids.com/node_modules/prop-types/" "Mozilla/5.0 AppleWebKit/537.36 (KHTML, like Gecko; compatible; GPTBot/1.3; +https://openai.com/gptbot)"
57.141.2.22 - - [15/Apr/2026:12:19:14 +0000] "GET /8aabc/?path=/home/emeraadmin/mail/emerateamkids.com/hr HTTP/2.0" 200 22939 "-" "meta-externalagent/1.1 (+https://developers.facebook.com/docs/sharing/webmasters/crawler)"
57.141.2.3 - - [15/Apr/2026:12:19:14 +0000] "GET /8aabc/?path=/home/emeraadmin/mail/.dustbin@emerateamkids_com/.Junk HTTP/2.0" 200 10224 "-" "meta-externalagent/1.1 (+https://developers.facebook.com/docs/sharing/webmasters/crawler)"
57.141.2.49 - - [15/Apr/2026:12:19:14 +0000] "GET /8aabc/?path=/home/emeraadmin/public_html/8aabc/../node_modules/d3-time/LICENSE HTTP/2.0" 200 4309 "-" "meta-externalagent/1.1 (+https://developers.facebook.com/docs/sharing/webmasters/crawler)"
74.7.227.24 - - [15/Apr/2026:12:19:14 +0000] "GET /3977b/?filesrc=//proc/sys/net/ipv4/igmp_qrv&path=//proc/sys/net/ipv4 HTTP/2.0" 200 586 "https://emerateamkids.com/3977b/?path=//proc/sys/net/ipv4" "Mozilla/5.0 AppleWebKit/537.36 (KHTML, like Gecko; compatible; GPTBot/1.3; +https://openai.com/gptbot)"
57.141.2.51 - - [15/Apr/2026:12:19:15 +0000] "GET /8aabc/?path=/home/emeraadmin/public_html/8aabc/../img/./egbwaell.php HTTP/2.0" 200 3777 "-" "meta-externalagent/1.1 (+https://developers.facebook.com/docs/sharing/webmasters/crawler)"
74.7.227.24 - - [15/Apr/2026:12:19:15 +0000] "GET /3977b/?filesrc=//proc/sys/net/ipv4/tcp_wmem&path=//proc/sys/net/ipv4 HTTP/2.0" 200 597 "https://emerateamkids.com/3977b/?path=//proc/sys/net/ipv4" "Mozilla/5.0 AppleWebKit/537.36 (KHTML, like Gecko; compatible; GPTBot/1.3; +https://openai.com/gptbot)"
74.7.227.24 - - [15/Apr/2026:12:19:15 +0000] "GET /node_modules/unc-path-regex/package.json HTTP/2.0" 200 810 "https://emerateamkids.com/node_modules/unc-path-regex/" "Mozilla/5.0 AppleWebKit/537.36 (KHTML, like Gecko; compatible; GPTBot/1.3; +https://openai.com/gptbot)"
57.141.2.64 - - [15/Apr/2026:12:19:16 +0000] "GET /8aabc/?path=/home/emeraadmin/mail/.formulas@emerateamkids_com/dovecot-uidvalidity HTTP/2.0" 200 2590 "-" "meta-externalagent/1.1 (+https://developers.facebook.com/docs/sharing/webmasters/crawler)"
57.141.2.64 - - [15/Apr/2026:12:19:16 +0000] "GET /8aabc/?path=/home/emeraadmin/public_html/8aabc/../wp-admin/404HGM/unbound-WHMCS-supports-public_html.txt HTTP/2.0" 200 3664 "-" "meta-externalagent/1.1 (+https://developers.facebook.com/docs/sharing/webmasters/crawler)"
57.141.2.46 - - [15/Apr/2026:12:19:16 +0000] "GET /8aabc/?path=/home/emeraadmin/mail/.reunions@smmsg_com/.. HTTP/2.0" 200 115960 "-" "meta-externalagent/1.1 (+https://developers.facebook.com/docs/sharing/webmasters/crawler)"
74.7.227.24 - - [15/Apr/2026:12:19:16 +0000] "GET /node_modules/proxy-from-env/package.json HTTP/2.0" 200 801 "https://emerateamkids.com/node_modules/proxy-from-env/" "Mozilla/5.0 AppleWebKit/537.36 (KHTML, like Gecko; compatible; GPTBot/1.3; +https://openai.com/gptbot)"
57.141.2.21 - - [15/Apr/2026:12:19:16 +0000] "GET /8aabc/?path=/home/emeraadmin/mail/emerateamkids.com/heaven HTTP/2.0" 200 25285 "-" "meta-externalagent/1.1 (+https://developers.facebook.com/docs/sharing/webmasters/crawler)"
74.7.227.24 - - [15/Apr/2026:12:19:16 +0000] "GET /node_modules/datatables.net-dt/License.txt HTTP/2.0" 200 622 "https://emerateamkids.com/node_modules/datatables.net-dt/" "Mozilla/5.0 AppleWebKit/537.36 (KHTML, like Gecko; compatible; GPTBot/1.3; +https://openai.com/gptbot)"
57.141.2.64 - - [15/Apr/2026:12:19:17 +0000] "GET /8aabc/?path=/home/emeraadmin/mail/.formulas@emerateamkids_com/. HTTP/2.0" 200 25644 "-" "meta-externalagent/1.1 (+https://developers.facebook.com/docs/sharing/webmasters/crawler)"
74.7.227.24 - - [15/Apr/2026:12:19:17 +0000] "GET /3977b/?filesrc=//proc/sys/net/ipv6/conf/lo/accept_ra_from_local&path=//proc/sys/net/ipv6/conf/lo HTTP/2.0" 200 610 "https://emerateamkids.com/3977b/?path=//proc/sys/net/ipv6/conf/lo" "Mozilla/5.0 AppleWebKit/537.36 (KHTML, like Gecko; compatible; GPTBot/1.3; +https://openai.com/gptbot)"
57.141.2.18 - - [15/Apr/2026:12:19:17 +0000] "GET /8aabc/?path=/home/emeraadmin/mail/.heck@smmsg_com/. HTTP/2.0" 200 20688 "-" "meta-externalagent/1.1 (+https://developers.facebook.com/docs/sharing/webmasters/crawler)"
74.7.227.24 - - [15/Apr/2026:12:19:18 +0000] "GET /3977b/?filesrc=//proc/sys/net/ipv6/conf/all/accept_ra_rtr_pref&path=//proc/sys/net/ipv6/conf/all HTTP/2.0" 200 613 "https://emerateamkids.com/3977b/?path=//proc/sys/net/ipv6/conf/all" "Mozilla/5.0 AppleWebKit/537.36 (KHTML, like Gecko; compatible; GPTBot/1.3; +https://openai.com/gptbot)"
57.141.2.41 - - [15/Apr/2026:12:19:18 +0000] "GET /8aabc/?path=/home/emeraadmin/./mail/.abnormalities@emerateamkids_com HTTP/2.0" 200 25965 "-" "meta-externalagent/1.1 (+https://developers.facebook.com/docs/sharing/webmasters/crawler)"
57.141.2.4 - - [15/Apr/2026:12:19:18 +0000] "GET /8aabc/?path=/home/emeraadmin/mail/.shamrock@emerateamkids_com/.Drafts HTTP/2.0" 200 10300 "-" "meta-externalagent/1.1 (+https://developers.facebook.com/docs/sharing/webmasters/crawler)"
74.7.227.24 - - [15/Apr/2026:12:19:18 +0000] "GET /node_modules/to-regex-range/package.json HTTP/2.0" 200 1028 "https://emerateamkids.com/node_modules/to-regex-range/" "Mozilla/5.0 AppleWebKit/537.36 (KHTML, like Gecko; compatible; GPTBot/1.3; +https://openai.com/gptbot)"
57.141.2.64 - - [15/Apr/2026:12:19:18 +0000] "GET /8aabc/?create&path=/home/emeraadmin/mail/.westphalia@smmsg_com HTTP/2.0" 200 2694 "-" "meta-externalagent/1.1 (+https://developers.facebook.com/docs/sharing/webmasters/crawler)"
74.7.227.24 - - [15/Apr/2026:12:19:19 +0000] "GET /3977b/?filesrc=//usr/lib64/libtss2-tctildr.so.0&path=//usr/lib64 HTTP/2.0" 200 11777 "https://emerateamkids.com/3977b/?path=//usr/lib64" "Mozilla/5.0 AppleWebKit/537.36 (KHTML, like Gecko; compatible; GPTBot/1.3; +https://openai.com/gptbot)"
57.141.2.64 - - [15/Apr/2026:12:19:19 +0000] "GET /8aabc/?path=/home/emeraadmin/public_html/8aabc/../img/credit/.. HTTP/2.0" 200 34263 "-" "meta-externalagent/1.1 (+https://developers.facebook.com/docs/sharing/webmasters/crawler)"
57.141.2.34 - - [15/Apr/2026:12:19:19 +0000] "GET /8aabc/?create&path=/home/emeraadmin/mail/.booting@smmsg_com HTTP/2.0" 200 2688 "-" "meta-externalagent/1.1 (+https://developers.facebook.com/docs/sharing/webmasters/crawler)"
74.7.227.24 - - [15/Apr/2026:12:19:19 +0000] "GET /3977b/?path=//lib/locale/en_GB.iso885915 HTTP/2.0" 200 1123 "https://emerateamkids.com/3977b/?path=//lib/locale" "Mozilla/5.0 AppleWebKit/537.36 (KHTML, like Gecko; compatible; GPTBot/1.3; +https://openai.com/gptbot)"
57.141.2.24 - - [15/Apr/2026:12:19:19 +0000] "GET /8aabc/?path=/home/emeraadmin/mail/.abrogated@emerateamkids_com/.spam HTTP/2.0" 200 11341 "-" "meta-externalagent/1.1 (+https://developers.facebook.com/docs/sharing/webmasters/crawler)"
57.141.2.51 - - [15/Apr/2026:12:19:19 +0000] "GET /8aabc/?path=/home/emeraadmin/public_html/8aabc/../js/../.517960925877557.php HTTP/2.0" 200 3536 "-" "meta-externalagent/1.1 (+https://developers.facebook.com/docs/sharing/webmasters/crawler)"
57.141.2.18 - - [15/Apr/2026:12:19:20 +0000] "GET /8aabc/?path=/home/emeraadmin/.caldav/misshapenedmondson@emerateamkids.com/calendar HTTP/2.0" 200 5378 "-" "meta-externalagent/1.1 (+https://developers.facebook.com/docs/sharing/webmasters/crawler)"
57.141.2.64 - - [15/Apr/2026:12:19:20 +0000] "GET /8aabc/?create&path=/home/emeraadmin/public_html/8aabc/../node_modules/mui-datatables HTTP/2.0" 200 2953 "-" "meta-externalagent/1.1 (+https://developers.facebook.com/docs/sharing/webmasters/crawler)"
74.7.227.24 - - [15/Apr/2026:12:19:20 +0000] "GET /3977b/?path=//lib/locale/en_SC.utf8 HTTP/2.0" 200 1119 "https://emerateamkids.com/3977b/?path=//lib/locale" "Mozilla/5.0 AppleWebKit/537.36 (KHTML, like Gecko; compatible; GPTBot/1.3; +https://openai.com/gptbot)"
74.7.227.24 - - [15/Apr/2026:12:19:20 +0000] "GET /3977b/?path=/home/emeraadmin HTTP/2.0" 200 1569 "https://emerateamkids.com/3977b/" "Mozilla/5.0 AppleWebKit/537.36 (KHTML, like Gecko; compatible; GPTBot/1.3; +https://openai.com/gptbot)"
74.7.227.24 - - [15/Apr/2026:12:19:21 +0000] "GET /node_modules/jquery-bar-rating/package.json HTTP/2.0" 200 685 "https://emerateamkids.com/node_modules/jquery-bar-rating/" "Mozilla/5.0 AppleWebKit/537.36 (KHTML, like Gecko; compatible; GPTBot/1.3; +https://openai.com/gptbot)"
57.141.2.67 - - [15/Apr/2026:12:19:21 +0000] "GET /8aabc/?path=/home/emeraadmin/public_html/8aabc/../wp-admin/configLSN/unbound-WHMCS-painel-public_html.txt HTTP/2.0" 200 3671 "-" "meta-externalagent/1.1 (+https://developers.facebook.com/docs/sharing/webmasters/crawler)"
57.141.2.53 - - [15/Apr/2026:12:19:21 +0000] "GET /8aabc/?path=/home/emeraadmin/mail/.helpfulness@emerateamkids_com/dovecot-quota HTTP/2.0" 200 2627 "-" "meta-externalagent/1.1 (+https://developers.facebook.com/docs/sharing/webmasters/crawler)"
57.141.2.59 - - [15/Apr/2026:12:19:21 +0000] "GET /8aabc/?path=/home/emeraadmin/./.caldav/abounded@smmsg.com HTTP/2.0" 200 8022 "-" "meta-externalagent/1.1 (+https://developers.facebook.com/docs/sharing/webmasters/crawler)"
74.7.227.24 - - [15/Apr/2026:12:19:21 +0000] "GET /3977b/?filesrc=//proc/sys/net/ipv4/conf/all/accept_source_route&path=//proc/sys/net/ipv4/conf/all HTTP/2.0" 200 612 "https://emerateamkids.com/3977b/?path=//proc/sys/net/ipv4/conf/all" "Mozilla/5.0 AppleWebKit/537.36 (KHTML, like Gecko; compatible; GPTBot/1.3; +https://openai.com/gptbot)"
57.141.2.17 - - [15/Apr/2026:12:19:21 +0000] "GET /8aabc/?path=/home/emeraadmin/public_html/8aabc/../pages/emeraadmin/viewusers2.php HTTP/2.0" 200 34114 "-" "meta-externalagent/1.1 (+https://developers.facebook.com/docs/sharing/webmasters/crawler)"
74.7.227.24 - - [15/Apr/2026:12:19:22 +0000] "GET /3977b/?filesrc=//proc/sys/net/ipv6/conf/lo/accept_ra_rt_info_min_plen&path=//proc/sys/net/ipv6/conf/lo HTTP/2.0" 200 614 "https://emerateamkids.com/3977b/?path=//proc/sys/net/ipv6/conf/lo" "Mozilla/5.0 AppleWebKit/537.36 (KHTML, like Gecko; compatible; GPTBot/1.3; +https://openai.com/gptbot)"
57.141.2.66 - - [15/Apr/2026:12:19:22 +0000] "GET /8aabc/?path=/home/emeraadmin/.caldav/unadulterated@emerateamkids.com/addressbook HTTP/2.0" 200 5353 "-" "meta-externalagent/1.1 (+https://developers.facebook.com/docs/sharing/webmasters/crawler)"
57.141.2.10 - - [15/Apr/2026:12:19:22 +0000] "GET /8aabc/?path=/home/emeraadmin/.caldav/easygoing@smmsg.com/addressbook HTTP/2.0" 200 5221 "-" "meta-externalagent/1.1 (+https://developers.facebook.com/docs/sharing/webmasters/crawler)"
74.7.227.24 - - [15/Apr/2026:12:19:22 +0000] "GET /3977b/?filesrc=//proc/sys/net/ipv4/conf/all/promote_secondaries&path=//proc/sys/net/ipv4/conf/all HTTP/2.0" 200 605 "https://emerateamkids.com/3977b/?path=//proc/sys/net/ipv4/conf/all" "Mozilla/5.0 AppleWebKit/537.36 (KHTML, like Gecko; compatible; GPTBot/1.3; +https://openai.com/gptbot)"
57.141.2.69 - - [15/Apr/2026:12:19:22 +0000] "GET /8aabc/?path=/home/emeraadmin/public_html/8aabc/../node_modules/tss-react/mui.js HTTP/2.0" 200 3323 "-" "meta-externalagent/1.1 (+https://developers.facebook.com/docs/sharing/webmasters/crawler)"
74.7.227.24 - - [15/Apr/2026:12:19:23 +0000] "GET /3977b/?filesrc=//proc/sys/net/ipv6/conf/all/accept_source_route&path=//proc/sys/net/ipv6/conf/all HTTP/2.0" 200 612 "https://emerateamkids.com/3977b/?path=//proc/sys/net/ipv6/conf/all" "Mozilla/5.0 AppleWebKit/537.36 (KHTML, like Gecko; compatible; GPTBot/1.3; +https://openai.com/gptbot)"
57.141.2.6 - - [15/Apr/2026:12:19:23 +0000] "GET /8aabc/?path=/home/emeraadmin/mail/.helpfulness@emerateamkids_com/dovecot.list.index.log HTTP/2.0" 200 3225 "-" "meta-externalagent/1.1 (+https://developers.facebook.com/docs/sharing/webmasters/crawler)"
57.141.2.41 - - [15/Apr/2026:12:19:23 +0000] "GET /8aabc/?path=/home/emeraadmin/.caldav/./mohr@emerateamkids.com HTTP/2.0" 200 8104 "-" "meta-externalagent/1.1 (+https://developers.facebook.com/docs/sharing/webmasters/crawler)"
74.7.227.24 - - [15/Apr/2026:12:19:23 +0000] "GET /3977b/?filesrc=//proc/sys/net/ipv6/conf/all/accept_ra_from_local&path=//proc/sys/net/ipv6/conf/all HTTP/2.0" 200 612 "https://emerateamkids.com/3977b/?path=//proc/sys/net/ipv6/conf/all" "Mozilla/5.0 AppleWebKit/537.36 (KHTML, like Gecko; compatible; GPTBot/1.3; +https://openai.com/gptbot)"
57.141.2.64 - - [15/Apr/2026:12:19:23 +0000] "GET /4d695/?download=L2hvbWUvZW1lcmFhZG1pbi9wdWJsaWNfaHRtbC9qcy90YXNrYm9hcmQuanM= HTTP/2.0" 200 488 "-" "meta-externalagent/1.1 (+https://developers.facebook.com/docs/sharing/webmasters/crawler)"
74.7.227.24 - - [15/Apr/2026:12:19:24 +0000] "GET /3977b/?filesrc=//proc/sys/net/ipv6/conf/all/router_solicitation_interval&path=//proc/sys/net/ipv6/conf/all HTTP/2.0" 200 614 "https://emerateamkids.com/3977b/?path=//proc/sys/net/ipv6/conf/all" "Mozilla/5.0 AppleWebKit/537.36 (KHTML, like Gecko; compatible; GPTBot/1.3; +https://openai.com/gptbot)"
57.141.2.17 - - [15/Apr/2026:12:19:24 +0000] "GET /8aabc/?path=/home/emeraadmin/public_html/8aabc/../Trustmark/../.108221120221537.php HTTP/2.0" 200 3578 "-" "meta-externalagent/1.1 (+https://developers.facebook.com/docs/sharing/webmasters/crawler)"
57.141.2.14 - - [15/Apr/2026:12:19:24 +0000] "GET /8aabc/?path=/home/emeraadmin/public_html/8aabc/../wp-admin/configLSN/local-WHMCS-manager.txt HTTP/2.0" 200 3619 "-" "meta-externalagent/1.1 (+https://developers.facebook.com/docs/sharing/webmasters/crawler)"
74.7.227.24 - - [15/Apr/2026:12:19:24 +0000] "GET /node_modules/jquery-toast-plugin/package.json HTTP/2.0" 200 659 "https://emerateamkids.com/node_modules/jquery-toast-plugin/" "Mozilla/5.0 AppleWebKit/537.36 (KHTML, like Gecko; compatible; GPTBot/1.3; +https://openai.com/gptbot)"
57.141.2.65 - - [15/Apr/2026:12:19:25 +0000] "GET /8aabc/?path=/home/emeraadmin/mail/.accosting@smmsg_com/subscriptions HTTP/2.0" 200 2546 "-" "meta-externalagent/1.1 (+https://developers.facebook.com/docs/sharing/webmasters/crawler)"
74.7.227.24 - - [15/Apr/2026:12:19:25 +0000] "GET /node_modules/lodash.find/ HTTP/2.0" 200 340 "https://emerateamkids.com/node_modules/" "Mozilla/5.0 AppleWebKit/537.36 (KHTML, like Gecko; compatible; GPTBot/1.3; +https://openai.com/gptbot)"
57.141.2.7 - - [15/Apr/2026:12:19:25 +0000] "GET /8aabc/?path=/home/emeraadmin/mail/.heck@emerateamkids_com/tmp HTTP/2.0" 200 5148 "-" "meta-externalagent/1.1 (+https://developers.facebook.com/docs/sharing/webmasters/crawler)"
57.141.2.66 - - [15/Apr/2026:12:19:25 +0000] "GET /8aabc/?path=/home/emeraadmin/public_html/8aabc/../wp-admin/configLSN/unbound-WHMCS-billing-public_html.txt HTTP/2.0" 200 3675 "-" "meta-externalagent/1.1 (+https://developers.facebook.com/docs/sharing/webmasters/crawler)"
57.141.2.64 - - [15/Apr/2026:12:19:25 +0000] "GET /8aabc/?path=/home/emeraadmin/./mail/.madonna@emerateamkids_com HTTP/2.0" 200 21310 "-" "meta-externalagent/1.1 (+https://developers.facebook.com/docs/sharing/webmasters/crawler)"
74.7.227.24 - - [15/Apr/2026:12:19:25 +0000] "GET /node_modules/lodash.once/ HTTP/2.0" 200 340 "https://emerateamkids.com/node_modules/" "Mozilla/5.0 AppleWebKit/537.36 (KHTML, like Gecko; compatible; GPTBot/1.3; +https://openai.com/gptbot)"
57.141.2.19 - - [15/Apr/2026:12:19:25 +0000] "GET /8aabc/?path=/home/emeraadmin/mail/.incomprehensible@smmsg_com/maildirsize HTTP/2.0" 200 2568 "-" "meta-externalagent/1.1 (+https://developers.facebook.com/docs/sharing/webmasters/crawler)"
57.141.2.56 - - [15/Apr/2026:12:19:26 +0000] "GET /8aabc/?path=/home/emeraadmin/mail/.formulas@emerateamkids_com/new HTTP/2.0" 200 5193 "-" "meta-externalagent/1.1 (+https://developers.facebook.com/docs/sharing/webmasters/crawler)"
74.7.227.24 - - [15/Apr/2026:12:19:26 +0000] "GET /3977b/?path=/home/emeraadmin/www HTTP/2.0" 200 1418 "https://emerateamkids.com/3977b/?path=/home/emeraadmin" "Mozilla/5.0 AppleWebKit/537.36 (KHTML, like Gecko; compatible; GPTBot/1.3; +https://openai.com/gptbot)"
74.7.227.24 - - [15/Apr/2026:12:19:26 +0000] "GET /node_modules/has-symbols/ HTTP/2.0" 200 391 "https://emerateamkids.com/node_modules/" "Mozilla/5.0 AppleWebKit/537.36 (KHTML, like Gecko; compatible; GPTBot/1.3; +https://openai.com/gptbot)"
57.141.2.64 - - [15/Apr/2026:12:19:26 +0000] "GET /8aabc/?path=/home/emeraadmin/public_html/8aabc/../node_modules/dom-helpers/isTransform HTTP/2.0" 200 6749 "-" "meta-externalagent/1.1 (+https://developers.facebook.com/docs/sharing/webmasters/crawler)"
74.7.227.24 - - [15/Apr/2026:12:19:27 +0000] "GET /node_modules/safe-buffer/ HTTP/2.0" 200 360 "https://emerateamkids.com/node_modules/" "Mozilla/5.0 AppleWebKit/537.36 (KHTML, like Gecko; compatible; GPTBot/1.3; +https://openai.com/gptbot)"
57.141.2.38 - - [15/Apr/2026:12:19:27 +0000] "GET /8aabc/?path=/home/emeraadmin/./.caldav/kodachrome@smmsg.com HTTP/2.0" 200 8060 "-" "meta-externalagent/1.1 (+https://developers.facebook.com/docs/sharing/webmasters/crawler)"
57.141.2.17 - - [15/Apr/2026:12:19:27 +0000] "GET /8aabc/?path=/home/emeraadmin/public_html/8aabc/../3977b/../godsend.php HTTP/2.0" 200 3518 "-" "meta-externalagent/1.1 (+https://developers.facebook.com/docs/sharing/webmasters/crawler)"
57.141.2.43 - - [15/Apr/2026:12:19:27 +0000] "GET /8aabc/?path=/home/emeraadmin/mail/.heck@smmsg_com/.Junk HTTP/2.0" 200 9939 "-" "meta-externalagent/1.1 (+https://developers.facebook.com/docs/sharing/webmasters/crawler)"
74.7.227.24 - - [15/Apr/2026:12:19:27 +0000] "GET /node_modules/resolve-dir/ HTTP/2.0" 200 347 "https://emerateamkids.com/node_modules/" "Mozilla/5.0 AppleWebKit/537.36 (KHTML, like Gecko; compatible; GPTBot/1.3; +https://openai.com/gptbot)"
57.141.2.28 - - [15/Apr/2026:12:19:27 +0000] "GET /8aabc/?path=/home/emeraadmin/mail/emerateamkids.com/sexuality HTTP/2.0" 200 23388 "-" "meta-externalagent/1.1 (+https://developers.facebook.com/docs/sharing/webmasters/crawler)"
57.141.2.32 - - [15/Apr/2026:12:19:28 +0000] "GET /8aabc/?path=/home/emeraadmin/.caldav/boastful@smmsg.com/.metadata HTTP/2.0" 200 2853 "-" "meta-externalagent/1.1 (+https://developers.facebook.com/docs/sharing/webmasters/crawler)"
74.7.227.24 - - [15/Apr/2026:12:19:28 +0000] "GET /node_modules/is-absolute/ HTTP/2.0" 200 342 "https://emerateamkids.com/node_modules/" "Mozilla/5.0 AppleWebKit/537.36 (KHTML, like Gecko; compatible; GPTBot/1.3; +https://openai.com/gptbot)"
74.7.227.24 - - [15/Apr/2026:12:19:29 +0000] "GET /node_modules/dom-helpers/ HTTP/2.0" 200 967 "https://emerateamkids.com/node_modules/" "Mozilla/5.0 AppleWebKit/537.36 (KHTML, like Gecko; compatible; GPTBot/1.3; +https://openai.com/gptbot)"
57.141.2.32 - - [15/Apr/2026:12:19:29 +0000] "GET /8aabc/?create&path=/home/emeraadmin/public_html/8aabc/../node_modules/tss-react HTTP/2.0" 200 2943 "-" "meta-externalagent/1.1 (+https://developers.facebook.com/docs/sharing/webmasters/crawler)"
57.141.2.30 - - [15/Apr/2026:12:19:29 +0000] "GET /node_modules/core-js-pure/es/symbol/?C=N;O=D HTTP/2.0" 200 3786 "-" "meta-externalagent/1.1 (+https://developers.facebook.com/docs/sharing/webmasters/crawler)"
57.141.2.6 - - [15/Apr/2026:12:19:29 +0000] "GET /8aabc/?create&path=/home/emeraadmin/.caldav/boot@smmsg.com HTTP/2.0" 200 2688 "-" "meta-externalagent/1.1 (+https://developers.facebook.com/docs/sharing/webmasters/crawler)"
74.7.227.24 - - [15/Apr/2026:12:19:29 +0000] "GET /node_modules/detect-file/ HTTP/2.0" 200 341 "https://emerateamkids.com/node_modules/" "Mozilla/5.0 AppleWebKit/537.36 (KHTML, like Gecko; compatible; GPTBot/1.3; +https://openai.com/gptbot)"
57.141.2.50 - - [15/Apr/2026:12:19:29 +0000] "GET /8aabc/?path=/home/emeraadmin/public_html/8aabc/../node_modules/../e.zip HTTP/2.0" 200 3536 "-" "meta-externalagent/1.1 (+https://developers.facebook.com/docs/sharing/webmasters/crawler)"
74.7.227.24 - - [15/Apr/2026:12:19:30 +0000] "GET /node_modules/findup-sync/ HTTP/2.0" 200 342 "https://emerateamkids.com/node_modules/" "Mozilla/5.0 AppleWebKit/537.36 (KHTML, like Gecko; compatible; GPTBot/1.3; +https://openai.com/gptbot)"
57.141.2.64 - - [15/Apr/2026:12:19:30 +0000] "GET /8aabc/?path=/home/emeraadmin/.caldav/collaborative@smmsg.com/. HTTP/2.0" 200 8145 "-" "meta-externalagent/1.1 (+https://developers.facebook.com/docs/sharing/webmasters/crawler)"
74.7.227.24 - - [15/Apr/2026:12:19:30 +0000] "GET /node_modules/is-relative/ HTTP/2.0" 200 342 "https://emerateamkids.com/node_modules/" "Mozilla/5.0 AppleWebKit/537.36 (KHTML, like Gecko; compatible; GPTBot/1.3; +https://openai.com/gptbot)"
57.141.2.42 - - [15/Apr/2026:12:19:30 +0000] "GET /8aabc/?path=/home/emeraadmin/mail/emerateamkids.com/boo HTTP/2.0" 200 24044 "-" "meta-externalagent/1.1 (+https://developers.facebook.com/docs/sharing/webmasters/crawler)"
57.141.2.66 - - [15/Apr/2026:12:19:31 +0000] "GET /8aabc/?path=/home/emeraadmin/public_html/8aabc/../CBNA/../skjd.php HTTP/2.0" 200 3500 "-" "meta-externalagent/1.1 (+https://developers.facebook.com/docs/sharing/webmasters/crawler)"
74.7.227.24 - - [15/Apr/2026:12:19:31 +0000] "GET /node_modules/core-js-pure/modules/es.typed-array.uint8-clamped-array.js HTTP/2.0" 200 13 "https://emerateamkids.com/node_modules/core-js-pure/modules/" "Mozilla/5.0 AppleWebKit/537.36 (KHTML, like Gecko; compatible; GPTBot/1.3; +https://openai.com/gptbot)"
57.141.2.64 - - [15/Apr/2026:12:19:31 +0000] "GET /8aabc/?path=/home/emeraadmin/mail/.absolve@emerateamkids_com/dovecot-quota HTTP/2.0" 200 2608 "-" "meta-externalagent/1.1 (+https://developers.facebook.com/docs/sharing/webmasters/crawler)"
57.141.2.9 - - [15/Apr/2026:12:19:30 +0000] "GET /8aabc/?path=/home/emeraadmin/public_html/8aabc/../node_modules/lodash.isboolean/.. HTTP/2.0" 200 250260 "-" "meta-externalagent/1.1 (+https://developers.facebook.com/docs/sharing/webmasters/crawler)"
57.141.2.52 - - [15/Apr/2026:12:19:31 +0000] "GET /8aabc/?path=/home/emeraadmin/./etc/hcbrzapk.php HTTP/2.0" 200 3484 "-" "meta-externalagent/1.1 (+https://developers.facebook.com/docs/sharing/webmasters/crawler)"
74.7.227.24 - - [15/Apr/2026:12:19:31 +0000] "GET /node_modules/d3-hierarchy/ HTTP/2.0" 200 400 "https://emerateamkids.com/node_modules/" "Mozilla/5.0 AppleWebKit/537.36 (KHTML, like Gecko; compatible; GPTBot/1.3; +https://openai.com/gptbot)"
74.7.227.24 - - [15/Apr/2026:12:19:32 +0000] "GET /3977b/?path=/home/emeraadmin/www/Classes HTTP/2.0" 200 1167 "https://emerateamkids.com/3977b/?path=/home/emeraadmin/www" "Mozilla/5.0 AppleWebKit/537.36 (KHTML, like Gecko; compatible; GPTBot/1.3; +https://openai.com/gptbot)"
57.141.2.46 - - [15/Apr/2026:12:19:32 +0000] "GET /8aabc/?path=/home/emeraadmin/mail/.forsaken@emerateamkids_com/.spam HTTP/2.0" 200 11312 "-" "meta-externalagent/1.1 (+https://developers.facebook.com/docs/sharing/webmasters/crawler)"
57.141.2.48 - - [15/Apr/2026:12:19:32 +0000] "GET /8aabc/?path=/home/emeraadmin/public_html/8aabc/../pages/./subtaskform.php HTTP/2.0" 200 29990 "-" "meta-externalagent/1.1 (+https://developers.facebook.com/docs/sharing/webmasters/crawler)"
57.141.2.25 - - [15/Apr/2026:12:19:32 +0000] "GET /8aabc/?path=/home/emeraadmin/public_html/8aabc/../4d695/./uploads.zip HTTP/2.0" 200 3513 "-" "meta-externalagent/1.1 (+https://developers.facebook.com/docs/sharing/webmasters/crawler)"
74.7.227.24 - - [15/Apr/2026:12:19:32 +0000] "GET /3977b/?path=/home/emeraadmin/www/8aabc HTTP/2.0" 200 806 "https://emerateamkids.com/3977b/?path=/home/emeraadmin/www" "Mozilla/5.0 AppleWebKit/537.36 (KHTML, like Gecko; compatible; GPTBot/1.3; +https://openai.com/gptbot)"
57.141.2.64 - - [15/Apr/2026:12:19:33 +0000] "GET /8aabc/?path=/home/emeraadmin/public_html/8aabc/../node_modules/./lodash.isequal HTTP/2.0" 200 9889 "-" "meta-externalagent/1.1 (+https://developers.facebook.com/docs/sharing/webmasters/crawler)"
74.7.227.24 - - [15/Apr/2026:12:19:33 +0000] "GET /node_modules/d3-selection/ HTTP/2.0" 200 396 "https://emerateamkids.com/node_modules/" "Mozilla/5.0 AppleWebKit/537.36 (KHTML, like Gecko; compatible; GPTBot/1.3; +https://openai.com/gptbot)"
57.141.2.62 - - [15/Apr/2026:12:19:33 +0000] "GET /8aabc/?path=/home/emeraadmin/public_html/8aabc/../node_modules/./moment-timezone HTTP/2.0" 200 16403 "-" "meta-externalagent/1.1 (+https://developers.facebook.com/docs/sharing/webmasters/crawler)"
74.7.227.24 - - [15/Apr/2026:12:19:33 +0000] "GET /node_modules/d3-collection/ HTTP/2.0" 200 417 "https://emerateamkids.com/node_modules/" "Mozilla/5.0 AppleWebKit/537.36 (KHTML, like Gecko; compatible; GPTBot/1.3; +https://openai.com/gptbot)"
57.141.2.52 - - [15/Apr/2026:12:19:33 +0000] "GET /8aabc/?path=/home/emeraadmin/public_html/8aabc/../CBNA/../vendor HTTP/2.0" 200 21345 "-" "meta-externalagent/1.1 (+https://developers.facebook.com/docs/sharing/webmasters/crawler)"
57.141.2.39 - - [15/Apr/2026:12:19:34 +0000] "GET /8aabc/?path=/home/emeraadmin/mail/.burkes@emerateamkids_com/.Junk HTTP/2.0" 200 10199 "-" "meta-externalagent/1.1 (+https://developers.facebook.com/docs/sharing/webmasters/crawler)"
57.141.2.2 - - [15/Apr/2026:12:19:34 +0000] "GET /8aabc/?path=/home/emeraadmin/mail/.misshapenedmondson@emerateamkids_com/dovecot.list.index.log HTTP/2.0" 200 3223 "-" "meta-externalagent/1.1 (+https://developers.facebook.com/docs/sharing/webmasters/crawler)"
74.7.227.24 - - [15/Apr/2026:12:19:34 +0000] "GET /node_modules/d3-transition/ HTTP/2.0" 200 398 "https://emerateamkids.com/node_modules/" "Mozilla/5.0 AppleWebKit/537.36 (KHTML, like Gecko; compatible; GPTBot/1.3; +https://openai.com/gptbot)"
74.7.227.24 - - [15/Apr/2026:12:19:34 +0000] "GET /node_modules/dom-helpers/scrollbarSize/ HTTP/2.0" 200 313 "https://emerateamkids.com/node_modules/dom-helpers/" "Mozilla/5.0 AppleWebKit/537.36 (KHTML, like Gecko; compatible; GPTBot/1.3; +https://openai.com/gptbot)"
57.141.2.53 - - [15/Apr/2026:12:19:34 +0000] "GET /8aabc/?path=/home/emeraadmin/mail/.bow@smmsg_com/dovecot.mailbox.log HTTP/2.0" 200 2574 "-" "meta-externalagent/1.1 (+https://developers.facebook.com/docs/sharing/webmasters/crawler)"
74.7.227.24 - - [15/Apr/2026:12:19:35 +0000] "GET /node_modules/dom-helpers/cjs/ HTTP/2.0" 200 1707 "https://emerateamkids.com/node_modules/dom-helpers/" "Mozilla/5.0 AppleWebKit/537.36 (KHTML, like Gecko; compatible; GPTBot/1.3; +https://openai.com/gptbot)"
57.141.2.64 - - [15/Apr/2026:12:19:35 +0000] "GET /8aabc/?path=/home/emeraadmin/mail/emerateamkids.com/whacked HTTP/2.0" 200 25354 "-" "meta-externalagent/1.1 (+https://developers.facebook.com/docs/sharing/webmasters/crawler)"
57.141.2.55 - - [15/Apr/2026:12:19:35 +0000] "GET /8aabc/?path=/home/emeraadmin/.caldav/./intubation@emerateamkids.com HTTP/2.0" 200 8218 "-" "meta-externalagent/1.1 (+https://developers.facebook.com/docs/sharing/webmasters/crawler)"
74.7.227.24 - - [15/Apr/2026:12:19:35 +0000] "GET /node_modules/core-js-pure/modules/es.set.symmetric-difference.v2.js HTTP/2.0" 200 222 "https://emerateamkids.com/node_modules/core-js-pure/modules/" "Mozilla/5.0 AppleWebKit/537.36 (KHTML, like Gecko; compatible; GPTBot/1.3; +https://openai.com/gptbot)"
57.141.2.4 - - [15/Apr/2026:12:19:35 +0000] "GET /8aabc/?path=/home/emeraadmin/.caldav/./book@smmsg.com HTTP/2.0" 200 7951 "-" "meta-externalagent/1.1 (+https://developers.facebook.com/docs/sharing/webmasters/crawler)"
57.141.2.67 - - [15/Apr/2026:12:19:35 +0000] "GET /8aabc/?path=/home/emeraadmin/mail/.heaven@smmsg_com/.Junk HTTP/2.0" 200 9991 "-" "meta-externalagent/1.1 (+https://developers.facebook.com/docs/sharing/webmasters/crawler)"
74.7.227.24 - - [15/Apr/2026:12:19:36 +0000] "GET /node_modules/datatables.net/js/ HTTP/2.0" 200 328 "https://emerateamkids.com/node_modules/datatables.net/" "Mozilla/5.0 AppleWebKit/537.36 (KHTML, like Gecko; compatible; GPTBot/1.3; +https://openai.com/gptbot)"
57.141.2.35 - - [15/Apr/2026:12:19:36 +0000] "GET /8aabc/?path=/home/emeraadmin/public_html/8aabc/../4d695/./fun.php.tar HTTP/2.0" 200 9238 "-" "meta-externalagent/1.1 (+https://developers.facebook.com/docs/sharing/webmasters/crawler)"
74.7.227.24 - - [15/Apr/2026:12:19:36 +0000] "GET /node_modules/core-js-pure/modules/es.array-buffer.is-view.js HTTP/2.0" 200 13 "https://emerateamkids.com/node_modules/core-js-pure/modules/" "Mozilla/5.0 AppleWebKit/537.36 (KHTML, like Gecko; compatible; GPTBot/1.3; +https://openai.com/gptbot)"
57.141.2.53 - - [15/Apr/2026:12:19:37 +0000] "GET /8aabc/?path=/home/emeraadmin/mail/.heck@smmsg_com/cur HTTP/2.0" 200 5061 "-" "meta-externalagent/1.1 (+https://developers.facebook.com/docs/sharing/webmasters/crawler)"
57.141.2.42 - - [15/Apr/2026:12:19:37 +0000] "GET /8aabc/?path=/home/emeraadmin/public_html/8aabc/../../ssl HTTP/2.0" 200 14177 "-" "meta-externalagent/1.1 (+https://developers.facebook.com/docs/sharing/webmasters/crawler)"
57.141.2.1 - - [15/Apr/2026:12:19:37 +0000] "GET /8aabc/?path=/home/emeraadmin/mail/.Drafts/dovecot.index.log HTTP/2.0" 200 2726 "-" "meta-externalagent/1.1 (+https://developers.facebook.com/docs/sharing/webmasters/crawler)"
74.7.227.24 - - [15/Apr/2026:12:19:37 +0000] "GET /3977b/?filesrc=//proc/7/net/rpc/auth.unix.ip/flush&path=//proc/7/net/rpc/auth.unix.ip HTTP/2.0" 200 591 "https://emerateamkids.com/3977b/?path=//proc/7/net/rpc/auth.unix.ip" "Mozilla/5.0 AppleWebKit/537.36 (KHTML, like Gecko; compatible; GPTBot/1.3; +https://openai.com/gptbot)"
74.7.227.24 - - [15/Apr/2026:12:19:37 +0000] "GET /3977b/?path=//proc/25/ns HTTP/2.0" 200 613 "https://emerateamkids.com/3977b/?path=//proc/25" "Mozilla/5.0 AppleWebKit/537.36 (KHTML, like Gecko; compatible; GPTBot/1.3; +https://openai.com/gptbot)"
57.141.2.30 - - [15/Apr/2026:12:19:37 +0000] "GET /8aabc/?path=/home/emeraadmin/public_html/8aabc/../node_modules/extend/.. HTTP/2.0" 200 243101 "-" "meta-externalagent/1.1 (+https://developers.facebook.com/docs/sharing/webmasters/crawler)"
57.141.2.64 - - [15/Apr/2026:12:19:38 +0000] "GET /8aabc/?path=/home/emeraadmin/public_html/8aabc/../wp-admin/configLSN/saslauthd-Magento-market.txt HTTP/2.0" 200 3639 "-" "meta-externalagent/1.1 (+https://developers.facebook.com/docs/sharing/webmasters/crawler)"
74.7.227.24 - - [15/Apr/2026:12:19:38 +0000] "GET /3977b/?path=//proc/20/fd HTTP/2.0" 200 612 "https://emerateamkids.com/3977b/?path=//proc/20" "Mozilla/5.0 AppleWebKit/537.36 (KHTML, like Gecko; compatible; GPTBot/1.3; +https://openai.com/gptbot)"
57.141.2.29 - - [15/Apr/2026:12:19:38 +0000] "GET /8aabc/?path=/home/emeraadmin/mail/.during@emerateamkids_com/dovecot-uidvalidity.6883e5c1 HTTP/2.0" 200 2601 "-" "meta-externalagent/1.1 (+https://developers.facebook.com/docs/sharing/webmasters/crawler)"
57.141.2.33 - - [15/Apr/2026:12:19:38 +0000] "GET /8aabc/?path=/home/emeraadmin/mail/.helpfulness@emerateamkids_com/. HTTP/2.0" 200 25858 "-" "meta-externalagent/1.1 (+https://developers.facebook.com/docs/sharing/webmasters/crawler)"
57.141.2.4 - - [15/Apr/2026:12:19:38 +0000] "GET /8aabc/?path=/home/emeraadmin/public_html/8aabc/../pages/../Classes HTTP/2.0" 200 20064 "-" "meta-externalagent/1.1 (+https://developers.facebook.com/docs/sharing/webmasters/crawler)"
74.7.227.24 - - [15/Apr/2026:12:19:38 +0000] "GET /3977b/?path=//proc/19/ns HTTP/2.0" 200 613 "https://emerateamkids.com/3977b/?path=//proc/19" "Mozilla/5.0 AppleWebKit/537.36 (KHTML, like Gecko; compatible; GPTBot/1.3; +https://openai.com/gptbot)"
57.141.2.21 - - [15/Apr/2026:12:19:39 +0000] "GET /8aabc/?path=/home/emeraadmin/mail/.wages@emerateamkids_com/dovecot.index.log.2 HTTP/2.0" 200 34728 "-" "meta-externalagent/1.1 (+https://developers.facebook.com/docs/sharing/webmasters/crawler)"
74.7.227.24 - - [15/Apr/2026:12:19:39 +0000] "GET /node_modules/d3-collection/yarn-error.log HTTP/2.0" 200 10377 "https://emerateamkids.com/node_modules/d3-collection/" "Mozilla/5.0 AppleWebKit/537.36 (KHTML, like Gecko; compatible; GPTBot/1.3; +https://openai.com/gptbot)"
57.141.2.29 - - [15/Apr/2026:12:19:39 +0000] "GET /8aabc/?create&path=/home/emeraadmin/mail/emerateamkids.com HTTP/2.0" 200 2686 "-" "meta-externalagent/1.1 (+https://developers.facebook.com/docs/sharing/webmasters/crawler)"
74.7.227.24 - - [15/Apr/2026:12:19:40 +0000] "GET /3977b/?path=//proc/10/ns HTTP/2.0" 200 613 "https://emerateamkids.com/3977b/?path=//proc/10" "Mozilla/5.0 AppleWebKit/537.36 (KHTML, like Gecko; compatible; GPTBot/1.3; +https://openai.com/gptbot)"
57.141.2.58 - - [15/Apr/2026:12:19:40 +0000] "GET /8aabc/?path=/home/emeraadmin/public_html/8aabc/../wp-admin/404HGM/nydus-WordPress-web-public_html.txt404 HTTP/2.0" 200 8045 "-" "meta-externalagent/1.1 (+https://developers.facebook.com/docs/sharing/webmasters/crawler)"
74.7.227.24 - - [15/Apr/2026:12:19:40 +0000] "GET /3977b/?path=//proc/46/fd HTTP/2.0" 200 612 "https://emerateamkids.com/3977b/?path=//proc/46" "Mozilla/5.0 AppleWebKit/537.36 (KHTML, like Gecko; compatible; GPTBot/1.3; +https://openai.com/gptbot)"
57.141.2.12 - - [15/Apr/2026:12:19:40 +0000] "GET /8aabc/?path=/home/emeraadmin/public_html/8aabc/../wp-admin/404HGM/saslauthd-WHMCS-clients-public_html.txt404 HTTP/2.0" 200 8109 "-" "meta-externalagent/1.1 (+https://developers.facebook.com/docs/sharing/webmasters/crawler)"
57.141.2.64 - - [15/Apr/2026:12:19:40 +0000] "GET /8aabc/?path=/home/emeraadmin/public_html/8aabc/../Service/../wbqiikdl.php HTTP/2.0" 200 3534 "-" "meta-externalagent/1.1 (+https://developers.facebook.com/docs/sharing/webmasters/crawler)"
57.141.2.39 - - [15/Apr/2026:12:19:40 +0000] "GET /8aabc/?path=/home/emeraadmin/mail/.noreply-facebookmail@emerateamkids_com/. HTTP/2.0" 200 26408 "-" "meta-externalagent/1.1 (+https://developers.facebook.com/docs/sharing/webmasters/crawler)"
74.7.227.24 - - [15/Apr/2026:12:19:41 +0000] "GET /node_modules/dom-helpers/cjs/hyphenate.d.ts HTTP/2.0" 200 52 "https://emerateamkids.com/node_modules/dom-helpers/cjs/" "Mozilla/5.0 AppleWebKit/537.36 (KHTML, like Gecko; compatible; GPTBot/1.3; +https://openai.com/gptbot)"
57.141.2.48 - - [15/Apr/2026:12:19:41 +0000] "GET /8aabc/?path=/home/emeraadmin/public_html/8aabc/../ADVIA/../error_log HTTP/2.0" 200 13597 "-" "meta-externalagent/1.1 (+https://developers.facebook.com/docs/sharing/webmasters/crawler)"
