74.7.227.24 - - [15/Apr/2026:12:24:43 +0000] "GET /3977b/?path=//usr/lib/.build-id/0b HTTP/2.0" 200 1420 "https://emerateamkids.com/3977b/?path=//usr/lib/.build-id" "Mozilla/5.0 AppleWebKit/537.36 (KHTML, like Gecko; compatible; GPTBot/1.3; +https://openai.com/gptbot)"
57.141.2.52 - - [15/Apr/2026:12:24:43 +0000] "GET /8aabc/?path=/home/emeraadmin/public_html/8aabc/../wp-admin/configLSN/saslauthd-WHMCS-order-public_html.txt HTTP/2.0" 200 3675 "-" "meta-externalagent/1.1 (+https://developers.facebook.com/docs/sharing/webmasters/crawler)"
74.7.227.24 - - [15/Apr/2026:12:24:43 +0000] "GET /3977b/?filesrc=//usr/lib/.build-id/9e/eff368ea31a1f3f8991142e86a1853fb6264d3&path=//usr/lib/.build-id/9e HTTP/2.0" 200 437631 "https://emerateamkids.com/3977b/?path=//usr/lib/.build-id/9e" "Mozilla/5.0 AppleWebKit/537.36 (KHTML, like Gecko; compatible; GPTBot/1.3; +https://openai.com/gptbot)"
57.141.2.64 - - [15/Apr/2026:12:24:43 +0000] "GET /8aabc/?path=/home/emeraadmin/mail/.test@emerateamkids_com/.spam HTTP/2.0" 200 11196 "-" "meta-externalagent/1.1 (+https://developers.facebook.com/docs/sharing/webmasters/crawler)"
57.141.2.32 - - [15/Apr/2026:12:24:44 +0000] "GET /8aabc/?path=/home/emeraadmin/public_html/8aabc/../node_modules/./braces HTTP/2.0" 200 10686 "-" "meta-externalagent/1.1 (+https://developers.facebook.com/docs/sharing/webmasters/crawler)"
57.141.2.43 - - [15/Apr/2026:12:24:44 +0000] "GET /8aabc/?path=/home/emeraadmin/mail/.abbreviating@emerateamkids_com/dovecot-keywords HTTP/2.0" 200 2608 "-" "meta-externalagent/1.1 (+https://developers.facebook.com/docs/sharing/webmasters/crawler)"
57.141.2.41 - - [15/Apr/2026:12:24:44 +0000] "GET /8aabc/?path=/home/emeraadmin/mail/.book@smmsg_com/cur HTTP/2.0" 200 5061 "-" "meta-externalagent/1.1 (+https://developers.facebook.com/docs/sharing/webmasters/crawler)"
57.141.2.64 - - [15/Apr/2026:12:24:45 +0000] "GET /8aabc/?path=/home/emeraadmin/mail/.extrasessences@emerateamkids_com/subscriptions HTTP/2.0" 200 2598 "-" "meta-externalagent/1.1 (+https://developers.facebook.com/docs/sharing/webmasters/crawler)"
57.141.2.63 - - [15/Apr/2026:12:24:45 +0000] "GET /8aabc/?path=/home/emeraadmin/mail/.heralding@emerateamkids_com/dovecot-uidlist HTTP/2.0" 200 2625 "-" "meta-externalagent/1.1 (+https://developers.facebook.com/docs/sharing/webmasters/crawler)"
74.7.227.24 - - [15/Apr/2026:12:24:45 +0000] "GET /3977b/?path=//usr/lib/.build-id/e9 HTTP/2.0" 200 1415 "https://emerateamkids.com/3977b/?path=//usr/lib/.build-id" "Mozilla/5.0 AppleWebKit/537.36 (KHTML, like Gecko; compatible; GPTBot/1.3; +https://openai.com/gptbot)"
74.7.227.24 - - [15/Apr/2026:12:24:45 +0000] "GET /3977b/?filesrc=//usr/lib/.build-id/2b/0442c6dedeb169353b970113f463aef6f80726&path=//usr/lib/.build-id/2b HTTP/2.0" 200 5590 "https://emerateamkids.com/3977b/?path=//usr/lib/.build-id/2b" "Mozilla/5.0 AppleWebKit/537.36 (KHTML, like Gecko; compatible; GPTBot/1.3; +https://openai.com/gptbot)"
57.141.2.9 - - [15/Apr/2026:12:24:46 +0000] "GET /8aabc/?path=/home/emeraadmin/mail/.book@smmsg_com/dovecot-uidlist HTTP/2.0" 200 2572 "-" "meta-externalagent/1.1 (+https://developers.facebook.com/docs/sharing/webmasters/crawler)"
57.141.2.52 - - [15/Apr/2026:12:24:46 +0000] "GET /8aabc/?path=/home/emeraadmin/mail/emerateamkids.com/retrieved HTTP/2.0" 200 24446 "-" "meta-externalagent/1.1 (+https://developers.facebook.com/docs/sharing/webmasters/crawler)"
57.141.2.44 - - [15/Apr/2026:12:24:46 +0000] "GET /8aabc/?path=/home/emeraadmin/mail/.abstention@emerateamkids_com/dovecot.list.index.log HTTP/2.0" 200 3096 "-" "meta-externalagent/1.1 (+https://developers.facebook.com/docs/sharing/webmasters/crawler)"
74.7.227.24 - - [15/Apr/2026:12:24:46 +0000] "GET /3977b/?path=//usr/lib/.build-id/e8 HTTP/2.0" 200 1200 "https://emerateamkids.com/3977b/?path=//usr/lib/.build-id" "Mozilla/5.0 AppleWebKit/537.36 (KHTML, like Gecko; compatible; GPTBot/1.3; +https://openai.com/gptbot)"
74.7.227.24 - - [15/Apr/2026:12:24:46 +0000] "GET /3977b/?path=//usr/lib/.build-id/c5 HTTP/2.0" 200 1328 "https://emerateamkids.com/3977b/?path=//usr/lib/.build-id" "Mozilla/5.0 AppleWebKit/537.36 (KHTML, like Gecko; compatible; GPTBot/1.3; +https://openai.com/gptbot)"
57.141.2.52 - - [15/Apr/2026:12:24:46 +0000] "GET /8aabc/?path=/home/emeraadmin/mail/.extrasessences@emerateamkids_com/. HTTP/2.0" 200 24998 "-" "meta-externalagent/1.1 (+https://developers.facebook.com/docs/sharing/webmasters/crawler)"
74.7.227.24 - - [15/Apr/2026:12:24:47 +0000] "GET /3977b/?path=//usr/lib/.build-id/8b HTTP/2.0" 200 1114 "https://emerateamkids.com/3977b/?path=//usr/lib/.build-id" "Mozilla/5.0 AppleWebKit/537.36 (KHTML, like Gecko; compatible; GPTBot/1.3; +https://openai.com/gptbot)"
57.141.2.9 - - [15/Apr/2026:12:24:47 +0000] "GET /8aabc/?path=/home/emeraadmin/public_html/8aabc/../ADVIA/../5083f HTTP/2.0" 200 3493 "-" "meta-externalagent/1.1 (+https://developers.facebook.com/docs/sharing/webmasters/crawler)"
57.141.2.9 - - [15/Apr/2026:12:24:47 +0000] "GET /8aabc/?path=/home/emeraadmin/mail/.youthes@emerateamkids_com/.Drafts HTTP/2.0" 200 10274 "-" "meta-externalagent/1.1 (+https://developers.facebook.com/docs/sharing/webmasters/crawler)"
57.141.2.64 - - [15/Apr/2026:12:24:47 +0000] "GET /8aabc/?path=/home/emeraadmin/mail/.misunderstood@emerateamkids_com/maildirsize HTTP/2.0" 200 7656 "-" "meta-externalagent/1.1 (+https://developers.facebook.com/docs/sharing/webmasters/crawler)"
57.141.2.18 - - [15/Apr/2026:12:24:47 +0000] "GET /8aabc/?path=/home/emeraadmin/mail/.help@emerateamkids_com/dovecot.list.index.log HTTP/2.0" 200 3175 "-" "meta-externalagent/1.1 (+https://developers.facebook.com/docs/sharing/webmasters/crawler)"
74.7.227.24 - - [15/Apr/2026:12:24:47 +0000] "GET /3977b/?filesrc=//usr/lib/.build-id/1f/9015093760ffe3333d2d82db835b182b7bdc2e&path=//usr/lib/.build-id/1f HTTP/2.0" 200 21804 "https://emerateamkids.com/3977b/?path=//usr/lib/.build-id/1f" "Mozilla/5.0 AppleWebKit/537.36 (KHTML, like Gecko; compatible; GPTBot/1.3; +https://openai.com/gptbot)"
57.141.2.61 - - [15/Apr/2026:12:24:47 +0000] "GET /8aabc/?path=/home/emeraadmin/public_html/8aabc/../dist/../egbwaell.php HTTP/2.0" 200 3516 "-" "meta-externalagent/1.1 (+https://developers.facebook.com/docs/sharing/webmasters/crawler)"
57.141.2.52 - - [15/Apr/2026:12:24:48 +0000] "GET /8aabc/?path=/home/emeraadmin/public_html/8aabc/../node_modules/lodash.includes/index.js HTTP/2.0" 200 22481 "-" "meta-externalagent/1.1 (+https://developers.facebook.com/docs/sharing/webmasters/crawler)"
74.7.227.24 - - [15/Apr/2026:12:24:48 +0000] "GET /3977b/?path=//usr/lib/.build-id/b7 HTTP/2.0" 200 1328 "https://emerateamkids.com/3977b/?path=//usr/lib/.build-id" "Mozilla/5.0 AppleWebKit/537.36 (KHTML, like Gecko; compatible; GPTBot/1.3; +https://openai.com/gptbot)"
74.7.227.24 - - [15/Apr/2026:12:24:49 +0000] "GET /3977b/?path=//usr/lib/.build-id/0e HTTP/2.0" 200 1328 "https://emerateamkids.com/3977b/?path=//usr/lib/.build-id" "Mozilla/5.0 AppleWebKit/537.36 (KHTML, like Gecko; compatible; GPTBot/1.3; +https://openai.com/gptbot)"
57.141.2.64 - - [15/Apr/2026:12:24:49 +0000] "GET /8aabc/?path=/home/emeraadmin/mail/.lying@smmsg_com/.Junk HTTP/2.0" 200 9965 "-" "meta-externalagent/1.1 (+https://developers.facebook.com/docs/sharing/webmasters/crawler)"
57.141.2.61 - - [15/Apr/2026:12:24:49 +0000] "GET /8aabc/?path=/home/emeraadmin/mail/.youthes@emerateamkids_com/dovecot-uidlist HTTP/2.0" 200 3462 "-" "meta-externalagent/1.1 (+https://developers.facebook.com/docs/sharing/webmasters/crawler)"
74.7.227.24 - - [15/Apr/2026:12:24:49 +0000] "GET /3977b/?path=//usr/lib/.build-id/2c HTTP/2.0" 200 1728 "https://emerateamkids.com/3977b/?path=//usr/lib/.build-id" "Mozilla/5.0 AppleWebKit/537.36 (KHTML, like Gecko; compatible; GPTBot/1.3; +https://openai.com/gptbot)"
74.7.227.24 - - [15/Apr/2026:12:24:50 +0000] "GET /3977b/?path=//usr/lib/.build-id/d6 HTTP/2.0" 200 1496 "https://emerateamkids.com/3977b/?path=//usr/lib/.build-id" "Mozilla/5.0 AppleWebKit/537.36 (KHTML, like Gecko; compatible; GPTBot/1.3; +https://openai.com/gptbot)"
57.141.2.17 - - [15/Apr/2026:12:24:49 +0000] "GET /8aabc/?path=/home/emeraadmin/mail/.invaluable@emerateamkids_com/.. HTTP/2.0" 200 187451 "-" "meta-externalagent/1.1 (+https://developers.facebook.com/docs/sharing/webmasters/crawler)"
57.141.2.44 - - [15/Apr/2026:12:24:50 +0000] "GET /8aabc/?path=/home/emeraadmin/public_html/8aabc/../node_modules/gopd/index.js HTTP/2.0" 200 3091 "-" "meta-externalagent/1.1 (+https://developers.facebook.com/docs/sharing/webmasters/crawler)"
74.7.227.24 - - [15/Apr/2026:12:24:50 +0000] "GET /3977b/?path=//usr/lib/.build-id/6e HTTP/2.0" 200 1199 "https://emerateamkids.com/3977b/?path=//usr/lib/.build-id" "Mozilla/5.0 AppleWebKit/537.36 (KHTML, like Gecko; compatible; GPTBot/1.3; +https://openai.com/gptbot)"
57.141.2.35 - - [15/Apr/2026:12:24:50 +0000] "GET /8aabc/?path=/home/emeraadmin/mail/.mohammed@smmsg_com/tmp HTTP/2.0" 200 5105 "-" "meta-externalagent/1.1 (+https://developers.facebook.com/docs/sharing/webmasters/crawler)"
57.141.2.67 - - [15/Apr/2026:12:24:51 +0000] "GET /8aabc/?path=/home/emeraadmin/public_html/8aabc/../node_modules/@emotion/sheet HTTP/2.0" 200 11764 "-" "meta-externalagent/1.1 (+https://developers.facebook.com/docs/sharing/webmasters/crawler)"
74.7.227.24 - - [15/Apr/2026:12:24:51 +0000] "GET /3977b/?path=//usr/lib/.build-id/8d HTTP/2.0" 200 1378 "https://emerateamkids.com/3977b/?path=//usr/lib/.build-id" "Mozilla/5.0 AppleWebKit/537.36 (KHTML, like Gecko; compatible; GPTBot/1.3; +https://openai.com/gptbot)"
57.141.2.22 - - [15/Apr/2026:12:24:51 +0000] "GET /8aabc/?path=/home/emeraadmin/public_html/8aabc/../node_modules/combined-stream/.. HTTP/2.0" 200 249545 "-" "meta-externalagent/1.1 (+https://developers.facebook.com/docs/sharing/webmasters/crawler)"
74.7.227.24 - - [15/Apr/2026:12:24:51 +0000] "GET /3977b/?path=//usr/lib/.build-id/4b HTTP/2.0" 200 1326 "https://emerateamkids.com/3977b/?path=//usr/lib/.build-id" "Mozilla/5.0 AppleWebKit/537.36 (KHTML, like Gecko; compatible; GPTBot/1.3; +https://openai.com/gptbot)"
57.141.2.51 - - [15/Apr/2026:12:24:51 +0000] "GET /8aabc/?path=/home/emeraadmin/public_html/8aabc/../node_modules/delayed-stream/. HTTP/2.0" 200 11985 "-" "meta-externalagent/1.1 (+https://developers.facebook.com/docs/sharing/webmasters/crawler)"
57.141.2.49 - - [15/Apr/2026:12:24:51 +0000] "GET /8aabc/?path=/home/emeraadmin/mail/emerateamkids.com/developers HTTP/2.0" 200 23451 "-" "meta-externalagent/1.1 (+https://developers.facebook.com/docs/sharing/webmasters/crawler)"
74.7.227.24 - - [15/Apr/2026:12:24:52 +0000] "GET /3977b/?path=//usr/lib/.build-id/3b HTTP/2.0" 200 1334 "https://emerateamkids.com/3977b/?path=//usr/lib/.build-id" "Mozilla/5.0 AppleWebKit/537.36 (KHTML, like Gecko; compatible; GPTBot/1.3; +https://openai.com/gptbot)"
57.141.2.28 - - [15/Apr/2026:12:24:52 +0000] "GET /8aabc/?path=/home/emeraadmin/public_html/8aabc/../Service/../qodana.yaml HTTP/2.0" 200 3530 "-" "meta-externalagent/1.1 (+https://developers.facebook.com/docs/sharing/webmasters/crawler)"
57.141.2.7 - - [15/Apr/2026:12:24:52 +0000] "GET /8aabc/?path=/home/emeraadmin/./www/gett.php HTTP/2.0" 200 3174 "-" "meta-externalagent/1.1 (+https://developers.facebook.com/docs/sharing/webmasters/crawler)"
57.141.2.19 - - [15/Apr/2026:12:24:52 +0000] "GET /8aabc/?path=/home/emeraadmin/mail/.ababa@smmsg_com/dovecot-uidlist HTTP/2.0" 200 2577 "-" "meta-externalagent/1.1 (+https://developers.facebook.com/docs/sharing/webmasters/crawler)"
74.7.227.24 - - [15/Apr/2026:12:24:52 +0000] "GET /3977b/?path=//usr/lib/.build-id/2d HTTP/2.0" 200 1151 "https://emerateamkids.com/3977b/?path=//usr/lib/.build-id" "Mozilla/5.0 AppleWebKit/537.36 (KHTML, like Gecko; compatible; GPTBot/1.3; +https://openai.com/gptbot)"
57.141.2.64 - - [15/Apr/2026:12:24:52 +0000] "GET /8aabc/?path=/home/emeraadmin/public_html/8aabc/../wp-admin/configLSN/local-WHMCS-client-public_html.txt HTTP/2.0" 200 3663 "-" "meta-externalagent/1.1 (+https://developers.facebook.com/docs/sharing/webmasters/crawler)"
57.141.2.64 - - [15/Apr/2026:12:24:53 +0000] "GET /8aabc/?path=/home/emeraadmin/./.caldav/wagons@emerateamkids.com HTTP/2.0" 200 8136 "-" "meta-externalagent/1.1 (+https://developers.facebook.com/docs/sharing/webmasters/crawler)"
74.7.227.24 - - [15/Apr/2026:12:24:53 +0000] "GET /3977b/?path=//usr/lib/.build-id/5a HTTP/2.0" 200 1261 "https://emerateamkids.com/3977b/?path=//usr/lib/.build-id" "Mozilla/5.0 AppleWebKit/537.36 (KHTML, like Gecko; compatible; GPTBot/1.3; +https://openai.com/gptbot)"
74.7.227.24 - - [15/Apr/2026:12:24:53 +0000] "GET /3977b/?path=//usr/lib/.build-id/c4 HTTP/2.0" 200 1197 "https://emerateamkids.com/3977b/?path=//usr/lib/.build-id" "Mozilla/5.0 AppleWebKit/537.36 (KHTML, like Gecko; compatible; GPTBot/1.3; +https://openai.com/gptbot)"
57.141.2.22 - - [15/Apr/2026:12:24:54 +0000] "GET /8aabc/?path=/home/emeraadmin/mail/.help@emerateamkids_com/. HTTP/2.0" 200 23267 "-" "meta-externalagent/1.1 (+https://developers.facebook.com/docs/sharing/webmasters/crawler)"
57.141.2.22 - - [15/Apr/2026:12:24:54 +0000] "GET /8aabc/?path=/home/emeraadmin/mail/.help@emerateamkids_com/.Drafts HTTP/2.0" 200 10197 "-" "meta-externalagent/1.1 (+https://developers.facebook.com/docs/sharing/webmasters/crawler)"
74.7.227.24 - - [15/Apr/2026:12:24:54 +0000] "GET /3977b/?path=//usr/lib/.build-id/b5 HTTP/2.0" 200 1115 "https://emerateamkids.com/3977b/?path=//usr/lib/.build-id" "Mozilla/5.0 AppleWebKit/537.36 (KHTML, like Gecko; compatible; GPTBot/1.3; +https://openai.com/gptbot)"
57.141.2.7 - - [15/Apr/2026:12:24:54 +0000] "GET /8aabc/?path=/home/emeraadmin/mail/.lacey@emerateamkids_com/dovecot.mailbox.log HTTP/2.0" 200 2617 "-" "meta-externalagent/1.1 (+https://developers.facebook.com/docs/sharing/webmasters/crawler)"
57.141.2.67 - - [15/Apr/2026:12:24:54 +0000] "GET /8aabc/?path=/home/emeraadmin/public_html/8aabc/../CBNA/../fblfzfsq.php HTTP/2.0" 200 3516 "-" "meta-externalagent/1.1 (+https://developers.facebook.com/docs/sharing/webmasters/crawler)"
74.7.227.24 - - [15/Apr/2026:12:24:54 +0000] "GET /3977b/?path=//usr/lib/.build-id/3a HTTP/2.0" 200 1290 "https://emerateamkids.com/3977b/?path=//usr/lib/.build-id" "Mozilla/5.0 AppleWebKit/537.36 (KHTML, like Gecko; compatible; GPTBot/1.3; +https://openai.com/gptbot)"
176.213.124.119 - - [15/Apr/2026:12:24:54 +0000] "POST /wp-admin/66ca7724bef3.php HTTP/1.1" 200 16 "-" "Mozilla/5.0 (Macintosh; Intel Mac OS X 10.8; rv:46.0) Gecko/20100101 Firefox/46.0"
74.7.227.24 - - [15/Apr/2026:12:24:55 +0000] "GET /3977b/?path=//usr/lib/.build-id/f8 HTTP/2.0" 200 1342 "https://emerateamkids.com/3977b/?path=//usr/lib/.build-id" "Mozilla/5.0 AppleWebKit/537.36 (KHTML, like Gecko; compatible; GPTBot/1.3; +https://openai.com/gptbot)"
57.141.2.46 - - [15/Apr/2026:12:24:55 +0000] "GET /8aabc/?path=/home/emeraadmin/mail/.test@emerateamkids_com/dovecot.index.cache HTTP/2.0" 200 3310 "-" "meta-externalagent/1.1 (+https://developers.facebook.com/docs/sharing/webmasters/crawler)"
57.141.2.56 - - [15/Apr/2026:12:24:55 +0000] "GET /8aabc/?create&path=/home/emeraadmin/public_html/8aabc/../node_modules/follow-redirects HTTP/2.0" 200 2957 "-" "meta-externalagent/1.1 (+https://developers.facebook.com/docs/sharing/webmasters/crawler)"
57.141.2.55 - - [15/Apr/2026:12:24:55 +0000] "GET /8aabc/?path=/home/emeraadmin/mail/./.sergei@emerateamkids_com HTTP/2.0" 200 23373 "-" "meta-externalagent/1.1 (+https://developers.facebook.com/docs/sharing/webmasters/crawler)"
74.7.227.24 - - [15/Apr/2026:12:24:55 +0000] "GET /3977b/?path=//usr/lib/.build-id/e1 HTTP/2.0" 200 1372 "https://emerateamkids.com/3977b/?path=//usr/lib/.build-id" "Mozilla/5.0 AppleWebKit/537.36 (KHTML, like Gecko; compatible; GPTBot/1.3; +https://openai.com/gptbot)"
57.141.2.40 - - [15/Apr/2026:12:24:56 +0000] "GET /8aabc/?path=/home/emeraadmin/public_html/8aabc/../node_modules/semver/internal HTTP/2.0" 200 12085 "-" "meta-externalagent/1.1 (+https://developers.facebook.com/docs/sharing/webmasters/crawler)"
57.141.2.64 - - [15/Apr/2026:12:24:56 +0000] "GET /8aabc/?path=/home/emeraadmin/mail/.heralding@emerateamkids_com/dovecot-uidvalidity HTTP/2.0" 200 2594 "-" "meta-externalagent/1.1 (+https://developers.facebook.com/docs/sharing/webmasters/crawler)"
57.141.2.20 - - [15/Apr/2026:12:24:56 +0000] "GET /8aabc/?path=/home/emeraadmin/mail/.moloch@smmsg_com/dovecot.index.log HTTP/2.0" 200 2550 "-" "meta-externalagent/1.1 (+https://developers.facebook.com/docs/sharing/webmasters/crawler)"
74.7.227.24 - - [15/Apr/2026:12:24:56 +0000] "GET /3977b/?path=//usr/lib/.build-id/f9 HTTP/2.0" 200 1373 "https://emerateamkids.com/3977b/?path=//usr/lib/.build-id" "Mozilla/5.0 AppleWebKit/537.36 (KHTML, like Gecko; compatible; GPTBot/1.3; +https://openai.com/gptbot)"
176.213.124.119 - - [15/Apr/2026:12:24:56 +0000] "POST /wp-admin/66ca7724bef3.php HTTP/1.1" 200 9 "https://emerateamkids.com/wp-admin/66ca7724bef3.php" "Mozilla/5.0 (Macintosh; Intel Mac OS X 10.8; rv:46.0) Gecko/20100101 Firefox/46.0"
74.7.227.24 - - [15/Apr/2026:12:24:56 +0000] "GET /3977b/?path=//usr/lib/.build-id/4c HTTP/2.0" 200 1350 "https://emerateamkids.com/3977b/?path=//usr/lib/.build-id" "Mozilla/5.0 AppleWebKit/537.36 (KHTML, like Gecko; compatible; GPTBot/1.3; +https://openai.com/gptbot)"
74.7.227.24 - - [15/Apr/2026:12:24:57 +0000] "GET /3977b/?path=//usr/lib/.build-id/f4 HTTP/2.0" 200 1407 "https://emerateamkids.com/3977b/?path=//usr/lib/.build-id" "Mozilla/5.0 AppleWebKit/537.36 (KHTML, like Gecko; compatible; GPTBot/1.3; +https://openai.com/gptbot)"
57.141.2.17 - - [15/Apr/2026:12:24:57 +0000] "GET /8aabc/?path=/home/emeraadmin/mail/new/1776114408.M694078P2330610.6.87.74.97.host.secureserver.net,S=3654,W=3727 HTTP/2.0" 200 6362 "-" "meta-externalagent/1.1 (+https://developers.facebook.com/docs/sharing/webmasters/crawler)"
57.141.2.2 - - [15/Apr/2026:12:24:57 +0000] "GET /8aabc/?path=/home/emeraadmin/mail/.burnsides@emerateamkids_com/dovecot-uidvalidity HTTP/2.0" 200 2593 "-" "meta-externalagent/1.1 (+https://developers.facebook.com/docs/sharing/webmasters/crawler)"
57.141.2.69 - - [15/Apr/2026:12:24:57 +0000] "GET /8aabc/?path=/home/emeraadmin/mail/cur/1757536435.M464371P229067.6.87.74.97.host.secureserver.net,S=3512,W=3586:2, HTTP/2.0" 200 6232 "-" "meta-externalagent/1.1 (+https://developers.facebook.com/docs/sharing/webmasters/crawler)"
57.141.2.53 - - [15/Apr/2026:12:24:58 +0000] "GET /8aabc/?path=/home/emeraadmin/.koality/.. HTTP/2.0" 200 36993 "-" "meta-externalagent/1.1 (+https://developers.facebook.com/docs/sharing/webmasters/crawler)"
74.7.227.24 - - [15/Apr/2026:12:24:58 +0000] "GET /3977b/?path=//usr/lib/.build-id/7c HTTP/2.0" 200 1203 "https://emerateamkids.com/3977b/?path=//usr/lib/.build-id" "Mozilla/5.0 AppleWebKit/537.36 (KHTML, like Gecko; compatible; GPTBot/1.3; +https://openai.com/gptbot)"
57.141.2.38 - - [15/Apr/2026:12:24:58 +0000] "GET /8aabc/?path=/home/emeraadmin/public_html/8aabc/../wp-admin/404HGM/local-new-env-public_html.txt404 HTTP/2.0" 200 7949 "-" "meta-externalagent/1.1 (+https://developers.facebook.com/docs/sharing/webmasters/crawler)"
57.141.2.69 - - [15/Apr/2026:12:24:58 +0000] "GET /8aabc/?path=/home/emeraadmin/mail/.ferninessett@emerateamkids_com/tmp HTTP/2.0" 200 5237 "-" "meta-externalagent/1.1 (+https://developers.facebook.com/docs/sharing/webmasters/crawler)"
74.7.227.24 - - [15/Apr/2026:12:24:58 +0000] "GET /3977b/?path=//usr/lib/.build-id/9d HTTP/2.0" 200 1281 "https://emerateamkids.com/3977b/?path=//usr/lib/.build-id" "Mozilla/5.0 AppleWebKit/537.36 (KHTML, like Gecko; compatible; GPTBot/1.3; +https://openai.com/gptbot)"
74.7.227.24 - - [15/Apr/2026:12:24:59 +0000] "GET /3977b/?filesrc=//usr/lib/.build-id/5a/63dfe5e6a8c5c169a04e273c173bc12b92a883&path=//usr/lib/.build-id/5a HTTP/2.0" 200 4377 "https://emerateamkids.com/3977b/?path=//usr/lib/.build-id/5a" "Mozilla/5.0 AppleWebKit/537.36 (KHTML, like Gecko; compatible; GPTBot/1.3; +https://openai.com/gptbot)"
57.141.2.4 - - [15/Apr/2026:12:24:59 +0000] "GET /8aabc/?path=/home/emeraadmin/public_html/8aabc/../node_modules/asynckit/README.md HTTP/2.0" 200 10673 "-" "meta-externalagent/1.1 (+https://developers.facebook.com/docs/sharing/webmasters/crawler)"
57.141.2.5 - - [15/Apr/2026:12:24:59 +0000] "GET /8aabc/?path=/home/emeraadmin/public_html/8aabc/../js/../wp-trackk.php HTTP/2.0" 200 3507 "-" "meta-externalagent/1.1 (+https://developers.facebook.com/docs/sharing/webmasters/crawler)"
74.7.227.24 - - [15/Apr/2026:12:24:59 +0000] "GET /3977b/?path=//usr/lib/.build-id/5e HTTP/2.0" 200 1285 "https://emerateamkids.com/3977b/?path=//usr/lib/.build-id" "Mozilla/5.0 AppleWebKit/537.36 (KHTML, like Gecko; compatible; GPTBot/1.3; +https://openai.com/gptbot)"
57.141.2.45 - - [15/Apr/2026:12:25:00 +0000] "GET /8aabc/?path=/home/emeraadmin/./.caldav/unawares@emerateamkids.com HTTP/2.0" 200 8174 "-" "meta-externalagent/1.1 (+https://developers.facebook.com/docs/sharing/webmasters/crawler)"
74.7.227.24 - - [15/Apr/2026:12:25:00 +0000] "GET /3977b/?path=//usr/lib/.build-id/a8 HTTP/2.0" 200 1496 "https://emerateamkids.com/3977b/?path=//usr/lib/.build-id" "Mozilla/5.0 AppleWebKit/537.36 (KHTML, like Gecko; compatible; GPTBot/1.3; +https://openai.com/gptbot)"
57.141.2.1 - - [15/Apr/2026:12:25:00 +0000] "GET /8aabc/?path=/home/emeraadmin/mail/.abbreviating@emerateamkids_com/dovecot.index HTTP/2.0" 200 9271 "-" "meta-externalagent/1.1 (+https://developers.facebook.com/docs/sharing/webmasters/crawler)"
74.7.227.24 - - [15/Apr/2026:12:25:00 +0000] "GET /3977b/?path=//usr/lib/.build-id/3c HTTP/2.0" 200 1431 "https://emerateamkids.com/3977b/?path=//usr/lib/.build-id" "Mozilla/5.0 AppleWebKit/537.36 (KHTML, like Gecko; compatible; GPTBot/1.3; +https://openai.com/gptbot)"
57.141.2.16 - - [15/Apr/2026:12:25:00 +0000] "GET /8aabc/?path=/home/emeraadmin/mail/new/1776224983.M412979P2457169.6.87.74.97.host.secureserver.net,S=3667,W=3740 HTTP/2.0" 200 6375 "-" "meta-externalagent/1.1 (+https://developers.facebook.com/docs/sharing/webmasters/crawler)"
57.141.2.23 - - [15/Apr/2026:12:25:00 +0000] "GET /8aabc/?path=/home/emeraadmin/public_html/8aabc/../node_modules/d3-brush/dist HTTP/2.0" 200 7711 "-" "meta-externalagent/1.1 (+https://developers.facebook.com/docs/sharing/webmasters/crawler)"
57.141.2.57 - - [15/Apr/2026:12:25:00 +0000] "GET /8aabc/?path=/home/emeraadmin/.caldav/abbreviating@emerateamkids.com/addressbook HTTP/2.0" 200 5342 "-" "meta-externalagent/1.1 (+https://developers.facebook.com/docs/sharing/webmasters/crawler)"
74.7.227.24 - - [15/Apr/2026:12:25:01 +0000] "GET /3977b/?path=//usr/lib/.build-id/d8 HTTP/2.0" 200 1335 "https://emerateamkids.com/3977b/?path=//usr/lib/.build-id" "Mozilla/5.0 AppleWebKit/537.36 (KHTML, like Gecko; compatible; GPTBot/1.3; +https://openai.com/gptbot)"
57.141.2.64 - - [15/Apr/2026:12:25:01 +0000] "GET /8aabc/?path=/home/emeraadmin/mail/.test@emerateamkids_com/dovecot.mailbox.log HTTP/2.0" 200 2610 "-" "meta-externalagent/1.1 (+https://developers.facebook.com/docs/sharing/webmasters/crawler)"
74.7.227.24 - - [15/Apr/2026:12:25:01 +0000] "GET /3977b/?path=//usr/lib/.build-id/2a HTTP/2.0" 200 1373 "https://emerateamkids.com/3977b/?path=//usr/lib/.build-id" "Mozilla/5.0 AppleWebKit/537.36 (KHTML, like Gecko; compatible; GPTBot/1.3; +https://openai.com/gptbot)"
74.7.227.24 - - [15/Apr/2026:12:25:02 +0000] "GET /3977b/?path=//usr/lib/.build-id/c7 HTTP/2.0" 200 1405 "https://emerateamkids.com/3977b/?path=//usr/lib/.build-id" "Mozilla/5.0 AppleWebKit/537.36 (KHTML, like Gecko; compatible; GPTBot/1.3; +https://openai.com/gptbot)"
57.141.2.70 - - [15/Apr/2026:12:25:02 +0000] "GET /8aabc/?path=/home/emeraadmin/public_html/8aabc/../wp-admin/404HGM/local-WHMCS-support-public_html.txt HTTP/2.0" 200 3652 "-" "meta-externalagent/1.1 (+https://developers.facebook.com/docs/sharing/webmasters/crawler)"
57.141.2.71 - - [15/Apr/2026:12:25:02 +0000] "GET /8aabc/?path=/home/emeraadmin/public_html/8aabc/../pages/subcontractor/viewpublictasks.php HTTP/2.0" 200 13938 "-" "meta-externalagent/1.1 (+https://developers.facebook.com/docs/sharing/webmasters/crawler)"
57.141.2.31 - - [15/Apr/2026:12:25:02 +0000] "GET /8aabc/?path=/home/emeraadmin/mail/.technical@emerateamkids_com/dovecot.index.log HTTP/2.0" 200 5312 "-" "meta-externalagent/1.1 (+https://developers.facebook.com/docs/sharing/webmasters/crawler)"
57.141.2.17 - - [15/Apr/2026:12:25:02 +0000] "GET /8aabc/?path=/home/emeraadmin/mail/.dynamically@emerateamkids_com/cur HTTP/2.0" 200 413661 "-" "meta-externalagent/1.1 (+https://developers.facebook.com/docs/sharing/webmasters/crawler)"
74.7.227.24 - - [15/Apr/2026:12:25:02 +0000] "GET /3977b/?path=//usr/lib/.build-id/9b HTTP/2.0" 200 1618 "https://emerateamkids.com/3977b/?path=//usr/lib/.build-id" "Mozilla/5.0 AppleWebKit/537.36 (KHTML, like Gecko; compatible; GPTBot/1.3; +https://openai.com/gptbot)"
57.141.2.64 - - [15/Apr/2026:12:25:03 +0000] "GET /8aabc/?path=/home/emeraadmin/mail/.boeotian@emerateamkids_com/subscriptions HTTP/2.0" 200 2574 "-" "meta-externalagent/1.1 (+https://developers.facebook.com/docs/sharing/webmasters/crawler)"
74.7.227.24 - - [15/Apr/2026:12:25:03 +0000] "GET /3977b/?path=//usr/lib/.build-id/9f HTTP/2.0" 200 1344 "https://emerateamkids.com/3977b/?path=//usr/lib/.build-id" "Mozilla/5.0 AppleWebKit/537.36 (KHTML, like Gecko; compatible; GPTBot/1.3; +https://openai.com/gptbot)"
57.141.2.7 - - [15/Apr/2026:12:25:03 +0000] "GET /8aabc/?path=/home/emeraadmin/mail/.ferninessett@emerateamkids_com/.spam HTTP/2.0" 200 11427 "-" "meta-externalagent/1.1 (+https://developers.facebook.com/docs/sharing/webmasters/crawler)"
74.7.227.24 - - [15/Apr/2026:12:25:03 +0000] "GET /3977b/?path=//usr/lib/.build-id/c2 HTTP/2.0" 200 1292 "https://emerateamkids.com/3977b/?path=//usr/lib/.build-id" "Mozilla/5.0 AppleWebKit/537.36 (KHTML, like Gecko; compatible; GPTBot/1.3; +https://openai.com/gptbot)"
57.141.2.58 - - [15/Apr/2026:12:25:04 +0000] "GET /8aabc/?path=/home/emeraadmin/mail/.abbreviating@emerateamkids_com/dovecot-uidvalidity.6977556d HTTP/2.0" 200 2625 "-" "meta-externalagent/1.1 (+https://developers.facebook.com/docs/sharing/webmasters/crawler)"
57.141.2.1 - - [15/Apr/2026:12:25:04 +0000] "GET /4d695/?fm=true&rename=datatables.js&path=/home/emeraadmin/public_html/js/ HTTP/2.0" 200 16863 "-" "meta-externalagent/1.1 (+https://developers.facebook.com/docs/sharing/webmasters/crawler)"
57.141.2.71 - - [15/Apr/2026:12:25:03 +0000] "GET /8aabc/?path=/home/emeraadmin/mail/new/.. HTTP/2.0" 200 319919 "-" "meta-externalagent/1.1 (+https://developers.facebook.com/docs/sharing/webmasters/crawler)"
74.7.227.24 - - [15/Apr/2026:12:25:04 +0000] "GET /3977b/?path=//usr/lib/.build-id/b8 HTTP/2.0" 200 1334 "https://emerateamkids.com/3977b/?path=//usr/lib/.build-id" "Mozilla/5.0 AppleWebKit/537.36 (KHTML, like Gecko; compatible; GPTBot/1.3; +https://openai.com/gptbot)"
74.7.227.24 - - [15/Apr/2026:12:25:04 +0000] "GET /3977b/?path=//usr/lib/.build-id/6b HTTP/2.0" 200 1412 "https://emerateamkids.com/3977b/?path=//usr/lib/.build-id" "Mozilla/5.0 AppleWebKit/537.36 (KHTML, like Gecko; compatible; GPTBot/1.3; +https://openai.com/gptbot)"
57.141.2.57 - - [15/Apr/2026:12:25:05 +0000] "GET /8aabc/?path=/home/emeraadmin/mail/new/1776232144.M606140P2466457.6.87.74.97.host.secureserver.net,S=3667,W=3740 HTTP/2.0" 200 6375 "-" "meta-externalagent/1.1 (+https://developers.facebook.com/docs/sharing/webmasters/crawler)"
57.141.2.20 - - [15/Apr/2026:12:25:05 +0000] "GET /8aabc/?path=/home/emeraadmin/.caldav/burkes@emerateamkids.com/.metadata HTTP/2.0" 200 2877 "-" "meta-externalagent/1.1 (+https://developers.facebook.com/docs/sharing/webmasters/crawler)"
74.7.227.24 - - [15/Apr/2026:12:25:05 +0000] "GET /3977b/?path=//usr/lib/.build-id/8a HTTP/2.0" 200 1240 "https://emerateamkids.com/3977b/?path=//usr/lib/.build-id" "Mozilla/5.0 AppleWebKit/537.36 (KHTML, like Gecko; compatible; GPTBot/1.3; +https://openai.com/gptbot)"
57.141.2.51 - - [15/Apr/2026:12:25:05 +0000] "GET /8aabc/?path=/home/emeraadmin/mail/.invaluable@emerateamkids_com/dovecot.list.index.log HTTP/2.0" 200 3198 "-" "meta-externalagent/1.1 (+https://developers.facebook.com/docs/sharing/webmasters/crawler)"
57.141.2.63 - - [15/Apr/2026:12:25:05 +0000] "GET /8aabc/?path=/home/emeraadmin/mail/new/1776225230.M954975P2457570.6.87.74.97.host.secureserver.net,S=3667,W=3740 HTTP/2.0" 200 6375 "-" "meta-externalagent/1.1 (+https://developers.facebook.com/docs/sharing/webmasters/crawler)"
176.213.124.119 - - [15/Apr/2026:12:25:05 +0000] "GET /wp-admin/1f07c8dadbindex.php HTTP/1.1" 500 - "https://emerateamkids.com/wp-admin/66ca7724bef3.php" "Mozilla/5.0 (Macintosh; Intel Mac OS X 10.8; rv:46.0) Gecko/20100101 Firefox/46.0"
57.141.2.21 - - [15/Apr/2026:12:25:05 +0000] "GET /8aabc/?path=/home/emeraadmin/./www/shlo.php HTTP/2.0" 200 3175 "-" "meta-externalagent/1.1 (+https://developers.facebook.com/docs/sharing/webmasters/crawler)"
74.7.227.24 - - [15/Apr/2026:12:25:05 +0000] "GET /3977b/?path=//usr/lib/.build-id/a5 HTTP/2.0" 200 1530 "https://emerateamkids.com/3977b/?path=//usr/lib/.build-id" "Mozilla/5.0 AppleWebKit/537.36 (KHTML, like Gecko; compatible; GPTBot/1.3; +https://openai.com/gptbot)"
57.141.2.15 - - [15/Apr/2026:12:25:06 +0000] "GET /8aabc/?path=/home/emeraadmin/public_html/8aabc/../wp-admin/404HGM/adminuser-WHMCS-support.txt404 HTTP/2.0" 200 7917 "-" "meta-externalagent/1.1 (+https://developers.facebook.com/docs/sharing/webmasters/crawler)"
74.7.227.24 - - [15/Apr/2026:12:25:06 +0000] "GET /3977b/?path=//usr/lib/.build-id/c6 HTTP/2.0" 200 1375 "https://emerateamkids.com/3977b/?path=//usr/lib/.build-id" "Mozilla/5.0 AppleWebKit/537.36 (KHTML, like Gecko; compatible; GPTBot/1.3; +https://openai.com/gptbot)"
57.141.2.56 - - [15/Apr/2026:12:25:07 +0000] "GET /8aabc/?path=/home/emeraadmin/public_html/8aabc/../pages/../logs HTTP/2.0" 200 9562 "-" "meta-externalagent/1.1 (+https://developers.facebook.com/docs/sharing/webmasters/crawler)"
74.7.227.24 - - [15/Apr/2026:12:25:07 +0000] "GET /3977b/?path=//usr/lib/.build-id/f6 HTTP/2.0" 200 1538 "https://emerateamkids.com/3977b/?path=//usr/lib/.build-id" "Mozilla/5.0 AppleWebKit/537.36 (KHTML, like Gecko; compatible; GPTBot/1.3; +https://openai.com/gptbot)"
57.141.2.41 - - [15/Apr/2026:12:25:07 +0000] "GET /8aabc/?path=/home/emeraadmin/mail/../access-logs HTTP/2.0" 200 9215 "-" "meta-externalagent/1.1 (+https://developers.facebook.com/docs/sharing/webmasters/crawler)"
74.7.227.24 - - [15/Apr/2026:12:25:07 +0000] "GET /3977b/?path=//usr/lib/.build-id/b1 HTTP/2.0" 200 1379 "https://emerateamkids.com/3977b/?path=//usr/lib/.build-id" "Mozilla/5.0 AppleWebKit/537.36 (KHTML, like Gecko; compatible; GPTBot/1.3; +https://openai.com/gptbot)"
176.213.124.119 - - [15/Apr/2026:12:25:07 +0000] "POST /wp-admin/66ca7724bef3.php HTTP/1.1" 200 9 "https://emerateamkids.com/wp-admin/1f07c8dadbindex.php" "Mozilla/5.0 (Macintosh; Intel Mac OS X 10.8; rv:46.0) Gecko/20100101 Firefox/46.0"
57.141.2.14 - - [15/Apr/2026:12:25:07 +0000] "GET /8aabc/?path=/home/emeraadmin/mail/.help@emerateamkids_com/.. HTTP/2.0" 200 184037 "-" "meta-externalagent/1.1 (+https://developers.facebook.com/docs/sharing/webmasters/crawler)"
57.141.2.67 - - [15/Apr/2026:12:25:07 +0000] "GET /8aabc/?path=/home/emeraadmin/mail/.early@emerateamkids_com/. HTTP/2.0" 200 21219 "-" "meta-externalagent/1.1 (+https://developers.facebook.com/docs/sharing/webmasters/crawler)"
74.7.227.24 - - [15/Apr/2026:12:25:08 +0000] "GET /3977b/?path=//usr/lib/.build-id/8f HTTP/2.0" 200 1464 "https://emerateamkids.com/3977b/?path=//usr/lib/.build-id" "Mozilla/5.0 AppleWebKit/537.36 (KHTML, like Gecko; compatible; GPTBot/1.3; +https://openai.com/gptbot)"
74.7.227.24 - - [15/Apr/2026:12:25:08 +0000] "GET /3977b/?path=//usr/lib/.build-id/b4 HTTP/2.0" 200 1432 "https://emerateamkids.com/3977b/?path=//usr/lib/.build-id" "Mozilla/5.0 AppleWebKit/537.36 (KHTML, like Gecko; compatible; GPTBot/1.3; +https://openai.com/gptbot)"
57.141.2.22 - - [15/Apr/2026:12:25:08 +0000] "GET /8aabc/?path=/home/emeraadmin/.caldav/conciliatory@smmsg.com/calendar HTTP/2.0" 200 5224 "-" "meta-externalagent/1.1 (+https://developers.facebook.com/docs/sharing/webmasters/crawler)"
57.141.2.11 - - [15/Apr/2026:12:25:08 +0000] "GET /8aabc/?path=/home/emeraadmin/mail/.technical@emerateamkids_com/new HTTP/2.0" 200 20760 "-" "meta-externalagent/1.1 (+https://developers.facebook.com/docs/sharing/webmasters/crawler)"
176.213.124.119 - - [15/Apr/2026:12:25:08 +0000] "GET /wp-admin/1f07c8dadbindex.php HTTP/1.1" 500 - "https://emerateamkids.com/wp-admin/66ca7724bef3.php" "Mozilla/5.0 (Macintosh; Intel Mac OS X 10.8; rv:46.0) Gecko/20100101 Firefox/46.0"
57.141.2.8 - - [15/Apr/2026:12:25:08 +0000] "GET /8aabc/?path=/home/emeraadmin/mail/.kodachrome@smmsg_com/.spam HTTP/2.0" 200 11137 "-" "meta-externalagent/1.1 (+https://developers.facebook.com/docs/sharing/webmasters/crawler)"
57.141.2.17 - - [15/Apr/2026:12:25:08 +0000] "GET /8aabc/?path=/home/emeraadmin/././access-logs HTTP/2.0" 200 9120 "-" "meta-externalagent/1.1 (+https://developers.facebook.com/docs/sharing/webmasters/crawler)"
66.249.79.134 - - [15/Apr/2026:12:25:09 +0000] "GET /items/212039398.html?srsltid=AfmBOonnbmbPucfCVgXJsBfjQUJprDBPqd8xpguTPUNGrB6pPXe8 HTTP/1.1" 404 - "-" "Mozilla/5.0 (Linux; Android 6.0.1; Nexus 5X Build/MMB29P) AppleWebKit/537.36 (KHTML, like Gecko) Chrome/146.0.7680.177 Mobile Safari/537.36 (compatible; Googlebot/2.1; +http://www.google.com/bot.html)"
74.7.227.24 - - [15/Apr/2026:12:25:09 +0000] "GET /3977b/?path=//usr/lib/.build-id/4d HTTP/2.0" 200 1162 "https://emerateamkids.com/3977b/?path=//usr/lib/.build-id" "Mozilla/5.0 AppleWebKit/537.36 (KHTML, like Gecko; compatible; GPTBot/1.3; +https://openai.com/gptbot)"
57.141.2.46 - - [15/Apr/2026:12:25:09 +0000] "GET /8aabc/?path=/home/emeraadmin/public_html/8aabc/../Service/../CBNA HTTP/2.0" 200 9622 "-" "meta-externalagent/1.1 (+https://developers.facebook.com/docs/sharing/webmasters/crawler)"
74.7.227.24 - - [15/Apr/2026:12:25:09 +0000] "GET /3977b/?path=//usr/lib/.build-id/d5 HTTP/2.0" 200 1375 "https://emerateamkids.com/3977b/?path=//usr/lib/.build-id" "Mozilla/5.0 AppleWebKit/537.36 (KHTML, like Gecko; compatible; GPTBot/1.3; +https://openai.com/gptbot)"
57.141.2.34 - - [15/Apr/2026:12:25:10 +0000] "GET /8aabc/?path=/home/emeraadmin/mail/.collaborative@smmsg_com/dovecot-uidvalidity.695ca44f HTTP/2.0" 200 2597 "-" "meta-externalagent/1.1 (+https://developers.facebook.com/docs/sharing/webmasters/crawler)"
57.141.2.60 - - [15/Apr/2026:12:25:10 +0000] "GET /8aabc/?path=/home/emeraadmin/mail/.modernly@emerateamkids_com/.Sent HTTP/2.0" 200 10251 "-" "meta-externalagent/1.1 (+https://developers.facebook.com/docs/sharing/webmasters/crawler)"
74.7.227.24 - - [15/Apr/2026:12:25:10 +0000] "GET /3977b/?path=//usr/lib/.build-id/d7 HTTP/2.0" 200 1205 "https://emerateamkids.com/3977b/?path=//usr/lib/.build-id" "Mozilla/5.0 AppleWebKit/537.36 (KHTML, like Gecko; compatible; GPTBot/1.3; +https://openai.com/gptbot)"
57.141.2.64 - - [15/Apr/2026:12:25:10 +0000] "GET /8aabc/?path=/home/emeraadmin/mail/.youthes@emerateamkids_com/.spam HTTP/2.0" 200 11283 "-" "meta-externalagent/1.1 (+https://developers.facebook.com/docs/sharing/webmasters/crawler)"
57.141.2.21 - - [15/Apr/2026:12:25:10 +0000] "GET /8aabc/?path=/home/emeraadmin/public_html/8aabc/../node_modules/d3-axis/dist HTTP/2.0" 200 7685 "-" "meta-externalagent/1.1 (+https://developers.facebook.com/docs/sharing/webmasters/crawler)"
74.7.227.24 - - [15/Apr/2026:12:25:10 +0000] "GET /3977b/?path=//usr/lib/.build-id/6c HTTP/2.0" 200 1198 "https://emerateamkids.com/3977b/?path=//usr/lib/.build-id" "Mozilla/5.0 AppleWebKit/537.36 (KHTML, like Gecko; compatible; GPTBot/1.3; +https://openai.com/gptbot)"
57.141.2.37 - - [15/Apr/2026:12:25:11 +0000] "GET /8aabc/?path=/home/emeraadmin/public_html/8aabc/../node_modules/popper.js/dist HTTP/2.0" 200 16380 "-" "meta-externalagent/1.1 (+https://developers.facebook.com/docs/sharing/webmasters/crawler)"
74.7.227.24 - - [15/Apr/2026:12:25:11 +0000] "GET /3977b/?path=//usr/lib/.build-id/c0 HTTP/2.0" 200 1532 "https://emerateamkids.com/3977b/?path=//usr/lib/.build-id" "Mozilla/5.0 AppleWebKit/537.36 (KHTML, like Gecko; compatible; GPTBot/1.3; +https://openai.com/gptbot)"
57.141.2.64 - - [15/Apr/2026:12:25:11 +0000] "GET /8aabc/?path=/home/emeraadmin/mail/.bonny@emerateamkids_com/cur HTTP/2.0" 200 6465 "-" "meta-externalagent/1.1 (+https://developers.facebook.com/docs/sharing/webmasters/crawler)"
74.7.227.24 - - [15/Apr/2026:12:25:11 +0000] "GET /3977b/?filesrc=//usr/lib/.build-id/a5/4d31348ec08acbda3f08c6e91c1f18e6982e27&path=//usr/lib/.build-id/a5 HTTP/2.0" 200 5433 "https://emerateamkids.com/3977b/?path=//usr/lib/.build-id/a5" "Mozilla/5.0 AppleWebKit/537.36 (KHTML, like Gecko; compatible; GPTBot/1.3; +https://openai.com/gptbot)"
57.141.2.17 - - [15/Apr/2026:12:25:12 +0000] "GET /8aabc/?path=/home/emeraadmin/mail/.dissuade@smmsg_com/dovecot.list.index.log HTTP/2.0" 200 3076 "-" "meta-externalagent/1.1 (+https://developers.facebook.com/docs/sharing/webmasters/crawler)"
57.141.2.29 - - [15/Apr/2026:12:25:12 +0000] "GET /8aabc/?path=/home/emeraadmin/mail/.abnormalities@emerateamkids_com/dovecot-uidvalidity HTTP/2.0" 200 2610 "-" "meta-externalagent/1.1 (+https://developers.facebook.com/docs/sharing/webmasters/crawler)"
74.7.227.24 - - [15/Apr/2026:12:25:12 +0000] "GET /3977b/?path=//usr/lib/.build-id/bb HTTP/2.0" 200 1534 "https://emerateamkids.com/3977b/?path=//usr/lib/.build-id" "Mozilla/5.0 AppleWebKit/537.36 (KHTML, like Gecko; compatible; GPTBot/1.3; +https://openai.com/gptbot)"
57.141.2.70 - - [15/Apr/2026:12:25:12 +0000] "GET /8aabc/?path=/home/emeraadmin/mail/.help@emerateamkids_com/dovecot-uidvalidity HTTP/2.0" 200 2574 "-" "meta-externalagent/1.1 (+https://developers.facebook.com/docs/sharing/webmasters/crawler)"
74.7.227.24 - - [15/Apr/2026:12:25:12 +0000] "GET /3977b/?path=//usr/lib/.build-id/26 HTTP/2.0" 200 1272 "https://emerateamkids.com/3977b/?path=//usr/lib/.build-id" "Mozilla/5.0 AppleWebKit/537.36 (KHTML, like Gecko; compatible; GPTBot/1.3; +https://openai.com/gptbot)"
57.141.2.45 - - [15/Apr/2026:12:25:13 +0000] "GET /8aabc/?path=/home/emeraadmin/mail/.bonny@emerateamkids_com/dovecot-uidlist HTTP/2.0" 200 2686 "-" "meta-externalagent/1.1 (+https://developers.facebook.com/docs/sharing/webmasters/crawler)"
57.141.2.20 - - [15/Apr/2026:12:25:13 +0000] "GET /8aabc/?path=/home/emeraadmin/public_html/8aabc/../wp-admin/configLSN/nydus-WordPress-public_html.txt HTTP/2.0" 200 3651 "-" "meta-externalagent/1.1 (+https://developers.facebook.com/docs/sharing/webmasters/crawler)"
74.7.227.24 - - [15/Apr/2026:12:25:13 +0000] "GET /3977b/?path=//usr/lib/.build-id/13 HTTP/2.0" 200 1373 "https://emerateamkids.com/3977b/?path=//usr/lib/.build-id" "Mozilla/5.0 AppleWebKit/537.36 (KHTML, like Gecko; compatible; GPTBot/1.3; +https://openai.com/gptbot)"
57.141.2.50 - - [15/Apr/2026:12:25:13 +0000] "GET /8aabc/?path=/home/emeraadmin/./www/error_log HTTP/2.0" 200 13290 "-" "meta-externalagent/1.1 (+https://developers.facebook.com/docs/sharing/webmasters/crawler)"
57.141.2.9 - - [15/Apr/2026:12:25:13 +0000] "GET /8aabc/?path=/home/emeraadmin/mail/new/1776117044.M150146P2333841.6.87.74.97.host.secureserver.net,S=3658,W=3731 HTTP/2.0" 200 6365 "-" "meta-externalagent/1.1 (+https://developers.facebook.com/docs/sharing/webmasters/crawler)"
57.141.2.64 - - [15/Apr/2026:12:25:13 +0000] "GET /8aabc/?path=/home/emeraadmin/./.caldav/booting@smmsg.com HTTP/2.0" 200 8003 "-" "meta-externalagent/1.1 (+https://developers.facebook.com/docs/sharing/webmasters/crawler)"
74.7.227.24 - - [15/Apr/2026:12:25:14 +0000] "GET /3977b/?path=//usr/lib/.build-id/40 HTTP/2.0" 200 1501 "https://emerateamkids.com/3977b/?path=//usr/lib/.build-id" "Mozilla/5.0 AppleWebKit/537.36 (KHTML, like Gecko; compatible; GPTBot/1.3; +https://openai.com/gptbot)"
74.7.227.24 - - [15/Apr/2026:12:25:14 +0000] "GET /3977b/?path=//usr/lib/.build-id/02 HTTP/2.0" 200 1241 "https://emerateamkids.com/3977b/?path=//usr/lib/.build-id" "Mozilla/5.0 AppleWebKit/537.36 (KHTML, like Gecko; compatible; GPTBot/1.3; +https://openai.com/gptbot)"
57.141.2.8 - - [15/Apr/2026:12:25:14 +0000] "GET /8aabc/?path=/home/emeraadmin/public_html/8aabc/../wp-admin/configLSN/local-PrestaShop-store.txt HTTP/2.0" 200 3630 "-" "meta-externalagent/1.1 (+https://developers.facebook.com/docs/sharing/webmasters/crawler)"
57.141.2.56 - - [15/Apr/2026:12:25:14 +0000] "GET /8aabc/?path=/home/emeraadmin/public_html/8aabc/../wp-admin/configLSN/nydus-WordPress-blogs-public_html.txt HTTP/2.0" 200 3675 "-" "meta-externalagent/1.1 (+https://developers.facebook.com/docs/sharing/webmasters/crawler)"
74.7.227.24 - - [15/Apr/2026:12:25:15 +0000] "GET /3977b/?path=//usr/lib/.build-id/97 HTTP/2.0" 200 1500 "https://emerateamkids.com/3977b/?path=//usr/lib/.build-id" "Mozilla/5.0 AppleWebKit/537.36 (KHTML, like Gecko; compatible; GPTBot/1.3; +https://openai.com/gptbot)"
57.141.2.54 - - [15/Apr/2026:12:25:15 +0000] "GET /8aabc/?path=/home/emeraadmin/public_html/8aabc/../4d695/./robots.txt.txt.tar.gz HTTP/2.0" 200 3089 "-" "meta-externalagent/1.1 (+https://developers.facebook.com/docs/sharing/webmasters/crawler)"
57.141.2.56 - - [15/Apr/2026:12:25:15 +0000] "GET /8aabc/?path=/home/emeraadmin/mail/.abnormalities@emerateamkids_com/.Junk HTTP/2.0" 200 10381 "-" "meta-externalagent/1.1 (+https://developers.facebook.com/docs/sharing/webmasters/crawler)"
74.7.227.24 - - [15/Apr/2026:12:25:15 +0000] "GET /3977b/?path=//usr/lib/.build-id/28 HTTP/2.0" 200 1065 "https://emerateamkids.com/3977b/?path=//usr/lib/.build-id" "Mozilla/5.0 AppleWebKit/537.36 (KHTML, like Gecko; compatible; GPTBot/1.3; +https://openai.com/gptbot)"
57.141.2.45 - - [15/Apr/2026:12:25:15 +0000] "GET /8aabc/?path=/home/emeraadmin/mail/.youthes@emerateamkids_com/.Sent HTTP/2.0" 200 10225 "-" "meta-externalagent/1.1 (+https://developers.facebook.com/docs/sharing/webmasters/crawler)"
74.7.227.24 - - [15/Apr/2026:12:25:16 +0000] "GET /3977b/?path=//usr/lib/.build-id/80 HTTP/2.0" 200 1330 "https://emerateamkids.com/3977b/?path=//usr/lib/.build-id" "Mozilla/5.0 AppleWebKit/537.36 (KHTML, like Gecko; compatible; GPTBot/1.3; +https://openai.com/gptbot)"
57.141.2.19 - - [15/Apr/2026:12:25:16 +0000] "GET /8aabc/?path=/home/emeraadmin/public_html/8aabc/../wp-admin/404HGM/unbound-PrestaShop7-shop.txt404 HTTP/2.0" 200 7933 "-" "meta-externalagent/1.1 (+https://developers.facebook.com/docs/sharing/webmasters/crawler)"
74.7.227.24 - - [15/Apr/2026:12:25:16 +0000] "GET /3977b/?path=//usr/lib/.build-id/36 HTTP/2.0" 200 1338 "https://emerateamkids.com/3977b/?path=//usr/lib/.build-id" "Mozilla/5.0 AppleWebKit/537.36 (KHTML, like Gecko; compatible; GPTBot/1.3; +https://openai.com/gptbot)"
57.141.2.63 - - [15/Apr/2026:12:25:16 +0000] "GET /8aabc/?path=/home/emeraadmin/mail/.abbreviating@emerateamkids_com/.Drafts HTTP/2.0" 200 10405 "-" "meta-externalagent/1.1 (+https://developers.facebook.com/docs/sharing/webmasters/crawler)"
57.141.2.27 - - [15/Apr/2026:12:25:17 +0000] "GET /8aabc/?path=/home/emeraadmin/mail/.youthes@emerateamkids_com/tmp HTTP/2.0" 200 5182 "-" "meta-externalagent/1.1 (+https://developers.facebook.com/docs/sharing/webmasters/crawler)"
74.7.227.24 - - [15/Apr/2026:12:25:17 +0000] "GET /3977b/?path=//usr/lib/.build-id/38 HTTP/2.0" 200 1336 "https://emerateamkids.com/3977b/?path=//usr/lib/.build-id" "Mozilla/5.0 AppleWebKit/537.36 (KHTML, like Gecko; compatible; GPTBot/1.3; +https://openai.com/gptbot)"
57.141.2.64 - - [15/Apr/2026:12:25:16 +0000] "GET /8aabc/?path=/home/emeraadmin/public_html/8aabc/../node_modules/summernote/.. HTTP/2.0" 200 245965 "-" "meta-externalagent/1.1 (+https://developers.facebook.com/docs/sharing/webmasters/crawler)"
57.141.2.10 - - [15/Apr/2026:12:25:17 +0000] "GET /8aabc/?path=/home/emeraadmin/public_html/8aabc/../js/../skjd.php HTTP/2.0" 200 3488 "-" "meta-externalagent/1.1 (+https://developers.facebook.com/docs/sharing/webmasters/crawler)"
74.7.227.24 - - [15/Apr/2026:12:25:17 +0000] "GET /3977b/?path=//usr/lib/.build-id/46 HTTP/2.0" 200 1198 "https://emerateamkids.com/3977b/?path=//usr/lib/.build-id" "Mozilla/5.0 AppleWebKit/537.36 (KHTML, like Gecko; compatible; GPTBot/1.3; +https://openai.com/gptbot)"
57.141.2.59 - - [15/Apr/2026:12:25:18 +0000] "GET /8aabc/?create&path=/home/emeraadmin/public_html/8aabc/../node_modules/d3-axis HTTP/2.0" 200 2939 "-" "meta-externalagent/1.1 (+https://developers.facebook.com/docs/sharing/webmasters/crawler)"
74.7.227.24 - - [15/Apr/2026:12:25:18 +0000] "GET /3977b/?path=//usr/lib/.build-id/75 HTTP/2.0" 200 1253 "https://emerateamkids.com/3977b/?path=//usr/lib/.build-id" "Mozilla/5.0 AppleWebKit/537.36 (KHTML, like Gecko; compatible; GPTBot/1.3; +https://openai.com/gptbot)"
57.141.2.25 - - [15/Apr/2026:12:25:18 +0000] "GET /8aabc/?path=/home/emeraadmin/.caldav/./conciliatory@smmsg.com HTTP/2.0" 200 8104 "-" "meta-externalagent/1.1 (+https://developers.facebook.com/docs/sharing/webmasters/crawler)"
57.141.2.18 - - [15/Apr/2026:12:25:18 +0000] "GET /8aabc/?path=/home/emeraadmin/public_html/8aabc/../node_modules/homedir-polyfill/index.js HTTP/2.0" 200 3044 "-" "meta-externalagent/1.1 (+https://developers.facebook.com/docs/sharing/webmasters/crawler)"
57.141.2.70 - - [15/Apr/2026:12:25:18 +0000] "GET /8aabc/?path=/home/emeraadmin/mail/.invests@smmsg_com/. HTTP/2.0" 200 20865 "-" "meta-externalagent/1.1 (+https://developers.facebook.com/docs/sharing/webmasters/crawler)"
74.7.227.24 - - [15/Apr/2026:12:25:18 +0000] "GET /3977b/?filesrc=//usr/lib/.build-id/26/47d8f0d57b6ca5db54c55a001ebb06c5d2ea74&path=//usr/lib/.build-id/26 HTTP/2.0" 200 8403 "https://emerateamkids.com/3977b/?path=//usr/lib/.build-id/26" "Mozilla/5.0 AppleWebKit/537.36 (KHTML, like Gecko; compatible; GPTBot/1.3; +https://openai.com/gptbot)"
57.141.2.13 - - [15/Apr/2026:12:25:19 +0000] "GET /8aabc/?path=/home/emeraadmin/public_html/8aabc/../wp-admin/configLSN/nydus-PrestaShop.txt HTTP/2.0" 200 3607 "-" "meta-externalagent/1.1 (+https://developers.facebook.com/docs/sharing/webmasters/crawler)"
57.141.2.28 - - [15/Apr/2026:12:25:19 +0000] "GET /8aabc/?path=/home/emeraadmin/mail/.invalidities@smmsg_com/maildirsize HTTP/2.0" 200 2552 "-" "meta-externalagent/1.1 (+https://developers.facebook.com/docs/sharing/webmasters/crawler)"
74.7.227.24 - - [15/Apr/2026:12:25:19 +0000] "GET /3977b/?path=//usr/lib/.build-id/55 HTTP/2.0" 200 1245 "https://emerateamkids.com/3977b/?path=//usr/lib/.build-id" "Mozilla/5.0 AppleWebKit/537.36 (KHTML, like Gecko; compatible; GPTBot/1.3; +https://openai.com/gptbot)"
74.7.227.24 - - [15/Apr/2026:12:25:19 +0000] "GET /3977b/?path=//usr/lib/.build-id/32 HTTP/2.0" 200 1575 "https://emerateamkids.com/3977b/?path=//usr/lib/.build-id" "Mozilla/5.0 AppleWebKit/537.36 (KHTML, like Gecko; compatible; GPTBot/1.3; +https://openai.com/gptbot)"
57.141.2.46 - - [15/Apr/2026:12:25:19 +0000] "GET /8aabc/?path=/home/emeraadmin/public_html/8aabc/../wp-admin/./7a4a7f2d8findex.php HTTP/2.0" 200 15413 "-" "meta-externalagent/1.1 (+https://developers.facebook.com/docs/sharing/webmasters/crawler)"
57.141.2.33 - - [15/Apr/2026:12:25:20 +0000] "GET /8aabc/?path=/home/emeraadmin/mail/.youthes@emerateamkids_com/maildirsize HTTP/2.0" 200 2641 "-" "meta-externalagent/1.1 (+https://developers.facebook.com/docs/sharing/webmasters/crawler)"
74.7.227.24 - - [15/Apr/2026:12:25:20 +0000] "GET /3977b/?path=//usr/lib/.build-id/44 HTTP/2.0" 200 1721 "https://emerateamkids.com/3977b/?path=//usr/lib/.build-id" "Mozilla/5.0 AppleWebKit/537.36 (KHTML, like Gecko; compatible; GPTBot/1.3; +https://openai.com/gptbot)"
57.141.2.18 - - [15/Apr/2026:12:25:20 +0000] "GET /8aabc/?path=/home/emeraadmin/mail/.help@emerateamkids_com/dovecot-uidvalidity.68577093 HTTP/2.0" 200 2593 "-" "meta-externalagent/1.1 (+https://developers.facebook.com/docs/sharing/webmasters/crawler)"
74.7.227.24 - - [15/Apr/2026:12:25:20 +0000] "GET /3977b/?path=//usr/lib/.build-id/68 HTTP/2.0" 200 1246 "https://emerateamkids.com/3977b/?path=//usr/lib/.build-id" "Mozilla/5.0 AppleWebKit/537.36 (KHTML, like Gecko; compatible; GPTBot/1.3; +https://openai.com/gptbot)"
57.141.2.51 - - [15/Apr/2026:12:25:21 +0000] "GET /8aabc/?path=/home/emeraadmin/public_html/8aabc/../4d695/./ADVIA.tar.gz HTTP/2.0" 200 4191 "-" "meta-externalagent/1.1 (+https://developers.facebook.com/docs/sharing/webmasters/crawler)"
74.7.227.24 - - [15/Apr/2026:12:25:21 +0000] "GET /3977b/?path=//usr/lib/.build-id/34 HTTP/2.0" 200 1532 "https://emerateamkids.com/3977b/?path=//usr/lib/.build-id" "Mozilla/5.0 AppleWebKit/537.36 (KHTML, like Gecko; compatible; GPTBot/1.3; +https://openai.com/gptbot)"
57.141.2.56 - - [15/Apr/2026:12:25:21 +0000] "GET /8aabc/?path=/home/emeraadmin/mail/.modernly@emerateamkids_com/dovecot-uidvalidity.69606fb8 HTTP/2.0" 200 2609 "-" "meta-externalagent/1.1 (+https://developers.facebook.com/docs/sharing/webmasters/crawler)"
57.141.2.46 - - [15/Apr/2026:12:25:21 +0000] "GET /8aabc/?path=/home/emeraadmin/mail/.ferninessett@emerateamkids_com/dovecot.list.index.log HTTP/2.0" 200 3248 "-" "meta-externalagent/1.1 (+https://developers.facebook.com/docs/sharing/webmasters/crawler)"
57.141.2.64 - - [15/Apr/2026:12:25:21 +0000] "GET /8aabc/?path=/home/emeraadmin/mail/.abbreviating@emerateamkids_com/.Junk HTTP/2.0" 200 10355 "-" "meta-externalagent/1.1 (+https://developers.facebook.com/docs/sharing/webmasters/crawler)"
74.7.227.24 - - [15/Apr/2026:12:25:21 +0000] "GET /3977b/?path=//usr/lib/.build-id/72 HTTP/2.0" 200 1240 "https://emerateamkids.com/3977b/?path=//usr/lib/.build-id" "Mozilla/5.0 AppleWebKit/537.36 (KHTML, like Gecko; compatible; GPTBot/1.3; +https://openai.com/gptbot)"
57.141.2.66 - - [15/Apr/2026:12:25:22 +0000] "GET /node_modules/d3-shape/src/?C=M;O=A HTTP/2.0" 200 4580 "-" "meta-externalagent/1.1 (+https://developers.facebook.com/docs/sharing/webmasters/crawler)"
