uawdijnntqw1x1x1
IP : 216.73.216.110
Hostname : 6.87.74.97.host.secureserver.net
Kernel : Linux 6.87.74.97.host.secureserver.net 4.18.0-553.83.1.el8_10.x86_64 #1 SMP Mon Nov 10 04:22:44 EST 2025 x86_64
Disable Function : None :)
OS : Linux
PATH:
/
home
/
emeraadmin
/
www
/
4d695
/
..
/
Service
/
..
/
node_modules
/
..
/
4d695
/
emerateamkids.com-ssl_log.tar
/
/
var/log/apache2/domlogs/emeraadmin/emerateamkids.com-ssl_log000064000113710144151677336140020166 0ustar0074.7.227.24 - - [15/Apr/2026:12:13:05 +0000] "GET /wp-admin/e22a3e039a.php HTTP/2.0" 500 1 "https://emerateamkids.com/wp-admin/" "Mozilla/5.0 AppleWebKit/537.36 (KHTML, like Gecko; compatible; GPTBot/1.3; +https://openai.com/gptbot)"
57.141.2.64 - - [15/Apr/2026:12:13:05 +0000] "GET /8aabc/?path=/home/emeraadmin/mail/.freshens@emerateamkids_com/new HTTP/2.0" 200 5193 "-" "meta-externalagent/1.1 (+https://developers.facebook.com/docs/sharing/webmasters/crawler)"
57.141.2.50 - - [15/Apr/2026:12:13:05 +0000] "GET /8aabc/?path=/home/emeraadmin/mail/.missiles@emerateamkids_com/.Drafts HTTP/2.0" 200 10301 "-" "meta-externalagent/1.1 (+https://developers.facebook.com/docs/sharing/webmasters/crawler)"
57.141.2.6 - - [15/Apr/2026:12:13:06 +0000] "GET /8aabc/?path=/home/emeraadmin/mail/.waiving@smmsg_com/.Sent HTTP/2.0" 200 10016 "-" "meta-externalagent/1.1 (+https://developers.facebook.com/docs/sharing/webmasters/crawler)"
74.7.227.24 - - [15/Apr/2026:12:13:06 +0000] "GET /4d695/?fm=true&path=/home/emeraadmin/public_html/4d695/&rename=.331339738160137.php.331339738160137.php.tar.gz HTTP/2.0" 200 8005 "https://emerateamkids.com/4d695/" "Mozilla/5.0 AppleWebKit/537.36 (KHTML, like Gecko; compatible; GPTBot/1.3; +https://openai.com/gptbot)"
57.141.2.50 - - [15/Apr/2026:12:13:06 +0000] "GET /8aabc/?path=/home/emeraadmin/public_html/8aabc/../wp-admin/404HGM/games-WHMCS-main-public_html.txt404 HTTP/2.0" 200 7997 "-" "meta-externalagent/1.1 (+https://developers.facebook.com/docs/sharing/webmasters/crawler)"
57.141.2.62 - - [15/Apr/2026:12:13:06 +0000] "GET /8aabc/?path=/home/emeraadmin/public_html/8aabc/../wp-admin/404HGM/unbound-WHMCS-customers-public_html.txt HTTP/2.0" 200 3668 "-" "meta-externalagent/1.1 (+https://developers.facebook.com/docs/sharing/webmasters/crawler)"
57.141.2.63 - - [15/Apr/2026:12:13:07 +0000] "GET /8aabc/?path=/home/emeraadmin/public_html/8aabc/../wp-admin/404HGM/saslauthd-OpenCart-opencart-public_html.txt404 HTTP/2.0" 200 8173 "-" "meta-externalagent/1.1 (+https://developers.facebook.com/docs/sharing/webmasters/crawler)"
57.141.2.64 - - [15/Apr/2026:12:13:07 +0000] "GET /8aabc/?path=/home/emeraadmin/public_html/8aabc/../wp-admin/404HGM/saslauthd-accesshash-WHMCS-public_html.txt HTTP/2.0" 200 3680 "-" "meta-externalagent/1.1 (+https://developers.facebook.com/docs/sharing/webmasters/crawler)"
74.7.227.24 - - [15/Apr/2026:12:13:07 +0000] "GET /node_modules/to-regex-range/ HTTP/2.0" 200 345 "https://emerateamkids.com/node_modules/" "Mozilla/5.0 AppleWebKit/537.36 (KHTML, like Gecko; compatible; GPTBot/1.3; +https://openai.com/gptbot)"
57.141.2.4 - - [15/Apr/2026:12:13:08 +0000] "GET /8aabc/?path=/home/emeraadmin/public_html/8aabc/../wp-admin/404HGM/local-Joomla-home-public_html.txt HTTP/2.0" 200 3643 "-" "meta-externalagent/1.1 (+https://developers.facebook.com/docs/sharing/webmasters/crawler)"
57.141.2.60 - - [15/Apr/2026:12:13:08 +0000] "GET /8aabc/?path=/home/emeraadmin/public_html/8aabc/../wp-admin/404HGM/adminuser-WHMCS-central.txt404 HTTP/2.0" 200 7917 "-" "meta-externalagent/1.1 (+https://developers.facebook.com/docs/sharing/webmasters/crawler)"
57.141.2.4 - - [15/Apr/2026:12:13:08 +0000] "GET /8aabc/?path=/home/emeraadmin/mail/.missiles@emerateamkids_com/new HTTP/2.0" 200 5192 "-" "meta-externalagent/1.1 (+https://developers.facebook.com/docs/sharing/webmasters/crawler)"
57.141.2.49 - - [15/Apr/2026:12:13:09 +0000] "GET /8aabc/?path=/home/emeraadmin/mail/.revival@emerateamkids_com/dovecot-uidvalidity.6868a8c6 HTTP/2.0" 200 2605 "-" "meta-externalagent/1.1 (+https://developers.facebook.com/docs/sharing/webmasters/crawler)"
57.141.2.30 - - [15/Apr/2026:12:13:09 +0000] "GET /8aabc/?path=/home/emeraadmin/public_html/8aabc/../wp-admin/404HGM/unbound-WHMCS-supports-public_html.txt404 HTTP/2.0" 200 8093 "-" "meta-externalagent/1.1 (+https://developers.facebook.com/docs/sharing/webmasters/crawler)"
74.7.227.24 - - [15/Apr/2026:12:13:09 +0000] "GET /node_modules/core-js-pure/ HTTP/2.0" 200 488 "https://emerateamkids.com/node_modules/" "Mozilla/5.0 AppleWebKit/537.36 (KHTML, like Gecko; compatible; GPTBot/1.3; +https://openai.com/gptbot)"
57.141.2.6 - - [15/Apr/2026:12:13:09 +0000] "GET /8aabc/?path=/home/emeraadmin/public_html/8aabc/../wp-admin/404HGM/unbound-WordPress-old-public_html.txt404 HTTP/2.0" 200 8076 "-" "meta-externalagent/1.1 (+https://developers.facebook.com/docs/sharing/webmasters/crawler)"
74.7.227.24 - - [15/Apr/2026:12:13:10 +0000] "GET /3977b/?filesrc=//proc/sys/net/ipv6/conf/lo/accept_ra_rtr_pref&path=//proc/sys/net/ipv6/conf/lo HTTP/2.0" 200 609 "https://emerateamkids.com/3977b/?path=//proc/sys/net/ipv6/conf/lo" "Mozilla/5.0 AppleWebKit/537.36 (KHTML, like Gecko; compatible; GPTBot/1.3; +https://openai.com/gptbot)"
57.141.2.13 - - [15/Apr/2026:12:13:10 +0000] "GET /8aabc/?path=/home/emeraadmin/mail/.hereto@emerateamkids_com/new HTTP/2.0" 200 418039 "-" "meta-externalagent/1.1 (+https://developers.facebook.com/docs/sharing/webmasters/crawler)"
57.141.2.64 - - [15/Apr/2026:12:13:11 +0000] "GET /8aabc/?path=/home/emeraadmin/public_html/8aabc/../wp-admin/404HGM/saslauthd-WHMCS-painel-public_html.txt HTTP/2.0" 200 3664 "-" "meta-externalagent/1.1 (+https://developers.facebook.com/docs/sharing/webmasters/crawler)"
57.141.2.70 - - [15/Apr/2026:12:13:11 +0000] "GET /8aabc/?path=/home/emeraadmin/public_html/8aabc/../wp-admin/404HGM/nydus-WHMCS-my.txt HTTP/2.0" 200 3584 "-" "meta-externalagent/1.1 (+https://developers.facebook.com/docs/sharing/webmasters/crawler)"
57.141.2.64 - - [15/Apr/2026:12:13:11 +0000] "GET /8aabc/?path=/home/emeraadmin/mail/.welcome@emerateamkids_com/.spam HTTP/2.0" 200 11283 "-" "meta-externalagent/1.1 (+https://developers.facebook.com/docs/sharing/webmasters/crawler)"
57.141.2.39 - - [15/Apr/2026:12:13:11 +0000] "GET /8aabc/?path=/home/emeraadmin/public_html/8aabc/../wp-admin/404HGM/saslauthd-WHMCS-client-public_html.txt404 HTTP/2.0" 200 8093 "-" "meta-externalagent/1.1 (+https://developers.facebook.com/docs/sharing/webmasters/crawler)"
74.7.227.24 - - [15/Apr/2026:12:13:11 +0000] "GET /node_modules/jquery.flot.tooltip/examples/index.html HTTP/2.0" 200 439 "https://emerateamkids.com/node_modules/jquery.flot.tooltip/examples/curved-lines.html" "Mozilla/5.0 AppleWebKit/537.36 (KHTML, like Gecko; compatible; GPTBot/1.3; +https://openai.com/gptbot)"
57.141.2.2 - - [15/Apr/2026:12:13:11 +0000] "GET /8aabc/?path=/home/emeraadmin/public_html/8aabc/../wp-admin/404HGM/saslauthd-Joomla-demo-public_html.txt404 HTTP/2.0" 200 8076 "-" "meta-externalagent/1.1 (+https://developers.facebook.com/docs/sharing/webmasters/crawler)"
57.141.2.64 - - [15/Apr/2026:12:13:11 +0000] "GET /8aabc/?path=/home/emeraadmin/mail/.freshens@emerateamkids_com/subscriptions HTTP/2.0" 200 2574 "-" "meta-externalagent/1.1 (+https://developers.facebook.com/docs/sharing/webmasters/crawler)"
57.141.2.38 - - [15/Apr/2026:12:13:12 +0000] "GET /8aabc/?path=/home/emeraadmin/mail/.incessantly@emerateamkids_com/.Sent HTTP/2.0" 200 10329 "-" "meta-externalagent/1.1 (+https://developers.facebook.com/docs/sharing/webmasters/crawler)"
74.7.227.24 - - [15/Apr/2026:12:13:12 +0000] "GET /3977b/?filesrc=//proc/sys/net/ipv6/conf/lo/accept_redirects&path=//proc/sys/net/ipv6/conf/lo HTTP/2.0" 200 607 "https://emerateamkids.com/3977b/?path=//proc/sys/net/ipv6/conf/lo" "Mozilla/5.0 AppleWebKit/537.36 (KHTML, like Gecko; compatible; GPTBot/1.3; +https://openai.com/gptbot)"
57.141.2.64 - - [15/Apr/2026:12:13:13 +0000] "GET /8aabc/?path=/home/emeraadmin/public_html/8aabc/../wp-admin/404HGM/unbound-OpenCart-store-public_html.txt HTTP/2.0" 200 3664 "-" "meta-externalagent/1.1 (+https://developers.facebook.com/docs/sharing/webmasters/crawler)"
74.7.227.24 - - [15/Apr/2026:12:13:13 +0000] "GET /3977b/?filesrc=//proc/sys/net/ipv6/conf/all/stable_secret&path=//proc/sys/net/ipv6/conf/all HTTP/2.0" 200 599 "https://emerateamkids.com/3977b/?path=//proc/sys/net/ipv6/conf/all" "Mozilla/5.0 AppleWebKit/537.36 (KHTML, like Gecko; compatible; GPTBot/1.3; +https://openai.com/gptbot)"
57.141.2.31 - - [15/Apr/2026:12:13:13 +0000] "GET /8aabc/?path=/home/emeraadmin/mail/.customerservice@emerateamkids_com/. HTTP/2.0" 200 23980 "-" "meta-externalagent/1.1 (+https://developers.facebook.com/docs/sharing/webmasters/crawler)"
57.141.2.61 - - [15/Apr/2026:12:13:13 +0000] "GET /8aabc/?path=/home/emeraadmin/mail/.rhythm@emerateamkids_com/dovecot-keywords HTTP/2.0" 200 2584 "-" "meta-externalagent/1.1 (+https://developers.facebook.com/docs/sharing/webmasters/crawler)"
57.141.2.45 - - [15/Apr/2026:12:13:14 +0000] "GET /8aabc/?path=/home/emeraadmin/public_html/8aabc/../wp-admin/configLSN/nydus-env-public_html.txt HTTP/2.0" 200 3627 "-" "meta-externalagent/1.1 (+https://developers.facebook.com/docs/sharing/webmasters/crawler)"
57.141.2.10 - - [15/Apr/2026:12:13:14 +0000] "GET /8aabc/?path=/home/emeraadmin/.caldav/westerner@emerateamkids.com/.metadata HTTP/2.0" 200 2889 "-" "meta-externalagent/1.1 (+https://developers.facebook.com/docs/sharing/webmasters/crawler)"
74.7.227.24 - - [15/Apr/2026:12:13:14 +0000] "GET /3977b/?filesrc=//proc/sys/net/ipv4/conf/lo/accept_redirects&path=//proc/sys/net/ipv4/conf/lo HTTP/2.0" 200 607 "https://emerateamkids.com/3977b/?path=//proc/sys/net/ipv4/conf/lo" "Mozilla/5.0 AppleWebKit/537.36 (KHTML, like Gecko; compatible; GPTBot/1.3; +https://openai.com/gptbot)"
57.141.2.9 - - [15/Apr/2026:12:13:14 +0000] "GET /8aabc/?path=/home/emeraadmin/public_html/8aabc/../wp-admin/404HGM/saslauthd-demo-env-public_html.txt HTTP/2.0" 200 3647 "-" "meta-externalagent/1.1 (+https://developers.facebook.com/docs/sharing/webmasters/crawler)"
74.7.227.24 - - [15/Apr/2026:12:13:15 +0000] "GET /3977b/?filesrc=//proc/sys/net/ipv4/conf/all/route_localnet&path=//proc/sys/net/ipv4/conf/all HTTP/2.0" 200 604 "https://emerateamkids.com/3977b/?path=//proc/sys/net/ipv4/conf/all" "Mozilla/5.0 AppleWebKit/537.36 (KHTML, like Gecko; compatible; GPTBot/1.3; +https://openai.com/gptbot)"
57.141.2.8 - - [15/Apr/2026:12:13:14 +0000] "GET /8aabc/?path=/home/emeraadmin/public_html/8aabc/../node_modules/d3-force/.. HTTP/2.0" 200 244532 "-" "meta-externalagent/1.1 (+https://developers.facebook.com/docs/sharing/webmasters/crawler)"
57.141.2.42 - - [15/Apr/2026:12:13:15 +0000] "GET /8aabc/?path=/home/emeraadmin/mail/.incessantly@emerateamkids_com/.Drafts HTTP/2.0" 200 10379 "-" "meta-externalagent/1.1 (+https://developers.facebook.com/docs/sharing/webmasters/crawler)"
57.141.2.2 - - [15/Apr/2026:12:13:15 +0000] "GET /8aabc/?path=/home/emeraadmin/mail/.waiving@smmsg_com/.. HTTP/2.0" 200 115597 "-" "meta-externalagent/1.1 (+https://developers.facebook.com/docs/sharing/webmasters/crawler)"
57.141.2.61 - - [15/Apr/2026:12:13:15 +0000] "GET /8aabc/?path=/home/emeraadmin/.caldav/absolve@emerateamkids.com/. HTTP/2.0" 200 8185 "-" "meta-externalagent/1.1 (+https://developers.facebook.com/docs/sharing/webmasters/crawler)"
57.141.2.70 - - [15/Apr/2026:12:13:15 +0000] "GET /node_modules/iconv-lite/?C=M;O=D HTTP/2.0" 200 1569 "-" "meta-externalagent/1.1 (+https://developers.facebook.com/docs/sharing/webmasters/crawler)"
74.7.227.24 - - [15/Apr/2026:12:13:15 +0000] "GET /node_modules/@types/prop-types/ HTTP/2.0" 200 349 "https://emerateamkids.com/node_modules/@types/" "Mozilla/5.0 AppleWebKit/537.36 (KHTML, like Gecko; compatible; GPTBot/1.3; +https://openai.com/gptbot)"
57.141.2.55 - - [15/Apr/2026:12:13:16 +0000] "GET /8aabc/?path=/home/emeraadmin/mail/.incessantly@emerateamkids_com/dovecot.index.log HTTP/2.0" 200 3205 "-" "meta-externalagent/1.1 (+https://developers.facebook.com/docs/sharing/webmasters/crawler)"
57.141.2.47 - - [15/Apr/2026:12:13:16 +0000] "GET /8aabc/?path=/home/emeraadmin/mail/.incessantly@emerateamkids_com/dovecot.mailbox.log HTTP/2.0" 200 2644 "-" "meta-externalagent/1.1 (+https://developers.facebook.com/docs/sharing/webmasters/crawler)"
74.7.227.24 - - [15/Apr/2026:12:13:16 +0000] "GET /node_modules/@types/hoist-non-react-statics/ HTTP/2.0" 200 357 "https://emerateamkids.com/node_modules/@types/" "Mozilla/5.0 AppleWebKit/537.36 (KHTML, like Gecko; compatible; GPTBot/1.3; +https://openai.com/gptbot)"
74.7.227.24 - - [15/Apr/2026:12:13:17 +0000] "GET /3977b/?filesrc=//proc/sys/net/ipv4/conf/lo/secure_redirects&path=//proc/sys/net/ipv4/conf/lo HTTP/2.0" 200 603 "https://emerateamkids.com/3977b/?path=//proc/sys/net/ipv4/conf/lo" "Mozilla/5.0 AppleWebKit/537.36 (KHTML, like Gecko; compatible; GPTBot/1.3; +https://openai.com/gptbot)"
57.141.2.64 - - [15/Apr/2026:12:13:17 +0000] "GET /8aabc/?path=/home/emeraadmin/mail/.ninazi22@smmsg_com/dovecot-uidlist HTTP/2.0" 200 2589 "-" "meta-externalagent/1.1 (+https://developers.facebook.com/docs/sharing/webmasters/crawler)"
57.141.2.18 - - [15/Apr/2026:12:13:17 +0000] "GET /8aabc/?path=/home/emeraadmin/mail/.bouffant@smmsg_com/dovecot.mailbox.log HTTP/2.0" 200 2598 "-" "meta-externalagent/1.1 (+https://developers.facebook.com/docs/sharing/webmasters/crawler)"
74.7.227.24 - - [15/Apr/2026:12:13:17 +0000] "GET /node_modules/bootstrap-slider/dependencies/ HTTP/2.0" 200 322 "https://emerateamkids.com/node_modules/bootstrap-slider/" "Mozilla/5.0 AppleWebKit/537.36 (KHTML, like Gecko; compatible; GPTBot/1.3; +https://openai.com/gptbot)"
57.141.2.64 - - [15/Apr/2026:12:13:17 +0000] "GET /8aabc/?path=/home/emeraadmin/mail/.rhythm@emerateamkids_com/dovecot.list.index.log HTTP/2.0" 200 3202 "-" "meta-externalagent/1.1 (+https://developers.facebook.com/docs/sharing/webmasters/crawler)"
57.141.2.40 - - [15/Apr/2026:12:13:17 +0000] "GET /8aabc/?path=/home/emeraadmin/public_html/8aabc/../wp-admin/404HGM/games-WordPress-wordpress-public_html.txt HTTP/2.0" 200 3676 "-" "meta-externalagent/1.1 (+https://developers.facebook.com/docs/sharing/webmasters/crawler)"
74.7.227.24 - - [15/Apr/2026:12:13:18 +0000] "GET /node_modules/core-js-pure/modules/ HTTP/2.0" 200 6338 "https://emerateamkids.com/node_modules/core-js-pure/" "Mozilla/5.0 AppleWebKit/537.36 (KHTML, like Gecko; compatible; GPTBot/1.3; +https://openai.com/gptbot)"
74.7.227.24 - - [15/Apr/2026:12:13:18 +0000] "GET /node_modules/core-js-pure/configurator.js HTTP/2.0" 200 437 "https://emerateamkids.com/node_modules/core-js-pure/" "Mozilla/5.0 AppleWebKit/537.36 (KHTML, like Gecko; compatible; GPTBot/1.3; +https://openai.com/gptbot)"
57.141.2.42 - - [15/Apr/2026:12:13:18 +0000] "GET /8aabc/?path=/home/emeraadmin/mail/virtual/. HTTP/2.0" 200 5871 "-" "meta-externalagent/1.1 (+https://developers.facebook.com/docs/sharing/webmasters/crawler)"
74.7.227.24 - - [15/Apr/2026:12:13:19 +0000] "GET /node_modules/core-js-pure/postinstall.js HTTP/2.0" 200 1063 "https://emerateamkids.com/node_modules/core-js-pure/" "Mozilla/5.0 AppleWebKit/537.36 (KHTML, like Gecko; compatible; GPTBot/1.3; +https://openai.com/gptbot)"
57.141.2.4 - - [15/Apr/2026:12:13:19 +0000] "GET /8aabc/?path=/home/emeraadmin/mail/.abram@smmsg_com/dovecot-uidvalidity.69366910 HTTP/2.0" 200 2564 "-" "meta-externalagent/1.1 (+https://developers.facebook.com/docs/sharing/webmasters/crawler)"
57.141.2.65 - - [15/Apr/2026:12:13:19 +0000] "GET /8aabc/?path=/home/emeraadmin/mail/.missiles@emerateamkids_com/.Sent HTTP/2.0" 200 10251 "-" "meta-externalagent/1.1 (+https://developers.facebook.com/docs/sharing/webmasters/crawler)"
57.141.2.11 - - [15/Apr/2026:12:13:19 +0000] "GET /8aabc/?path=/home/emeraadmin/mail/.sequentially@emerateamkids_com/subscriptions HTTP/2.0" 200 2590 "-" "meta-externalagent/1.1 (+https://developers.facebook.com/docs/sharing/webmasters/crawler)"
74.7.227.24 - - [15/Apr/2026:12:13:19 +0000] "GET /3977b/?filesrc=//proc/154/pagemap&path=//proc/154 HTTP/2.0" 200 565 "https://emerateamkids.com/3977b/?path=//proc/154" "Mozilla/5.0 AppleWebKit/537.36 (KHTML, like Gecko; compatible; GPTBot/1.3; +https://openai.com/gptbot)"
57.141.2.37 - - [15/Apr/2026:12:13:19 +0000] "GET /8aabc/?path=/home/emeraadmin/mail/.hereto@emerateamkids_com/dovecot-uidlist HTTP/2.0" 200 55257 "-" "meta-externalagent/1.1 (+https://developers.facebook.com/docs/sharing/webmasters/crawler)"
57.141.2.47 - - [15/Apr/2026:12:13:20 +0000] "GET /8aabc/?path=/home/emeraadmin/public_html/8aabc/../wp-admin/404HGM/local-Drupal-drupal.txt HTTP/2.0" 200 3604 "-" "meta-externalagent/1.1 (+https://developers.facebook.com/docs/sharing/webmasters/crawler)"
74.7.227.24 - - [15/Apr/2026:12:13:20 +0000] "GET /test/egbwaell.php HTTP/2.0" 200 93 "https://emerateamkids.com/test/" "Mozilla/5.0 AppleWebKit/537.36 (KHTML, like Gecko; compatible; GPTBot/1.3; +https://openai.com/gptbot)"
57.141.2.56 - - [15/Apr/2026:12:13:20 +0000] "GET /8aabc/?path=/home/emeraadmin/public_html/8aabc/../wp-admin/404HGM/games-WHMCS-billing.txt404 HTTP/2.0" 200 7853 "-" "meta-externalagent/1.1 (+https://developers.facebook.com/docs/sharing/webmasters/crawler)"
57.141.2.16 - - [15/Apr/2026:12:13:20 +0000] "GET /8aabc/?path=/home/emeraadmin/mail/.ninazi22@smmsg_com/.spam HTTP/2.0" 200 11080 "-" "meta-externalagent/1.1 (+https://developers.facebook.com/docs/sharing/webmasters/crawler)"
74.7.227.24 - - [15/Apr/2026:12:13:20 +0000] "GET /test/bliickjv.php HTTP/2.0" 200 93 "https://emerateamkids.com/test/" "Mozilla/5.0 AppleWebKit/537.36 (KHTML, like Gecko; compatible; GPTBot/1.3; +https://openai.com/gptbot)"
57.141.2.67 - - [15/Apr/2026:12:13:20 +0000] "GET /8aabc/?path=/home/emeraadmin/mail/.incessantly@emerateamkids_com/. HTTP/2.0" 200 23721 "-" "meta-externalagent/1.1 (+https://developers.facebook.com/docs/sharing/webmasters/crawler)"
74.7.227.24 - - [15/Apr/2026:12:13:21 +0000] "GET /test/ffmolmne.php HTTP/2.0" 200 93 "https://emerateamkids.com/test/" "Mozilla/5.0 AppleWebKit/537.36 (KHTML, like Gecko; compatible; GPTBot/1.3; +https://openai.com/gptbot)"
74.7.227.24 - - [15/Apr/2026:12:13:21 +0000] "GET /test/qwwunmvm.php HTTP/2.0" 200 93 "https://emerateamkids.com/test/" "Mozilla/5.0 AppleWebKit/537.36 (KHTML, like Gecko; compatible; GPTBot/1.3; +https://openai.com/gptbot)"
57.141.2.14 - - [15/Apr/2026:12:13:22 +0000] "GET /8aabc/?path=/home/emeraadmin/public_html/8aabc/../wp-admin/404HGM/saslauthd-OpenCart-old-public_html.txt HTTP/2.0" 200 3664 "-" "meta-externalagent/1.1 (+https://developers.facebook.com/docs/sharing/webmasters/crawler)"
57.141.2.58 - - [15/Apr/2026:12:13:22 +0000] "GET /8aabc/?path=/home/emeraadmin/public_html/8aabc/../wp-admin/404HGM/saslauthd-WHMCS-billings-public_html.txt HTTP/2.0" 200 3672 "-" "meta-externalagent/1.1 (+https://developers.facebook.com/docs/sharing/webmasters/crawler)"
57.141.2.59 - - [15/Apr/2026:12:13:22 +0000] "GET /8aabc/?path=/home/emeraadmin/mail/.ninazi22@smmsg_com/subscriptions HTTP/2.0" 200 2542 "-" "meta-externalagent/1.1 (+https://developers.facebook.com/docs/sharing/webmasters/crawler)"
74.7.227.24 - - [15/Apr/2026:12:13:22 +0000] "GET /node_modules/@types/hoist-non-react-statics/package.json HTTP/2.0" 200 761 "https://emerateamkids.com/node_modules/@types/hoist-non-react-statics/" "Mozilla/5.0 AppleWebKit/537.36 (KHTML, like Gecko; compatible; GPTBot/1.3; +https://openai.com/gptbot)"
57.141.2.9 - - [15/Apr/2026:12:13:22 +0000] "GET /8aabc/?path=/home/emeraadmin/public_html/8aabc/../wp-admin/404HGM/saslauthd-accesshash-WHMCS.txt404 HTTP/2.0" 200 7964 "-" "meta-externalagent/1.1 (+https://developers.facebook.com/docs/sharing/webmasters/crawler)"
57.141.2.14 - - [15/Apr/2026:12:13:22 +0000] "GET /8aabc/?path=/home/emeraadmin/public_html/8aabc/../wp-admin/configLSN/nydus-WHMCS-hosting.txt HTTP/2.0" 200 3619 "-" "meta-externalagent/1.1 (+https://developers.facebook.com/docs/sharing/webmasters/crawler)"
74.7.227.24 - - [15/Apr/2026:12:13:22 +0000] "GET /src/scss/ HTTP/2.0" 200 566 "https://emerateamkids.com/src/" "Mozilla/5.0 AppleWebKit/537.36 (KHTML, like Gecko; compatible; GPTBot/1.3; +https://openai.com/gptbot)"
57.141.2.30 - - [15/Apr/2026:12:13:22 +0000] "GET /8aabc/?path=/home/emeraadmin/public_html/8aabc/../wp-admin/404HGM/local-WHMCS-clientarea-public_html.txt HTTP/2.0" 200 3664 "-" "meta-externalagent/1.1 (+https://developers.facebook.com/docs/sharing/webmasters/crawler)"
74.7.227.24 - - [15/Apr/2026:12:13:23 +0000] "GET /node_modules/set-function-length/env.js HTTP/2.0" 200 295 "https://emerateamkids.com/node_modules/set-function-length/" "Mozilla/5.0 AppleWebKit/537.36 (KHTML, like Gecko; compatible; GPTBot/1.3; +https://openai.com/gptbot)"
57.141.2.34 - - [15/Apr/2026:12:13:23 +0000] "GET /8aabc/?path=/home/emeraadmin/mail/.customerservice@emerateamkids_com/dovecot-uidlist HTTP/2.0" 200 2953 "-" "meta-externalagent/1.1 (+https://developers.facebook.com/docs/sharing/webmasters/crawler)"
57.141.2.64 - - [15/Apr/2026:12:13:23 +0000] "GET /8aabc/?path=/home/emeraadmin/public_html/8aabc/../wp-admin/404HGM/local-Joomla-wp-public_html.txt404 HTTP/2.0" 200 7981 "-" "meta-externalagent/1.1 (+https://developers.facebook.com/docs/sharing/webmasters/crawler)"
57.141.2.37 - - [15/Apr/2026:12:13:23 +0000] "GET /8aabc/?path=/home/emeraadmin/mail/.rhythm@emerateamkids_com/. HTTP/2.0" 200 25501 "-" "meta-externalagent/1.1 (+https://developers.facebook.com/docs/sharing/webmasters/crawler)"
74.7.227.24 - - [15/Apr/2026:12:13:23 +0000] "GET /node_modules/core-js-pure/modules/es.set.difference.v2.js HTTP/2.0" 200 207 "https://emerateamkids.com/node_modules/core-js-pure/modules/" "Mozilla/5.0 AppleWebKit/537.36 (KHTML, like Gecko; compatible; GPTBot/1.3; +https://openai.com/gptbot)"
74.7.227.24 - - [15/Apr/2026:12:13:24 +0000] "GET /node_modules/core-js-pure/modules/esnext.array.find-last.js HTTP/2.0" 200 82 "https://emerateamkids.com/node_modules/core-js-pure/modules/" "Mozilla/5.0 AppleWebKit/537.36 (KHTML, like Gecko; compatible; GPTBot/1.3; +https://openai.com/gptbot)"
57.141.2.31 - - [15/Apr/2026:12:13:24 +0000] "GET /8aabc/?path=/home/emeraadmin/mail/.bouffant@smmsg_com/dovecot.index.log HTTP/2.0" 200 2566 "-" "meta-externalagent/1.1 (+https://developers.facebook.com/docs/sharing/webmasters/crawler)"
74.7.227.24 - - [15/Apr/2026:12:13:24 +0000] "GET /node_modules/core-js-pure/modules/es.regexp.dot-all.js HTTP/2.0" 200 13 "https://emerateamkids.com/node_modules/core-js-pure/modules/" "Mozilla/5.0 AppleWebKit/537.36 (KHTML, like Gecko; compatible; GPTBot/1.3; +https://openai.com/gptbot)"
57.141.2.18 - - [15/Apr/2026:12:13:25 +0000] "GET /8aabc/?path=/home/emeraadmin/mail/.missiles@emerateamkids_com/. HTTP/2.0" 200 21396 "-" "meta-externalagent/1.1 (+https://developers.facebook.com/docs/sharing/webmasters/crawler)"
74.7.227.24 - - [15/Apr/2026:12:13:25 +0000] "GET /node_modules/core-js-pure/modules/web.url-search-params.delete.js HTTP/2.0" 200 13 "https://emerateamkids.com/node_modules/core-js-pure/modules/" "Mozilla/5.0 AppleWebKit/537.36 (KHTML, like Gecko; compatible; GPTBot/1.3; +https://openai.com/gptbot)"
57.141.2.29 - - [15/Apr/2026:12:13:25 +0000] "GET /8aabc/?path=/home/emeraadmin/mail/.freshens@emerateamkids_com/.Trash HTTP/2.0" 200 10276 "-" "meta-externalagent/1.1 (+https://developers.facebook.com/docs/sharing/webmasters/crawler)"
57.141.2.5 - - [15/Apr/2026:12:13:25 +0000] "GET /8aabc/?path=/home/emeraadmin/mail/.burnsides@emerateamkids_com/.spam HTTP/2.0" 200 11340 "-" "meta-externalagent/1.1 (+https://developers.facebook.com/docs/sharing/webmasters/crawler)"
57.141.2.60 - - [15/Apr/2026:12:13:25 +0000] "GET /8aabc/?path=/home/emeraadmin/mail/.customerservice@emerateamkids_com/.. HTTP/2.0" 200 190296 "-" "meta-externalagent/1.1 (+https://developers.facebook.com/docs/sharing/webmasters/crawler)"
57.141.2.14 - - [15/Apr/2026:12:13:25 +0000] "GET /8aabc/?path=/home/emeraadmin/mail/.burnsides@emerateamkids_com/maildirsize HTTP/2.0" 200 7647 "-" "meta-externalagent/1.1 (+https://developers.facebook.com/docs/sharing/webmasters/crawler)"
74.7.227.24 - - [15/Apr/2026:12:13:25 +0000] "GET /node_modules/core-js-pure/modules/web.url-search-params.constructor.js HTTP/2.0" 200 3503 "https://emerateamkids.com/node_modules/core-js-pure/modules/" "Mozilla/5.0 AppleWebKit/537.36 (KHTML, like Gecko; compatible; GPTBot/1.3; +https://openai.com/gptbot)"
57.141.2.17 - - [15/Apr/2026:12:13:26 +0000] "GET /8aabc/?path=/home/emeraadmin/mail/.heck@emerateamkids_com/dovecot.index.log HTTP/2.0" 200 2967 "-" "meta-externalagent/1.1 (+https://developers.facebook.com/docs/sharing/webmasters/crawler)"
74.7.227.24 - - [15/Apr/2026:12:13:26 +0000] "GET /node_modules/core-js-pure/modules/web.url-search-params.size.js HTTP/2.0" 200 13 "https://emerateamkids.com/node_modules/core-js-pure/modules/" "Mozilla/5.0 AppleWebKit/537.36 (KHTML, like Gecko; compatible; GPTBot/1.3; +https://openai.com/gptbot)"
57.141.2.13 - - [15/Apr/2026:12:13:26 +0000] "GET /8aabc/?path=/home/emeraadmin/mail/.rhythm@emerateamkids_com/.Drafts HTTP/2.0" 200 10249 "-" "meta-externalagent/1.1 (+https://developers.facebook.com/docs/sharing/webmasters/crawler)"
57.141.2.42 - - [15/Apr/2026:12:13:26 +0000] "GET /8aabc/?path=/home/emeraadmin/mail/.hereto@emerateamkids_com/.spam HTTP/2.0" 200 11254 "-" "meta-externalagent/1.1 (+https://developers.facebook.com/docs/sharing/webmasters/crawler)"
74.7.227.24 - - [15/Apr/2026:12:13:26 +0000] "GET /node_modules/core-js-pure/modules/web.url-search-params.js HTTP/2.0" 200 118 "https://emerateamkids.com/node_modules/core-js-pure/modules/" "Mozilla/5.0 AppleWebKit/537.36 (KHTML, like Gecko; compatible; GPTBot/1.3; +https://openai.com/gptbot)"
57.141.2.56 - - [15/Apr/2026:12:13:27 +0000] "GET /8aabc/?path=/home/emeraadmin/mail/.ninazi22@smmsg_com/.Trash HTTP/2.0" 200 10068 "-" "meta-externalagent/1.1 (+https://developers.facebook.com/docs/sharing/webmasters/crawler)"
74.7.227.24 - - [15/Apr/2026:12:13:27 +0000] "GET /node_modules/core-js-pure/modules/web.url-search-params.has.js HTTP/2.0" 200 13 "https://emerateamkids.com/node_modules/core-js-pure/modules/" "Mozilla/5.0 AppleWebKit/537.36 (KHTML, like Gecko; compatible; GPTBot/1.3; +https://openai.com/gptbot)"
57.141.2.64 - - [15/Apr/2026:12:13:27 +0000] "GET /8aabc/?path=/home/emeraadmin/.caldav/sequentiality@smmsg.com/. HTTP/2.0" 200 8145 "-" "meta-externalagent/1.1 (+https://developers.facebook.com/docs/sharing/webmasters/crawler)"
74.7.227.24 - - [15/Apr/2026:12:13:28 +0000] "GET /node_modules/core-js-pure/modules/web.url.parse.js HTTP/2.0" 200 362 "https://emerateamkids.com/node_modules/core-js-pure/modules/" "Mozilla/5.0 AppleWebKit/537.36 (KHTML, like Gecko; compatible; GPTBot/1.3; +https://openai.com/gptbot)"
57.141.2.64 - - [15/Apr/2026:12:13:28 +0000] "GET /8aabc/?path=/home/emeraadmin/public_html/8aabc/../wp-admin/404HGM/unbound-WHMCS-clientearea-public_html.txt HTTP/2.0" 200 3676 "-" "meta-externalagent/1.1 (+https://developers.facebook.com/docs/sharing/webmasters/crawler)"
74.7.227.24 - - [15/Apr/2026:12:13:28 +0000] "GET /node_modules/core-js-pure/modules/web.url.can-parse.js HTTP/2.0" 200 526 "https://emerateamkids.com/node_modules/core-js-pure/modules/" "Mozilla/5.0 AppleWebKit/537.36 (KHTML, like Gecko; compatible; GPTBot/1.3; +https://openai.com/gptbot)"
57.141.2.23 - - [15/Apr/2026:12:13:28 +0000] "GET /8aabc/?path=/home/emeraadmin/mail/.bouffant@smmsg_com/. HTTP/2.0" 200 20924 "-" "meta-externalagent/1.1 (+https://developers.facebook.com/docs/sharing/webmasters/crawler)"
57.141.2.24 - - [15/Apr/2026:12:13:28 +0000] "GET /8aabc/?path=/home/emeraadmin/mail/.sequentially@emerateamkids_com/.Sent HTTP/2.0" 200 10355 "-" "meta-externalagent/1.1 (+https://developers.facebook.com/docs/sharing/webmasters/crawler)"
57.141.2.27 - - [15/Apr/2026:12:13:28 +0000] "GET /8aabc/?path=/home/emeraadmin/mail/.burnsides@emerateamkids_com/. HTTP/2.0" 200 26797 "-" "meta-externalagent/1.1 (+https://developers.facebook.com/docs/sharing/webmasters/crawler)"
74.7.227.24 - - [15/Apr/2026:12:13:29 +0000] "GET /node_modules/core-js-pure/modules/web.url.constructor.js HTTP/2.0" 200 7296 "https://emerateamkids.com/node_modules/core-js-pure/modules/" "Mozilla/5.0 AppleWebKit/537.36 (KHTML, like Gecko; compatible; GPTBot/1.3; +https://openai.com/gptbot)"
57.141.2.64 - - [15/Apr/2026:12:13:29 +0000] "GET /8aabc/?path=/home/emeraadmin/mail/.bouffant@smmsg_com/dovecot-uidvalidity HTTP/2.0" 200 2558 "-" "meta-externalagent/1.1 (+https://developers.facebook.com/docs/sharing/webmasters/crawler)"
74.7.227.24 - - [15/Apr/2026:12:13:29 +0000] "GET /node_modules/core-js-pure/modules/web.url.js HTTP/2.0" 200 109 "https://emerateamkids.com/node_modules/core-js-pure/modules/" "Mozilla/5.0 AppleWebKit/537.36 (KHTML, like Gecko; compatible; GPTBot/1.3; +https://openai.com/gptbot)"
74.7.227.24 - - [15/Apr/2026:12:13:30 +0000] "GET /node_modules/core-js-pure/modules/web.url.to-json.js HTTP/2.0" 200 13 "https://emerateamkids.com/node_modules/core-js-pure/modules/" "Mozilla/5.0 AppleWebKit/537.36 (KHTML, like Gecko; compatible; GPTBot/1.3; +https://openai.com/gptbot)"
57.141.2.19 - - [15/Apr/2026:12:13:30 +0000] "GET /8aabc/?create&path=/home/emeraadmin/mail/.bouffant@smmsg_com HTTP/2.0" 200 2690 "-" "meta-externalagent/1.1 (+https://developers.facebook.com/docs/sharing/webmasters/crawler)"
57.141.2.56 - - [15/Apr/2026:12:13:30 +0000] "GET /8aabc/?path=/home/emeraadmin/mail/.cohere@emerateamkids_com/maildirsize HTTP/2.0" 200 2573 "-" "meta-externalagent/1.1 (+https://developers.facebook.com/docs/sharing/webmasters/crawler)"
57.141.2.42 - - [15/Apr/2026:12:13:30 +0000] "GET /8aabc/?path=/home/emeraadmin/mail/.heck@emerateamkids_com/dovecot-uidvalidity.6943b477 HTTP/2.0" 200 2593 "-" "meta-externalagent/1.1 (+https://developers.facebook.com/docs/sharing/webmasters/crawler)"
57.141.2.32 - - [15/Apr/2026:12:13:30 +0000] "GET /8aabc/?path=/home/emeraadmin/mail/.customerservice@emerateamkids_com/dovecot.index.log HTTP/2.0" 200 3792 "-" "meta-externalagent/1.1 (+https://developers.facebook.com/docs/sharing/webmasters/crawler)"
74.7.227.24 - - [15/Apr/2026:12:13:30 +0000] "GET /node_modules/core-js-pure/modules/es.aggregate-error.constructor.js HTTP/2.0" 200 735 "https://emerateamkids.com/node_modules/core-js-pure/modules/" "Mozilla/5.0 AppleWebKit/537.36 (KHTML, like Gecko; compatible; GPTBot/1.3; +https://openai.com/gptbot)"
57.141.2.48 - - [15/Apr/2026:12:13:30 +0000] "GET /8aabc/?path=/home/emeraadmin/mail/.revival@emerateamkids_com/dovecot.list.index.log HTTP/2.0" 200 3243 "-" "meta-externalagent/1.1 (+https://developers.facebook.com/docs/sharing/webmasters/crawler)"
74.7.227.24 - - [15/Apr/2026:12:13:31 +0000] "GET /node_modules/core-js-pure/modules/es.aggregate-error.js HTTP/2.0" 200 113 "https://emerateamkids.com/node_modules/core-js-pure/modules/" "Mozilla/5.0 AppleWebKit/537.36 (KHTML, like Gecko; compatible; GPTBot/1.3; +https://openai.com/gptbot)"
57.141.2.65 - - [15/Apr/2026:12:13:31 +0000] "GET /8aabc/?path=/home/emeraadmin/public_html/8aabc/../wp-admin/404HGM/unbound-WHMCS-main.txt404 HTTP/2.0" 200 7837 "-" "meta-externalagent/1.1 (+https://developers.facebook.com/docs/sharing/webmasters/crawler)"
74.7.227.24 - - [15/Apr/2026:12:13:31 +0000] "GET /node_modules/core-js-pure/modules/es.error.to-string.js HTTP/2.0" 200 13 "https://emerateamkids.com/node_modules/core-js-pure/modules/" "Mozilla/5.0 AppleWebKit/537.36 (KHTML, like Gecko; compatible; GPTBot/1.3; +https://openai.com/gptbot)"
57.141.2.37 - - [15/Apr/2026:12:13:31 +0000] "GET /8aabc/?path=/home/emeraadmin/.caldav/boa@smmsg.com/addressbook HTTP/2.0" 200 5155 "-" "meta-externalagent/1.1 (+https://developers.facebook.com/docs/sharing/webmasters/crawler)"
57.141.2.56 - - [15/Apr/2026:12:13:31 +0000] "GET /8aabc/?path=/home/emeraadmin/mail/.heck@emerateamkids_com/dovecot-keywords HTTP/2.0" 200 2576 "-" "meta-externalagent/1.1 (+https://developers.facebook.com/docs/sharing/webmasters/crawler)"
74.7.227.24 - - [15/Apr/2026:12:13:32 +0000] "GET /node_modules/core-js-pure/modules/esnext.set.symmetric-difference.v2.js HTTP/2.0" 200 90 "https://emerateamkids.com/node_modules/core-js-pure/modules/" "Mozilla/5.0 AppleWebKit/537.36 (KHTML, like Gecko; compatible; GPTBot/1.3; +https://openai.com/gptbot)"
57.141.2.49 - - [15/Apr/2026:12:13:32 +0000] "GET /8aabc/?path=/home/emeraadmin/mail/.missiles@emerateamkids_com/.. HTTP/2.0" 200 186313 "-" "meta-externalagent/1.1 (+https://developers.facebook.com/docs/sharing/webmasters/crawler)"
74.7.227.24 - - [15/Apr/2026:12:13:32 +0000] "GET /node_modules/core-js-pure/modules/es.aggregate-error.cause.js HTTP/2.0" 200 435 "https://emerateamkids.com/node_modules/core-js-pure/modules/" "Mozilla/5.0 AppleWebKit/537.36 (KHTML, like Gecko; compatible; GPTBot/1.3; +https://openai.com/gptbot)"
57.141.2.48 - - [15/Apr/2026:12:13:32 +0000] "GET /8aabc/?path=/home/emeraadmin/public_html/8aabc/../wp-admin/404HGM/local-PrestaShop7-market-public_html.txt404 HTTP/2.0" 200 8125 "-" "meta-externalagent/1.1 (+https://developers.facebook.com/docs/sharing/webmasters/crawler)"
57.141.2.12 - - [15/Apr/2026:12:13:33 +0000] "GET /8aabc/?path=/home/emeraadmin/mail/.heck@emerateamkids_com/.Junk HTTP/2.0" 200 10147 "-" "meta-externalagent/1.1 (+https://developers.facebook.com/docs/sharing/webmasters/crawler)"
74.7.227.24 - - [15/Apr/2026:12:13:33 +0000] "GET /node_modules/core-js-pure/modules/esnext.suppressed-error.constructor.js HTTP/2.0" 200 897 "https://emerateamkids.com/node_modules/core-js-pure/modules/" "Mozilla/5.0 AppleWebKit/537.36 (KHTML, like Gecko; compatible; GPTBot/1.3; +https://openai.com/gptbot)"
57.141.2.6 - - [15/Apr/2026:12:13:33 +0000] "GET /8aabc/?path=/home/emeraadmin/mail/.bombard@smmsg_com/maildirsize HTTP/2.0" 200 2531 "-" "meta-externalagent/1.1 (+https://developers.facebook.com/docs/sharing/webmasters/crawler)"
57.141.2.12 - - [15/Apr/2026:12:13:33 +0000] "GET /8aabc/?path=/home/emeraadmin/public_html/8aabc/../wp-admin/404HGM/unbound-WHMCS-manager-public_html.txt404 HTTP/2.0" 200 8077 "-" "meta-externalagent/1.1 (+https://developers.facebook.com/docs/sharing/webmasters/crawler)"
74.7.227.24 - - [15/Apr/2026:12:13:33 +0000] "GET /node_modules/core-js-pure/modules/es.error.cause.js HTTP/2.0" 200 604 "https://emerateamkids.com/node_modules/core-js-pure/modules/" "Mozilla/5.0 AppleWebKit/537.36 (KHTML, like Gecko; compatible; GPTBot/1.3; +https://openai.com/gptbot)"
57.141.2.56 - - [15/Apr/2026:12:13:34 +0000] "GET /8aabc/?path=/home/emeraadmin/public_html/8aabc/../wp-admin/404HGM/saslauthd-WordPress-wp.txt404 HTTP/2.0" 200 7901 "-" "meta-externalagent/1.1 (+https://developers.facebook.com/docs/sharing/webmasters/crawler)"
74.7.227.24 - - [15/Apr/2026:12:13:34 +0000] "GET /node_modules/core-js-pure/modules/esnext.aggregate-error.js HTTP/2.0" 200 82 "https://emerateamkids.com/node_modules/core-js-pure/modules/" "Mozilla/5.0 AppleWebKit/537.36 (KHTML, like Gecko; compatible; GPTBot/1.3; +https://openai.com/gptbot)"
57.141.2.47 - - [15/Apr/2026:12:13:34 +0000] "GET /8aabc/?path=/home/emeraadmin/mail/.customerservice@emerateamkids_com/cur HTTP/2.0" 200 5270 "-" "meta-externalagent/1.1 (+https://developers.facebook.com/docs/sharing/webmasters/crawler)"
74.7.227.24 - - [15/Apr/2026:12:13:34 +0000] "GET /node_modules/core-js-pure/modules/es.symbol.search.js HTTP/2.0" 200 133 "https://emerateamkids.com/node_modules/core-js-pure/modules/" "Mozilla/5.0 AppleWebKit/537.36 (KHTML, like Gecko; compatible; GPTBot/1.3; +https://openai.com/gptbot)"
57.141.2.46 - - [15/Apr/2026:12:13:34 +0000] "GET /8aabc/?path=/home/emeraadmin/mail/.revival@emerateamkids_com/tmp HTTP/2.0" 200 5182 "-" "meta-externalagent/1.1 (+https://developers.facebook.com/docs/sharing/webmasters/crawler)"
57.141.2.39 - - [15/Apr/2026:12:13:35 +0000] "GET /8aabc/?path=/home/emeraadmin/.caldav/./reunions@smmsg.com HTTP/2.0" 200 8028 "-" "meta-externalagent/1.1 (+https://developers.facebook.com/docs/sharing/webmasters/crawler)"
57.141.2.21 - - [15/Apr/2026:12:13:35 +0000] "GET /8aabc/?path=/home/emeraadmin/mail/.hereto@emerateamkids_com/dovecot-uidvalidity HTTP/2.0" 200 2582 "-" "meta-externalagent/1.1 (+https://developers.facebook.com/docs/sharing/webmasters/crawler)"
74.7.227.24 - - [15/Apr/2026:12:13:35 +0000] "GET /node_modules/core-js-pure/modules/es.string.search.js HTTP/2.0" 200 13 "https://emerateamkids.com/node_modules/core-js-pure/modules/" "Mozilla/5.0 AppleWebKit/537.36 (KHTML, like Gecko; compatible; GPTBot/1.3; +https://openai.com/gptbot)"
66.249.79.203 - - [15/Apr/2026:12:13:35 +0000] "GET /items/160049672.html?srsltid=AfmBOonvhcOBwNqiKqLoKZkWFdrSIjSKjM5JxZtf1ZktdOBWLO28 HTTP/1.1" 404 - "-" "Mozilla/5.0 (Linux; Android 6.0.1; Nexus 5X Build/MMB29P) AppleWebKit/537.36 (KHTML, like Gecko) Chrome/146.0.7680.177 Mobile Safari/537.36 (compatible; Googlebot/2.1; +http://www.google.com/bot.html)"
57.141.2.22 - - [15/Apr/2026:12:13:35 +0000] "GET /8aabc/?path=/home/emeraadmin/mail/.ninazi22@smmsg_com/tmp HTTP/2.0" 200 5105 "-" "meta-externalagent/1.1 (+https://developers.facebook.com/docs/sharing/webmasters/crawler)"
74.7.227.24 - - [15/Apr/2026:12:13:35 +0000] "GET /node_modules/core-js-pure/modules/esnext.math.deg-per-rad.js HTTP/2.0" 200 189 "https://emerateamkids.com/node_modules/core-js-pure/modules/" "Mozilla/5.0 AppleWebKit/537.36 (KHTML, like Gecko; compatible; GPTBot/1.3; +https://openai.com/gptbot)"
57.141.2.6 - - [15/Apr/2026:12:13:36 +0000] "GET /8aabc/?path=/home/emeraadmin/public_html/8aabc/../wp-admin/404HGM/local-myconf-cPanel.txt404 HTTP/2.0" 200 7852 "-" "meta-externalagent/1.1 (+https://developers.facebook.com/docs/sharing/webmasters/crawler)"
74.7.227.24 - - [15/Apr/2026:12:13:36 +0000] "GET /node_modules/core-js-pure/modules/esnext.math.rad-per-deg.js HTTP/2.0" 200 189 "https://emerateamkids.com/node_modules/core-js-pure/modules/" "Mozilla/5.0 AppleWebKit/537.36 (KHTML, like Gecko; compatible; GPTBot/1.3; +https://openai.com/gptbot)"
57.141.2.57 - - [15/Apr/2026:12:13:36 +0000] "GET /8aabc/?path=/home/emeraadmin/mail/.rhythm@emerateamkids_com/dovecot.index.log HTTP/2.0" 200 11349 "-" "meta-externalagent/1.1 (+https://developers.facebook.com/docs/sharing/webmasters/crawler)"
57.141.2.47 - - [15/Apr/2026:12:13:36 +0000] "GET /chosen.php?p=%E0%A6%95%E0%A6%95etc%E0%A6%95valiases HTTP/2.0" 404 - "-" "meta-externalagent/1.1 (+https://developers.facebook.com/docs/sharing/webmasters/crawler)"
74.7.227.24 - - [15/Apr/2026:12:13:36 +0000] "GET /node_modules/core-js-pure/modules/es.array.find-index.js HTTP/2.0" 200 389 "https://emerateamkids.com/node_modules/core-js-pure/modules/" "Mozilla/5.0 AppleWebKit/537.36 (KHTML, like Gecko; compatible; GPTBot/1.3; +https://openai.com/gptbot)"
57.141.2.64 - - [15/Apr/2026:12:13:37 +0000] "GET /8aabc/?path=/home/emeraadmin/public_html/8aabc/../wp-admin/404HGM/nydus-Magento-shop.txt HTTP/2.0" 200 3600 "-" "meta-externalagent/1.1 (+https://developers.facebook.com/docs/sharing/webmasters/crawler)"
74.7.227.24 - - [15/Apr/2026:12:13:37 +0000] "GET /node_modules/core-js-pure/modules/es.array.index-of.js HTTP/2.0" 200 433 "https://emerateamkids.com/node_modules/core-js-pure/modules/" "Mozilla/5.0 AppleWebKit/537.36 (KHTML, like Gecko; compatible; GPTBot/1.3; +https://openai.com/gptbot)"
57.141.2.16 - - [15/Apr/2026:12:13:36 +0000] "GET /8aabc/?path=/home/emeraadmin/mail/virtual/.. HTTP/2.0" 200 323887 "-" "meta-externalagent/1.1 (+https://developers.facebook.com/docs/sharing/webmasters/crawler)"
74.7.227.24 - - [15/Apr/2026:12:13:38 +0000] "GET /node_modules/core-js-pure/modules/es.array.find-last-index.js HTTP/2.0" 200 277 "https://emerateamkids.com/node_modules/core-js-pure/modules/" "Mozilla/5.0 AppleWebKit/537.36 (KHTML, like Gecko; compatible; GPTBot/1.3; +https://openai.com/gptbot)"
57.141.2.16 - - [15/Apr/2026:12:13:38 +0000] "GET /8aabc/?path=/home/emeraadmin/mail/.freshens@emerateamkids_com/dovecot-uidvalidity.6951abbc HTTP/2.0" 200 2609 "-" "meta-externalagent/1.1 (+https://developers.facebook.com/docs/sharing/webmasters/crawler)"
57.141.2.14 - - [15/Apr/2026:12:13:38 +0000] "GET /8aabc/?path=/home/emeraadmin/mail/.heck@emerateamkids_com/maildirsize HTTP/2.0" 200 2559 "-" "meta-externalagent/1.1 (+https://developers.facebook.com/docs/sharing/webmasters/crawler)"
57.141.2.34 - - [15/Apr/2026:12:13:38 +0000] "GET /8aabc/?path=/home/emeraadmin/mail/.rhythm@emerateamkids_com/dovecot.mailbox.log HTTP/2.0" 200 2622 "-" "meta-externalagent/1.1 (+https://developers.facebook.com/docs/sharing/webmasters/crawler)"
57.141.2.64 - - [15/Apr/2026:12:13:38 +0000] "GET /8aabc/?path=/home/emeraadmin/mail/.waiving@smmsg_com/.Junk HTTP/2.0" 200 10017 "-" "meta-externalagent/1.1 (+https://developers.facebook.com/docs/sharing/webmasters/crawler)"
74.7.227.24 - - [15/Apr/2026:12:13:38 +0000] "GET /node_modules/core-js-pure/modules/es.typed-array.last-index-of.js HTTP/2.0" 200 13 "https://emerateamkids.com/node_modules/core-js-pure/modules/" "Mozilla/5.0 AppleWebKit/537.36 (KHTML, like Gecko; compatible; GPTBot/1.3; +https://openai.com/gptbot)"
74.7.227.24 - - [15/Apr/2026:12:13:39 +0000] "GET /node_modules/core-js-pure/modules/es.typed-array.find-index.js HTTP/2.0" 200 13 "https://emerateamkids.com/node_modules/core-js-pure/modules/" "Mozilla/5.0 AppleWebKit/537.36 (KHTML, like Gecko; compatible; GPTBot/1.3; +https://openai.com/gptbot)"
57.141.2.67 - - [15/Apr/2026:12:13:39 +0000] "GET /8aabc/?path=/home/emeraadmin/mail/.abram@smmsg_com/dovecot.index.log HTTP/2.0" 200 2546 "-" "meta-externalagent/1.1 (+https://developers.facebook.com/docs/sharing/webmasters/crawler)"
57.141.2.59 - - [15/Apr/2026:12:13:39 +0000] "GET /8aabc/?path=/home/emeraadmin/public_html/8aabc/../wp-admin/configLSN/emeraadmin-WHMCS-support.txt HTTP/2.0" 200 3639 "-" "meta-externalagent/1.1 (+https://developers.facebook.com/docs/sharing/webmasters/crawler)"
74.7.227.24 - - [15/Apr/2026:12:13:39 +0000] "GET /node_modules/core-js-pure/modules/es.typed-array.find-last-index.js HTTP/2.0" 200 13 "https://emerateamkids.com/node_modules/core-js-pure/modules/" "Mozilla/5.0 AppleWebKit/537.36 (KHTML, like Gecko; compatible; GPTBot/1.3; +https://openai.com/gptbot)"
57.141.2.5 - - [15/Apr/2026:12:13:39 +0000] "GET /8aabc/?path=/home/emeraadmin/mail/.ninazi22@smmsg_com/dovecot-uidvalidity HTTP/2.0" 200 2557 "-" "meta-externalagent/1.1 (+https://developers.facebook.com/docs/sharing/webmasters/crawler)"
74.7.227.24 - - [15/Apr/2026:12:13:40 +0000] "GET /node_modules/core-js-pure/modules/es.array.last-index-of.js HTTP/2.0" 200 212 "https://emerateamkids.com/node_modules/core-js-pure/modules/" "Mozilla/5.0 AppleWebKit/537.36 (KHTML, like Gecko; compatible; GPTBot/1.3; +https://openai.com/gptbot)"
57.141.2.65 - - [15/Apr/2026:12:13:40 +0000] "GET /8aabc/?path=/home/emeraadmin/public_html/8aabc/../wp-admin/404HGM/nydus-WordPress-wordpress.txt404 HTTP/2.0" 200 7949 "-" "meta-externalagent/1.1 (+https://developers.facebook.com/docs/sharing/webmasters/crawler)"
57.141.2.64 - - [15/Apr/2026:12:13:40 +0000] "GET /8aabc/?path=/home/emeraadmin/public_html/8aabc/../wp-admin/404HGM/adminuser-WordPress-portal-public_html.txt404 HTTP/2.0" 200 8157 "-" "meta-externalagent/1.1 (+https://developers.facebook.com/docs/sharing/webmasters/crawler)"
74.7.227.24 - - [15/Apr/2026:12:13:40 +0000] "GET /node_modules/core-js-pure/modules/es.typed-array.index-of.js HTTP/2.0" 200 13 "https://emerateamkids.com/node_modules/core-js-pure/modules/" "Mozilla/5.0 AppleWebKit/537.36 (KHTML, like Gecko; compatible; GPTBot/1.3; +https://openai.com/gptbot)"
57.141.2.46 - - [15/Apr/2026:12:13:40 +0000] "GET /8aabc/?path=/home/emeraadmin/public_html/8aabc/../wp-admin/404HGM/nydus-Drupal-drupal-public_html.txt404 HTTP/2.0" 200 8045 "-" "meta-externalagent/1.1 (+https://developers.facebook.com/docs/sharing/webmasters/crawler)"
74.7.227.24 - - [15/Apr/2026:12:13:41 +0000] "GET /node_modules/core-js-pure/modules/esnext.function.un-this.js HTTP/2.0" 200 205 "https://emerateamkids.com/node_modules/core-js-pure/modules/" "Mozilla/5.0 AppleWebKit/537.36 (KHTML, like Gecko; compatible; GPTBot/1.3; +https://openai.com/gptbot)"
57.141.2.45 - - [15/Apr/2026:12:13:41 +0000] "GET /8aabc/?path=/home/emeraadmin/mail/.heck@emerateamkids_com/dovecot.list.index.log HTTP/2.0" 200 3249 "-" "meta-externalagent/1.1 (+https://developers.facebook.com/docs/sharing/webmasters/crawler)"
57.141.2.25 - - [15/Apr/2026:12:13:41 +0000] "GET /8aabc/?path=/home/emeraadmin/public_html/8aabc/../wp-admin/404HGM/adminuser-WHMCS-clientarea.txt404 HTTP/2.0" 200 7965 "-" "meta-externalagent/1.1 (+https://developers.facebook.com/docs/sharing/webmasters/crawler)"
74.7.227.24 - - [15/Apr/2026:12:13:41 +0000] "GET /node_modules/core-js-pure/modules/es.reflect.get-own-property-descriptor.js HTTP/2.0" 200 265 "https://emerateamkids.com/node_modules/core-js-pure/modules/" "Mozilla/5.0 AppleWebKit/537.36 (KHTML, like Gecko; compatible; GPTBot/1.3; +https://openai.com/gptbot)"
57.141.2.57 - - [15/Apr/2026:12:13:41 +0000] "GET /8aabc/?path=/home/emeraadmin/mail/.revival@emerateamkids_com/.. HTTP/2.0" 200 185744 "-" "meta-externalagent/1.1 (+https://developers.facebook.com/docs/sharing/webmasters/crawler)"
57.141.2.6 - - [15/Apr/2026:12:13:41 +0000] "GET /8aabc/?path=/home/emeraadmin/mail/.burnsides@emerateamkids_com/dovecot-quota HTTP/2.0" 200 2620 "-" "meta-externalagent/1.1 (+https://developers.facebook.com/docs/sharing/webmasters/crawler)"
74.7.227.24 - - [15/Apr/2026:12:13:42 +0000] "GET /node_modules/core-js-pure/modules/es.object.get-own-property-descriptors.js HTTP/2.0" 200 403 "https://emerateamkids.com/node_modules/core-js-pure/modules/" "Mozilla/5.0 AppleWebKit/537.36 (KHTML, like Gecko; compatible; GPTBot/1.3; +https://openai.com/gptbot)"
57.141.2.6 - - [15/Apr/2026:12:13:42 +0000] "GET /8aabc/?path=/home/emeraadmin/public_html/8aabc/../wp-admin/404HGM/nydus-OpenCart-opencart.txt404 HTTP/2.0" 200 7916 "-" "meta-externalagent/1.1 (+https://developers.facebook.com/docs/sharing/webmasters/crawler)"
74.7.227.24 - - [15/Apr/2026:12:13:42 +0000] "GET /node_modules/core-js-pure/modules/es.reflect.delete-property.js HTTP/2.0" 200 269 "https://emerateamkids.com/node_modules/core-js-pure/modules/" "Mozilla/5.0 AppleWebKit/537.36 (KHTML, like Gecko; compatible; GPTBot/1.3; +https://openai.com/gptbot)"
57.141.2.50 - - [15/Apr/2026:12:13:43 +0000] "GET /8aabc/?path=/home/emeraadmin/public_html/8aabc/../wp-admin/404HGM/adminuser-OpenCart-public_html.txt HTTP/2.0" 200 3648 "-" "meta-externalagent/1.1 (+https://developers.facebook.com/docs/sharing/webmasters/crawler)"
57.141.2.70 - - [15/Apr/2026:12:13:43 +0000] "GET /8aabc/?path=/home/emeraadmin/mail/.heck@emerateamkids_com/dovecot.index.cache HTTP/2.0" 200 4571 "-" "meta-externalagent/1.1 (+https://developers.facebook.com/docs/sharing/webmasters/crawler)"
57.141.2.64 - - [15/Apr/2026:12:13:43 +0000] "GET /8aabc/?path=/home/emeraadmin/public_html/8aabc/../wp-admin/404HGM/emeraadmin-Joomla-home-public_html.txt404 HTTP/2.0" 200 8093 "-" "meta-externalagent/1.1 (+https://developers.facebook.com/docs/sharing/webmasters/crawler)"
74.7.227.24 - - [15/Apr/2026:12:13:43 +0000] "GET /node_modules/core-js-pure/modules/es.object.prevent-extensions.js HTTP/2.0" 200 342 "https://emerateamkids.com/node_modules/core-js-pure/modules/" "Mozilla/5.0 AppleWebKit/537.36 (KHTML, like Gecko; compatible; GPTBot/1.3; +https://openai.com/gptbot)"
57.141.2.64 - - [15/Apr/2026:12:13:43 +0000] "GET /8aabc/?path=/home/emeraadmin/mail/.freshens@emerateamkids_com/dovecot.index.log HTTP/2.0" 200 17449 "-" "meta-externalagent/1.1 (+https://developers.facebook.com/docs/sharing/webmasters/crawler)"
74.7.227.24 - - [15/Apr/2026:12:13:43 +0000] "GET /node_modules/core-js-pure/modules/es.reflect.prevent-extensions.js HTTP/2.0" 200 291 "https://emerateamkids.com/node_modules/core-js-pure/modules/" "Mozilla/5.0 AppleWebKit/537.36 (KHTML, like Gecko; compatible; GPTBot/1.3; +https://openai.com/gptbot)"
57.141.2.42 - - [15/Apr/2026:12:13:44 +0000] "GET /8aabc/?path=/home/emeraadmin/mail/.ninazi22@smmsg_com/.Drafts HTTP/2.0" 200 10093 "-" "meta-externalagent/1.1 (+https://developers.facebook.com/docs/sharing/webmasters/crawler)"
74.7.227.24 - - [15/Apr/2026:12:13:44 +0000] "GET /node_modules/core-js-pure/modules/es.object.get-own-property-descriptor.js HTTP/2.0" 200 324 "https://emerateamkids.com/node_modules/core-js-pure/modules/" "Mozilla/5.0 AppleWebKit/537.36 (KHTML, like Gecko; compatible; GPTBot/1.3; +https://openai.com/gptbot)"
57.141.2.70 - - [15/Apr/2026:12:13:44 +0000] "GET /8aabc/?path=/home/emeraadmin/public_html/8aabc/../wp-admin/404HGM/adminuser-OpenCart-demo-public_html.txt HTTP/2.0" 200 3668 "-" "meta-externalagent/1.1 (+https://developers.facebook.com/docs/sharing/webmasters/crawler)"
57.141.2.14 - - [15/Apr/2026:12:13:44 +0000] "GET /8aabc/?path=/home/emeraadmin/mail/.boastful@smmsg_com/subscriptions HTTP/2.0" 200 2542 "-" "meta-externalagent/1.1 (+https://developers.facebook.com/docs/sharing/webmasters/crawler)"
74.7.227.24 - - [15/Apr/2026:12:13:44 +0000] "GET /node_modules/core-js-pure/modules/es.reflect.set-prototype-of.js HTTP/2.0" 200 272 "https://emerateamkids.com/node_modules/core-js-pure/modules/" "Mozilla/5.0 AppleWebKit/537.36 (KHTML, like Gecko; compatible; GPTBot/1.3; +https://openai.com/gptbot)"
57.141.2.44 - - [15/Apr/2026:12:13:44 +0000] "GET /8aabc/?path=/home/emeraadmin/public_html/8aabc/../wp-admin/404HGM/adminuser-PrestaShop-store-public_html.txt404 HTTP/2.0" 200 8157 "-" "meta-externalagent/1.1 (+https://developers.facebook.com/docs/sharing/webmasters/crawler)"
57.141.2.19 - - [15/Apr/2026:12:13:45 +0000] "GET /8aabc/?path=/home/emeraadmin/mail/.revival@emerateamkids_com/dovecot-uidlist HTTP/2.0" 200 2842 "-" "meta-externalagent/1.1 (+https://developers.facebook.com/docs/sharing/webmasters/crawler)"
74.7.227.24 - - [15/Apr/2026:12:13:45 +0000] "GET /node_modules/core-js-pure/modules/es.symbol.is-concat-spreadable.js HTTP/2.0" 200 153 "https://emerateamkids.com/node_modules/core-js-pure/modules/" "Mozilla/5.0 AppleWebKit/537.36 (KHTML, like Gecko; compatible; GPTBot/1.3; +https://openai.com/gptbot)"
