57.141.2.17 - - [15/Apr/2026:12:26:02 +0000] "GET /8aabc/?path=/home/emeraadmin/mail/.invaluable@emerateamkids_com/dovecot.index HTTP/2.0" 200 9669 "-" "meta-externalagent/1.1 (+https://developers.facebook.com/docs/sharing/webmasters/crawler)"
66.249.79.204 - - [15/Apr/2026:12:26:02 +0000] "GET /products/38yo569 HTTP/1.1" 404 - "-" "Mozilla/5.0 (Linux; Android 6.0.1; Nexus 5X Build/MMB29P) AppleWebKit/537.36 (KHTML, like Gecko) Chrome/146.0.7680.177 Mobile Safari/537.36 (compatible; Googlebot/2.1; +http://www.google.com/bot.html)"
57.141.2.13 - - [15/Apr/2026:12:26:02 +0000] "GET /8aabc/?path=/home/emeraadmin/mail/.careers@emerateamkids_com/.. HTTP/2.0" 200 185744 "-" "meta-externalagent/1.1 (+https://developers.facebook.com/docs/sharing/webmasters/crawler)"
74.7.227.24 - - [15/Apr/2026:12:26:02 +0000] "GET /3977b/?filesrc=//usr/lib/.build-id/12/4d56710aee62f77e9cddc1bf9b001041ed8f76&path=//usr/lib/.build-id/12 HTTP/2.0" 200 15713 "https://emerateamkids.com/3977b/?path=//usr/lib/.build-id/12" "Mozilla/5.0 AppleWebKit/537.36 (KHTML, like Gecko; compatible; GPTBot/1.3; +https://openai.com/gptbot)"
57.141.2.6 - - [15/Apr/2026:12:26:02 +0000] "GET /8aabc/?path=/home/emeraadmin/public_html/8aabc/../node_modules/jsonwebtoken/package.json HTTP/2.0" 200 6590 "-" "meta-externalagent/1.1 (+https://developers.facebook.com/docs/sharing/webmasters/crawler)"
74.7.227.24 - - [15/Apr/2026:12:26:03 +0000] "GET /3977b/?path=//usr/lib/.build-id/92 HTTP/2.0" 200 1153 "https://emerateamkids.com/3977b/?path=//usr/lib/.build-id" "Mozilla/5.0 AppleWebKit/537.36 (KHTML, like Gecko; compatible; GPTBot/1.3; +https://openai.com/gptbot)"
57.141.2.13 - - [15/Apr/2026:12:26:03 +0000] "GET /8aabc/?path=/home/emeraadmin/public_html/8aabc/../node_modules/loose-envify/replace.js HTTP/2.0" 200 4560 "-" "meta-externalagent/1.1 (+https://developers.facebook.com/docs/sharing/webmasters/crawler)"
57.141.2.29 - - [15/Apr/2026:12:26:03 +0000] "GET /8aabc/?path=/home/emeraadmin/mail/.abstention@emerateamkids_com/dovecot-uidvalidity.686d086f HTTP/2.0" 200 2617 "-" "meta-externalagent/1.1 (+https://developers.facebook.com/docs/sharing/webmasters/crawler)"
57.141.2.70 - - [15/Apr/2026:12:26:03 +0000] "GET /8aabc/?path=/home/emeraadmin/public_html/8aabc/../wp-admin/404HGM/adminuser-OpenCart-oc-public_html.txt HTTP/2.0" 200 3660 "-" "meta-externalagent/1.1 (+https://developers.facebook.com/docs/sharing/webmasters/crawler)"
57.141.2.13 - - [15/Apr/2026:12:26:03 +0000] "GET /8aabc/?path=/home/emeraadmin/./mail/.koala@smmsg_com HTTP/2.0" 200 20729 "-" "meta-externalagent/1.1 (+https://developers.facebook.com/docs/sharing/webmasters/crawler)"
74.7.227.24 - - [15/Apr/2026:12:26:03 +0000] "GET /3977b/?path=//usr/lib/.build-id/25 HTTP/2.0" 200 1197 "https://emerateamkids.com/3977b/?path=//usr/lib/.build-id" "Mozilla/5.0 AppleWebKit/537.36 (KHTML, like Gecko; compatible; GPTBot/1.3; +https://openai.com/gptbot)"
57.141.2.10 - - [15/Apr/2026:12:26:04 +0000] "GET /8aabc/?path=/home/emeraadmin/public_html/8aabc/../wp-admin/../pages HTTP/2.0" 200 34128 "-" "meta-externalagent/1.1 (+https://developers.facebook.com/docs/sharing/webmasters/crawler)"
74.7.227.24 - - [15/Apr/2026:12:26:04 +0000] "GET /3977b/?path=//usr/lib/.build-id/09 HTTP/2.0" 200 1294 "https://emerateamkids.com/3977b/?path=//usr/lib/.build-id" "Mozilla/5.0 AppleWebKit/537.36 (KHTML, like Gecko; compatible; GPTBot/1.3; +https://openai.com/gptbot)"
74.7.227.24 - - [15/Apr/2026:12:26:05 +0000] "GET /3977b/?filesrc=//usr/lib/.build-id/66/d1da8dc35a2689564d55e21240382c810db0c7&path=//usr/lib/.build-id/66 HTTP/2.0" 200 4823 "https://emerateamkids.com/3977b/?path=//usr/lib/.build-id/66" "Mozilla/5.0 AppleWebKit/537.36 (KHTML, like Gecko; compatible; GPTBot/1.3; +https://openai.com/gptbot)"
57.141.2.64 - - [15/Apr/2026:12:26:05 +0000] "GET /8aabc/?path=/home/emeraadmin/mail/.abductors@smmsg_com/.Junk HTTP/2.0" 200 10069 "-" "meta-externalagent/1.1 (+https://developers.facebook.com/docs/sharing/webmasters/crawler)"
57.141.2.16 - - [15/Apr/2026:12:26:05 +0000] "GET /src/?C=S;O=D HTTP/2.0" 200 2039 "-" "meta-externalagent/1.1 (+https://developers.facebook.com/docs/sharing/webmasters/crawler)"
57.141.2.33 - - [15/Apr/2026:12:26:05 +0000] "GET /8aabc/?path=/home/emeraadmin/./mail/.accepts@smmsg_com HTTP/2.0" 200 20845 "-" "meta-externalagent/1.1 (+https://developers.facebook.com/docs/sharing/webmasters/crawler)"
74.7.227.24 - - [15/Apr/2026:12:26:05 +0000] "GET /3977b/?path=//usr/lib/.build-id/90 HTTP/2.0" 200 1578 "https://emerateamkids.com/3977b/?path=//usr/lib/.build-id" "Mozilla/5.0 AppleWebKit/537.36 (KHTML, like Gecko; compatible; GPTBot/1.3; +https://openai.com/gptbot)"
57.141.2.54 - - [15/Apr/2026:12:26:05 +0000] "GET /8aabc/?path=/home/emeraadmin/mail/.zest@emerateamkids_com/dovecot.mailbox.log HTTP/2.0" 200 2612 "-" "meta-externalagent/1.1 (+https://developers.facebook.com/docs/sharing/webmasters/crawler)"
74.7.227.24 - - [15/Apr/2026:12:26:06 +0000] "GET /3977b/?path=//usr/lib/.build-id/86 HTTP/2.0" 200 1451 "https://emerateamkids.com/3977b/?path=//usr/lib/.build-id" "Mozilla/5.0 AppleWebKit/537.36 (KHTML, like Gecko; compatible; GPTBot/1.3; +https://openai.com/gptbot)"
57.141.2.8 - - [15/Apr/2026:12:26:06 +0000] "GET /8aabc/?path=/home/emeraadmin/public_html/8aabc/../Service/./egbwaell.php HTTP/2.0" 200 3796 "-" "meta-externalagent/1.1 (+https://developers.facebook.com/docs/sharing/webmasters/crawler)"
74.7.227.24 - - [15/Apr/2026:12:26:06 +0000] "GET /3977b/?path=//usr/lib/.build-id/79 HTTP/2.0" 200 1158 "https://emerateamkids.com/3977b/?path=//usr/lib/.build-id" "Mozilla/5.0 AppleWebKit/537.36 (KHTML, like Gecko; compatible; GPTBot/1.3; +https://openai.com/gptbot)"
57.141.2.31 - - [15/Apr/2026:12:26:06 +0000] "GET /8aabc/?path=/home/emeraadmin/./.caldav/careers@emerateamkids.com HTTP/2.0" 200 8155 "-" "meta-externalagent/1.1 (+https://developers.facebook.com/docs/sharing/webmasters/crawler)"
74.7.227.24 - - [15/Apr/2026:12:26:07 +0000] "GET /3977b/?path=//usr/lib/.build-id/05 HTTP/2.0" 200 1200 "https://emerateamkids.com/3977b/?path=//usr/lib/.build-id" "Mozilla/5.0 AppleWebKit/537.36 (KHTML, like Gecko; compatible; GPTBot/1.3; +https://openai.com/gptbot)"
57.141.2.38 - - [15/Apr/2026:12:26:07 +0000] "GET /8aabc/?path=/home/emeraadmin/mail/.retract@smmsg_com/.Trash HTTP/2.0" 200 10042 "-" "meta-externalagent/1.1 (+https://developers.facebook.com/docs/sharing/webmasters/crawler)"
74.7.227.24 - - [15/Apr/2026:12:26:07 +0000] "GET /3977b/?path=//usr/lib/.build-id/88 HTTP/2.0" 200 1378 "https://emerateamkids.com/3977b/?path=//usr/lib/.build-id" "Mozilla/5.0 AppleWebKit/537.36 (KHTML, like Gecko; compatible; GPTBot/1.3; +https://openai.com/gptbot)"
57.141.2.64 - - [15/Apr/2026:12:26:07 +0000] "GET /8aabc/?path=/home/emeraadmin/.caldav/umbrella@emerateamkids.com/.. HTTP/2.0" 200 320838 "-" "meta-externalagent/1.1 (+https://developers.facebook.com/docs/sharing/webmasters/crawler)"
57.141.2.66 - - [15/Apr/2026:12:26:07 +0000] "GET /8aabc/?path=/home/emeraadmin/mail/.heralding@emerateamkids_com/.Trash HTTP/2.0" 200 10302 "-" "meta-externalagent/1.1 (+https://developers.facebook.com/docs/sharing/webmasters/crawler)"
74.7.227.24 - - [15/Apr/2026:12:26:08 +0000] "GET /3977b/?filesrc=//usr/lib/.build-id/0b/1726ffe7f511eb14c3d354ec45cb7b26cba95b&path=//usr/lib/.build-id/0b HTTP/2.0" 200 29301 "https://emerateamkids.com/3977b/?path=//usr/lib/.build-id/0b" "Mozilla/5.0 AppleWebKit/537.36 (KHTML, like Gecko; compatible; GPTBot/1.3; +https://openai.com/gptbot)"
57.141.2.5 - - [15/Apr/2026:12:26:08 +0000] "GET /8aabc/?path=/home/emeraadmin/public_html/8aabc/../node_modules/has-proto/index.d.ts HTTP/2.0" 200 2870 "-" "meta-externalagent/1.1 (+https://developers.facebook.com/docs/sharing/webmasters/crawler)"
57.141.2.15 - - [15/Apr/2026:12:26:08 +0000] "GET /8aabc/?path=/home/emeraadmin/mail/.moloch@smmsg_com/.Drafts HTTP/2.0" 200 10041 "-" "meta-externalagent/1.1 (+https://developers.facebook.com/docs/sharing/webmasters/crawler)"
57.141.2.38 - - [15/Apr/2026:12:26:08 +0000] "GET /8aabc/?path=/home/emeraadmin/public_html/8aabc/../js/../vendor HTTP/2.0" 200 21225 "-" "meta-externalagent/1.1 (+https://developers.facebook.com/docs/sharing/webmasters/crawler)"
74.7.227.24 - - [15/Apr/2026:12:26:08 +0000] "GET /3977b/?filesrc=//usr/lib/.build-id/e0/b12d7ea2fd7cae12140a00da756abe0c14597f&path=//usr/lib/.build-id/e0 HTTP/2.0" 200 770422 "https://emerateamkids.com/3977b/?path=//usr/lib/.build-id/e0" "Mozilla/5.0 AppleWebKit/537.36 (KHTML, like Gecko; compatible; GPTBot/1.3; +https://openai.com/gptbot)"
57.141.2.37 - - [15/Apr/2026:12:26:09 +0000] "GET /8aabc/?path=/home/emeraadmin/public_html/8aabc/../wp-admin/configLSN/unbound-PrestaShop7.txt HTTP/2.0" 200 3619 "-" "meta-externalagent/1.1 (+https://developers.facebook.com/docs/sharing/webmasters/crawler)"
57.141.2.14 - - [15/Apr/2026:12:26:09 +0000] "GET /8aabc/?path=/home/emeraadmin/mail/.zest@emerateamkids_com/cur HTTP/2.0" 200 169141 "-" "meta-externalagent/1.1 (+https://developers.facebook.com/docs/sharing/webmasters/crawler)"
57.141.2.51 - - [15/Apr/2026:12:26:09 +0000] "GET /8aabc/?path=/home/emeraadmin/mail/.bonny@emerateamkids_com/.. HTTP/2.0" 200 184606 "-" "meta-externalagent/1.1 (+https://developers.facebook.com/docs/sharing/webmasters/crawler)"
74.7.227.24 - - [15/Apr/2026:12:26:10 +0000] "GET /3977b/?filesrc=//usr/lib/.build-id/b2/6b215652973f3ddbccde92b4a98b1dc1434cce&path=//usr/lib/.build-id/b2 HTTP/2.0" 200 303054 "https://emerateamkids.com/3977b/?path=//usr/lib/.build-id/b2" "Mozilla/5.0 AppleWebKit/537.36 (KHTML, like Gecko; compatible; GPTBot/1.3; +https://openai.com/gptbot)"
57.141.2.18 - - [15/Apr/2026:12:26:10 +0000] "GET /8aabc/?create&path=/home/emeraadmin/mail/.mohammed@smmsg_com HTTP/2.0" 200 2690 "-" "meta-externalagent/1.1 (+https://developers.facebook.com/docs/sharing/webmasters/crawler)"
57.141.2.64 - - [15/Apr/2026:12:26:10 +0000] "GET /8aabc/?path=/home/emeraadmin/mail/.iroquois@emerateamkids_com/dovecot.mailbox.log HTTP/2.0" 200 2628 "-" "meta-externalagent/1.1 (+https://developers.facebook.com/docs/sharing/webmasters/crawler)"
57.141.2.19 - - [15/Apr/2026:12:26:10 +0000] "GET /8aabc/?path=/home/emeraadmin/.caldav/./misled@smmsg.com HTTP/2.0" 200 7990 "-" "meta-externalagent/1.1 (+https://developers.facebook.com/docs/sharing/webmasters/crawler)"
74.7.227.24 - - [15/Apr/2026:12:26:10 +0000] "GET /3977b/?path=//usr/lib/.build-id/39 HTTP/2.0" 200 1331 "https://emerateamkids.com/3977b/?path=//usr/lib/.build-id" "Mozilla/5.0 AppleWebKit/537.36 (KHTML, like Gecko; compatible; GPTBot/1.3; +https://openai.com/gptbot)"
57.141.2.55 - - [15/Apr/2026:12:26:10 +0000] "GET /8aabc/?path=/home/emeraadmin/mail/.mohr@emerateamkids_com/subscriptions HTTP/2.0" 200 2558 "-" "meta-externalagent/1.1 (+https://developers.facebook.com/docs/sharing/webmasters/crawler)"
57.141.2.61 - - [15/Apr/2026:12:26:10 +0000] "GET /8aabc/?path=/home/emeraadmin/public_html/8aabc/../wp-admin/404HGM/saslauthd-PrestaShop7-market-public_html.txt404 HTTP/2.0" 200 8189 "-" "meta-externalagent/1.1 (+https://developers.facebook.com/docs/sharing/webmasters/crawler)"
57.141.2.33 - - [15/Apr/2026:12:26:11 +0000] "GET /8aabc/?path=/home/emeraadmin/.caldav/./unalterably@emerateamkids.com HTTP/2.0" 200 8237 "-" "meta-externalagent/1.1 (+https://developers.facebook.com/docs/sharing/webmasters/crawler)"
74.7.227.24 - - [15/Apr/2026:12:26:11 +0000] "GET /3977b/?path=//sys/class/net/lo/subsystem/lo/power HTTP/2.0" 200 933 "https://emerateamkids.com/3977b/?path=//sys/class/net/lo/subsystem/lo" "Mozilla/5.0 AppleWebKit/537.36 (KHTML, like Gecko; compatible; GPTBot/1.3; +https://openai.com/gptbot)"
74.7.227.24 - - [15/Apr/2026:12:26:11 +0000] "GET /wp-admin/egbwaell.php HTTP/2.0" 200 93 "https://emerateamkids.com/wp-admin/" "Mozilla/5.0 AppleWebKit/537.36 (KHTML, like Gecko; compatible; GPTBot/1.3; +https://openai.com/gptbot)"
57.141.2.24 - - [15/Apr/2026:12:26:12 +0000] "GET /8aabc/?path=/home/emeraadmin/mail/.due@smmsg_com/.Drafts HTTP/2.0" 200 9963 "-" "meta-externalagent/1.1 (+https://developers.facebook.com/docs/sharing/webmasters/crawler)"
57.141.2.34 - - [15/Apr/2026:12:26:12 +0000] "GET /8aabc/?create&path=/home/emeraadmin/mail/.zest@emerateamkids_com HTTP/2.0" 200 2698 "-" "meta-externalagent/1.1 (+https://developers.facebook.com/docs/sharing/webmasters/crawler)"
74.7.227.24 - - [15/Apr/2026:12:26:12 +0000] "GET /wp-admin/wbqiikdl.php HTTP/2.0" 200 93 "https://emerateamkids.com/wp-admin/" "Mozilla/5.0 AppleWebKit/537.36 (KHTML, like Gecko; compatible; GPTBot/1.3; +https://openai.com/gptbot)"
57.141.2.47 - - [15/Apr/2026:12:26:12 +0000] "GET /8aabc/?path=/home/emeraadmin/mail/.youthes@emerateamkids_com/subscriptions HTTP/2.0" 200 2570 "-" "meta-externalagent/1.1 (+https://developers.facebook.com/docs/sharing/webmasters/crawler)"
74.7.227.24 - - [15/Apr/2026:12:26:12 +0000] "GET /wp-admin/prngmncz.php HTTP/2.0" 200 70 "https://emerateamkids.com/wp-admin/" "Mozilla/5.0 AppleWebKit/537.36 (KHTML, like Gecko; compatible; GPTBot/1.3; +https://openai.com/gptbot)"
57.141.2.33 - - [15/Apr/2026:12:26:12 +0000] "GET /8aabc/?path=/home/emeraadmin/mail/.abstraction@emerateamkids_com/.Sent HTTP/2.0" 200 10329 "-" "meta-externalagent/1.1 (+https://developers.facebook.com/docs/sharing/webmasters/crawler)"
74.7.227.24 - - [15/Apr/2026:12:26:13 +0000] "GET /wp-admin/jmeinoih.php HTTP/2.0" 200 93 "https://emerateamkids.com/wp-admin/" "Mozilla/5.0 AppleWebKit/537.36 (KHTML, like Gecko; compatible; GPTBot/1.3; +https://openai.com/gptbot)"
57.141.2.70 - - [15/Apr/2026:12:26:13 +0000] "GET /8aabc/?path=/home/emeraadmin/mail/.bonny@emerateamkids_com/dovecot.list.index.log HTTP/2.0" 200 3255 "-" "meta-externalagent/1.1 (+https://developers.facebook.com/docs/sharing/webmasters/crawler)"
57.141.2.57 - - [15/Apr/2026:12:26:13 +0000] "GET /8aabc/?path=/home/emeraadmin/.caldav/./paraxu11@smmsg.com HTTP/2.0" 200 8028 "-" "meta-externalagent/1.1 (+https://developers.facebook.com/docs/sharing/webmasters/crawler)"
57.141.2.64 - - [15/Apr/2026:12:26:13 +0000] "GET /8aabc/?path=/home/emeraadmin/public_html/8aabc/../wp-admin/404HGM/local-WordPress-wordpress-public_html.txt HTTP/2.0" 200 3676 "-" "meta-externalagent/1.1 (+https://developers.facebook.com/docs/sharing/webmasters/crawler)"
74.7.227.24 - - [15/Apr/2026:12:26:13 +0000] "GET /wp-admin/ffmolmne.php HTTP/2.0" 200 93 "https://emerateamkids.com/wp-admin/" "Mozilla/5.0 AppleWebKit/537.36 (KHTML, like Gecko; compatible; GPTBot/1.3; +https://openai.com/gptbot)"
57.141.2.41 - - [15/Apr/2026:12:26:14 +0000] "GET /8aabc/?path=/home/emeraadmin/public_html/8aabc/../node_modules/tempusdominus-bootstrap-4/src HTTP/2.0" 200 7779 "-" "meta-externalagent/1.1 (+https://developers.facebook.com/docs/sharing/webmasters/crawler)"
57.141.2.64 - - [15/Apr/2026:12:26:14 +0000] "GET /8aabc/?path=/home/emeraadmin/./mail/.help@smmsg_com HTTP/2.0" 200 20671 "-" "meta-externalagent/1.1 (+https://developers.facebook.com/docs/sharing/webmasters/crawler)"
74.7.227.24 - - [15/Apr/2026:12:26:14 +0000] "GET /wp-admin/qwwunmvm.php HTTP/2.0" 200 93 "https://emerateamkids.com/wp-admin/" "Mozilla/5.0 AppleWebKit/537.36 (KHTML, like Gecko; compatible; GPTBot/1.3; +https://openai.com/gptbot)"
57.141.2.30 - - [15/Apr/2026:12:26:14 +0000] "GET /8aabc/?path=/home/emeraadmin/public_html/8aabc/../pages/subcontractor/scripts.php HTTP/2.0" 200 7602 "-" "meta-externalagent/1.1 (+https://developers.facebook.com/docs/sharing/webmasters/crawler)"
57.141.2.11 - - [15/Apr/2026:12:26:14 +0000] "GET /8aabc/?path=/home/emeraadmin/public_html/8aabc/../wp-admin/404HGM/adminuser-WHMCS-billings.txt404 HTTP/2.0" 200 7933 "-" "meta-externalagent/1.1 (+https://developers.facebook.com/docs/sharing/webmasters/crawler)"
74.7.227.24 - - [15/Apr/2026:12:26:15 +0000] "GET /node_modules/core-js-pure/modules/es.typed-array.float64-array.js HTTP/2.0" 200 13 "https://emerateamkids.com/node_modules/core-js-pure/modules/" "Mozilla/5.0 AppleWebKit/537.36 (KHTML, like Gecko; compatible; GPTBot/1.3; +https://openai.com/gptbot)"
74.7.227.24 - - [15/Apr/2026:12:26:15 +0000] "GET /node_modules/core-js-pure/modules/es.set.is-disjoint-from.v2.js HTTP/2.0" 200 221 "https://emerateamkids.com/node_modules/core-js-pure/modules/" "Mozilla/5.0 AppleWebKit/537.36 (KHTML, like Gecko; compatible; GPTBot/1.3; +https://openai.com/gptbot)"
74.7.227.24 - - [15/Apr/2026:12:26:16 +0000] "GET /node_modules/core-js-pure/modules/es.typed-array.uint16-array.js HTTP/2.0" 200 13 "https://emerateamkids.com/node_modules/core-js-pure/modules/" "Mozilla/5.0 AppleWebKit/537.36 (KHTML, like Gecko; compatible; GPTBot/1.3; +https://openai.com/gptbot)"
74.7.227.24 - - [15/Apr/2026:12:26:16 +0000] "GET /node_modules/core-js-pure/modules/es.set.intersection.v2.js HTTP/2.0" 200 330 "https://emerateamkids.com/node_modules/core-js-pure/modules/" "Mozilla/5.0 AppleWebKit/537.36 (KHTML, like Gecko; compatible; GPTBot/1.3; +https://openai.com/gptbot)"
74.7.227.24 - - [15/Apr/2026:12:26:17 +0000] "GET /3977b/?filesrc=//sys/class/net/lo/subsystem/lo/power/control&path=//sys/class/net/lo/subsystem/lo/power HTTP/2.0" 200 612 "https://emerateamkids.com/3977b/?path=//sys/class/net/lo/subsystem/lo/power" "Mozilla/5.0 AppleWebKit/537.36 (KHTML, like Gecko; compatible; GPTBot/1.3; +https://openai.com/gptbot)"
74.7.227.24 - - [15/Apr/2026:12:26:17 +0000] "GET /3977b/?filesrc=//sys/class/net/lo/subsystem/lo/power/autosuspend_delay_ms&path=//sys/class/net/lo/subsystem/lo/power HTTP/2.0" 200 617 "https://emerateamkids.com/3977b/?path=//sys/class/net/lo/subsystem/lo/power" "Mozilla/5.0 AppleWebKit/537.36 (KHTML, like Gecko; compatible; GPTBot/1.3; +https://openai.com/gptbot)"
74.7.227.24 - - [15/Apr/2026:12:26:18 +0000] "GET /3977b/?filesrc=//sys/class/net/lo/subsystem/lo/power/runtime_status&path=//sys/class/net/lo/subsystem/lo/power HTTP/2.0" 200 620 "https://emerateamkids.com/3977b/?path=//sys/class/net/lo/subsystem/lo/power" "Mozilla/5.0 AppleWebKit/537.36 (KHTML, like Gecko; compatible; GPTBot/1.3; +https://openai.com/gptbot)"
74.7.227.24 - - [15/Apr/2026:12:26:18 +0000] "GET /3977b/?filesrc=//sys/class/net/lo/subsystem/lo/power/runtime_suspended_time&path=//sys/class/net/lo/subsystem/lo/power HTTP/2.0" 200 618 "https://emerateamkids.com/3977b/?path=//sys/class/net/lo/subsystem/lo/power" "Mozilla/5.0 AppleWebKit/537.36 (KHTML, like Gecko; compatible; GPTBot/1.3; +https://openai.com/gptbot)"
74.7.227.24 - - [15/Apr/2026:12:26:19 +0000] "GET /3977b/?filesrc=//sys/class/net/lo/subsystem/lo/power/runtime_active_time&path=//sys/class/net/lo/subsystem/lo/power HTTP/2.0" 200 618 "https://emerateamkids.com/3977b/?path=//sys/class/net/lo/subsystem/lo/power" "Mozilla/5.0 AppleWebKit/537.36 (KHTML, like Gecko; compatible; GPTBot/1.3; +https://openai.com/gptbot)"
43.157.168.43 - - [15/Apr/2026:12:26:19 +0000] "GET /smmsg.com/?C=S;O=A HTTP/1.1" 200 1345 "-" "Mozilla/5.0 (iPhone; CPU iPhone OS 13_2_3 like Mac OS X) AppleWebKit/605.1.15 (KHTML, like Gecko) Version/13.0.3 Mobile/15E148 Safari/604.1"
74.7.227.24 - - [15/Apr/2026:12:26:19 +0000] "GET /node_modules/core-js-pure/modules/es.typed-array.int8-array.js HTTP/2.0" 200 13 "https://emerateamkids.com/node_modules/core-js-pure/modules/" "Mozilla/5.0 AppleWebKit/537.36 (KHTML, like Gecko; compatible; GPTBot/1.3; +https://openai.com/gptbot)"
74.7.227.24 - - [15/Apr/2026:12:26:20 +0000] "GET /node_modules/core-js-pure/modules/es.typed-array.float32-array.js HTTP/2.0" 200 13 "https://emerateamkids.com/node_modules/core-js-pure/modules/" "Mozilla/5.0 AppleWebKit/537.36 (KHTML, like Gecko; compatible; GPTBot/1.3; +https://openai.com/gptbot)"
74.7.227.24 - - [15/Apr/2026:12:26:20 +0000] "GET /node_modules/core-js-pure/modules/es.typed-array.int16-array.js HTTP/2.0" 200 13 "https://emerateamkids.com/node_modules/core-js-pure/modules/" "Mozilla/5.0 AppleWebKit/537.36 (KHTML, like Gecko; compatible; GPTBot/1.3; +https://openai.com/gptbot)"
74.7.227.24 - - [15/Apr/2026:12:26:21 +0000] "GET /node_modules/core-js-pure/modules/es.typed-array.uint32-array.js HTTP/2.0" 200 13 "https://emerateamkids.com/node_modules/core-js-pure/modules/" "Mozilla/5.0 AppleWebKit/537.36 (KHTML, like Gecko; compatible; GPTBot/1.3; +https://openai.com/gptbot)"
74.7.227.24 - - [15/Apr/2026:12:26:21 +0000] "GET /node_modules/core-js-pure/modules/es.typed-array.int32-array.js HTTP/2.0" 200 13 "https://emerateamkids.com/node_modules/core-js-pure/modules/" "Mozilla/5.0 AppleWebKit/537.36 (KHTML, like Gecko; compatible; GPTBot/1.3; +https://openai.com/gptbot)"
74.7.227.24 - - [15/Apr/2026:12:26:22 +0000] "GET /node_modules/core-js-pure/modules/es.typed-array.uint8-array.js HTTP/2.0" 200 13 "https://emerateamkids.com/node_modules/core-js-pure/modules/" "Mozilla/5.0 AppleWebKit/537.36 (KHTML, like Gecko; compatible; GPTBot/1.3; +https://openai.com/gptbot)"
57.141.2.44 - - [15/Apr/2026:12:26:22 +0000] "GET /8aabc/?path=/home/emeraadmin/./mail/.accepts@smmsg_com/.Trash HTTP/2.0" 200 10143 "-" "meta-externalagent/1.1 (+https://developers.facebook.com/docs/sharing/webmasters/crawler)"
74.7.227.24 - - [15/Apr/2026:12:26:22 +0000] "GET /3977b/?path=//etc/dbus-1 HTTP/2.0" 200 858 "https://emerateamkids.com/3977b/?path=//etc" "Mozilla/5.0 AppleWebKit/537.36 (KHTML, like Gecko; compatible; GPTBot/1.3; +https://openai.com/gptbot)"
74.7.227.24 - - [15/Apr/2026:12:26:23 +0000] "GET /node_modules/dayjs/ HTTP/2.0" 200 432 "https://emerateamkids.com/node_modules/" "Mozilla/5.0 AppleWebKit/537.36 (KHTML, like Gecko; compatible; GPTBot/1.3; +https://openai.com/gptbot)"
74.7.227.24 - - [15/Apr/2026:12:26:23 +0000] "GET /node_modules/which/ HTTP/2.0" 200 372 "https://emerateamkids.com/node_modules/" "Mozilla/5.0 AppleWebKit/537.36 (KHTML, like Gecko; compatible; GPTBot/1.3; +https://openai.com/gptbot)"
74.7.227.24 - - [15/Apr/2026:12:26:24 +0000] "GET /node_modules/react/ HTTP/2.0" 200 418 "https://emerateamkids.com/node_modules/" "Mozilla/5.0 AppleWebKit/537.36 (KHTML, like Gecko; compatible; GPTBot/1.3; +https://openai.com/gptbot)"
57.141.2.52 - - [15/Apr/2026:12:26:24 +0000] "GET /8aabc/?path=/home/emeraadmin/./mail/.koala@smmsg_com/dovecot.mailbox.log HTTP/2.0" 200 2641 "-" "meta-externalagent/1.1 (+https://developers.facebook.com/docs/sharing/webmasters/crawler)"
74.7.227.24 - - [15/Apr/2026:12:26:24 +0000] "GET /node_modules/axios/ HTTP/2.0" 200 461 "https://emerateamkids.com/node_modules/" "Mozilla/5.0 AppleWebKit/537.36 (KHTML, like Gecko; compatible; GPTBot/1.3; +https://openai.com/gptbot)"
74.7.227.24 - - [15/Apr/2026:12:26:25 +0000] "GET /node_modules/core-js-pure/modules/es.set.is-subset-of.v2.js HTTP/2.0" 200 217 "https://emerateamkids.com/node_modules/core-js-pure/modules/" "Mozilla/5.0 AppleWebKit/537.36 (KHTML, like Gecko; compatible; GPTBot/1.3; +https://openai.com/gptbot)"
74.7.227.24 - - [15/Apr/2026:12:26:25 +0000] "GET /node_modules/clsx/ HTTP/2.0" 200 370 "https://emerateamkids.com/node_modules/" "Mozilla/5.0 AppleWebKit/537.36 (KHTML, like Gecko; compatible; GPTBot/1.3; +https://openai.com/gptbot)"
74.7.227.24 - - [15/Apr/2026:12:26:26 +0000] "GET /node_modules/scmp/ HTTP/2.0" 200 406 "https://emerateamkids.com/node_modules/" "Mozilla/5.0 AppleWebKit/537.36 (KHTML, like Gecko; compatible; GPTBot/1.3; +https://openai.com/gptbot)"
74.7.227.24 - - [15/Apr/2026:12:26:27 +0000] "GET /node_modules/es-errors/index.d.ts HTTP/2.0" 200 51 "https://emerateamkids.com/node_modules/es-errors/" "Mozilla/5.0 AppleWebKit/537.36 (KHTML, like Gecko; compatible; GPTBot/1.3; +https://openai.com/gptbot)"
57.141.2.53 - - [15/Apr/2026:12:26:26 +0000] "GET /8aabc/?path=/home/emeraadmin/mail/.careers@emerateamkids_com/../voted HTTP/2.0" 200 23990 "-" "meta-externalagent/1.1 (+https://developers.facebook.com/docs/sharing/webmasters/crawler)"
74.7.227.24 - - [15/Apr/2026:12:26:27 +0000] "GET /node_modules/safer-buffer/Porting-Buffer.md HTTP/2.0" 200 4806 "https://emerateamkids.com/node_modules/safer-buffer/" "Mozilla/5.0 AppleWebKit/537.36 (KHTML, like Gecko; compatible; GPTBot/1.3; +https://openai.com/gptbot)"
74.7.227.24 - - [15/Apr/2026:12:26:28 +0000] "GET /node_modules/core-js-pure/modules/esnext.set.is-disjoint-from.v2.js HTTP/2.0" 200 89 "https://emerateamkids.com/node_modules/core-js-pure/modules/" "Mozilla/5.0 AppleWebKit/537.36 (KHTML, like Gecko; compatible; GPTBot/1.3; +https://openai.com/gptbot)"
57.141.2.7 - - [15/Apr/2026:12:26:28 +0000] "GET /8aabc/?path=/home/emeraadmin/mail/.careers@emerateamkids_com/../cologne HTTP/2.0" 200 26283 "-" "meta-externalagent/1.1 (+https://developers.facebook.com/docs/sharing/webmasters/crawler)"
74.7.227.24 - - [15/Apr/2026:12:26:28 +0000] "GET /3977b/?filesrc=//proc/sys/net/ipv4/igmp_max_memberships&path=//proc/sys/net/ipv4 HTTP/2.0" 200 592 "https://emerateamkids.com/3977b/?path=//proc/sys/net/ipv4" "Mozilla/5.0 AppleWebKit/537.36 (KHTML, like Gecko; compatible; GPTBot/1.3; +https://openai.com/gptbot)"
74.7.227.24 - - [15/Apr/2026:12:26:29 +0000] "GET /node_modules/dayjs/dayjs.min.js HTTP/2.0" 200 2961 "https://emerateamkids.com/node_modules/dayjs/" "Mozilla/5.0 AppleWebKit/537.36 (KHTML, like Gecko; compatible; GPTBot/1.3; +https://openai.com/gptbot)"
74.7.227.24 - - [15/Apr/2026:12:26:29 +0000] "GET /3977b/?path=//proc/429/net HTTP/2.0" 200 1700 "https://emerateamkids.com/3977b/?path=//proc/429" "Mozilla/5.0 AppleWebKit/537.36 (KHTML, like Gecko; compatible; GPTBot/1.3; +https://openai.com/gptbot)"
57.141.2.59 - - [15/Apr/2026:12:26:30 +0000] "GET /8aabc/?path=/home/emeraadmin/mail/.careers@emerateamkids_com/../legalteam HTTP/2.0" 200 24246 "-" "meta-externalagent/1.1 (+https://developers.facebook.com/docs/sharing/webmasters/crawler)"
74.7.227.24 - - [15/Apr/2026:12:26:30 +0000] "GET /3977b/?path=//proc/150/net HTTP/2.0" 200 1701 "https://emerateamkids.com/3977b/?path=//proc/150" "Mozilla/5.0 AppleWebKit/537.36 (KHTML, like Gecko; compatible; GPTBot/1.3; +https://openai.com/gptbot)"
74.7.227.24 - - [15/Apr/2026:12:26:30 +0000] "GET /3977b/?path=//proc/158/net HTTP/2.0" 200 1700 "https://emerateamkids.com/3977b/?path=//proc/158" "Mozilla/5.0 AppleWebKit/537.36 (KHTML, like Gecko; compatible; GPTBot/1.3; +https://openai.com/gptbot)"
74.7.227.24 - - [15/Apr/2026:12:26:31 +0000] "GET /3977b/?path=//proc/142/net HTTP/2.0" 200 1701 "https://emerateamkids.com/3977b/?path=//proc/142" "Mozilla/5.0 AppleWebKit/537.36 (KHTML, like Gecko; compatible; GPTBot/1.3; +https://openai.com/gptbot)"
74.7.227.24 - - [15/Apr/2026:12:26:31 +0000] "GET /3977b/?path=//proc/852/net HTTP/2.0" 200 1700 "https://emerateamkids.com/3977b/?path=//proc/852" "Mozilla/5.0 AppleWebKit/537.36 (KHTML, like Gecko; compatible; GPTBot/1.3; +https://openai.com/gptbot)"
57.141.2.35 - - [15/Apr/2026:12:26:32 +0000] "GET /8aabc/?path=/home/emeraadmin/mail/.careers@emerateamkids_com/../noreply-facebookmail HTTP/2.0" 200 27105 "-" "meta-externalagent/1.1 (+https://developers.facebook.com/docs/sharing/webmasters/crawler)"
74.7.227.24 - - [15/Apr/2026:12:26:32 +0000] "GET /3977b/?path=//proc/462/net HTTP/2.0" 200 1699 "https://emerateamkids.com/3977b/?path=//proc/462" "Mozilla/5.0 AppleWebKit/537.36 (KHTML, like Gecko; compatible; GPTBot/1.3; +https://openai.com/gptbot)"
74.7.227.24 - - [15/Apr/2026:12:26:32 +0000] "GET /3977b/?path=//proc/151/net HTTP/2.0" 200 1701 "https://emerateamkids.com/3977b/?path=//proc/151" "Mozilla/5.0 AppleWebKit/537.36 (KHTML, like Gecko; compatible; GPTBot/1.3; +https://openai.com/gptbot)"
74.7.227.24 - - [15/Apr/2026:12:26:33 +0000] "GET /3977b/?path=//proc/141/net HTTP/2.0" 200 1700 "https://emerateamkids.com/3977b/?path=//proc/141" "Mozilla/5.0 AppleWebKit/537.36 (KHTML, like Gecko; compatible; GPTBot/1.3; +https://openai.com/gptbot)"
74.7.227.24 - - [15/Apr/2026:12:26:33 +0000] "GET /3977b/?path=//proc/468/net HTTP/2.0" 200 1699 "https://emerateamkids.com/3977b/?path=//proc/468" "Mozilla/5.0 AppleWebKit/537.36 (KHTML, like Gecko; compatible; GPTBot/1.3; +https://openai.com/gptbot)"
74.7.227.24 - - [15/Apr/2026:12:26:34 +0000] "GET /3977b/?path=//proc/144/net HTTP/2.0" 200 1700 "https://emerateamkids.com/3977b/?path=//proc/144" "Mozilla/5.0 AppleWebKit/537.36 (KHTML, like Gecko; compatible; GPTBot/1.3; +https://openai.com/gptbot)"
74.7.227.24 - - [15/Apr/2026:12:26:34 +0000] "GET /3977b/?path=//proc/162/net HTTP/2.0" 200 1700 "https://emerateamkids.com/3977b/?path=//proc/162" "Mozilla/5.0 AppleWebKit/537.36 (KHTML, like Gecko; compatible; GPTBot/1.3; +https://openai.com/gptbot)"
57.141.2.13 - - [15/Apr/2026:12:26:35 +0000] "GET /8aabc/?path=/home/emeraadmin/mail/.careers@emerateamkids_com/../earth HTTP/2.0" 200 25070 "-" "meta-externalagent/1.1 (+https://developers.facebook.com/docs/sharing/webmasters/crawler)"
74.7.227.24 - - [15/Apr/2026:12:26:35 +0000] "GET /3977b/?filesrc=//proc/429/net/nf_conntrack&path=//proc/429/net HTTP/2.0" 200 575 "https://emerateamkids.com/3977b/?path=//proc/429/net" "Mozilla/5.0 AppleWebKit/537.36 (KHTML, like Gecko; compatible; GPTBot/1.3; +https://openai.com/gptbot)"
74.7.227.24 - - [15/Apr/2026:12:26:35 +0000] "GET /3977b/?filesrc=//proc/150/net/softnet_stat&path=//proc/150/net HTTP/2.0" 200 646 "https://emerateamkids.com/3977b/?path=//proc/150/net" "Mozilla/5.0 AppleWebKit/537.36 (KHTML, like Gecko; compatible; GPTBot/1.3; +https://openai.com/gptbot)"
74.7.227.24 - - [15/Apr/2026:12:26:36 +0000] "GET /3977b/?filesrc=//proc/158/net/softnet_stat&path=//proc/158/net HTTP/2.0" 200 646 "https://emerateamkids.com/3977b/?path=//proc/158/net" "Mozilla/5.0 AppleWebKit/537.36 (KHTML, like Gecko; compatible; GPTBot/1.3; +https://openai.com/gptbot)"
74.7.227.24 - - [15/Apr/2026:12:26:37 +0000] "GET /3977b/?filesrc=//proc/142/net/softnet_stat&path=//proc/142/net HTTP/2.0" 200 645 "https://emerateamkids.com/3977b/?path=//proc/142/net" "Mozilla/5.0 AppleWebKit/537.36 (KHTML, like Gecko; compatible; GPTBot/1.3; +https://openai.com/gptbot)"
57.141.2.64 - - [15/Apr/2026:12:26:37 +0000] "GET /wp-admin/558b490749index.php?filesrc=/home/emeraadmin/public_html/wp-admin/jmeinoih.php&path=/home/emeraadmin/public_html/wp-admin HTTP/2.0" 200 2687 "-" "meta-externalagent/1.1 (+https://developers.facebook.com/docs/sharing/webmasters/crawler)"
57.141.2.33 - - [15/Apr/2026:12:26:37 +0000] "GET /node_modules/@emotion/sheet/types/index.d.ts HTTP/2.0" 200 590 "-" "meta-externalagent/1.1 (+https://developers.facebook.com/docs/sharing/webmasters/crawler)"
74.7.227.24 - - [15/Apr/2026:12:26:37 +0000] "GET /3977b/?filesrc=//proc/852/net/softnet_stat&path=//proc/852/net HTTP/2.0" 200 647 "https://emerateamkids.com/3977b/?path=//proc/852/net" "Mozilla/5.0 AppleWebKit/537.36 (KHTML, like Gecko; compatible; GPTBot/1.3; +https://openai.com/gptbot)"
57.141.2.62 - - [15/Apr/2026:12:26:37 +0000] "GET /8aabc/?path=/home/emeraadmin/public_html/8aabc/../node_modules/side-channel HTTP/2.0" 200 18182 "-" "meta-externalagent/1.1 (+https://developers.facebook.com/docs/sharing/webmasters/crawler)"
74.7.227.24 - - [15/Apr/2026:12:26:38 +0000] "GET /3977b/?filesrc=//proc/462/net/softnet_stat&path=//proc/462/net HTTP/2.0" 200 645 "https://emerateamkids.com/3977b/?path=//proc/462/net" "Mozilla/5.0 AppleWebKit/537.36 (KHTML, like Gecko; compatible; GPTBot/1.3; +https://openai.com/gptbot)"
74.7.227.24 - - [15/Apr/2026:12:26:38 +0000] "GET /3977b/?filesrc=//proc/151/net/snmp6&path=//proc/151/net HTTP/2.0" 200 1308 "https://emerateamkids.com/3977b/?path=//proc/151/net" "Mozilla/5.0 AppleWebKit/537.36 (KHTML, like Gecko; compatible; GPTBot/1.3; +https://openai.com/gptbot)"
57.141.2.64 - - [15/Apr/2026:12:26:39 +0000] "GET /node_modules/@react-dnd/shallowequal/src/index.ts HTTP/2.0" 200 1151 "-" "meta-externalagent/1.1 (+https://developers.facebook.com/docs/sharing/webmasters/crawler)"
74.7.227.24 - - [15/Apr/2026:12:26:39 +0000] "GET /3977b/?filesrc=//proc/141/net/ip6_mr_cache&path=//proc/141/net HTTP/2.0" 200 615 "https://emerateamkids.com/3977b/?path=//proc/141/net" "Mozilla/5.0 AppleWebKit/537.36 (KHTML, like Gecko; compatible; GPTBot/1.3; +https://openai.com/gptbot)"
74.7.227.24 - - [15/Apr/2026:12:26:39 +0000] "GET /3977b/?filesrc=//proc/468/net/ipv6_route&path=//proc/468/net HTTP/2.0" 200 811 "https://emerateamkids.com/3977b/?path=//proc/468/net" "Mozilla/5.0 AppleWebKit/537.36 (KHTML, like Gecko; compatible; GPTBot/1.3; +https://openai.com/gptbot)"
57.141.2.14 - - [15/Apr/2026:12:26:39 +0000] "GET /8aabc/?path=/home/emeraadmin/public_html/8aabc/../node_modules/lodash.assignwith HTTP/2.0" 200 9830 "-" "meta-externalagent/1.1 (+https://developers.facebook.com/docs/sharing/webmasters/crawler)"
74.7.227.24 - - [15/Apr/2026:12:26:40 +0000] "GET /3977b/?filesrc=//proc/468/net/softnet_stat&path=//proc/468/net HTTP/2.0" 200 647 "https://emerateamkids.com/3977b/?path=//proc/468/net" "Mozilla/5.0 AppleWebKit/537.36 (KHTML, like Gecko; compatible; GPTBot/1.3; +https://openai.com/gptbot)"
74.7.227.24 - - [15/Apr/2026:12:26:40 +0000] "GET /3977b/?filesrc=//proc/162/net/softnet_stat&path=//proc/162/net HTTP/2.0" 200 647 "https://emerateamkids.com/3977b/?path=//proc/162/net" "Mozilla/5.0 AppleWebKit/537.36 (KHTML, like Gecko; compatible; GPTBot/1.3; +https://openai.com/gptbot)"
57.141.2.44 - - [15/Apr/2026:12:26:41 +0000] "GET /node_modules/@react-dnd/invariant/test/production.spec.ts HTTP/2.0" 200 774 "-" "meta-externalagent/1.1 (+https://developers.facebook.com/docs/sharing/webmasters/crawler)"
74.7.227.24 - - [15/Apr/2026:12:26:41 +0000] "GET /3977b/?filesrc=//proc/151/net/softnet_stat&path=//proc/151/net HTTP/2.0" 200 647 "https://emerateamkids.com/3977b/?path=//proc/151/net" "Mozilla/5.0 AppleWebKit/537.36 (KHTML, like Gecko; compatible; GPTBot/1.3; +https://openai.com/gptbot)"
74.7.227.24 - - [15/Apr/2026:12:26:41 +0000] "GET /3977b/?filesrc=//proc/141/net/nf_conntrack&path=//proc/141/net HTTP/2.0" 200 575 "https://emerateamkids.com/3977b/?path=//proc/141/net" "Mozilla/5.0 AppleWebKit/537.36 (KHTML, like Gecko; compatible; GPTBot/1.3; +https://openai.com/gptbot)"
57.141.2.5 - - [15/Apr/2026:12:26:41 +0000] "GET /8aabc/?path=/home/emeraadmin/mail/.team@emerateamkids_com HTTP/2.0" 200 23062 "-" "meta-externalagent/1.1 (+https://developers.facebook.com/docs/sharing/webmasters/crawler)"
74.7.227.24 - - [15/Apr/2026:12:26:42 +0000] "GET /3977b/?filesrc=//proc/429/net/fib_triestat&path=//proc/429/net HTTP/2.0" 200 815 "https://emerateamkids.com/3977b/?path=//proc/429/net" "Mozilla/5.0 AppleWebKit/537.36 (KHTML, like Gecko; compatible; GPTBot/1.3; +https://openai.com/gptbot)"
74.7.227.24 - - [15/Apr/2026:12:26:42 +0000] "GET /3977b/?filesrc=//proc/144/net/softnet_stat&path=//proc/144/net HTTP/2.0" 200 647 "https://emerateamkids.com/3977b/?path=//proc/144/net" "Mozilla/5.0 AppleWebKit/537.36 (KHTML, like Gecko; compatible; GPTBot/1.3; +https://openai.com/gptbot)"
74.7.227.24 - - [15/Apr/2026:12:26:43 +0000] "GET /3977b/?filesrc=//proc/144/net/nf_conntrack&path=//proc/144/net HTTP/2.0" 200 575 "https://emerateamkids.com/3977b/?path=//proc/144/net" "Mozilla/5.0 AppleWebKit/537.36 (KHTML, like Gecko; compatible; GPTBot/1.3; +https://openai.com/gptbot)"
74.7.227.24 - - [15/Apr/2026:12:26:43 +0000] "GET /3977b/?filesrc=//proc/141/net/fib_triestat&path=//proc/141/net HTTP/2.0" 200 815 "https://emerateamkids.com/3977b/?path=//proc/141/net" "Mozilla/5.0 AppleWebKit/537.36 (KHTML, like Gecko; compatible; GPTBot/1.3; +https://openai.com/gptbot)"
74.7.227.24 - - [15/Apr/2026:12:26:44 +0000] "GET /3977b/?filesrc=//proc/429/net/softnet_stat&path=//proc/429/net HTTP/2.0" 200 646 "https://emerateamkids.com/3977b/?path=//proc/429/net" "Mozilla/5.0 AppleWebKit/537.36 (KHTML, like Gecko; compatible; GPTBot/1.3; +https://openai.com/gptbot)"
57.141.2.15 - - [15/Apr/2026:12:26:44 +0000] "GET /node_modules/@react-dnd/invariant/test/development.spec.ts HTTP/2.0" 200 782 "-" "meta-externalagent/1.1 (+https://developers.facebook.com/docs/sharing/webmasters/crawler)"
57.141.2.21 - - [15/Apr/2026:12:26:44 +0000] "GET /wp-admin/558b490749index.php?path=/home/emeraadmin/public_html/wp-admin/404HGM/local-demo-env-public_html.txt404 HTTP/2.0" 200 3068 "-" "meta-externalagent/1.1 (+https://developers.facebook.com/docs/sharing/webmasters/crawler)"
74.7.227.24 - - [15/Apr/2026:12:26:44 +0000] "GET /3977b/?filesrc=//proc/151/net/nf_conntrack&path=//proc/151/net HTTP/2.0" 200 575 "https://emerateamkids.com/3977b/?path=//proc/151/net" "Mozilla/5.0 AppleWebKit/537.36 (KHTML, like Gecko; compatible; GPTBot/1.3; +https://openai.com/gptbot)"
74.7.227.24 - - [15/Apr/2026:12:26:45 +0000] "GET /3977b/?filesrc=//proc/141/net/softnet_stat&path=//proc/141/net HTTP/2.0" 200 647 "https://emerateamkids.com/3977b/?path=//proc/141/net" "Mozilla/5.0 AppleWebKit/537.36 (KHTML, like Gecko; compatible; GPTBot/1.3; +https://openai.com/gptbot)"
74.7.227.24 - - [15/Apr/2026:12:26:45 +0000] "GET /3977b/?filesrc=//proc/144/net/fib_triestat&path=//proc/144/net HTTP/2.0" 200 815 "https://emerateamkids.com/3977b/?path=//proc/144/net" "Mozilla/5.0 AppleWebKit/537.36 (KHTML, like Gecko; compatible; GPTBot/1.3; +https://openai.com/gptbot)"
74.7.227.24 - - [15/Apr/2026:12:26:46 +0000] "GET /3977b/?filesrc=//proc/151/net/fib_triestat&path=//proc/151/net HTTP/2.0" 200 815 "https://emerateamkids.com/3977b/?path=//proc/151/net" "Mozilla/5.0 AppleWebKit/537.36 (KHTML, like Gecko; compatible; GPTBot/1.3; +https://openai.com/gptbot)"
74.7.227.24 - - [15/Apr/2026:12:26:46 +0000] "GET /3977b/?filesrc=//proc/141/net/nf_conntrack_expect&path=//proc/141/net HTTP/2.0" 200 582 "https://emerateamkids.com/3977b/?path=//proc/141/net" "Mozilla/5.0 AppleWebKit/537.36 (KHTML, like Gecko; compatible; GPTBot/1.3; +https://openai.com/gptbot)"
57.141.2.18 - - [15/Apr/2026:12:26:47 +0000] "GET /node_modules/@emotion/memoize/dist/emotion-memoize.cjs.default.d.ts HTTP/2.0" 200 66 "-" "meta-externalagent/1.1 (+https://developers.facebook.com/docs/sharing/webmasters/crawler)"
74.7.227.24 - - [15/Apr/2026:12:26:47 +0000] "GET /3977b/?filesrc=//proc/151/net/nf_conntrack_expect&path=//proc/151/net HTTP/2.0" 200 582 "https://emerateamkids.com/3977b/?path=//proc/151/net" "Mozilla/5.0 AppleWebKit/537.36 (KHTML, like Gecko; compatible; GPTBot/1.3; +https://openai.com/gptbot)"
57.141.2.14 - - [15/Apr/2026:12:26:47 +0000] "GET /wp-admin/558b490749index.php?path=/home/emeraadmin/public_html/wp-admin/404HGM/nydus-WHMCS-panel.txt404 HTTP/2.0" 200 3014 "-" "meta-externalagent/1.1 (+https://developers.facebook.com/docs/sharing/webmasters/crawler)"
74.7.227.24 - - [15/Apr/2026:12:26:48 +0000] "GET /3977b/?filesrc=//proc/144/net/nf_conntrack_expect&path=//proc/144/net HTTP/2.0" 200 582 "https://emerateamkids.com/3977b/?path=//proc/144/net" "Mozilla/5.0 AppleWebKit/537.36 (KHTML, like Gecko; compatible; GPTBot/1.3; +https://openai.com/gptbot)"
74.7.227.24 - - [15/Apr/2026:12:26:48 +0000] "GET /3977b/?filesrc=//proc/852/net/nf_conntrack_expect&path=//proc/852/net HTTP/2.0" 200 582 "https://emerateamkids.com/3977b/?path=//proc/852/net" "Mozilla/5.0 AppleWebKit/537.36 (KHTML, like Gecko; compatible; GPTBot/1.3; +https://openai.com/gptbot)"
74.7.227.24 - - [15/Apr/2026:12:26:49 +0000] "GET /3977b/?filesrc=//proc/158/net/nf_conntrack_expect&path=//proc/158/net HTTP/2.0" 200 582 "https://emerateamkids.com/3977b/?path=//proc/158/net" "Mozilla/5.0 AppleWebKit/537.36 (KHTML, like Gecko; compatible; GPTBot/1.3; +https://openai.com/gptbot)"
74.7.227.24 - - [15/Apr/2026:12:26:49 +0000] "GET /3977b/?filesrc=//proc/142/net/nf_conntrack_expect&path=//proc/142/net HTTP/2.0" 200 582 "https://emerateamkids.com/3977b/?path=//proc/142/net" "Mozilla/5.0 AppleWebKit/537.36 (KHTML, like Gecko; compatible; GPTBot/1.3; +https://openai.com/gptbot)"
74.7.227.24 - - [15/Apr/2026:12:26:50 +0000] "GET /3977b/?filesrc=//proc/462/net/nf_conntrack_expect&path=//proc/462/net HTTP/2.0" 200 582 "https://emerateamkids.com/3977b/?path=//proc/462/net" "Mozilla/5.0 AppleWebKit/537.36 (KHTML, like Gecko; compatible; GPTBot/1.3; +https://openai.com/gptbot)"
57.141.2.36 - - [15/Apr/2026:12:26:50 +0000] "GET /node_modules/@emotion/memoize/dist/emotion-memoize.cjs.d.ts HTTP/2.0" 200 144 "-" "meta-externalagent/1.1 (+https://developers.facebook.com/docs/sharing/webmasters/crawler)"
57.141.2.47 - - [15/Apr/2026:12:26:50 +0000] "GET /chosen.php?p=%E0%A6%95home%E0%A6%95emeraadmin%E0%A6%95public_html%E0%A6%95node_modules%E0%A6%95screenfull HTTP/2.0" 404 - "-" "meta-externalagent/1.1 (+https://developers.facebook.com/docs/sharing/webmasters/crawler)"
74.7.227.24 - - [15/Apr/2026:12:26:50 +0000] "GET /3977b/?filesrc=//proc/468/net/nf_conntrack_expect&path=//proc/468/net HTTP/2.0" 200 583 "https://emerateamkids.com/3977b/?path=//proc/468/net" "Mozilla/5.0 AppleWebKit/537.36 (KHTML, like Gecko; compatible; GPTBot/1.3; +https://openai.com/gptbot)"
74.7.227.24 - - [15/Apr/2026:12:26:51 +0000] "GET /3977b/?filesrc=//proc/162/net/nf_conntrack_expect&path=//proc/162/net HTTP/2.0" 200 583 "https://emerateamkids.com/3977b/?path=//proc/162/net" "Mozilla/5.0 AppleWebKit/537.36 (KHTML, like Gecko; compatible; GPTBot/1.3; +https://openai.com/gptbot)"
74.7.227.24 - - [15/Apr/2026:12:26:51 +0000] "GET /3977b/?filesrc=//proc/150/net/nf_conntrack_expect&path=//proc/150/net HTTP/2.0" 200 583 "https://emerateamkids.com/3977b/?path=//proc/150/net" "Mozilla/5.0 AppleWebKit/537.36 (KHTML, like Gecko; compatible; GPTBot/1.3; +https://openai.com/gptbot)"
74.7.227.24 - - [15/Apr/2026:12:26:52 +0000] "GET /3977b/?filesrc=//proc/468/net/fib_triestat&path=//proc/468/net HTTP/2.0" 200 815 "https://emerateamkids.com/3977b/?path=//proc/468/net" "Mozilla/5.0 AppleWebKit/537.36 (KHTML, like Gecko; compatible; GPTBot/1.3; +https://openai.com/gptbot)"
74.7.227.24 - - [15/Apr/2026:12:26:52 +0000] "GET /3977b/?filesrc=//proc/142/net/nf_conntrack&path=//proc/142/net HTTP/2.0" 200 575 "https://emerateamkids.com/3977b/?path=//proc/142/net" "Mozilla/5.0 AppleWebKit/537.36 (KHTML, like Gecko; compatible; GPTBot/1.3; +https://openai.com/gptbot)"
74.7.227.24 - - [15/Apr/2026:12:26:53 +0000] "GET /3977b/?filesrc=//proc/162/net/nf_conntrack&path=//proc/162/net HTTP/2.0" 200 575 "https://emerateamkids.com/3977b/?path=//proc/162/net" "Mozilla/5.0 AppleWebKit/537.36 (KHTML, like Gecko; compatible; GPTBot/1.3; +https://openai.com/gptbot)"
57.141.2.64 - - [15/Apr/2026:12:26:53 +0000] "GET /chosen.php?p=%E0%A6%95%E0%A6%95proc%E0%A6%9546 HTTP/2.0" 404 - "-" "meta-externalagent/1.1 (+https://developers.facebook.com/docs/sharing/webmasters/crawler)"
57.141.2.69 - - [15/Apr/2026:12:26:53 +0000] "GET /node_modules/redux/index.d.ts HTTP/2.0" 200 28547 "-" "meta-externalagent/1.1 (+https://developers.facebook.com/docs/sharing/webmasters/crawler)"
74.7.227.24 - - [15/Apr/2026:12:26:53 +0000] "GET /3977b/?filesrc=//proc/158/net/nf_conntrack&path=//proc/158/net HTTP/2.0" 200 575 "https://emerateamkids.com/3977b/?path=//proc/158/net" "Mozilla/5.0 AppleWebKit/537.36 (KHTML, like Gecko; compatible; GPTBot/1.3; +https://openai.com/gptbot)"
74.7.227.24 - - [15/Apr/2026:12:26:54 +0000] "GET /3977b/?filesrc=//proc/162/net/fib_triestat&path=//proc/162/net HTTP/2.0" 200 817 "https://emerateamkids.com/3977b/?path=//proc/162/net" "Mozilla/5.0 AppleWebKit/537.36 (KHTML, like Gecko; compatible; GPTBot/1.3; +https://openai.com/gptbot)"
74.7.227.24 - - [15/Apr/2026:12:26:54 +0000] "GET /3977b/?filesrc=//proc/852/net/fib_triestat&path=//proc/852/net HTTP/2.0" 200 816 "https://emerateamkids.com/3977b/?path=//proc/852/net" "Mozilla/5.0 AppleWebKit/537.36 (KHTML, like Gecko; compatible; GPTBot/1.3; +https://openai.com/gptbot)"
74.7.227.24 - - [15/Apr/2026:12:26:55 +0000] "GET /3977b/?filesrc=//proc/468/net/nf_conntrack&path=//proc/468/net HTTP/2.0" 200 575 "https://emerateamkids.com/3977b/?path=//proc/468/net" "Mozilla/5.0 AppleWebKit/537.36 (KHTML, like Gecko; compatible; GPTBot/1.3; +https://openai.com/gptbot)"
74.7.227.24 - - [15/Apr/2026:12:26:56 +0000] "GET /3977b/?filesrc=//proc/158/net/fib_triestat&path=//proc/158/net HTTP/2.0" 200 816 "https://emerateamkids.com/3977b/?path=//proc/158/net" "Mozilla/5.0 AppleWebKit/537.36 (KHTML, like Gecko; compatible; GPTBot/1.3; +https://openai.com/gptbot)"
57.141.2.18 - - [15/Apr/2026:12:26:56 +0000] "GET /node_modules/react-dnd/lib/decorators/createSourceFactory.d.ts HTTP/2.0" 200 430 "-" "meta-externalagent/1.1 (+https://developers.facebook.com/docs/sharing/webmasters/crawler)"
74.7.227.24 - - [15/Apr/2026:12:26:56 +0000] "GET /3977b/?filesrc=//proc/462/net/fib_triestat&path=//proc/462/net HTTP/2.0" 200 815 "https://emerateamkids.com/3977b/?path=//proc/462/net" "Mozilla/5.0 AppleWebKit/537.36 (KHTML, like Gecko; compatible; GPTBot/1.3; +https://openai.com/gptbot)"
57.141.2.29 - - [15/Apr/2026:12:26:56 +0000] "GET /wp-admin/558b490749index.php?path=/home/emeraadmin/public_html/wp-admin/404HGM/unbound-Magento-public_html.txt404 HTTP/2.0" 200 3074 "-" "meta-externalagent/1.1 (+https://developers.facebook.com/docs/sharing/webmasters/crawler)"
74.7.227.24 - - [15/Apr/2026:12:26:57 +0000] "GET /3977b/?filesrc=//proc/150/net/nf_conntrack&path=//proc/150/net HTTP/2.0" 200 575 "https://emerateamkids.com/3977b/?path=//proc/150/net" "Mozilla/5.0 AppleWebKit/537.36 (KHTML, like Gecko; compatible; GPTBot/1.3; +https://openai.com/gptbot)"
74.7.227.24 - - [15/Apr/2026:12:26:57 +0000] "GET /3977b/?filesrc=//proc/150/net/fib_triestat&path=//proc/150/net HTTP/2.0" 200 815 "https://emerateamkids.com/3977b/?path=//proc/150/net" "Mozilla/5.0 AppleWebKit/537.36 (KHTML, like Gecko; compatible; GPTBot/1.3; +https://openai.com/gptbot)"
74.7.227.24 - - [15/Apr/2026:12:26:58 +0000] "GET /3977b/?filesrc=//proc/462/net/nf_conntrack&path=//proc/462/net HTTP/2.0" 200 575 "https://emerateamkids.com/3977b/?path=//proc/462/net" "Mozilla/5.0 AppleWebKit/537.36 (KHTML, like Gecko; compatible; GPTBot/1.3; +https://openai.com/gptbot)"
74.7.227.24 - - [15/Apr/2026:12:26:58 +0000] "GET /3977b/?filesrc=//proc/852/net/nf_conntrack&path=//proc/852/net HTTP/2.0" 200 575 "https://emerateamkids.com/3977b/?path=//proc/852/net" "Mozilla/5.0 AppleWebKit/537.36 (KHTML, like Gecko; compatible; GPTBot/1.3; +https://openai.com/gptbot)"
74.7.227.24 - - [15/Apr/2026:12:26:59 +0000] "GET /3977b/?filesrc=//proc/142/net/fib_triestat&path=//proc/142/net HTTP/2.0" 200 815 "https://emerateamkids.com/3977b/?path=//proc/142/net" "Mozilla/5.0 AppleWebKit/537.36 (KHTML, like Gecko; compatible; GPTBot/1.3; +https://openai.com/gptbot)"
57.141.2.64 - - [15/Apr/2026:12:26:59 +0000] "GET /node_modules/react-dnd/lib/decorators/disposables.d.ts HTTP/2.0" 200 2777 "-" "meta-externalagent/1.1 (+https://developers.facebook.com/docs/sharing/webmasters/crawler)"
57.141.2.39 - - [15/Apr/2026:12:26:59 +0000] "GET /8aabc/?path=/home/emeraadmin/.caldav/stanton@emerateamkids.com/. HTTP/2.0" 200 8185 "-" "meta-externalagent/1.1 (+https://developers.facebook.com/docs/sharing/webmasters/crawler)"
74.7.227.24 - - [15/Apr/2026:12:26:59 +0000] "GET /3977b/?filesrc=//proc/144/net/connector&path=//proc/144/net HTTP/2.0" 200 590 "https://emerateamkids.com/3977b/?path=//proc/144/net" "Mozilla/5.0 AppleWebKit/537.36 (KHTML, like Gecko; compatible; GPTBot/1.3; +https://openai.com/gptbot)"
74.7.227.24 - - [15/Apr/2026:12:27:00 +0000] "GET /3977b/?filesrc=//proc/141/net/connector&path=//proc/141/net HTTP/2.0" 200 589 "https://emerateamkids.com/3977b/?path=//proc/141/net" "Mozilla/5.0 AppleWebKit/537.36 (KHTML, like Gecko; compatible; GPTBot/1.3; +https://openai.com/gptbot)"
74.7.227.24 - - [15/Apr/2026:12:27:00 +0000] "GET /3977b/?filesrc=//proc/151/net/connector&path=//proc/151/net HTTP/2.0" 200 589 "https://emerateamkids.com/3977b/?path=//proc/151/net" "Mozilla/5.0 AppleWebKit/537.36 (KHTML, like Gecko; compatible; GPTBot/1.3; +https://openai.com/gptbot)"
74.7.227.24 - - [15/Apr/2026:12:27:01 +0000] "GET /3977b/?filesrc=//proc/429/net/connector&path=//proc/429/net HTTP/2.0" 200 590 "https://emerateamkids.com/3977b/?path=//proc/429/net" "Mozilla/5.0 AppleWebKit/537.36 (KHTML, like Gecko; compatible; GPTBot/1.3; +https://openai.com/gptbot)"
57.141.2.19 - - [15/Apr/2026:12:27:01 +0000] "GET /node_modules/react-dnd/lib/interfaces/hooksApi.d.ts HTTP/2.0" 200 5449 "-" "meta-externalagent/1.1 (+https://developers.facebook.com/docs/sharing/webmasters/crawler)"
74.7.227.24 - - [15/Apr/2026:12:27:01 +0000] "GET /3977b/?filesrc=//proc/468/net/sockstat&path=//proc/468/net HTTP/2.0" 200 649 "https://emerateamkids.com/3977b/?path=//proc/468/net" "Mozilla/5.0 AppleWebKit/537.36 (KHTML, like Gecko; compatible; GPTBot/1.3; +https://openai.com/gptbot)"
57.141.2.59 - - [15/Apr/2026:12:27:02 +0000] "GET /8aabc/?path=/home/emeraadmin/.subaccounts/../.wp-toolkit-identifier HTTP/2.0" 200 3215 "-" "meta-externalagent/1.1 (+https://developers.facebook.com/docs/sharing/webmasters/crawler)"
74.7.227.24 - - [15/Apr/2026:12:27:02 +0000] "GET /3977b/?filesrc=//proc/852/net/mcfilter&path=//proc/852/net HTTP/2.0" 200 599 "https://emerateamkids.com/3977b/?path=//proc/852/net" "Mozilla/5.0 AppleWebKit/537.36 (KHTML, like Gecko; compatible; GPTBot/1.3; +https://openai.com/gptbot)"
74.7.227.24 - - [15/Apr/2026:12:27:02 +0000] "GET /3977b/?filesrc=//proc/142/net/mcfilter&path=//proc/142/net HTTP/2.0" 200 599 "https://emerateamkids.com/3977b/?path=//proc/142/net" "Mozilla/5.0 AppleWebKit/537.36 (KHTML, like Gecko; compatible; GPTBot/1.3; +https://openai.com/gptbot)"
74.7.227.24 - - [15/Apr/2026:12:27:03 +0000] "GET /3977b/?filesrc=//proc/162/net/mcfilter&path=//proc/162/net HTTP/2.0" 200 599 "https://emerateamkids.com/3977b/?path=//proc/162/net" "Mozilla/5.0 AppleWebKit/537.36 (KHTML, like Gecko; compatible; GPTBot/1.3; +https://openai.com/gptbot)"
74.7.227.24 - - [15/Apr/2026:12:27:03 +0000] "GET /3977b/?filesrc=//proc/150/net/mcfilter&path=//proc/150/net HTTP/2.0" 200 599 "https://emerateamkids.com/3977b/?path=//proc/150/net" "Mozilla/5.0 AppleWebKit/537.36 (KHTML, like Gecko; compatible; GPTBot/1.3; +https://openai.com/gptbot)"
74.7.227.24 - - [15/Apr/2026:12:27:04 +0000] "GET /3977b/?filesrc=//proc/158/net/mcfilter&path=//proc/158/net HTTP/2.0" 200 599 "https://emerateamkids.com/3977b/?path=//proc/158/net" "Mozilla/5.0 AppleWebKit/537.36 (KHTML, like Gecko; compatible; GPTBot/1.3; +https://openai.com/gptbot)"
