74.7.227.24 - - [15/Apr/2026:12:20:23 +0000] "GET /node_modules/iconv-lite/ HTTP/2.0" 200 377 "https://emerateamkids.com/node_modules/" "Mozilla/5.0 AppleWebKit/537.36 (KHTML, like Gecko; compatible; GPTBot/1.3; +https://openai.com/gptbot)"
57.141.2.23 - - [15/Apr/2026:12:20:22 +0000] "GET /8aabc/?path=/home/emeraadmin/mail/.misunderstood@emerateamkids_com/cur HTTP/2.0" 200 505849 "-" "meta-externalagent/1.1 (+https://developers.facebook.com/docs/sharing/webmasters/crawler)"
57.141.2.46 - - [15/Apr/2026:12:20:23 +0000] "GET /8aabc/?path=/home/emeraadmin/mail/.shadowed@smmsg_com/dovecot-uidvalidity HTTP/2.0" 200 2558 "-" "meta-externalagent/1.1 (+https://developers.facebook.com/docs/sharing/webmasters/crawler)"
74.7.227.24 - - [15/Apr/2026:12:20:23 +0000] "GET /node_modules/lodash.get/ HTTP/2.0" 200 340 "https://emerateamkids.com/node_modules/" "Mozilla/5.0 AppleWebKit/537.36 (KHTML, like Gecko; compatible; GPTBot/1.3; +https://openai.com/gptbot)"
57.141.2.37 - - [15/Apr/2026:12:20:24 +0000] "GET /8aabc/?path=/home/emeraadmin/mail/.abashing@smmsg_com/dovecot.list.index.log HTTP/2.0" 200 3085 "-" "meta-externalagent/1.1 (+https://developers.facebook.com/docs/sharing/webmasters/crawler)"
74.7.227.24 - - [15/Apr/2026:12:20:24 +0000] "GET /node_modules/is-extglob/ HTTP/2.0" 200 344 "https://emerateamkids.com/node_modules/" "Mozilla/5.0 AppleWebKit/537.36 (KHTML, like Gecko; compatible; GPTBot/1.3; +https://openai.com/gptbot)"
57.141.2.64 - - [15/Apr/2026:12:20:24 +0000] "GET /8aabc/?path=/home/emeraadmin/mail/./.absolve@emerateamkids_com HTTP/2.0" 200 24497 "-" "meta-externalagent/1.1 (+https://developers.facebook.com/docs/sharing/webmasters/crawler)"
57.141.2.1 - - [15/Apr/2026:12:20:24 +0000] "GET /8aabc/?path=/home/emeraadmin/public_html/8aabc/../wp-admin/404HGM/adminuser-Joomla-beta-public_html.txt404 HTTP/2.0" 200 8076 "-" "meta-externalagent/1.1 (+https://developers.facebook.com/docs/sharing/webmasters/crawler)"
57.141.2.64 - - [15/Apr/2026:12:20:24 +0000] "GET /8aabc/?path=/home/emeraadmin/./logs/.php.error.log HTTP/2.0" 200 105835 "-" "meta-externalagent/1.1 (+https://developers.facebook.com/docs/sharing/webmasters/crawler)"
74.7.227.24 - - [15/Apr/2026:12:20:24 +0000] "GET /node_modules/is-windows/ HTTP/2.0" 200 342 "https://emerateamkids.com/node_modules/" "Mozilla/5.0 AppleWebKit/537.36 (KHTML, like Gecko; compatible; GPTBot/1.3; +https://openai.com/gptbot)"
57.141.2.21 - - [15/Apr/2026:12:20:25 +0000] "GET /8aabc/?path=/home/emeraadmin/public_html/8aabc/../wp-admin/404HGM/adminuser-WHMCS-manager.txt404 HTTP/2.0" 200 7917 "-" "meta-externalagent/1.1 (+https://developers.facebook.com/docs/sharing/webmasters/crawler)"
74.7.227.24 - - [15/Apr/2026:12:20:25 +0000] "GET /node_modules/array-each/ HTTP/2.0" 200 339 "https://emerateamkids.com/node_modules/" "Mozilla/5.0 AppleWebKit/537.36 (KHTML, like Gecko; compatible; GPTBot/1.3; +https://openai.com/gptbot)"
57.141.2.58 - - [15/Apr/2026:12:20:25 +0000] "GET /8aabc/?path=/home/emeraadmin/mail/./.incomprehensible@smmsg_com HTTP/2.0" 200 21370 "-" "meta-externalagent/1.1 (+https://developers.facebook.com/docs/sharing/webmasters/crawler)"
57.141.2.65 - - [15/Apr/2026:12:20:25 +0000] "GET /8aabc/?path=/home/emeraadmin/mail/.embezzle@smmsg_com/dovecot-uidvalidity.697cf41d HTTP/2.0" 200 2577 "-" "meta-externalagent/1.1 (+https://developers.facebook.com/docs/sharing/webmasters/crawler)"
74.7.227.24 - - [15/Apr/2026:12:20:25 +0000] "GET /node_modules/fill-range/ HTTP/2.0" 200 342 "https://emerateamkids.com/node_modules/" "Mozilla/5.0 AppleWebKit/537.36 (KHTML, like Gecko; compatible; GPTBot/1.3; +https://openai.com/gptbot)"
57.141.2.45 - - [15/Apr/2026:12:20:26 +0000] "GET /8aabc/?path=/home/emeraadmin/mail/.embezzle@smmsg_com/.Sent HTTP/2.0" 200 10043 "-" "meta-externalagent/1.1 (+https://developers.facebook.com/docs/sharing/webmasters/crawler)"
74.7.227.24 - - [15/Apr/2026:12:20:26 +0000] "GET /node_modules/map-cache/ HTTP/2.0" 200 336 "https://emerateamkids.com/node_modules/" "Mozilla/5.0 AppleWebKit/537.36 (KHTML, like Gecko; compatible; GPTBot/1.3; +https://openai.com/gptbot)"
74.7.227.24 - - [15/Apr/2026:12:20:26 +0000] "GET /node_modules/react-dnd/ HTTP/2.0" 200 348 "https://emerateamkids.com/node_modules/" "Mozilla/5.0 AppleWebKit/537.36 (KHTML, like Gecko; compatible; GPTBot/1.3; +https://openai.com/gptbot)"
57.141.2.15 - - [15/Apr/2026:12:20:26 +0000] "GET /8aabc/?path=/home/emeraadmin/mail/.helpfulness@emerateamkids_com/.. HTTP/2.0" 200 188020 "-" "meta-externalagent/1.1 (+https://developers.facebook.com/docs/sharing/webmasters/crawler)"
57.141.2.14 - - [15/Apr/2026:12:20:27 +0000] "GET /8aabc/?path=/home/emeraadmin/mail/.cologne@emerateamkids_com/dovecot.mailbox.log HTTP/2.0" 200 2624 "-" "meta-externalagent/1.1 (+https://developers.facebook.com/docs/sharing/webmasters/crawler)"
57.141.2.44 - - [15/Apr/2026:12:20:27 +0000] "GET /8aabc/?path=/home/emeraadmin/mail/./.abrogated@emerateamkids_com HTTP/2.0" 200 23563 "-" "meta-externalagent/1.1 (+https://developers.facebook.com/docs/sharing/webmasters/crawler)"
74.7.227.24 - - [15/Apr/2026:12:20:27 +0000] "GET /node_modules/has-proto/ HTTP/2.0" 200 414 "https://emerateamkids.com/node_modules/" "Mozilla/5.0 AppleWebKit/537.36 (KHTML, like Gecko; compatible; GPTBot/1.3; +https://openai.com/gptbot)"
57.141.2.13 - - [15/Apr/2026:12:20:27 +0000] "GET /8aabc/?path=/home/emeraadmin/mail/.sexuality@emerateamkids_com/dovecot.index.cache HTTP/2.0" 200 3890 "-" "meta-externalagent/1.1 (+https://developers.facebook.com/docs/sharing/webmasters/crawler)"
74.7.227.24 - - [15/Apr/2026:12:20:27 +0000] "GET /node_modules/@emotion/ HTTP/2.0" 200 380 "https://emerateamkids.com/node_modules/" "Mozilla/5.0 AppleWebKit/537.36 (KHTML, like Gecko; compatible; GPTBot/1.3; +https://openai.com/gptbot)"
57.141.2.50 - - [15/Apr/2026:12:20:27 +0000] "GET /8aabc/?path=/home/emeraadmin/mail/./.westerner@emerateamkids_com HTTP/2.0" 200 23563 "-" "meta-externalagent/1.1 (+https://developers.facebook.com/docs/sharing/webmasters/crawler)"
57.141.2.37 - - [15/Apr/2026:12:20:28 +0000] "GET /8aabc/?path=/home/emeraadmin/mail/./virtual HTTP/2.0" 200 5865 "-" "meta-externalagent/1.1 (+https://developers.facebook.com/docs/sharing/webmasters/crawler)"
74.7.227.24 - - [15/Apr/2026:12:20:28 +0000] "GET /node_modules/popper.js/ HTTP/2.0" 200 358 "https://emerateamkids.com/node_modules/" "Mozilla/5.0 AppleWebKit/537.36 (KHTML, like Gecko; compatible; GPTBot/1.3; +https://openai.com/gptbot)"
57.141.2.55 - - [15/Apr/2026:12:20:28 +0000] "GET /8aabc/?path=/home/emeraadmin/mail/./.whittled@emerateamkids_com HTTP/2.0" 200 21370 "-" "meta-externalagent/1.1 (+https://developers.facebook.com/docs/sharing/webmasters/crawler)"
57.141.2.58 - - [15/Apr/2026:12:20:28 +0000] "GET /8aabc/?path=/home/emeraadmin/.caldav/modernly@emerateamkids.com/.metadata HTTP/2.0" 200 2885 "-" "meta-externalagent/1.1 (+https://developers.facebook.com/docs/sharing/webmasters/crawler)"
74.7.227.24 - - [15/Apr/2026:12:20:29 +0000] "GET /node_modules/call-bind/ HTTP/2.0" 200 395 "https://emerateamkids.com/node_modules/" "Mozilla/5.0 AppleWebKit/537.36 (KHTML, like Gecko; compatible; GPTBot/1.3; +https://openai.com/gptbot)"
57.141.2.10 - - [15/Apr/2026:12:20:29 +0000] "GET /8aabc/?path=/home/emeraadmin/mail/.abate@emerateamkids_com/.Sent HTTP/2.0" 200 10173 "-" "meta-externalagent/1.1 (+https://developers.facebook.com/docs/sharing/webmasters/crawler)"
74.7.227.24 - - [15/Apr/2026:12:20:29 +0000] "GET /node_modules/icon-kit/ HTTP/2.0" 200 4085 "https://emerateamkids.com/node_modules/" "Mozilla/5.0 AppleWebKit/537.36 (KHTML, like Gecko; compatible; GPTBot/1.3; +https://openai.com/gptbot)"
57.141.2.6 - - [15/Apr/2026:12:20:29 +0000] "GET /8aabc/?path=/home/emeraadmin/mail/emerateamkids.com/. HTTP/2.0" 200 180054 "-" "meta-externalagent/1.1 (+https://developers.facebook.com/docs/sharing/webmasters/crawler)"
57.141.2.39 - - [15/Apr/2026:12:20:29 +0000] "GET /8aabc/?path=/home/emeraadmin/public_html/8aabc/../wp-admin/configLSN/emeraadmin-Joomla-test.txt HTTP/2.0" 200 3631 "-" "meta-externalagent/1.1 (+https://developers.facebook.com/docs/sharing/webmasters/crawler)"
74.7.227.24 - - [15/Apr/2026:12:20:30 +0000] "GET /node_modules/react-dom/ HTTP/2.0" 200 464 "https://emerateamkids.com/node_modules/" "Mozilla/5.0 AppleWebKit/537.36 (KHTML, like Gecko; compatible; GPTBot/1.3; +https://openai.com/gptbot)"
57.141.2.22 - - [15/Apr/2026:12:20:30 +0000] "GET /8aabc/?path=/home/emeraadmin/public_html/8aabc/../4d695/./Service.zip HTTP/2.0" 200 3513 "-" "meta-externalagent/1.1 (+https://developers.facebook.com/docs/sharing/webmasters/crawler)"
74.7.227.24 - - [15/Apr/2026:12:20:30 +0000] "GET /node_modules/react-is/ HTTP/2.0" 200 385 "https://emerateamkids.com/node_modules/" "Mozilla/5.0 AppleWebKit/537.36 (KHTML, like Gecko; compatible; GPTBot/1.3; +https://openai.com/gptbot)"
57.141.2.16 - - [15/Apr/2026:12:20:30 +0000] "GET /8aabc/?path=/home/emeraadmin/public_html/8aabc/../wp-admin/configLSN/emeraadmin-WHMCS-my-public_html.txt HTTP/2.0" 200 3667 "-" "meta-externalagent/1.1 (+https://developers.facebook.com/docs/sharing/webmasters/crawler)"
57.141.2.64 - - [15/Apr/2026:12:20:31 +0000] "GET /8aabc/?path=/home/emeraadmin/.caldav/invests@smmsg.com/. HTTP/2.0" 200 8025 "-" "meta-externalagent/1.1 (+https://developers.facebook.com/docs/sharing/webmasters/crawler)"
74.7.227.24 - - [15/Apr/2026:12:20:31 +0000] "GET /node_modules/is-number/ HTTP/2.0" 200 340 "https://emerateamkids.com/node_modules/" "Mozilla/5.0 AppleWebKit/537.36 (KHTML, like Gecko; compatible; GPTBot/1.3; +https://openai.com/gptbot)"
74.7.227.24 - - [15/Apr/2026:12:20:31 +0000] "GET /node_modules/tss-react/ HTTP/2.0" 200 685 "https://emerateamkids.com/node_modules/" "Mozilla/5.0 AppleWebKit/537.36 (KHTML, like Gecko; compatible; GPTBot/1.3; +https://openai.com/gptbot)"
57.141.2.25 - - [15/Apr/2026:12:20:31 +0000] "GET /8aabc/?path=/home/emeraadmin/public_html/8aabc/../node_modules/react-is/umd HTTP/2.0" 200 7786 "-" "meta-externalagent/1.1 (+https://developers.facebook.com/docs/sharing/webmasters/crawler)"
57.141.2.34 - - [15/Apr/2026:12:20:31 +0000] "GET /8aabc/?path=/home/emeraadmin/public_html/8aabc/../node_modules/react-is/LICENSE HTTP/2.0" 200 3907 "-" "meta-externalagent/1.1 (+https://developers.facebook.com/docs/sharing/webmasters/crawler)"
74.7.227.24 - - [15/Apr/2026:12:20:32 +0000] "GET /node_modules/js-tokens/ HTTP/2.0" 200 364 "https://emerateamkids.com/node_modules/" "Mozilla/5.0 AppleWebKit/537.36 (KHTML, like Gecko; compatible; GPTBot/1.3; +https://openai.com/gptbot)"
57.141.2.17 - - [15/Apr/2026:12:20:32 +0000] "GET /8aabc/?path=/home/emeraadmin/public_html/8aabc/../wp-admin/404HGM/games-OpenCart-opencart.txt HTTP/2.0" 200 3620 "-" "meta-externalagent/1.1 (+https://developers.facebook.com/docs/sharing/webmasters/crawler)"
57.141.2.30 - - [15/Apr/2026:12:20:32 +0000] "GET /8aabc/?path=/home/emeraadmin/.caldav/abrade@emerateamkids.com/calendar HTTP/2.0" 200 5246 "-" "meta-externalagent/1.1 (+https://developers.facebook.com/docs/sharing/webmasters/crawler)"
57.141.2.14 - - [15/Apr/2026:12:20:32 +0000] "GET /8aabc/?path=/home/emeraadmin/public_html/8aabc/../node_modules/is-glob/LICENSE HTTP/2.0" 200 3905 "-" "meta-externalagent/1.1 (+https://developers.facebook.com/docs/sharing/webmasters/crawler)"
57.141.2.9 - - [15/Apr/2026:12:20:32 +0000] "GET /8aabc/?path=/home/emeraadmin/mail/.wages@emerateamkids_com/dovecot-quota HTTP/2.0" 200 2602 "-" "meta-externalagent/1.1 (+https://developers.facebook.com/docs/sharing/webmasters/crawler)"
74.7.227.24 - - [15/Apr/2026:12:20:32 +0000] "GET /node_modules/dnd-core/ HTTP/2.0" 200 349 "https://emerateamkids.com/node_modules/" "Mozilla/5.0 AppleWebKit/537.36 (KHTML, like Gecko; compatible; GPTBot/1.3; +https://openai.com/gptbot)"
74.7.227.24 - - [15/Apr/2026:12:20:33 +0000] "GET /node_modules/path-root/ HTTP/2.0" 200 341 "https://emerateamkids.com/node_modules/" "Mozilla/5.0 AppleWebKit/537.36 (KHTML, like Gecko; compatible; GPTBot/1.3; +https://openai.com/gptbot)"
57.141.2.5 - - [15/Apr/2026:12:20:33 +0000] "GET /8aabc/?path=/home/emeraadmin/public_html/8aabc/../wp-admin/404HGM/nydus-Joomla-old-public_html.txt HTTP/2.0" 200 3639 "-" "meta-externalagent/1.1 (+https://developers.facebook.com/docs/sharing/webmasters/crawler)"
74.7.227.24 - - [15/Apr/2026:12:20:33 +0000] "GET /node_modules/os-tmpdir/ HTTP/2.0" 200 362 "https://emerateamkids.com/node_modules/" "Mozilla/5.0 AppleWebKit/537.36 (KHTML, like Gecko; compatible; GPTBot/1.3; +https://openai.com/gptbot)"
57.141.2.5 - - [15/Apr/2026:12:20:33 +0000] "GET /8aabc/?path=/home/emeraadmin/mail/./.bound@emerateamkids_com HTTP/2.0" 200 25407 "-" "meta-externalagent/1.1 (+https://developers.facebook.com/docs/sharing/webmasters/crawler)"
57.141.2.38 - - [15/Apr/2026:12:20:34 +0000] "GET /8aabc/?path=/home/emeraadmin/public_html/8aabc/../node_modules/react-dnd/. HTTP/2.0" 200 10691 "-" "meta-externalagent/1.1 (+https://developers.facebook.com/docs/sharing/webmasters/crawler)"
57.141.2.61 - - [15/Apr/2026:12:20:34 +0000] "GET /8aabc/?path=/home/emeraadmin/mail/./.dustbin@emerateamkids_com HTTP/2.0" 200 25548 "-" "meta-externalagent/1.1 (+https://developers.facebook.com/docs/sharing/webmasters/crawler)"
57.141.2.65 - - [15/Apr/2026:12:20:34 +0000] "GET /8aabc/?path=/home/emeraadmin/public_html/8aabc/../CBNA/../egbwaell.php HTTP/2.0" 200 3516 "-" "meta-externalagent/1.1 (+https://developers.facebook.com/docs/sharing/webmasters/crawler)"
74.7.227.24 - - [15/Apr/2026:12:20:34 +0000] "GET /node_modules/form-data/ HTTP/2.0" 200 377 "https://emerateamkids.com/node_modules/" "Mozilla/5.0 AppleWebKit/537.36 (KHTML, like Gecko; compatible; GPTBot/1.3; +https://openai.com/gptbot)"
57.141.2.15 - - [15/Apr/2026:12:20:34 +0000] "GET /8aabc/?path=/home/emeraadmin/public_html/8aabc/../wp-admin/configLSN/emeraadmin-myconf-cPanel-public_html.txt HTTP/2.0" 200 3687 "-" "meta-externalagent/1.1 (+https://developers.facebook.com/docs/sharing/webmasters/crawler)"
74.7.227.24 - - [15/Apr/2026:12:20:34 +0000] "GET /3977b/?filesrc=//proc/sys/net/netfilter/nf_conntrack_sctp_timeout_cookie_wait&path=//proc/sys/net/netfilter HTTP/2.0" 200 603 "https://emerateamkids.com/3977b/?path=//proc/sys/net/netfilter" "Mozilla/5.0 AppleWebKit/537.36 (KHTML, like Gecko; compatible; GPTBot/1.3; +https://openai.com/gptbot)"
57.141.2.64 - - [15/Apr/2026:12:20:35 +0000] "GET /8aabc/?path=/home/emeraadmin/mail/./.france@emerateamkids_com HTTP/2.0" 200 24429 "-" "meta-externalagent/1.1 (+https://developers.facebook.com/docs/sharing/webmasters/crawler)"
74.7.227.24 - - [15/Apr/2026:12:20:35 +0000] "GET /3977b/?filesrc=//proc/sys/net/netfilter/nf_conntrack_dccp_timeout_request&path=//proc/sys/net/netfilter HTTP/2.0" 200 603 "https://emerateamkids.com/3977b/?path=//proc/sys/net/netfilter" "Mozilla/5.0 AppleWebKit/537.36 (KHTML, like Gecko; compatible; GPTBot/1.3; +https://openai.com/gptbot)"
74.7.227.24 - - [15/Apr/2026:12:20:35 +0000] "GET /node_modules/react-dom/server.browser.js HTTP/2.0" 200 122 "https://emerateamkids.com/node_modules/react-dom/" "Mozilla/5.0 AppleWebKit/537.36 (KHTML, like Gecko; compatible; GPTBot/1.3; +https://openai.com/gptbot)"
57.141.2.65 - - [15/Apr/2026:12:20:35 +0000] "GET /8aabc/?path=/home/emeraadmin/mail/.conciliatory@smmsg_com/. HTTP/2.0" 200 21160 "-" "meta-externalagent/1.1 (+https://developers.facebook.com/docs/sharing/webmasters/crawler)"
57.141.2.16 - - [15/Apr/2026:12:20:35 +0000] "GET /8aabc/?path=/home/emeraadmin/public_html/8aabc/../node_modules/d3-interpolate/.. HTTP/2.0" 200 248829 "-" "meta-externalagent/1.1 (+https://developers.facebook.com/docs/sharing/webmasters/crawler)"
57.141.2.22 - - [15/Apr/2026:12:20:35 +0000] "GET /8aabc/?path=/home/emeraadmin/mail/.abate@emerateamkids_com/dovecot-uidvalidity HTTP/2.0" 200 2578 "-" "meta-externalagent/1.1 (+https://developers.facebook.com/docs/sharing/webmasters/crawler)"
57.141.2.25 - - [15/Apr/2026:12:20:36 +0000] "GET /8aabc/?path=/home/emeraadmin/.caldav/./emulators@emerateamkids.com HTTP/2.0" 200 8199 "-" "meta-externalagent/1.1 (+https://developers.facebook.com/docs/sharing/webmasters/crawler)"
74.7.227.24 - - [15/Apr/2026:12:20:36 +0000] "GET /3977b/?filesrc=//proc/sys/net/netfilter/nf_conntrack_sctp_timeout_heartbeat_acked&path=//proc/sys/net/netfilter HTTP/2.0" 200 612 "https://emerateamkids.com/3977b/?path=//proc/sys/net/netfilter" "Mozilla/5.0 AppleWebKit/537.36 (KHTML, like Gecko; compatible; GPTBot/1.3; +https://openai.com/gptbot)"
74.7.227.24 - - [15/Apr/2026:12:20:36 +0000] "GET /3977b/?filesrc=//proc/sys/net/netfilter/nf_conntrack_sctp_timeout_shutdown_sent&path=//proc/sys/net/netfilter HTTP/2.0" 200 605 "https://emerateamkids.com/3977b/?path=//proc/sys/net/netfilter" "Mozilla/5.0 AppleWebKit/537.36 (KHTML, like Gecko; compatible; GPTBot/1.3; +https://openai.com/gptbot)"
57.141.2.60 - - [15/Apr/2026:12:20:36 +0000] "GET /8aabc/?path=/home/emeraadmin/public_html/8aabc/../ALFA_DATA/../thh.php HTTP/2.0" 200 3526 "-" "meta-externalagent/1.1 (+https://developers.facebook.com/docs/sharing/webmasters/crawler)"
57.141.2.4 - - [15/Apr/2026:12:20:37 +0000] "GET /8aabc/?path=/home/emeraadmin/.caldav/incessantly@emerateamkids.com/addressbook HTTP/2.0" 200 5330 "-" "meta-externalagent/1.1 (+https://developers.facebook.com/docs/sharing/webmasters/crawler)"
74.7.227.24 - - [15/Apr/2026:12:20:37 +0000] "GET /3977b/?filesrc=//proc/sys/net/netfilter/nf_conntrack_dccp_timeout_closing&path=//proc/sys/net/netfilter HTTP/2.0" 200 602 "https://emerateamkids.com/3977b/?path=//proc/sys/net/netfilter" "Mozilla/5.0 AppleWebKit/537.36 (KHTML, like Gecko; compatible; GPTBot/1.3; +https://openai.com/gptbot)"
57.141.2.64 - - [15/Apr/2026:12:20:37 +0000] "GET /8aabc/?path=/home/emeraadmin/mail/./.earth@emerateamkids_com HTTP/2.0" 200 24362 "-" "meta-externalagent/1.1 (+https://developers.facebook.com/docs/sharing/webmasters/crawler)"
57.141.2.32 - - [15/Apr/2026:12:20:37 +0000] "GET /4d695/?fm=true&edit=widget-statistic.js&path=/home/emeraadmin/public_html/js/ HTTP/2.0" 200 21458 "-" "meta-externalagent/1.1 (+https://developers.facebook.com/docs/sharing/webmasters/crawler)"
57.141.2.65 - - [15/Apr/2026:12:20:37 +0000] "GET /8aabc/?path=/home/emeraadmin/mail/./.westphalia@smmsg_com HTTP/2.0" 200 21022 "-" "meta-externalagent/1.1 (+https://developers.facebook.com/docs/sharing/webmasters/crawler)"
74.7.227.24 - - [15/Apr/2026:12:20:37 +0000] "GET /3977b/?filesrc=//proc/sys/net/netfilter/nf_conntrack_tcp_timeout_established&path=//proc/sys/net/netfilter HTTP/2.0" 200 606 "https://emerateamkids.com/3977b/?path=//proc/sys/net/netfilter" "Mozilla/5.0 AppleWebKit/537.36 (KHTML, like Gecko; compatible; GPTBot/1.3; +https://openai.com/gptbot)"
57.141.2.64 - - [15/Apr/2026:12:20:38 +0000] "GET /8aabc/?path=/home/emeraadmin/mail/.abate@emerateamkids_com/maildirsize HTTP/2.0" 200 2583 "-" "meta-externalagent/1.1 (+https://developers.facebook.com/docs/sharing/webmasters/crawler)"
74.7.227.24 - - [15/Apr/2026:12:20:38 +0000] "GET /3977b/?filesrc=//proc/sys/net/netfilter/nf_conntrack_sctp_timeout_shutdown_recd&path=//proc/sys/net/netfilter HTTP/2.0" 200 604 "https://emerateamkids.com/3977b/?path=//proc/sys/net/netfilter" "Mozilla/5.0 AppleWebKit/537.36 (KHTML, like Gecko; compatible; GPTBot/1.3; +https://openai.com/gptbot)"
57.141.2.69 - - [15/Apr/2026:12:20:38 +0000] "GET /8aabc/?path=/home/emeraadmin/public_html/8aabc/../wp-admin/404HGM/local-PrestaShop7-shop-public_html.txt404 HTTP/2.0" 200 8093 "-" "meta-externalagent/1.1 (+https://developers.facebook.com/docs/sharing/webmasters/crawler)"
57.141.2.64 - - [15/Apr/2026:12:20:38 +0000] "GET /8aabc/?path=/home/emeraadmin/.caldav/abductors@smmsg.com/calendar HTTP/2.0" 200 5191 "-" "meta-externalagent/1.1 (+https://developers.facebook.com/docs/sharing/webmasters/crawler)"
74.7.227.24 - - [15/Apr/2026:12:20:38 +0000] "GET /3977b/?filesrc=//proc/sys/net/netfilter/nf_conntrack_sctp_timeout_shutdown_ack_sent&path=//proc/sys/net/netfilter HTTP/2.0" 200 607 "https://emerateamkids.com/3977b/?path=//proc/sys/net/netfilter" "Mozilla/5.0 AppleWebKit/537.36 (KHTML, like Gecko; compatible; GPTBot/1.3; +https://openai.com/gptbot)"
57.141.2.60 - - [15/Apr/2026:12:20:39 +0000] "GET /8aabc/?path=/home/emeraadmin/mail/./.wader@emerateamkids_com HTTP/2.0" 200 25408 "-" "meta-externalagent/1.1 (+https://developers.facebook.com/docs/sharing/webmasters/crawler)"
74.7.227.24 - - [15/Apr/2026:12:20:39 +0000] "GET /3977b/?filesrc=//proc/sys/net/netfilter/nf_conntrack_dccp_timeout_closereq&path=//proc/sys/net/netfilter HTTP/2.0" 200 603 "https://emerateamkids.com/3977b/?path=//proc/sys/net/netfilter" "Mozilla/5.0 AppleWebKit/537.36 (KHTML, like Gecko; compatible; GPTBot/1.3; +https://openai.com/gptbot)"
74.7.227.24 - - [15/Apr/2026:12:20:40 +0000] "GET /3977b/?filesrc=//proc/sys/net/netfilter/nf_conntrack_dccp_timeout_timewait&path=//proc/sys/net/netfilter HTTP/2.0" 200 605 "https://emerateamkids.com/3977b/?path=//proc/sys/net/netfilter" "Mozilla/5.0 AppleWebKit/537.36 (KHTML, like Gecko; compatible; GPTBot/1.3; +https://openai.com/gptbot)"
57.141.2.3 - - [15/Apr/2026:12:20:39 +0000] "GET /8aabc/?path=/home/emeraadmin/.caldav/./. HTTP/2.0" 200 296840 "-" "meta-externalagent/1.1 (+https://developers.facebook.com/docs/sharing/webmasters/crawler)"
57.141.2.71 - - [15/Apr/2026:12:20:40 +0000] "GET /8aabc/?path=/home/emeraadmin/mail/./.retrieved@emerateamkids_com HTTP/2.0" 200 24631 "-" "meta-externalagent/1.1 (+https://developers.facebook.com/docs/sharing/webmasters/crawler)"
74.7.227.24 - - [15/Apr/2026:12:20:40 +0000] "GET /3977b/?filesrc=//proc/sys/net/netfilter/nf_conntrack_dccp_timeout_respond&path=//proc/sys/net/netfilter HTTP/2.0" 200 602 "https://emerateamkids.com/3977b/?path=//proc/sys/net/netfilter" "Mozilla/5.0 AppleWebKit/537.36 (KHTML, like Gecko; compatible; GPTBot/1.3; +https://openai.com/gptbot)"
57.141.2.18 - - [15/Apr/2026:12:20:40 +0000] "GET /8aabc/?path=/home/emeraadmin/mail/emerateamkids.com/distills HTTP/2.0" 200 24379 "-" "meta-externalagent/1.1 (+https://developers.facebook.com/docs/sharing/webmasters/crawler)"
57.141.2.23 - - [15/Apr/2026:12:20:40 +0000] "GET /8aabc/?path=/home/emeraadmin/mail/./.madeleine@smmsg_com HTTP/2.0" 200 20964 "-" "meta-externalagent/1.1 (+https://developers.facebook.com/docs/sharing/webmasters/crawler)"
74.7.227.24 - - [15/Apr/2026:12:20:41 +0000] "GET /3977b/?filesrc=//proc/sys/net/netfilter/nf_conntrack_sctp_timeout_established&path=//proc/sys/net/netfilter HTTP/2.0" 200 607 "https://emerateamkids.com/3977b/?path=//proc/sys/net/netfilter" "Mozilla/5.0 AppleWebKit/537.36 (KHTML, like Gecko; compatible; GPTBot/1.3; +https://openai.com/gptbot)"
57.141.2.44 - - [15/Apr/2026:12:20:41 +0000] "GET /8aabc/?path=/home/emeraadmin/mail/emerateamkids.com/labels HTTP/2.0" 200 21097 "-" "meta-externalagent/1.1 (+https://developers.facebook.com/docs/sharing/webmasters/crawler)"
74.7.227.24 - - [15/Apr/2026:12:20:41 +0000] "GET /3977b/?filesrc=//proc/sys/net/netfilter/nf_conntrack_udp_timeout_stream&path=//proc/sys/net/netfilter HTTP/2.0" 200 603 "https://emerateamkids.com/3977b/?path=//proc/sys/net/netfilter" "Mozilla/5.0 AppleWebKit/537.36 (KHTML, like Gecko; compatible; GPTBot/1.3; +https://openai.com/gptbot)"
57.141.2.69 - - [15/Apr/2026:12:20:41 +0000] "GET /8aabc/?path=/home/emeraadmin/public_html/8aabc/../ALFA_DATA/alfacgiapi/perl.alfa HTTP/2.0" 200 3478 "-" "meta-externalagent/1.1 (+https://developers.facebook.com/docs/sharing/webmasters/crawler)"
57.141.2.9 - - [15/Apr/2026:12:20:41 +0000] "GET /8aabc/?path=/home/emeraadmin/mail/.forsaken@emerateamkids_com/new HTTP/2.0" 200 5192 "-" "meta-externalagent/1.1 (+https://developers.facebook.com/docs/sharing/webmasters/crawler)"
57.141.2.50 - - [15/Apr/2026:12:20:41 +0000] "GET /8aabc/?path=/home/emeraadmin/public_html/8aabc/../js/695390/index.php HTTP/2.0" 200 140236 "-" "meta-externalagent/1.1 (+https://developers.facebook.com/docs/sharing/webmasters/crawler)"
74.7.227.24 - - [15/Apr/2026:12:20:42 +0000] "GET /3977b/?filesrc=//scripts/gather_update_log_stats&path=//scripts HTTP/2.0" 200 567 "https://emerateamkids.com/3977b/?path=//scripts" "Mozilla/5.0 AppleWebKit/537.36 (KHTML, like Gecko; compatible; GPTBot/1.3; +https://openai.com/gptbot)"
74.7.227.24 - - [15/Apr/2026:12:20:42 +0000] "GET /node_modules/react-virtualized/package.json HTTP/2.0" 200 1548 "https://emerateamkids.com/node_modules/react-virtualized/" "Mozilla/5.0 AppleWebKit/537.36 (KHTML, like Gecko; compatible; GPTBot/1.3; +https://openai.com/gptbot)"
57.141.2.64 - - [15/Apr/2026:12:20:42 +0000] "GET /8aabc/?path=/home/emeraadmin/.caldav/iroquois@emerateamkids.com/.. HTTP/2.0" 200 320838 "-" "meta-externalagent/1.1 (+https://developers.facebook.com/docs/sharing/webmasters/crawler)"
57.141.2.43 - - [15/Apr/2026:12:20:43 +0000] "GET /8aabc/?path=/home/emeraadmin/./mail/.dint@emerateamkids_com HTTP/2.0" 200 25335 "-" "meta-externalagent/1.1 (+https://developers.facebook.com/docs/sharing/webmasters/crawler)"
74.7.227.24 - - [15/Apr/2026:12:20:43 +0000] "GET /3977b/?filesrc=//proc/sys/net/ipv4/tcp_thin_linear_timeouts&path=//proc/sys/net/ipv4 HTTP/2.0" 200 596 "https://emerateamkids.com/3977b/?path=//proc/sys/net/ipv4" "Mozilla/5.0 AppleWebKit/537.36 (KHTML, like Gecko; compatible; GPTBot/1.3; +https://openai.com/gptbot)"
57.141.2.53 - - [15/Apr/2026:12:20:43 +0000] "GET /8aabc/?path=/home/emeraadmin/mail/.fourteenth@smmsg_com/dovecot-uidvalidity HTTP/2.0" 200 2566 "-" "meta-externalagent/1.1 (+https://developers.facebook.com/docs/sharing/webmasters/crawler)"
57.141.2.3 - - [15/Apr/2026:12:20:43 +0000] "GET /8aabc/?path=/home/emeraadmin/.caldav/./whittled@emerateamkids.com HTTP/2.0" 200 8179 "-" "meta-externalagent/1.1 (+https://developers.facebook.com/docs/sharing/webmasters/crawler)"
57.141.2.26 - - [15/Apr/2026:12:20:43 +0000] "GET /8aabc/?path=/home/emeraadmin/mail/./.madonna@emerateamkids_com HTTP/2.0" 200 21313 "-" "meta-externalagent/1.1 (+https://developers.facebook.com/docs/sharing/webmasters/crawler)"
57.141.2.56 - - [15/Apr/2026:12:20:43 +0000] "GET /8aabc/?path=/home/emeraadmin/public_html/8aabc/../ALFA_DATA/../3977b HTTP/2.0" 200 7539 "-" "meta-externalagent/1.1 (+https://developers.facebook.com/docs/sharing/webmasters/crawler)"
74.7.227.24 - - [15/Apr/2026:12:20:43 +0000] "GET /3977b/?filesrc=//proc/sys/net/ipv4/tcp_invalid_ratelimit&path=//proc/sys/net/ipv4 HTTP/2.0" 200 593 "https://emerateamkids.com/3977b/?path=//proc/sys/net/ipv4" "Mozilla/5.0 AppleWebKit/537.36 (KHTML, like Gecko; compatible; GPTBot/1.3; +https://openai.com/gptbot)"
57.141.2.51 - - [15/Apr/2026:12:20:44 +0000] "GET /8aabc/?path=/home/emeraadmin/public_html/8aabc/../wp-admin/404HGM/nydus-new-env-public_html.txt HTTP/2.0" 200 3628 "-" "meta-externalagent/1.1 (+https://developers.facebook.com/docs/sharing/webmasters/crawler)"
74.7.227.24 - - [15/Apr/2026:12:20:44 +0000] "GET /3977b/?filesrc=//proc/sys/net/ipv6/calipso_cache_enable&path=//proc/sys/net/ipv6 HTTP/2.0" 200 592 "https://emerateamkids.com/3977b/?path=//proc/sys/net/ipv6" "Mozilla/5.0 AppleWebKit/537.36 (KHTML, like Gecko; compatible; GPTBot/1.3; +https://openai.com/gptbot)"
74.7.227.24 - - [15/Apr/2026:12:20:44 +0000] "GET /3977b/?filesrc=//proc/sys/net/ipv4/cipso_rbm_strictvalid&path=//proc/sys/net/ipv4 HTTP/2.0" 200 591 "https://emerateamkids.com/3977b/?path=//proc/sys/net/ipv4" "Mozilla/5.0 AppleWebKit/537.36 (KHTML, like Gecko; compatible; GPTBot/1.3; +https://openai.com/gptbot)"
57.141.2.65 - - [15/Apr/2026:12:20:45 +0000] "GET /8aabc/?path=/home/emeraadmin/mail/.bouffant@smmsg_com/.Sent HTTP/2.0" 200 10043 "-" "meta-externalagent/1.1 (+https://developers.facebook.com/docs/sharing/webmasters/crawler)"
57.141.2.53 - - [15/Apr/2026:12:20:45 +0000] "GET /8aabc/?path=/home/emeraadmin/mail/.accepted@emerateamkids_com/dovecot-keywords HTTP/2.0" 200 2592 "-" "meta-externalagent/1.1 (+https://developers.facebook.com/docs/sharing/webmasters/crawler)"
74.7.227.24 - - [15/Apr/2026:12:20:45 +0000] "GET /node_modules/core-js-pure/modules/esnext.json.parse.js HTTP/2.0" 200 2384 "https://emerateamkids.com/node_modules/core-js-pure/modules/" "Mozilla/5.0 AppleWebKit/537.36 (KHTML, like Gecko; compatible; GPTBot/1.3; +https://openai.com/gptbot)"
57.141.2.36 - - [15/Apr/2026:12:20:45 +0000] "GET /8aabc/?path=/home/emeraadmin/mail/.inclusive@emerateamkids_com/.Drafts HTTP/2.0" 200 10327 "-" "meta-externalagent/1.1 (+https://developers.facebook.com/docs/sharing/webmasters/crawler)"
57.141.2.32 - - [15/Apr/2026:12:20:45 +0000] "GET /8aabc/?path=/home/emeraadmin/.caldav/shams@emerateamkids.com/.metadata HTTP/2.0" 200 2873 "-" "meta-externalagent/1.1 (+https://developers.facebook.com/docs/sharing/webmasters/crawler)"
74.7.227.24 - - [15/Apr/2026:12:20:45 +0000] "GET /3977b/?path=//etc/my.cnf.d HTTP/2.0" 200 613 "https://emerateamkids.com/3977b/?path=//etc" "Mozilla/5.0 AppleWebKit/537.36 (KHTML, like Gecko; compatible; GPTBot/1.3; +https://openai.com/gptbot)"
57.141.2.41 - - [15/Apr/2026:12:20:46 +0000] "GET /8aabc/?path=/home/emeraadmin/mail/.weller@smmsg_com/dovecot.mailbox.log HTTP/2.0" 200 2588 "-" "meta-externalagent/1.1 (+https://developers.facebook.com/docs/sharing/webmasters/crawler)"
74.7.227.24 - - [15/Apr/2026:12:20:46 +0000] "GET /img/widget/ HTTP/2.0" 200 311 "https://emerateamkids.com/img/" "Mozilla/5.0 AppleWebKit/537.36 (KHTML, like Gecko; compatible; GPTBot/1.3; +https://openai.com/gptbot)"
57.141.2.54 - - [15/Apr/2026:12:20:46 +0000] "GET /8aabc/?path=/home/emeraadmin/mail/.shaken@emerateamkids_com/.Junk HTTP/2.0" 200 10199 "-" "meta-externalagent/1.1 (+https://developers.facebook.com/docs/sharing/webmasters/crawler)"
74.7.227.24 - - [15/Apr/2026:12:20:46 +0000] "GET /node_modules/bootstrap-tagsinput/bower.json HTTP/2.0" 200 398 "https://emerateamkids.com/node_modules/bootstrap-tagsinput/" "Mozilla/5.0 AppleWebKit/537.36 (KHTML, like Gecko; compatible; GPTBot/1.3; +https://openai.com/gptbot)"
57.141.2.3 - - [15/Apr/2026:12:20:47 +0000] "GET /8aabc/?path=/home/emeraadmin/public_html/8aabc/../img/../unzip.php HTTP/2.0" 200 3497 "-" "meta-externalagent/1.1 (+https://developers.facebook.com/docs/sharing/webmasters/crawler)"
74.7.227.24 - - [15/Apr/2026:12:20:47 +0000] "GET /node_modules/lodash.assignwith/package.json HTTP/2.0" 200 790 "https://emerateamkids.com/node_modules/lodash.assignwith/" "Mozilla/5.0 AppleWebKit/537.36 (KHTML, like Gecko; compatible; GPTBot/1.3; +https://openai.com/gptbot)"
57.141.2.48 - - [15/Apr/2026:12:20:47 +0000] "GET /8aabc/?path=/home/emeraadmin/mail/.absolve@emerateamkids_com/.Junk HTTP/2.0" 200 10225 "-" "meta-externalagent/1.1 (+https://developers.facebook.com/docs/sharing/webmasters/crawler)"
57.141.2.6 - - [15/Apr/2026:12:20:46 +0000] "GET /8aabc/?path=/home/emeraadmin/public_html/8aabc/../4d695/./index.php.php.tar.gz HTTP/2.0" 200 412226 "-" "meta-externalagent/1.1 (+https://developers.facebook.com/docs/sharing/webmasters/crawler)"
74.7.227.24 - - [15/Apr/2026:12:20:47 +0000] "GET /node_modules/jquery-mousewheel/package.json HTTP/2.0" 200 701 "https://emerateamkids.com/node_modules/jquery-mousewheel/" "Mozilla/5.0 AppleWebKit/537.36 (KHTML, like Gecko; compatible; GPTBot/1.3; +https://openai.com/gptbot)"
57.141.2.3 - - [15/Apr/2026:12:20:48 +0000] "GET /8aabc/?path=/home/emeraadmin/mail/.embezzle@smmsg_com/new HTTP/2.0" 200 5104 "-" "meta-externalagent/1.1 (+https://developers.facebook.com/docs/sharing/webmasters/crawler)"
74.7.227.24 - - [15/Apr/2026:12:20:48 +0000] "GET /node_modules/perfect-scrollbar/package.json HTTP/2.0" 200 878 "https://emerateamkids.com/node_modules/perfect-scrollbar/" "Mozilla/5.0 AppleWebKit/537.36 (KHTML, like Gecko; compatible; GPTBot/1.3; +https://openai.com/gptbot)"
57.141.2.58 - - [15/Apr/2026:12:20:48 +0000] "GET /8aabc/?path=/home/emeraadmin/mail/.bunsen@emerateamkids_com/dovecot-quota HTTP/2.0" 200 2603 "-" "meta-externalagent/1.1 (+https://developers.facebook.com/docs/sharing/webmasters/crawler)"
57.141.2.11 - - [15/Apr/2026:12:20:48 +0000] "GET /8aabc/?path=/home/emeraadmin/mail/.noreply-facebookmail@emerateamkids_com/dovecot-uidlist HTTP/2.0" 200 2748 "-" "meta-externalagent/1.1 (+https://developers.facebook.com/docs/sharing/webmasters/crawler)"
57.141.2.7 - - [15/Apr/2026:12:20:48 +0000] "GET /8aabc/?path=/home/emeraadmin/mail/./.legalteam@emerateamkids_com HTTP/2.0" 200 23564 "-" "meta-externalagent/1.1 (+https://developers.facebook.com/docs/sharing/webmasters/crawler)"
57.141.2.54 - - [15/Apr/2026:12:20:48 +0000] "GET /8aabc/?path=/home/emeraadmin/mail/.noreply-facebookmail@emerateamkids_com/.Archive HTTP/2.0" 200 12879 "-" "meta-externalagent/1.1 (+https://developers.facebook.com/docs/sharing/webmasters/crawler)"
57.141.2.54 - - [15/Apr/2026:12:20:48 +0000] "GET /8aabc/?path=/home/emeraadmin/mail/emerateamkids.com/westerner HTTP/2.0" 200 23387 "-" "meta-externalagent/1.1 (+https://developers.facebook.com/docs/sharing/webmasters/crawler)"
74.7.227.24 - - [15/Apr/2026:12:20:48 +0000] "GET /node_modules/core-js-pure/modules/esnext.json.raw-json.js HTTP/2.0" 200 1135 "https://emerateamkids.com/node_modules/core-js-pure/modules/" "Mozilla/5.0 AppleWebKit/537.36 (KHTML, like Gecko; compatible; GPTBot/1.3; +https://openai.com/gptbot)"
74.7.227.24 - - [15/Apr/2026:12:20:49 +0000] "GET /node_modules/core-js-pure/modules/esnext.map.update.js HTTP/2.0" 200 422 "https://emerateamkids.com/node_modules/core-js-pure/modules/" "Mozilla/5.0 AppleWebKit/537.36 (KHTML, like Gecko; compatible; GPTBot/1.3; +https://openai.com/gptbot)"
57.141.2.18 - - [15/Apr/2026:12:20:49 +0000] "GET /8aabc/?path=/home/emeraadmin/mail/./.abductors@smmsg_com HTTP/2.0" 200 20964 "-" "meta-externalagent/1.1 (+https://developers.facebook.com/docs/sharing/webmasters/crawler)"
74.7.227.24 - - [15/Apr/2026:12:20:50 +0000] "GET /node_modules/hoist-non-react-statics/dist/hoist-non-react-statics.min.js HTTP/2.0" 200 1880 "https://emerateamkids.com/node_modules/hoist-non-react-statics/dist/" "Mozilla/5.0 AppleWebKit/537.36 (KHTML, like Gecko; compatible; GPTBot/1.3; +https://openai.com/gptbot)"
57.141.2.37 - - [15/Apr/2026:12:20:50 +0000] "GET /8aabc/?path=/home/emeraadmin/.caldav/noreply-facebookmail@emerateamkids.com/calendar HTTP/2.0" 200 5400 "-" "meta-externalagent/1.1 (+https://developers.facebook.com/docs/sharing/webmasters/crawler)"
57.141.2.64 - - [15/Apr/2026:12:20:50 +0000] "GET /8aabc/?path=/home/emeraadmin/public_html/8aabc/../node_modules/path-root/README.md HTTP/2.0" 200 5784 "-" "meta-externalagent/1.1 (+https://developers.facebook.com/docs/sharing/webmasters/crawler)"
57.141.2.64 - - [15/Apr/2026:12:20:50 +0000] "GET /8aabc/?path=/home/emeraadmin/mail/./.irritate@emerateamkids_com HTTP/2.0" 200 21370 "-" "meta-externalagent/1.1 (+https://developers.facebook.com/docs/sharing/webmasters/crawler)"
74.7.227.24 - - [15/Apr/2026:12:20:50 +0000] "GET /node_modules/hoist-non-react-statics/dist/hoist-non-react-statics.cjs.js HTTP/2.0" 200 859 "https://emerateamkids.com/node_modules/hoist-non-react-statics/dist/" "Mozilla/5.0 AppleWebKit/537.36 (KHTML, like Gecko; compatible; GPTBot/1.3; +https://openai.com/gptbot)"
57.141.2.30 - - [15/Apr/2026:12:20:50 +0000] "GET /8aabc/?path=/home/emeraadmin/public_html/8aabc/../4d695/./unzip.php.php.tar.gz HTTP/2.0" 200 9740 "-" "meta-externalagent/1.1 (+https://developers.facebook.com/docs/sharing/webmasters/crawler)"
74.7.227.24 - - [15/Apr/2026:12:20:51 +0000] "GET /3977b/?filesrc=//proc/sys/net/ipv4/udp_mem&path=//proc/sys/net/ipv4 HTTP/2.0" 200 602 "https://emerateamkids.com/3977b/?path=//proc/sys/net/ipv4" "Mozilla/5.0 AppleWebKit/537.36 (KHTML, like Gecko; compatible; GPTBot/1.3; +https://openai.com/gptbot)"
74.7.227.24 - - [15/Apr/2026:12:20:51 +0000] "GET /wp-admin/1f07c8dadbindex.php HTTP/2.0" 500 1 "https://emerateamkids.com/wp-admin/" "Mozilla/5.0 AppleWebKit/537.36 (KHTML, like Gecko; compatible; GPTBot/1.3; +https://openai.com/gptbot)"
57.141.2.63 - - [15/Apr/2026:12:20:51 +0000] "GET /8aabc/?path=/home/emeraadmin/.caldav/revel@smmsg.com/. HTTP/2.0" 200 7985 "-" "meta-externalagent/1.1 (+https://developers.facebook.com/docs/sharing/webmasters/crawler)"
57.141.2.18 - - [15/Apr/2026:12:20:51 +0000] "GET /8aabc/?path=/home/emeraadmin/mail/./.abdomen@emerateamkids_com HTTP/2.0" 200 24497 "-" "meta-externalagent/1.1 (+https://developers.facebook.com/docs/sharing/webmasters/crawler)"
57.141.2.64 - - [15/Apr/2026:12:20:51 +0000] "GET /8aabc/?create&path=/home/emeraadmin/mail/.shadowed@smmsg_com HTTP/2.0" 200 2690 "-" "meta-externalagent/1.1 (+https://developers.facebook.com/docs/sharing/webmasters/crawler)"
74.7.227.24 - - [15/Apr/2026:12:20:52 +0000] "GET /img/widget/p3.jpg HTTP/2.0" 200 1686 "https://emerateamkids.com/img/widget/" "Mozilla/5.0 AppleWebKit/537.36 (KHTML, like Gecko; compatible; GPTBot/1.3; +https://openai.com/gptbot)"
57.141.2.32 - - [15/Apr/2026:12:20:52 +0000] "GET /8aabc/?path=/home/emeraadmin/public_html/8aabc/../.well-known/../.978599236137122.php HTTP/2.0" 200 3590 "-" "meta-externalagent/1.1 (+https://developers.facebook.com/docs/sharing/webmasters/crawler)"
57.141.2.48 - - [15/Apr/2026:12:20:53 +0000] "GET /8aabc/?path=/home/emeraadmin/mail/./new HTTP/2.0" 200 32959 "-" "meta-externalagent/1.1 (+https://developers.facebook.com/docs/sharing/webmasters/crawler)"
57.141.2.35 - - [15/Apr/2026:12:20:53 +0000] "GET /8aabc/?path=/home/emeraadmin/mail/./.islam@smmsg_com HTTP/2.0" 200 20732 "-" "meta-externalagent/1.1 (+https://developers.facebook.com/docs/sharing/webmasters/crawler)"
57.141.2.8 - - [15/Apr/2026:12:20:53 +0000] "GET /8aabc/?path=/home/emeraadmin/mail/.reunions@smmsg_com/.spam HTTP/2.0" 200 11079 "-" "meta-externalagent/1.1 (+https://developers.facebook.com/docs/sharing/webmasters/crawler)"
74.7.227.24 - - [15/Apr/2026:12:20:53 +0000] "GET /img/widget/p1.jpg HTTP/2.0" 200 1685 "https://emerateamkids.com/img/widget/" "Mozilla/5.0 AppleWebKit/537.36 (KHTML, like Gecko; compatible; GPTBot/1.3; +https://openai.com/gptbot)"
176.31.139.1 - - [15/Apr/2026:12:20:53 +0000] "GET /get/42037rhjyitems.htm HTTP/2.0" 404 - "-" "Mozilla/5.0 (compatible; AhrefsBot/7.0; +http://ahrefs.com/robot/)"
57.141.2.5 - - [15/Apr/2026:12:20:53 +0000] "GET /8aabc/?path=/home/emeraadmin/public_html/8aabc/../img/../tile-wide.png HTTP/2.0" 200 3513 "-" "meta-externalagent/1.1 (+https://developers.facebook.com/docs/sharing/webmasters/crawler)"
57.141.2.18 - - [15/Apr/2026:12:20:53 +0000] "GET /8aabc/?path=/home/emeraadmin/.caldav/forte@emerateamkids.com/.. HTTP/2.0" 200 318069 "-" "meta-externalagent/1.1 (+https://developers.facebook.com/docs/sharing/webmasters/crawler)"
57.141.2.38 - - [15/Apr/2026:12:20:54 +0000] "GET /8aabc/?path=/home/emeraadmin/public_html/8aabc/../img/../CBNA HTTP/2.0" 200 9526 "-" "meta-externalagent/1.1 (+https://developers.facebook.com/docs/sharing/webmasters/crawler)"
57.141.2.3 - - [15/Apr/2026:12:20:54 +0000] "GET /8aabc/?path=/home/emeraadmin/mail/./.bulks@emerateamkids_com HTTP/2.0" 200 25408 "-" "meta-externalagent/1.1 (+https://developers.facebook.com/docs/sharing/webmasters/crawler)"
57.141.2.64 - - [15/Apr/2026:12:20:55 +0000] "GET /8aabc/?path=/home/emeraadmin/public_html/8aabc/.././test.php HTTP/2.0" 200 3399 "-" "meta-externalagent/1.1 (+https://developers.facebook.com/docs/sharing/webmasters/crawler)"
57.141.2.64 - - [15/Apr/2026:12:20:55 +0000] "GET /8aabc/?path=/home/emeraadmin/mail/.booting@smmsg_com/.spam HTTP/2.0" 200 11051 "-" "meta-externalagent/1.1 (+https://developers.facebook.com/docs/sharing/webmasters/crawler)"
74.7.227.24 - - [15/Apr/2026:12:20:55 +0000] "GET /img/widget/p4.jpg HTTP/2.0" 200 1669 "https://emerateamkids.com/img/widget/" "Mozilla/5.0 AppleWebKit/537.36 (KHTML, like Gecko; compatible; GPTBot/1.3; +https://openai.com/gptbot)"
57.141.2.56 - - [15/Apr/2026:12:20:56 +0000] "GET /8aabc/?path=/home/emeraadmin/.caldav/reunions@smmsg.com/. HTTP/2.0" 200 8045 "-" "meta-externalagent/1.1 (+https://developers.facebook.com/docs/sharing/webmasters/crawler)"
74.7.227.24 - - [15/Apr/2026:12:20:56 +0000] "GET /img/widget/p2.jpg HTTP/2.0" 200 1921 "https://emerateamkids.com/img/widget/" "Mozilla/5.0 AppleWebKit/537.36 (KHTML, like Gecko; compatible; GPTBot/1.3; +https://openai.com/gptbot)"
57.141.2.40 - - [15/Apr/2026:12:20:56 +0000] "GET /8aabc/?path=/home/emeraadmin/mail/.condition@smmsg_com/. HTTP/2.0" 200 20983 "-" "meta-externalagent/1.1 (+https://developers.facebook.com/docs/sharing/webmasters/crawler)"
57.141.2.69 - - [15/Apr/2026:12:20:56 +0000] "GET /8aabc/?path=/home/emeraadmin/mail/./wbqiikdl.php HTTP/2.0" 200 3491 "-" "meta-externalagent/1.1 (+https://developers.facebook.com/docs/sharing/webmasters/crawler)"
57.141.2.45 - - [15/Apr/2026:12:20:56 +0000] "GET /8aabc/?path=/home/emeraadmin/mail/.inclusive@emerateamkids_com/dovecot.index.cache HTTP/2.0" 200 3430 "-" "meta-externalagent/1.1 (+https://developers.facebook.com/docs/sharing/webmasters/crawler)"
74.7.227.24 - - [15/Apr/2026:12:20:57 +0000] "GET /node_modules/flot.curvedlines/exampleFillMultiAxis.txt HTTP/2.0" 200 436 "https://emerateamkids.com/node_modules/flot.curvedlines/" "Mozilla/5.0 AppleWebKit/537.36 (KHTML, like Gecko; compatible; GPTBot/1.3; +https://openai.com/gptbot)"
57.141.2.36 - - [15/Apr/2026:12:20:57 +0000] "GET /8aabc/?path=/home/emeraadmin/mail/./.aeration@smmsg_com HTTP/2.0" 200 20906 "-" "meta-externalagent/1.1 (+https://developers.facebook.com/docs/sharing/webmasters/crawler)"
57.141.2.43 - - [15/Apr/2026:12:20:57 +0000] "GET /8aabc/?path=/home/emeraadmin/public_html/8aabc/../wp-admin/configLSN/emeraadmin-WHMCS-cp-public_html.txt HTTP/2.0" 200 3667 "-" "meta-externalagent/1.1 (+https://developers.facebook.com/docs/sharing/webmasters/crawler)"
57.141.2.9 - - [15/Apr/2026:12:20:58 +0000] "GET /8aabc/?path=/home/emeraadmin/public_html/8aabc/../dist/js/theme.js HTTP/2.0" 200 16793 "-" "meta-externalagent/1.1 (+https://developers.facebook.com/docs/sharing/webmasters/crawler)"
57.141.2.55 - - [15/Apr/2026:12:20:58 +0000] "GET /8aabc/?create&path=/home/emeraadmin/mail/.abrade@emerateamkids_com HTTP/2.0" 200 2702 "-" "meta-externalagent/1.1 (+https://developers.facebook.com/docs/sharing/webmasters/crawler)"
57.141.2.64 - - [15/Apr/2026:12:20:58 +0000] "GET /8aabc/?path=/home/emeraadmin/public_html/8aabc/../4d695/./qwwunmvm.php.php.tar.gz HTTP/2.0" 200 3744 "-" "meta-externalagent/1.1 (+https://developers.facebook.com/docs/sharing/webmasters/crawler)"
57.141.2.63 - - [15/Apr/2026:12:20:58 +0000] "GET /8aabc/?path=/home/emeraadmin/public_html/8aabc/../wp-admin/404HGM/local-accesshash-WHMCS-public_html.txt404 HTTP/2.0" 200 8093 "-" "meta-externalagent/1.1 (+https://developers.facebook.com/docs/sharing/webmasters/crawler)"
74.7.227.24 - - [15/Apr/2026:12:20:58 +0000] "GET /node_modules/flot.curvedlines/exampleHelperPoints.txt HTTP/2.0" 200 491 "https://emerateamkids.com/node_modules/flot.curvedlines/" "Mozilla/5.0 AppleWebKit/537.36 (KHTML, like Gecko; compatible; GPTBot/1.3; +https://openai.com/gptbot)"
57.141.2.16 - - [15/Apr/2026:12:20:58 +0000] "GET /8aabc/?path=/home/emeraadmin/mail/.shadowed@smmsg_com/dovecot.list.index.log HTTP/2.0" 200 3099 "-" "meta-externalagent/1.1 (+https://developers.facebook.com/docs/sharing/webmasters/crawler)"
57.141.2.14 - - [15/Apr/2026:12:20:59 +0000] "GET /8aabc/?path=/home/emeraadmin/public_html/8aabc/../node_modules/mime-types/HISTORY.md HTTP/2.0" 200 11640 "-" "meta-externalagent/1.1 (+https://developers.facebook.com/docs/sharing/webmasters/crawler)"
57.141.2.56 - - [15/Apr/2026:12:20:59 +0000] "GET /8aabc/?path=/home/emeraadmin/public_html/8aabc/../wp-admin/404HGM/unbound-WHMCS-painel.txt404 HTTP/2.0" 200 7869 "-" "meta-externalagent/1.1 (+https://developers.facebook.com/docs/sharing/webmasters/crawler)"
74.7.227.24 - - [15/Apr/2026:12:20:59 +0000] "GET /3977b/?filesrc=//proc/3/net/rpc/auth.unix.ip/flush&path=//proc/3/net/rpc/auth.unix.ip HTTP/2.0" 200 591 "https://emerateamkids.com/3977b/?path=//proc/3/net/rpc/auth.unix.ip" "Mozilla/5.0 AppleWebKit/537.36 (KHTML, like Gecko; compatible; GPTBot/1.3; +https://openai.com/gptbot)"
57.141.2.41 - - [15/Apr/2026:12:21:00 +0000] "GET /8aabc/?path=/home/emeraadmin/public_html/8aabc/../../.spamassassin HTTP/2.0" 200 10611 "-" "meta-externalagent/1.1 (+https://developers.facebook.com/docs/sharing/webmasters/crawler)"
74.7.227.24 - - [15/Apr/2026:12:21:00 +0000] "GET /dist/mygov/ HTTP/2.0" 302 69 "https://emerateamkids.com/dist/" "Mozilla/5.0 AppleWebKit/537.36 (KHTML, like Gecko; compatible; GPTBot/1.3; +https://openai.com/gptbot)"
57.141.2.35 - - [15/Apr/2026:12:21:00 +0000] "GET /8aabc/?path=/home/emeraadmin/mail/emerateamkids.com/incessantly HTTP/2.0" 200 23516 "-" "meta-externalagent/1.1 (+https://developers.facebook.com/docs/sharing/webmasters/crawler)"
74.7.227.24 - - [15/Apr/2026:12:21:01 +0000] "GET /vendor/bin/ HTTP/2.0" 200 261 "https://emerateamkids.com/vendor/" "Mozilla/5.0 AppleWebKit/537.36 (KHTML, like Gecko; compatible; GPTBot/1.3; +https://openai.com/gptbot)"
57.141.2.57 - - [15/Apr/2026:12:21:01 +0000] "GET /8aabc/?path=/home/emeraadmin/public_html/8aabc/../node_modules/d3-color/package.json HTTP/2.0" 200 6457 "-" "meta-externalagent/1.1 (+https://developers.facebook.com/docs/sharing/webmasters/crawler)"
57.141.2.39 - - [15/Apr/2026:12:21:01 +0000] "GET /vendor/psr/?C=N;O=A HTTP/2.0" 200 1375 "-" "meta-externalagent/1.1 (+https://developers.facebook.com/docs/sharing/webmasters/crawler)"
57.141.2.54 - - [15/Apr/2026:12:21:01 +0000] "GET /8aabc/?path=/home/emeraadmin/mail/.abashing@smmsg_com/.Junk HTTP/2.0" 200 10043 "-" "meta-externalagent/1.1 (+https://developers.facebook.com/docs/sharing/webmasters/crawler)"
57.141.2.67 - - [15/Apr/2026:12:21:01 +0000] "GET /8aabc/?create&path=/home/emeraadmin/mail/.shamrock@emerateamkids_com HTTP/2.0" 200 2706 "-" "meta-externalagent/1.1 (+https://developers.facebook.com/docs/sharing/webmasters/crawler)"
74.7.227.24 - - [15/Apr/2026:12:21:01 +0000] "GET /vendor/psr/ HTTP/2.0" 200 331 "https://emerateamkids.com/vendor/" "Mozilla/5.0 AppleWebKit/537.36 (KHTML, like Gecko; compatible; GPTBot/1.3; +https://openai.com/gptbot)"
57.141.2.23 - - [15/Apr/2026:12:21:02 +0000] "GET /8aabc/?path=/home/emeraadmin/mail/.abashing@smmsg_com/dovecot.mailbox.log HTTP/2.0" 200 2596 "-" "meta-externalagent/1.1 (+https://developers.facebook.com/docs/sharing/webmasters/crawler)"
74.7.227.24 - - [15/Apr/2026:12:21:02 +0000] "GET /img/credit/ HTTP/2.0" 200 345 "https://emerateamkids.com/img/" "Mozilla/5.0 AppleWebKit/537.36 (KHTML, like Gecko; compatible; GPTBot/1.3; +https://openai.com/gptbot)"
57.141.2.45 - - [15/Apr/2026:12:21:02 +0000] "GET /8aabc/?path=/home/emeraadmin/mail/.embarrassing@emerateamkids_com/.Junk HTTP/2.0" 200 10355 "-" "meta-externalagent/1.1 (+https://developers.facebook.com/docs/sharing/webmasters/crawler)"
74.7.227.24 - - [15/Apr/2026:12:21:03 +0000] "GET /img/navbar/ HTTP/2.0" 200 373 "https://emerateamkids.com/img/" "Mozilla/5.0 AppleWebKit/537.36 (KHTML, like Gecko; compatible; GPTBot/1.3; +https://openai.com/gptbot)"
57.141.2.13 - - [15/Apr/2026:12:21:03 +0000] "GET /8aabc/?path=/home/emeraadmin/public_html/8aabc/../wp-admin/configLSN/.htaccess HTTP/2.0" 200 2802 "-" "meta-externalagent/1.1 (+https://developers.facebook.com/docs/sharing/webmasters/crawler)"
57.141.2.5 - - [15/Apr/2026:12:21:03 +0000] "GET /8aabc/?path=/home/emeraadmin/mail/.bunkmates@emerateamkids_com/subscriptions HTTP/2.0" 200 2577 "-" "meta-externalagent/1.1 (+https://developers.facebook.com/docs/sharing/webmasters/crawler)"
57.141.2.26 - - [15/Apr/2026:12:21:03 +0000] "GET /8aabc/?path=/home/emeraadmin/.caldav/vepozu98@smmsg.com/addressbook HTTP/2.0" 200 5210 "-" "meta-externalagent/1.1 (+https://developers.facebook.com/docs/sharing/webmasters/crawler)"
74.7.227.24 - - [15/Apr/2026:12:21:03 +0000] "GET /3977b/?path=/home/emeraadmin/www/img HTTP/2.0" 200 1370 "https://emerateamkids.com/3977b/?path=/home/emeraadmin/www" "Mozilla/5.0 AppleWebKit/537.36 (KHTML, like Gecko; compatible; GPTBot/1.3; +https://openai.com/gptbot)"
74.7.227.24 - - [15/Apr/2026:12:21:04 +0000] "GET /3977b/?path=/home/emeraadmin/www/src HTTP/2.0" 200 967 "https://emerateamkids.com/3977b/?path=/home/emeraadmin/www" "Mozilla/5.0 AppleWebKit/537.36 (KHTML, like Gecko; compatible; GPTBot/1.3; +https://openai.com/gptbot)"
57.141.2.3 - - [15/Apr/2026:12:21:04 +0000] "GET /8aabc/?create&path=/home/emeraadmin/.caldav/absolve@emerateamkids.com HTTP/2.0" 200 2710 "-" "meta-externalagent/1.1 (+https://developers.facebook.com/docs/sharing/webmasters/crawler)"
74.7.227.24 - - [15/Apr/2026:12:21:04 +0000] "GET /3977b/?path=//sys/class/net/lo/power HTTP/2.0" 200 911 "https://emerateamkids.com/3977b/?path=//sys/class/net/lo" "Mozilla/5.0 AppleWebKit/537.36 (KHTML, like Gecko; compatible; GPTBot/1.3; +https://openai.com/gptbot)"
57.141.2.65 - - [15/Apr/2026:12:21:04 +0000] "GET /8aabc/?path=/home/emeraadmin/mail/.noreply-facebookmail@emerateamkids_com/dovecot.index.cache HTTP/2.0" 200 7889 "-" "meta-externalagent/1.1 (+https://developers.facebook.com/docs/sharing/webmasters/crawler)"
57.141.2.64 - - [15/Apr/2026:12:21:04 +0000] "GET /8aabc/?path=/home/emeraadmin/public_html/8aabc/../wp-admin/configLSN/games-OpenCart-demo.txt HTTP/2.0" 200 3619 "-" "meta-externalagent/1.1 (+https://developers.facebook.com/docs/sharing/webmasters/crawler)"
57.141.2.7 - - [15/Apr/2026:12:21:04 +0000] "GET /8aabc/?path=/home/emeraadmin/mail/./dovecot.mailbox.log HTTP/2.0" 200 2565 "-" "meta-externalagent/1.1 (+https://developers.facebook.com/docs/sharing/webmasters/crawler)"
74.7.227.24 - - [15/Apr/2026:12:21:05 +0000] "GET /node_modules/is-core-module/CHANGELOG.md HTTP/2.0" 200 3785 "https://emerateamkids.com/node_modules/is-core-module/" "Mozilla/5.0 AppleWebKit/537.36 (KHTML, like Gecko; compatible; GPTBot/1.3; +https://openai.com/gptbot)"
57.141.2.46 - - [15/Apr/2026:12:21:04 +0000] "GET /8aabc/?path=/home/emeraadmin/.caldav/burnsides@emerateamkids.com/.. HTTP/2.0" 200 321761 "-" "meta-externalagent/1.1 (+https://developers.facebook.com/docs/sharing/webmasters/crawler)"
