57.141.2.64 - - [15/Apr/2026:12:24:02 +0000] "GET /8aabc/?path=/home/emeraadmin/mail/.borders@smmsg_com/.Sent HTTP/2.0" 200 10017 "-" "meta-externalagent/1.1 (+https://developers.facebook.com/docs/sharing/webmasters/crawler)"
74.7.227.24 - - [15/Apr/2026:12:24:02 +0000] "GET /3977b/?path=//usr/lib/.build-id/a2 HTTP/2.0" 200 1453 "https://emerateamkids.com/3977b/?path=//usr/lib/.build-id" "Mozilla/5.0 AppleWebKit/537.36 (KHTML, like Gecko; compatible; GPTBot/1.3; +https://openai.com/gptbot)"
57.141.2.29 - - [15/Apr/2026:12:24:03 +0000] "GET /8aabc/?path=/home/emeraadmin/public_html/8aabc/../node_modules/./picomatch HTTP/2.0" 200 11842 "-" "meta-externalagent/1.1 (+https://developers.facebook.com/docs/sharing/webmasters/crawler)"
74.7.227.24 - - [15/Apr/2026:12:24:03 +0000] "GET /3977b/?path=//usr/lib/.build-id/a7 HTTP/2.0" 200 1153 "https://emerateamkids.com/3977b/?path=//usr/lib/.build-id" "Mozilla/5.0 AppleWebKit/537.36 (KHTML, like Gecko; compatible; GPTBot/1.3; +https://openai.com/gptbot)"
74.7.227.24 - - [15/Apr/2026:12:24:03 +0000] "GET /3977b/?path=//usr/lib/.build-id/1b HTTP/2.0" 200 1498 "https://emerateamkids.com/3977b/?path=//usr/lib/.build-id" "Mozilla/5.0 AppleWebKit/537.36 (KHTML, like Gecko; compatible; GPTBot/1.3; +https://openai.com/gptbot)"
57.141.2.5 - - [15/Apr/2026:12:24:04 +0000] "GET /8aabc/?path=/home/emeraadmin/public_html/8aabc/../wp-admin/404HGM/adminuser-WHMCS-painel.txt404 HTTP/2.0" 200 7900 "-" "meta-externalagent/1.1 (+https://developers.facebook.com/docs/sharing/webmasters/crawler)"
57.141.2.2 - - [15/Apr/2026:12:24:04 +0000] "GET /8aabc/?path=/home/emeraadmin/public_html/8aabc/../Service/../ALFA_DATA HTTP/2.0" 200 10730 "-" "meta-externalagent/1.1 (+https://developers.facebook.com/docs/sharing/webmasters/crawler)"
57.141.2.25 - - [15/Apr/2026:12:24:04 +0000] "GET /8aabc/?path=/home/emeraadmin/public_html/8aabc/../node_modules/./jsonwebtoken HTTP/2.0" 200 14064 "-" "meta-externalagent/1.1 (+https://developers.facebook.com/docs/sharing/webmasters/crawler)"
57.141.2.47 - - [15/Apr/2026:12:24:04 +0000] "GET /8aabc/?path=/home/emeraadmin/mail/.boeotian@emerateamkids_com/dovecot.mailbox.log HTTP/2.0" 200 2628 "-" "meta-externalagent/1.1 (+https://developers.facebook.com/docs/sharing/webmasters/crawler)"
74.7.227.24 - - [15/Apr/2026:12:24:04 +0000] "GET /3977b/?filesrc=//usr/lib/.build-id/fd/06898bc36490f0e0ea176b0bdd99f4b403155b&path=//usr/lib/.build-id/fd HTTP/2.0" 200 54322 "https://emerateamkids.com/3977b/?path=//usr/lib/.build-id/fd" "Mozilla/5.0 AppleWebKit/537.36 (KHTML, like Gecko; compatible; GPTBot/1.3; +https://openai.com/gptbot)"
57.141.2.32 - - [15/Apr/2026:12:24:04 +0000] "GET /8aabc/?path=/home/emeraadmin/mail/.vepozu98@smmsg_com/. HTTP/2.0" 200 20924 "-" "meta-externalagent/1.1 (+https://developers.facebook.com/docs/sharing/webmasters/crawler)"
74.7.227.24 - - [15/Apr/2026:12:24:05 +0000] "GET /3977b/?path=//usr/lib/.build-id/a3 HTTP/2.0" 200 1117 "https://emerateamkids.com/3977b/?path=//usr/lib/.build-id" "Mozilla/5.0 AppleWebKit/537.36 (KHTML, like Gecko; compatible; GPTBot/1.3; +https://openai.com/gptbot)"
74.7.227.24 - - [15/Apr/2026:12:24:05 +0000] "GET /3977b/?filesrc=//usr/lib/.build-id/dd/7c3074365202761fc979decc79ecb87ed84915&path=//usr/lib/.build-id/dd HTTP/2.0" 200 87857 "https://emerateamkids.com/3977b/?path=//usr/lib/.build-id/dd" "Mozilla/5.0 AppleWebKit/537.36 (KHTML, like Gecko; compatible; GPTBot/1.3; +https://openai.com/gptbot)"
57.141.2.48 - - [15/Apr/2026:12:24:05 +0000] "GET /8aabc/?path=/home/emeraadmin/mail/.bombard@smmsg_com/dovecot-uidvalidity.6997af6c HTTP/2.0" 200 2573 "-" "meta-externalagent/1.1 (+https://developers.facebook.com/docs/sharing/webmasters/crawler)"
57.141.2.64 - - [15/Apr/2026:12:24:05 +0000] "GET /8aabc/?path=/home/emeraadmin/.caldav/zurich@emerateamkids.com/.. HTTP/2.0" 200 318992 "-" "meta-externalagent/1.1 (+https://developers.facebook.com/docs/sharing/webmasters/crawler)"
57.141.2.16 - - [15/Apr/2026:12:24:05 +0000] "GET /8aabc/?path=/home/emeraadmin/public_html/8aabc/../node_modules/lodash.isequal/package.json HTTP/2.0" 200 5566 "-" "meta-externalagent/1.1 (+https://developers.facebook.com/docs/sharing/webmasters/crawler)"
57.141.2.14 - - [15/Apr/2026:12:24:06 +0000] "GET /8aabc/?path=/home/emeraadmin/mail/.wader@emerateamkids_com/.Sent HTTP/2.0" 200 10173 "-" "meta-externalagent/1.1 (+https://developers.facebook.com/docs/sharing/webmasters/crawler)"
74.7.227.24 - - [15/Apr/2026:12:24:06 +0000] "GET /3977b/?path=//usr/lib/.build-id/c8 HTTP/2.0" 200 1455 "https://emerateamkids.com/3977b/?path=//usr/lib/.build-id" "Mozilla/5.0 AppleWebKit/537.36 (KHTML, like Gecko; compatible; GPTBot/1.3; +https://openai.com/gptbot)"
57.141.2.15 - - [15/Apr/2026:12:24:06 +0000] "GET /8aabc/?path=/home/emeraadmin/mail/.during@emerateamkids_com/.Drafts HTTP/2.0" 200 10249 "-" "meta-externalagent/1.1 (+https://developers.facebook.com/docs/sharing/webmasters/crawler)"
74.7.227.24 - - [15/Apr/2026:12:24:06 +0000] "GET /3977b/?path=//usr/lib/.build-id/6a HTTP/2.0" 200 1332 "https://emerateamkids.com/3977b/?path=//usr/lib/.build-id" "Mozilla/5.0 AppleWebKit/537.36 (KHTML, like Gecko; compatible; GPTBot/1.3; +https://openai.com/gptbot)"
57.141.2.18 - - [15/Apr/2026:12:24:07 +0000] "GET /8aabc/?path=/home/emeraadmin/mail/.boeotian@emerateamkids_com/.Sent HTTP/2.0" 200 10251 "-" "meta-externalagent/1.1 (+https://developers.facebook.com/docs/sharing/webmasters/crawler)"
57.141.2.65 - - [15/Apr/2026:12:24:07 +0000] "GET /dist/css/?C=M;O=D HTTP/2.0" 200 1370 "-" "meta-externalagent/1.1 (+https://developers.facebook.com/docs/sharing/webmasters/crawler)"
74.7.227.24 - - [15/Apr/2026:12:24:07 +0000] "GET /3977b/?path=//usr/lib/.build-id/c3 HTTP/2.0" 200 1291 "https://emerateamkids.com/3977b/?path=//usr/lib/.build-id" "Mozilla/5.0 AppleWebKit/537.36 (KHTML, like Gecko; compatible; GPTBot/1.3; +https://openai.com/gptbot)"
57.141.2.38 - - [15/Apr/2026:12:24:07 +0000] "GET /8aabc/?path=/home/emeraadmin/mail/.test@emerateamkids_com/.Junk HTTP/2.0" 200 10147 "-" "meta-externalagent/1.1 (+https://developers.facebook.com/docs/sharing/webmasters/crawler)"
57.141.2.44 - - [15/Apr/2026:12:24:07 +0000] "GET /8aabc/?path=/home/emeraadmin/public_html/8aabc/../node_modules/./datatables.net HTTP/2.0" 200 9817 "-" "meta-externalagent/1.1 (+https://developers.facebook.com/docs/sharing/webmasters/crawler)"
74.7.227.24 - - [15/Apr/2026:12:24:07 +0000] "GET /3977b/?filesrc=//usr/lib/.build-id/a6/38007315cac4f44cc7ae709b6f34727261bb57&path=//usr/lib/.build-id/a6 HTTP/2.0" 200 5385 "https://emerateamkids.com/3977b/?path=//usr/lib/.build-id/a6" "Mozilla/5.0 AppleWebKit/537.36 (KHTML, like Gecko; compatible; GPTBot/1.3; +https://openai.com/gptbot)"
57.141.2.16 - - [15/Apr/2026:12:24:08 +0000] "GET /8aabc/?create&path=/home/emeraadmin/mail/.madeleine@smmsg_com HTTP/2.0" 200 2692 "-" "meta-externalagent/1.1 (+https://developers.facebook.com/docs/sharing/webmasters/crawler)"
74.7.227.24 - - [15/Apr/2026:12:24:08 +0000] "GET /3977b/?path=//usr/lib/.build-id/f3 HTTP/2.0" 200 1601 "https://emerateamkids.com/3977b/?path=//usr/lib/.build-id" "Mozilla/5.0 AppleWebKit/537.36 (KHTML, like Gecko; compatible; GPTBot/1.3; +https://openai.com/gptbot)"
57.141.2.44 - - [15/Apr/2026:12:24:08 +0000] "GET /8aabc/?path=/home/emeraadmin/public_html/8aabc/../node_modules/popper.js/package.json HTTP/2.0" 200 6511 "-" "meta-externalagent/1.1 (+https://developers.facebook.com/docs/sharing/webmasters/crawler)"
74.7.227.24 - - [15/Apr/2026:12:24:08 +0000] "GET /3977b/?path=//usr/lib/.build-id/8e HTTP/2.0" 200 1288 "https://emerateamkids.com/3977b/?path=//usr/lib/.build-id" "Mozilla/5.0 AppleWebKit/537.36 (KHTML, like Gecko; compatible; GPTBot/1.3; +https://openai.com/gptbot)"
57.141.2.8 - - [15/Apr/2026:12:24:09 +0000] "GET /8aabc/?path=/home/emeraadmin/logs/../logs HTTP/2.0" 200 20468 "-" "meta-externalagent/1.1 (+https://developers.facebook.com/docs/sharing/webmasters/crawler)"
57.141.2.4 - - [15/Apr/2026:12:24:08 +0000] "GET /8aabc/?path=/home/emeraadmin/public_html/8aabc/../4d695/./wp-includes.tar.gz HTTP/2.0" 200 143553 "-" "meta-externalagent/1.1 (+https://developers.facebook.com/docs/sharing/webmasters/crawler)"
57.141.2.64 - - [15/Apr/2026:12:24:09 +0000] "GET /8aabc/?create&path=/home/emeraadmin/public_html/8aabc/../node_modules/jws HTTP/2.0" 200 2931 "-" "meta-externalagent/1.1 (+https://developers.facebook.com/docs/sharing/webmasters/crawler)"
74.7.227.24 - - [15/Apr/2026:12:24:09 +0000] "GET /3977b/?path=//usr/lib/.build-id/b0 HTTP/2.0" 200 1657 "https://emerateamkids.com/3977b/?path=//usr/lib/.build-id" "Mozilla/5.0 AppleWebKit/537.36 (KHTML, like Gecko; compatible; GPTBot/1.3; +https://openai.com/gptbot)"
74.7.227.24 - - [15/Apr/2026:12:24:09 +0000] "GET /3977b/?path=//usr/lib/.build-id/0d HTTP/2.0" 200 1488 "https://emerateamkids.com/3977b/?path=//usr/lib/.build-id" "Mozilla/5.0 AppleWebKit/537.36 (KHTML, like Gecko; compatible; GPTBot/1.3; +https://openai.com/gptbot)"
57.141.2.69 - - [15/Apr/2026:12:24:10 +0000] "GET /8aabc/?path=/home/emeraadmin/./mail/.islands@emerateamkids_com HTTP/2.0" 200 23434 "-" "meta-externalagent/1.1 (+https://developers.facebook.com/docs/sharing/webmasters/crawler)"
74.7.227.24 - - [15/Apr/2026:12:24:10 +0000] "GET /3977b/?path=//usr/lib/.build-id/3e HTTP/2.0" 200 1017 "https://emerateamkids.com/3977b/?path=//usr/lib/.build-id" "Mozilla/5.0 AppleWebKit/537.36 (KHTML, like Gecko; compatible; GPTBot/1.3; +https://openai.com/gptbot)"
57.141.2.26 - - [15/Apr/2026:12:24:10 +0000] "GET /8aabc/?path=/home/emeraadmin/./mail/cur HTTP/2.0" 200 18416 "-" "meta-externalagent/1.1 (+https://developers.facebook.com/docs/sharing/webmasters/crawler)"
57.141.2.28 - - [15/Apr/2026:12:24:10 +0000] "GET /8aabc/?path=/home/emeraadmin/mail/.dingo@smmsg_com/dovecot.list.index.log HTTP/2.0" 200 3065 "-" "meta-externalagent/1.1 (+https://developers.facebook.com/docs/sharing/webmasters/crawler)"
57.141.2.59 - - [15/Apr/2026:12:24:10 +0000] "GET /8aabc/?path=/home/emeraadmin/mail/.boeotian@emerateamkids_com/dovecot.index HTTP/2.0" 200 2934 "-" "meta-externalagent/1.1 (+https://developers.facebook.com/docs/sharing/webmasters/crawler)"
57.141.2.37 - - [15/Apr/2026:12:24:10 +0000] "GET /8aabc/?create&path=/home/emeraadmin/.caldav/sequentially@emerateamkids.com HTTP/2.0" 200 2721 "-" "meta-externalagent/1.1 (+https://developers.facebook.com/docs/sharing/webmasters/crawler)"
74.7.227.24 - - [15/Apr/2026:12:24:10 +0000] "GET /3977b/?filesrc=//usr/lib/.build-id/a3/76a5a8c627d77c2272ec9ae0f9381b8d7f75db&path=//usr/lib/.build-id/a3 HTTP/2.0" 200 108146 "https://emerateamkids.com/3977b/?path=//usr/lib/.build-id/a3" "Mozilla/5.0 AppleWebKit/537.36 (KHTML, like Gecko; compatible; GPTBot/1.3; +https://openai.com/gptbot)"
57.141.2.65 - - [15/Apr/2026:12:24:11 +0000] "GET /8aabc/?path=/home/emeraadmin/.caldav/moistness@emerateamkids.com/calendar HTTP/2.0" 200 5279 "-" "meta-externalagent/1.1 (+https://developers.facebook.com/docs/sharing/webmasters/crawler)"
74.7.227.24 - - [15/Apr/2026:12:24:12 +0000] "GET /3977b/?path=//usr/lib/.build-id/f2 HTTP/2.0" 200 1339 "https://emerateamkids.com/3977b/?path=//usr/lib/.build-id" "Mozilla/5.0 AppleWebKit/537.36 (KHTML, like Gecko; compatible; GPTBot/1.3; +https://openai.com/gptbot)"
57.141.2.70 - - [15/Apr/2026:12:24:12 +0000] "GET /8aabc/?path=/home/emeraadmin/public_html/8aabc/../node_modules/jquery/external HTTP/2.0" 200 6553 "-" "meta-externalagent/1.1 (+https://developers.facebook.com/docs/sharing/webmasters/crawler)"
5.39.1.235 - - [15/Apr/2026:12:24:12 +0000] "GET /getidm35/156470rhjyitems HTTP/2.0" 404 - "-" "Mozilla/5.0 (compatible; AhrefsBot/7.0; +http://ahrefs.com/robot/)"
74.7.227.24 - - [15/Apr/2026:12:24:12 +0000] "GET /3977b/?path=//usr/lib/.build-id/6d HTTP/2.0" 200 1329 "https://emerateamkids.com/3977b/?path=//usr/lib/.build-id" "Mozilla/5.0 AppleWebKit/537.36 (KHTML, like Gecko; compatible; GPTBot/1.3; +https://openai.com/gptbot)"
57.141.2.37 - - [15/Apr/2026:12:24:12 +0000] "GET /8aabc/?create&path=/home/emeraadmin/public_html/8aabc/../node_modules/react HTTP/2.0" 200 2935 "-" "meta-externalagent/1.1 (+https://developers.facebook.com/docs/sharing/webmasters/crawler)"
57.141.2.5 - - [15/Apr/2026:12:24:12 +0000] "GET /8aabc/?path=/home/emeraadmin/mail/../mail HTTP/2.0" 200 320908 "-" "meta-externalagent/1.1 (+https://developers.facebook.com/docs/sharing/webmasters/crawler)"
57.141.2.2 - - [15/Apr/2026:12:24:12 +0000] "GET /8aabc/?path=/home/emeraadmin/mail/.bodice@emerateamkids_com/.Sent HTTP/2.0" 200 10198 "-" "meta-externalagent/1.1 (+https://developers.facebook.com/docs/sharing/webmasters/crawler)"
74.7.227.24 - - [15/Apr/2026:12:24:13 +0000] "GET /3977b/?path=//usr/lib/.build-id/a9 HTTP/2.0" 200 1256 "https://emerateamkids.com/3977b/?path=//usr/lib/.build-id" "Mozilla/5.0 AppleWebKit/537.36 (KHTML, like Gecko; compatible; GPTBot/1.3; +https://openai.com/gptbot)"
57.141.2.27 - - [15/Apr/2026:12:24:13 +0000] "GET /8aabc/?path=/home/emeraadmin/public_html/8aabc/../wp-admin/configLSN/nydus-demo-env-public_html.txt HTTP/2.0" 200 3647 "-" "meta-externalagent/1.1 (+https://developers.facebook.com/docs/sharing/webmasters/crawler)"
74.7.227.24 - - [15/Apr/2026:12:24:13 +0000] "GET /3977b/?path=//usr/lib/.build-id/e3 HTTP/2.0" 200 1112 "https://emerateamkids.com/3977b/?path=//usr/lib/.build-id" "Mozilla/5.0 AppleWebKit/537.36 (KHTML, like Gecko; compatible; GPTBot/1.3; +https://openai.com/gptbot)"
57.141.2.31 - - [15/Apr/2026:12:24:13 +0000] "GET /8aabc/?path=/home/emeraadmin/mail/.boo@emerateamkids_com/dovecot-uidvalidity HTTP/2.0" 200 2570 "-" "meta-externalagent/1.1 (+https://developers.facebook.com/docs/sharing/webmasters/crawler)"
57.141.2.5 - - [15/Apr/2026:12:24:13 +0000] "GET /8aabc/?path=/home/emeraadmin/mail/.abundance@smmsg_com/subscriptions HTTP/2.0" 200 2545 "-" "meta-externalagent/1.1 (+https://developers.facebook.com/docs/sharing/webmasters/crawler)"
57.141.2.37 - - [15/Apr/2026:12:24:13 +0000] "GET /8aabc/?path=/home/emeraadmin/mail/./.labels@emerateamkids_com HTTP/2.0" 200 21255 "-" "meta-externalagent/1.1 (+https://developers.facebook.com/docs/sharing/webmasters/crawler)"
74.7.227.24 - - [15/Apr/2026:12:24:14 +0000] "GET /3977b/?path=//usr/lib/.build-id/b3 HTTP/2.0" 200 1206 "https://emerateamkids.com/3977b/?path=//usr/lib/.build-id" "Mozilla/5.0 AppleWebKit/537.36 (KHTML, like Gecko; compatible; GPTBot/1.3; +https://openai.com/gptbot)"
57.141.2.45 - - [15/Apr/2026:12:24:14 +0000] "GET /8aabc/?path=/home/emeraadmin/public_html/8aabc/../wp-admin/configLSN/local-Drupal-site.txt HTTP/2.0" 200 3611 "-" "meta-externalagent/1.1 (+https://developers.facebook.com/docs/sharing/webmasters/crawler)"
74.7.227.24 - - [15/Apr/2026:12:24:14 +0000] "GET /3977b/?path=//usr/lib/.build-id/c1 HTTP/2.0" 200 1204 "https://emerateamkids.com/3977b/?path=//usr/lib/.build-id" "Mozilla/5.0 AppleWebKit/537.36 (KHTML, like Gecko; compatible; GPTBot/1.3; +https://openai.com/gptbot)"
57.141.2.31 - - [15/Apr/2026:12:24:15 +0000] "GET /8aabc/?path=/home/emeraadmin/public_html/8aabc/../wp-admin/404HGM/nydus-WordPress-portal-public_html.txt404 HTTP/2.0" 200 8093 "-" "meta-externalagent/1.1 (+https://developers.facebook.com/docs/sharing/webmasters/crawler)"
74.7.227.24 - - [15/Apr/2026:12:24:15 +0000] "GET /3977b/?path=//usr/lib/.build-id/0f HTTP/2.0" 200 1262 "https://emerateamkids.com/3977b/?path=//usr/lib/.build-id" "Mozilla/5.0 AppleWebKit/537.36 (KHTML, like Gecko; compatible; GPTBot/1.3; +https://openai.com/gptbot)"
57.141.2.45 - - [15/Apr/2026:12:24:15 +0000] "GET /8aabc/?path=/home/emeraadmin/public_html/8aabc/../wp-admin/configLSN/games-WHMCS-support.txt HTTP/2.0" 200 3619 "-" "meta-externalagent/1.1 (+https://developers.facebook.com/docs/sharing/webmasters/crawler)"
57.141.2.1 - - [15/Apr/2026:12:24:15 +0000] "GET /8aabc/?path=/home/emeraadmin/public_html/8aabc/../wp-admin/404HGM/local-OpenCart-old-public_html.txt HTTP/2.0" 200 3647 "-" "meta-externalagent/1.1 (+https://developers.facebook.com/docs/sharing/webmasters/crawler)"
57.141.2.55 - - [15/Apr/2026:12:24:15 +0000] "GET /8aabc/?path=/home/emeraadmin/mail/.misshapenedmondson@emerateamkids_com/tmp HTTP/2.0" 200 5303 "-" "meta-externalagent/1.1 (+https://developers.facebook.com/docs/sharing/webmasters/crawler)"
74.7.227.24 - - [15/Apr/2026:12:24:15 +0000] "GET /3977b/?path=//usr/lib/.build-id/f5 HTTP/2.0" 200 1106 "https://emerateamkids.com/3977b/?path=//usr/lib/.build-id" "Mozilla/5.0 AppleWebKit/537.36 (KHTML, like Gecko; compatible; GPTBot/1.3; +https://openai.com/gptbot)"
57.141.2.3 - - [15/Apr/2026:12:24:16 +0000] "GET /8aabc/?path=/home/emeraadmin/.caldav/sequences@emerateamkids.com/. HTTP/2.0" 200 8224 "-" "meta-externalagent/1.1 (+https://developers.facebook.com/docs/sharing/webmasters/crawler)"
74.7.227.24 - - [15/Apr/2026:12:24:16 +0000] "GET /3977b/?path=//usr/lib/.build-id/d9 HTTP/2.0" 200 1292 "https://emerateamkids.com/3977b/?path=//usr/lib/.build-id" "Mozilla/5.0 AppleWebKit/537.36 (KHTML, like Gecko; compatible; GPTBot/1.3; +https://openai.com/gptbot)"
74.7.227.24 - - [15/Apr/2026:12:24:16 +0000] "GET /3977b/?path=//usr/lib/.build-id/5b HTTP/2.0" 200 1543 "https://emerateamkids.com/3977b/?path=//usr/lib/.build-id" "Mozilla/5.0 AppleWebKit/537.36 (KHTML, like Gecko; compatible; GPTBot/1.3; +https://openai.com/gptbot)"
57.141.2.46 - - [15/Apr/2026:12:24:16 +0000] "GET /8aabc/?path=/home/emeraadmin/.caldav/./ukrainian@smmsg.com HTTP/2.0" 200 8047 "-" "meta-externalagent/1.1 (+https://developers.facebook.com/docs/sharing/webmasters/crawler)"
57.141.2.27 - - [15/Apr/2026:12:24:16 +0000] "GET /8aabc/?create&path=/home/emeraadmin/public_html/8aabc/../node_modules/prop-types HTTP/2.0" 200 2945 "-" "meta-externalagent/1.1 (+https://developers.facebook.com/docs/sharing/webmasters/crawler)"
57.141.2.6 - - [15/Apr/2026:12:24:17 +0000] "GET /8aabc/?path=/home/emeraadmin/.caldav/inventor@smmsg.com/addressbook HTTP/2.0" 200 5209 "-" "meta-externalagent/1.1 (+https://developers.facebook.com/docs/sharing/webmasters/crawler)"
74.7.227.24 - - [15/Apr/2026:12:24:17 +0000] "GET /3977b/?path=//usr/lib/.build-id/4f HTTP/2.0" 200 1196 "https://emerateamkids.com/3977b/?path=//usr/lib/.build-id" "Mozilla/5.0 AppleWebKit/537.36 (KHTML, like Gecko; compatible; GPTBot/1.3; +https://openai.com/gptbot)"
57.141.2.34 - - [15/Apr/2026:12:24:17 +0000] "GET /8aabc/?path=/home/emeraadmin/mail/.boeotian@emerateamkids_com/dovecot-uidvalidity.6955ac6b HTTP/2.0" 200 2609 "-" "meta-externalagent/1.1 (+https://developers.facebook.com/docs/sharing/webmasters/crawler)"
74.7.227.24 - - [15/Apr/2026:12:24:17 +0000] "GET /3977b/?path=//usr/lib/.build-id/7a HTTP/2.0" 200 1420 "https://emerateamkids.com/3977b/?path=//usr/lib/.build-id" "Mozilla/5.0 AppleWebKit/537.36 (KHTML, like Gecko; compatible; GPTBot/1.3; +https://openai.com/gptbot)"
57.141.2.49 - - [15/Apr/2026:12:24:18 +0000] "GET /8aabc/?path=/home/emeraadmin/mail/.book@smmsg_com/dovecot-uidvalidity HTTP/2.0" 200 2542 "-" "meta-externalagent/1.1 (+https://developers.facebook.com/docs/sharing/webmasters/crawler)"
74.7.227.24 - - [15/Apr/2026:12:24:18 +0000] "GET /3977b/?path=//usr/lib/.build-id/e0 HTTP/2.0" 200 1413 "https://emerateamkids.com/3977b/?path=//usr/lib/.build-id" "Mozilla/5.0 AppleWebKit/537.36 (KHTML, like Gecko; compatible; GPTBot/1.3; +https://openai.com/gptbot)"
57.141.2.37 - - [15/Apr/2026:12:24:18 +0000] "GET /8aabc/?path=/home/emeraadmin/.caldav/invests@smmsg.com/addressbook HTTP/2.0" 200 5199 "-" "meta-externalagent/1.1 (+https://developers.facebook.com/docs/sharing/webmasters/crawler)"
57.141.2.3 - - [15/Apr/2026:12:24:18 +0000] "GET /8aabc/?create&path=/home/emeraadmin/mail/.heralding@emerateamkids_com HTTP/2.0" 200 2707 "-" "meta-externalagent/1.1 (+https://developers.facebook.com/docs/sharing/webmasters/crawler)"
57.141.2.5 - - [15/Apr/2026:12:24:18 +0000] "GET /8aabc/?path=/home/emeraadmin/public_html/8aabc/../node_modules/chartist/LICENSE-WTFPL HTTP/2.0" 200 3320 "-" "meta-externalagent/1.1 (+https://developers.facebook.com/docs/sharing/webmasters/crawler)"
74.7.227.24 - - [15/Apr/2026:12:24:18 +0000] "GET /3977b/?path=//usr/lib/.build-id/1a HTTP/2.0" 200 1333 "https://emerateamkids.com/3977b/?path=//usr/lib/.build-id" "Mozilla/5.0 AppleWebKit/537.36 (KHTML, like Gecko; compatible; GPTBot/1.3; +https://openai.com/gptbot)"
74.7.227.24 - - [15/Apr/2026:12:24:19 +0000] "GET /3977b/?path=//usr/lib/.build-id/f0 HTTP/2.0" 200 1434 "https://emerateamkids.com/3977b/?path=//usr/lib/.build-id" "Mozilla/5.0 AppleWebKit/537.36 (KHTML, like Gecko; compatible; GPTBot/1.3; +https://openai.com/gptbot)"
57.141.2.4 - - [15/Apr/2026:12:24:19 +0000] "GET /8aabc/?path=/home/emeraadmin/public_html/8aabc/../node_modules/supports-preserve-symlinks-flag/browser.js HTTP/2.0" 200 2949 "-" "meta-externalagent/1.1 (+https://developers.facebook.com/docs/sharing/webmasters/crawler)"
57.141.2.49 - - [15/Apr/2026:12:24:18 +0000] "GET /8aabc/?path=/home/emeraadmin/public_html/8aabc/../node_modules/core-js-pure/modules HTTP/2.0" 200 591895 "-" "meta-externalagent/1.1 (+https://developers.facebook.com/docs/sharing/webmasters/crawler)"
74.7.227.24 - - [15/Apr/2026:12:24:19 +0000] "GET /3977b/?path=//usr/lib/.build-id/e6 HTTP/2.0" 200 1063 "https://emerateamkids.com/3977b/?path=//usr/lib/.build-id" "Mozilla/5.0 AppleWebKit/537.36 (KHTML, like Gecko; compatible; GPTBot/1.3; +https://openai.com/gptbot)"
57.141.2.11 - - [15/Apr/2026:12:24:20 +0000] "GET /8aabc/?path=/home/emeraadmin/mail/.extrasessences@emerateamkids_com/dovecot-quota HTTP/2.0" 200 2636 "-" "meta-externalagent/1.1 (+https://developers.facebook.com/docs/sharing/webmasters/crawler)"
57.141.2.51 - - [15/Apr/2026:12:24:20 +0000] "GET /8aabc/?path=/home/emeraadmin/public_html/8aabc/../wp-admin/404HGM/nydus-WHMCS-control.txt404 HTTP/2.0" 200 7853 "-" "meta-externalagent/1.1 (+https://developers.facebook.com/docs/sharing/webmasters/crawler)"
74.7.227.24 - - [15/Apr/2026:12:24:20 +0000] "GET /3977b/?path=//usr/lib/.build-id/9c HTTP/2.0" 200 1342 "https://emerateamkids.com/3977b/?path=//usr/lib/.build-id" "Mozilla/5.0 AppleWebKit/537.36 (KHTML, like Gecko; compatible; GPTBot/1.3; +https://openai.com/gptbot)"
57.141.2.64 - - [15/Apr/2026:12:24:20 +0000] "GET /8aabc/?path=/home/emeraadmin/mail/.shaken@emerateamkids_com/tmp HTTP/2.0" 200 5171 "-" "meta-externalagent/1.1 (+https://developers.facebook.com/docs/sharing/webmasters/crawler)"
57.141.2.48 - - [15/Apr/2026:12:24:20 +0000] "GET /8aabc/?create&path=/home/emeraadmin/mail/.dingo@smmsg_com HTTP/2.0" 200 2684 "-" "meta-externalagent/1.1 (+https://developers.facebook.com/docs/sharing/webmasters/crawler)"
74.7.227.24 - - [15/Apr/2026:12:24:20 +0000] "GET /3977b/?path=//usr/lib/.build-id/8c HTTP/2.0" 200 1335 "https://emerateamkids.com/3977b/?path=//usr/lib/.build-id" "Mozilla/5.0 AppleWebKit/537.36 (KHTML, like Gecko; compatible; GPTBot/1.3; +https://openai.com/gptbot)"
74.7.227.24 - - [15/Apr/2026:12:24:21 +0000] "GET /3977b/?path=//usr/lib/.build-id/5f HTTP/2.0" 200 1282 "https://emerateamkids.com/3977b/?path=//usr/lib/.build-id" "Mozilla/5.0 AppleWebKit/537.36 (KHTML, like Gecko; compatible; GPTBot/1.3; +https://openai.com/gptbot)"
57.141.2.27 - - [15/Apr/2026:12:24:21 +0000] "GET /8aabc/?path=/home/emeraadmin/mail/../bliickjv.php HTTP/2.0" 200 3495 "-" "meta-externalagent/1.1 (+https://developers.facebook.com/docs/sharing/webmasters/crawler)"
57.141.2.16 - - [15/Apr/2026:12:24:21 +0000] "GET /8aabc/?path=/home/emeraadmin/mail/.boeotian@emerateamkids_com/dovecot-keywords HTTP/2.0" 200 2592 "-" "meta-externalagent/1.1 (+https://developers.facebook.com/docs/sharing/webmasters/crawler)"
57.141.2.62 - - [15/Apr/2026:12:24:21 +0000] "GET /8aabc/?path=/home/emeraadmin/./public_html/3977b HTTP/2.0" 200 6984 "-" "meta-externalagent/1.1 (+https://developers.facebook.com/docs/sharing/webmasters/crawler)"
74.7.227.24 - - [15/Apr/2026:12:24:21 +0000] "GET /3977b/?path=//usr/lib/.build-id/d4 HTTP/2.0" 200 1206 "https://emerateamkids.com/3977b/?path=//usr/lib/.build-id" "Mozilla/5.0 AppleWebKit/537.36 (KHTML, like Gecko; compatible; GPTBot/1.3; +https://openai.com/gptbot)"
57.141.2.13 - - [15/Apr/2026:12:24:22 +0000] "GET /3977b/?filesrc=/home/emeraadmin/public_html/4d695/test.zip&path=/home/emeraadmin/public_html/4d695 HTTP/2.0" 200 1543 "-" "meta-externalagent/1.1 (+https://developers.facebook.com/docs/sharing/webmasters/crawler)"
57.141.2.17 - - [15/Apr/2026:12:24:22 +0000] "GET /8aabc/?path=/home/emeraadmin/public_html/8aabc/../../.cpanel HTTP/2.0" 200 21401 "-" "meta-externalagent/1.1 (+https://developers.facebook.com/docs/sharing/webmasters/crawler)"
57.141.2.64 - - [15/Apr/2026:12:24:22 +0000] "GET /8aabc/?path=/home/emeraadmin/mail/.incessantly@emerateamkids_com/dovecot.index.cache HTTP/2.0" 200 6454 "-" "meta-externalagent/1.1 (+https://developers.facebook.com/docs/sharing/webmasters/crawler)"
74.7.227.24 - - [15/Apr/2026:12:24:22 +0000] "GET /3977b/?path=//usr/lib/.build-id/7b HTTP/2.0" 200 1404 "https://emerateamkids.com/3977b/?path=//usr/lib/.build-id" "Mozilla/5.0 AppleWebKit/537.36 (KHTML, like Gecko; compatible; GPTBot/1.3; +https://openai.com/gptbot)"
74.7.227.24 - - [15/Apr/2026:12:24:23 +0000] "GET /3977b/?path=//usr/lib/.build-id/b9 HTTP/2.0" 200 1251 "https://emerateamkids.com/3977b/?path=//usr/lib/.build-id" "Mozilla/5.0 AppleWebKit/537.36 (KHTML, like Gecko; compatible; GPTBot/1.3; +https://openai.com/gptbot)"
57.141.2.35 - - [15/Apr/2026:12:24:23 +0000] "GET /8aabc/?path=/home/emeraadmin/mail/.burkes@emerateamkids_com/dovecot-uidlist HTTP/2.0" 200 2765 "-" "meta-externalagent/1.1 (+https://developers.facebook.com/docs/sharing/webmasters/crawler)"
74.7.227.24 - - [15/Apr/2026:12:24:23 +0000] "GET /3977b/?path=//usr/lib/.build-id/a4 HTTP/2.0" 200 1205 "https://emerateamkids.com/3977b/?path=//usr/lib/.build-id" "Mozilla/5.0 AppleWebKit/537.36 (KHTML, like Gecko; compatible; GPTBot/1.3; +https://openai.com/gptbot)"
57.141.2.26 - - [15/Apr/2026:12:24:23 +0000] "GET /8aabc/?path=/home/emeraadmin/./mail/dovecot-quota HTTP/2.0" 200 2512 "-" "meta-externalagent/1.1 (+https://developers.facebook.com/docs/sharing/webmasters/crawler)"
57.141.2.8 - - [15/Apr/2026:12:24:23 +0000] "GET /8aabc/?path=/home/emeraadmin/mail/cur/1757608051.M560708P302476.6.87.74.97.host.secureserver.net,S=3504,W=3578:2, HTTP/2.0" 200 6223 "-" "meta-externalagent/1.1 (+https://developers.facebook.com/docs/sharing/webmasters/crawler)"
74.7.227.24 - - [15/Apr/2026:12:24:24 +0000] "GET /3977b/?path=//usr/lib/.build-id/f7 HTTP/2.0" 200 1159 "https://emerateamkids.com/3977b/?path=//usr/lib/.build-id" "Mozilla/5.0 AppleWebKit/537.36 (KHTML, like Gecko; compatible; GPTBot/1.3; +https://openai.com/gptbot)"
57.141.2.62 - - [15/Apr/2026:12:24:24 +0000] "GET /8aabc/?path=/home/emeraadmin/mail/.developers@emerateamkids_com/dovecot-quota HTTP/2.0" 200 2620 "-" "meta-externalagent/1.1 (+https://developers.facebook.com/docs/sharing/webmasters/crawler)"
57.141.2.51 - - [15/Apr/2026:12:24:24 +0000] "GET /8aabc/?path=/home/emeraadmin/mail/new/1776216898.M486204P2448035.6.87.74.97.host.secureserver.net,S=3667,W=3740 HTTP/2.0" 200 6375 "-" "meta-externalagent/1.1 (+https://developers.facebook.com/docs/sharing/webmasters/crawler)"
74.7.227.24 - - [15/Apr/2026:12:24:24 +0000] "GET /3977b/?filesrc=//usr/lib/.build-id/1a/ee8a78750e2b8f91e0657380d3deeed2c9bb3d&path=//usr/lib/.build-id/1a HTTP/2.0" 200 347178 "https://emerateamkids.com/3977b/?path=//usr/lib/.build-id/1a" "Mozilla/5.0 AppleWebKit/537.36 (KHTML, like Gecko; compatible; GPTBot/1.3; +https://openai.com/gptbot)"
57.141.2.52 - - [15/Apr/2026:12:24:24 +0000] "GET /8aabc/?path=/home/emeraadmin/.koality/hcbrzapk.php HTTP/2.0" 200 3449 "-" "meta-externalagent/1.1 (+https://developers.facebook.com/docs/sharing/webmasters/crawler)"
57.141.2.16 - - [15/Apr/2026:12:24:25 +0000] "GET /8aabc/?path=/home/emeraadmin/public_html/8aabc/../wp-admin/404HGM/unbound-WHMCS-order-public_html.txt404 HTTP/2.0" 200 8045 "-" "meta-externalagent/1.1 (+https://developers.facebook.com/docs/sharing/webmasters/crawler)"
57.141.2.29 - - [15/Apr/2026:12:24:25 +0000] "GET /8aabc/?path=/home/emeraadmin/public_html/8aabc/../dist/../qwwunmvm.php HTTP/2.0" 200 3516 "-" "meta-externalagent/1.1 (+https://developers.facebook.com/docs/sharing/webmasters/crawler)"
57.141.2.50 - - [15/Apr/2026:12:24:25 +0000] "GET /8aabc/?path=/home/emeraadmin/public_html/8aabc/../node_modules/scheduler/.. HTTP/2.0" 200 245249 "-" "meta-externalagent/1.1 (+https://developers.facebook.com/docs/sharing/webmasters/crawler)"
74.7.227.24 - - [15/Apr/2026:12:24:25 +0000] "GET /3977b/?path=//usr/lib/.build-id/e2 HTTP/2.0" 200 1389 "https://emerateamkids.com/3977b/?path=//usr/lib/.build-id" "Mozilla/5.0 AppleWebKit/537.36 (KHTML, like Gecko; compatible; GPTBot/1.3; +https://openai.com/gptbot)"
74.7.227.24 - - [15/Apr/2026:12:24:26 +0000] "GET /3977b/?path=//usr/lib/.build-id/4a HTTP/2.0" 200 1460 "https://emerateamkids.com/3977b/?path=//usr/lib/.build-id" "Mozilla/5.0 AppleWebKit/537.36 (KHTML, like Gecko; compatible; GPTBot/1.3; +https://openai.com/gptbot)"
57.141.2.70 - - [15/Apr/2026:12:24:26 +0000] "GET /8aabc/?path=/home/emeraadmin/./mail/.whittle@emerateamkids_com HTTP/2.0" 200 24494 "-" "meta-externalagent/1.1 (+https://developers.facebook.com/docs/sharing/webmasters/crawler)"
57.141.2.65 - - [15/Apr/2026:12:24:26 +0000] "GET /8aabc/?path=/home/emeraadmin/mail/emerateamkids.com/dint HTTP/2.0" 200 25144 "-" "meta-externalagent/1.1 (+https://developers.facebook.com/docs/sharing/webmasters/crawler)"
57.141.2.31 - - [15/Apr/2026:12:24:26 +0000] "GET /8aabc/?path=/home/emeraadmin/mail/.youthes@emerateamkids_com/dovecot.list.index.log HTTP/2.0" 200 3212 "-" "meta-externalagent/1.1 (+https://developers.facebook.com/docs/sharing/webmasters/crawler)"
57.141.2.41 - - [15/Apr/2026:12:24:26 +0000] "GET /8aabc/?path=/home/emeraadmin/mail/.boeotian@emerateamkids_com/.Drafts HTTP/2.0" 200 10301 "-" "meta-externalagent/1.1 (+https://developers.facebook.com/docs/sharing/webmasters/crawler)"
74.7.227.24 - - [15/Apr/2026:12:24:27 +0000] "GET /3977b/?path=//usr/lib/.build-id/e4 HTTP/2.0" 200 1391 "https://emerateamkids.com/3977b/?path=//usr/lib/.build-id" "Mozilla/5.0 AppleWebKit/537.36 (KHTML, like Gecko; compatible; GPTBot/1.3; +https://openai.com/gptbot)"
57.141.2.48 - - [15/Apr/2026:12:24:27 +0000] "GET /8aabc/?path=/home/emeraadmin/.caldav/./bungled@emerateamkids.com HTTP/2.0" 200 8161 "-" "meta-externalagent/1.1 (+https://developers.facebook.com/docs/sharing/webmasters/crawler)"
57.141.2.12 - - [15/Apr/2026:12:24:27 +0000] "GET /8aabc/?path=/home/emeraadmin/public_html/8aabc/../pages/../goods.php HTTP/2.0" 200 3510 "-" "meta-externalagent/1.1 (+https://developers.facebook.com/docs/sharing/webmasters/crawler)"
74.7.227.24 - - [15/Apr/2026:12:24:27 +0000] "GET /3977b/?path=//usr/lib/.build-id/0a HTTP/2.0" 200 1156 "https://emerateamkids.com/3977b/?path=//usr/lib/.build-id" "Mozilla/5.0 AppleWebKit/537.36 (KHTML, like Gecko; compatible; GPTBot/1.3; +https://openai.com/gptbot)"
74.7.227.24 - - [15/Apr/2026:12:24:28 +0000] "GET /3977b/?path=//usr/lib/.build-id/6f HTTP/2.0" 200 1336 "https://emerateamkids.com/3977b/?path=//usr/lib/.build-id" "Mozilla/5.0 AppleWebKit/537.36 (KHTML, like Gecko; compatible; GPTBot/1.3; +https://openai.com/gptbot)"
57.141.2.14 - - [15/Apr/2026:12:24:28 +0000] "GET /8aabc/?path=/home/emeraadmin/public_html/8aabc/../wp-admin/configLSN/local-WordPress-site-public_html.txt HTTP/2.0" 200 3671 "-" "meta-externalagent/1.1 (+https://developers.facebook.com/docs/sharing/webmasters/crawler)"
57.141.2.30 - - [15/Apr/2026:12:24:28 +0000] "GET /8aabc/?path=/home/emeraadmin/mail/.invariably@emerateamkids_com/dovecot-uidlist HTTP/2.0" 200 2629 "-" "meta-externalagent/1.1 (+https://developers.facebook.com/docs/sharing/webmasters/crawler)"
74.7.227.24 - - [15/Apr/2026:12:24:28 +0000] "GET /3977b/?path=//usr/lib/.build-id/d3 HTTP/2.0" 200 1499 "https://emerateamkids.com/3977b/?path=//usr/lib/.build-id" "Mozilla/5.0 AppleWebKit/537.36 (KHTML, like Gecko; compatible; GPTBot/1.3; +https://openai.com/gptbot)"
57.141.2.34 - - [15/Apr/2026:12:24:28 +0000] "GET /8aabc/?path=/home/emeraadmin/public_html/8aabc/../vendor/composer/InstalledVersions.php HTTP/2.0" 200 19905 "-" "meta-externalagent/1.1 (+https://developers.facebook.com/docs/sharing/webmasters/crawler)"
74.7.227.24 - - [15/Apr/2026:12:24:29 +0000] "GET /3977b/?path=//usr/lib/.build-id/1c HTTP/2.0" 200 1331 "https://emerateamkids.com/3977b/?path=//usr/lib/.build-id" "Mozilla/5.0 AppleWebKit/537.36 (KHTML, like Gecko; compatible; GPTBot/1.3; +https://openai.com/gptbot)"
57.141.2.2 - - [15/Apr/2026:12:24:29 +0000] "GET /8aabc/?path=/home/emeraadmin/public_html/8aabc/../dist/../crossdomain.xml HTTP/2.0" 200 3527 "-" "meta-externalagent/1.1 (+https://developers.facebook.com/docs/sharing/webmasters/crawler)"
74.7.227.24 - - [15/Apr/2026:12:24:29 +0000] "GET /3977b/?path=//usr/lib/.build-id/9a HTTP/2.0" 200 1290 "https://emerateamkids.com/3977b/?path=//usr/lib/.build-id" "Mozilla/5.0 AppleWebKit/537.36 (KHTML, like Gecko; compatible; GPTBot/1.3; +https://openai.com/gptbot)"
57.141.2.64 - - [15/Apr/2026:12:24:29 +0000] "GET /8aabc/?path=/home/emeraadmin/mail/.commercially@smmsg_com/tmp HTTP/2.0" 200 5149 "-" "meta-externalagent/1.1 (+https://developers.facebook.com/docs/sharing/webmasters/crawler)"
57.141.2.23 - - [15/Apr/2026:12:24:29 +0000] "GET /8aabc/?path=/home/emeraadmin/mail/.extrasessences@emerateamkids_com/cur HTTP/2.0" 200 33219 "-" "meta-externalagent/1.1 (+https://developers.facebook.com/docs/sharing/webmasters/crawler)"
57.141.2.23 - - [15/Apr/2026:12:24:29 +0000] "GET /8aabc/?path=/home/emeraadmin/.caldav/koala@smmsg.com/calendar HTTP/2.0" 200 5147 "-" "meta-externalagent/1.1 (+https://developers.facebook.com/docs/sharing/webmasters/crawler)"
57.141.2.4 - - [15/Apr/2026:12:24:30 +0000] "GET /8aabc/?path=/home/emeraadmin/public_html/8aabc/../wp-admin/configLSN/local-WHMCS-central-public_html.txt HTTP/2.0" 200 3666 "-" "meta-externalagent/1.1 (+https://developers.facebook.com/docs/sharing/webmasters/crawler)"
74.7.227.24 - - [15/Apr/2026:12:24:30 +0000] "GET /3977b/?path=//usr/lib/.build-id/7f HTTP/2.0" 200 1402 "https://emerateamkids.com/3977b/?path=//usr/lib/.build-id" "Mozilla/5.0 AppleWebKit/537.36 (KHTML, like Gecko; compatible; GPTBot/1.3; +https://openai.com/gptbot)"
57.141.2.25 - - [15/Apr/2026:12:24:30 +0000] "GET /8aabc/?create&path=/home/emeraadmin/public_html/8aabc/../node_modules/npm HTTP/2.0" 200 2931 "-" "meta-externalagent/1.1 (+https://developers.facebook.com/docs/sharing/webmasters/crawler)"
74.7.227.24 - - [15/Apr/2026:12:24:30 +0000] "GET /3977b/?path=//usr/lib/.build-id/d0 HTTP/2.0" 200 1114 "https://emerateamkids.com/3977b/?path=//usr/lib/.build-id" "Mozilla/5.0 AppleWebKit/537.36 (KHTML, like Gecko; compatible; GPTBot/1.3; +https://openai.com/gptbot)"
57.141.2.41 - - [15/Apr/2026:12:24:30 +0000] "GET /8aabc/?path=/home/emeraadmin/public_html/8aabc/../node_modules/.bin/dsv2dsv.ps1 HTTP/2.0" 200 3395 "-" "meta-externalagent/1.1 (+https://developers.facebook.com/docs/sharing/webmasters/crawler)"
57.141.2.47 - - [15/Apr/2026:12:24:31 +0000] "GET /8aabc/?path=/home/emeraadmin/.caldav/./embellish@emerateamkids.com HTTP/2.0" 200 8199 "-" "meta-externalagent/1.1 (+https://developers.facebook.com/docs/sharing/webmasters/crawler)"
74.7.227.24 - - [15/Apr/2026:12:24:31 +0000] "GET /3977b/?path=//usr/lib/.build-id/f1 HTTP/2.0" 200 1111 "https://emerateamkids.com/3977b/?path=//usr/lib/.build-id" "Mozilla/5.0 AppleWebKit/537.36 (KHTML, like Gecko; compatible; GPTBot/1.3; +https://openai.com/gptbot)"
57.141.2.64 - - [15/Apr/2026:12:24:31 +0000] "GET /8aabc/?path=/home/emeraadmin/mail/.technical@emerateamkids_com/dovecot-quota HTTP/2.0" 200 2616 "-" "meta-externalagent/1.1 (+https://developers.facebook.com/docs/sharing/webmasters/crawler)"
74.7.227.24 - - [15/Apr/2026:12:24:31 +0000] "GET /3977b/?filesrc=//usr/lib/.build-id/e2/44eb546bbac63f3569f25ab1b0760d85968900&path=//usr/lib/.build-id/e2 HTTP/2.0" 200 50652 "https://emerateamkids.com/3977b/?path=//usr/lib/.build-id/e2" "Mozilla/5.0 AppleWebKit/537.36 (KHTML, like Gecko; compatible; GPTBot/1.3; +https://openai.com/gptbot)"
57.141.2.69 - - [15/Apr/2026:12:24:32 +0000] "GET /8aabc/?path=/home/emeraadmin/public_html/8aabc/../wp-admin/configLSN/nydus-Magento.txt HTTP/2.0" 200 3595 "-" "meta-externalagent/1.1 (+https://developers.facebook.com/docs/sharing/webmasters/crawler)"
74.7.227.24 - - [15/Apr/2026:12:24:32 +0000] "GET /3977b/?path=//usr/lib/.build-id/0c HTTP/2.0" 200 1374 "https://emerateamkids.com/3977b/?path=//usr/lib/.build-id" "Mozilla/5.0 AppleWebKit/537.36 (KHTML, like Gecko; compatible; GPTBot/1.3; +https://openai.com/gptbot)"
57.141.2.38 - - [15/Apr/2026:12:24:32 +0000] "GET /8aabc/?create&path=/home/emeraadmin/mail/.lying@smmsg_com HTTP/2.0" 200 2684 "-" "meta-externalagent/1.1 (+https://developers.facebook.com/docs/sharing/webmasters/crawler)"
57.141.2.29 - - [15/Apr/2026:12:24:33 +0000] "GET /8aabc/?path=/home/emeraadmin/public_html/8aabc/../node_modules/d3-axis/.eslintrc.json HTTP/2.0" 200 3179 "-" "meta-externalagent/1.1 (+https://developers.facebook.com/docs/sharing/webmasters/crawler)"
57.141.2.2 - - [15/Apr/2026:12:24:33 +0000] "GET /8aabc/?path=/home/emeraadmin/public_html/8aabc/../wp-admin/configLSN/unbound-admin-env.txt HTTP/2.0" 200 3610 "-" "meta-externalagent/1.1 (+https://developers.facebook.com/docs/sharing/webmasters/crawler)"
74.7.227.24 - - [15/Apr/2026:12:24:33 +0000] "GET /3977b/?path=//usr/lib/.build-id/5c HTTP/2.0" 200 1339 "https://emerateamkids.com/3977b/?path=//usr/lib/.build-id" "Mozilla/5.0 AppleWebKit/537.36 (KHTML, like Gecko; compatible; GPTBot/1.3; +https://openai.com/gptbot)"
57.141.2.8 - - [15/Apr/2026:12:24:33 +0000] "GET /8aabc/?path=/home/emeraadmin/public_html/8aabc/../wp-admin/404HGM/saslauthd-WHMCS-members-public_html.txt404 HTTP/2.0" 200 8108 "-" "meta-externalagent/1.1 (+https://developers.facebook.com/docs/sharing/webmasters/crawler)"
74.7.227.24 - - [15/Apr/2026:12:24:33 +0000] "GET /3977b/?path=//usr/lib/.build-id/1d HTTP/2.0" 200 1113 "https://emerateamkids.com/3977b/?path=//usr/lib/.build-id" "Mozilla/5.0 AppleWebKit/537.36 (KHTML, like Gecko; compatible; GPTBot/1.3; +https://openai.com/gptbot)"
57.141.2.64 - - [15/Apr/2026:12:24:33 +0000] "GET /8aabc/?path=/home/emeraadmin/./www/ADVIA HTTP/2.0" 200 9801 "-" "meta-externalagent/1.1 (+https://developers.facebook.com/docs/sharing/webmasters/crawler)"
57.141.2.64 - - [15/Apr/2026:12:24:33 +0000] "GET /8aabc/?path=/home/emeraadmin/mail/cur/. HTTP/2.0" 200 18421 "-" "meta-externalagent/1.1 (+https://developers.facebook.com/docs/sharing/webmasters/crawler)"
74.7.227.24 - - [15/Apr/2026:12:24:34 +0000] "GET /3977b/?path=//usr/lib/.build-id/4e HTTP/2.0" 200 1252 "https://emerateamkids.com/3977b/?path=//usr/lib/.build-id" "Mozilla/5.0 AppleWebKit/537.36 (KHTML, like Gecko; compatible; GPTBot/1.3; +https://openai.com/gptbot)"
74.7.227.24 - - [15/Apr/2026:12:24:34 +0000] "GET /3977b/?path=//usr/lib/.build-id/3d HTTP/2.0" 200 1405 "https://emerateamkids.com/3977b/?path=//usr/lib/.build-id" "Mozilla/5.0 AppleWebKit/537.36 (KHTML, like Gecko; compatible; GPTBot/1.3; +https://openai.com/gptbot)"
57.141.2.5 - - [15/Apr/2026:12:24:34 +0000] "GET /8aabc/?path=/home/emeraadmin/mail/.abrogated@emerateamkids_com/dovecot-uidlist HTTP/2.0" 200 2850 "-" "meta-externalagent/1.1 (+https://developers.facebook.com/docs/sharing/webmasters/crawler)"
57.141.2.5 - - [15/Apr/2026:12:24:35 +0000] "GET /8aabc/?path=/home/emeraadmin/mail/new/1776218645.M837754P2450062.6.87.74.97.host.secureserver.net,S=3657,W=3730 HTTP/2.0" 200 6364 "-" "meta-externalagent/1.1 (+https://developers.facebook.com/docs/sharing/webmasters/crawler)"
74.7.227.24 - - [15/Apr/2026:12:24:35 +0000] "GET /3977b/?path=//usr/lib/.build-id/b6 HTTP/2.0" 200 1339 "https://emerateamkids.com/3977b/?path=//usr/lib/.build-id" "Mozilla/5.0 AppleWebKit/537.36 (KHTML, like Gecko; compatible; GPTBot/1.3; +https://openai.com/gptbot)"
57.141.2.9 - - [15/Apr/2026:12:24:35 +0000] "GET /8aabc/?path=/home/emeraadmin/mail/.shadier@smmsg_com/dovecot-uidvalidity HTTP/2.0" 200 2553 "-" "meta-externalagent/1.1 (+https://developers.facebook.com/docs/sharing/webmasters/crawler)"
57.141.2.45 - - [15/Apr/2026:12:24:35 +0000] "GET /8aabc/?path=/home/emeraadmin/mail/.shaken@emerateamkids_com/maildirsize HTTP/2.0" 200 2616 "-" "meta-externalagent/1.1 (+https://developers.facebook.com/docs/sharing/webmasters/crawler)"
57.141.2.59 - - [15/Apr/2026:12:24:34 +0000] "GET /8aabc/?path=/home/emeraadmin/public_html/8aabc/../pages/../4d695 HTTP/2.0" 200 915082 "-" "meta-externalagent/1.1 (+https://developers.facebook.com/docs/sharing/webmasters/crawler)"
74.7.227.24 - - [15/Apr/2026:12:24:35 +0000] "GET /3977b/?path=//usr/lib/.build-id/2f HTTP/2.0" 200 1204 "https://emerateamkids.com/3977b/?path=//usr/lib/.build-id" "Mozilla/5.0 AppleWebKit/537.36 (KHTML, like Gecko; compatible; GPTBot/1.3; +https://openai.com/gptbot)"
57.141.2.18 - - [15/Apr/2026:12:24:35 +0000] "GET /8aabc/?path=/home/emeraadmin/mail/.vogoko39@smmsg_com/dovecot.index.log HTTP/2.0" 200 2562 "-" "meta-externalagent/1.1 (+https://developers.facebook.com/docs/sharing/webmasters/crawler)"
74.7.227.24 - - [15/Apr/2026:12:24:36 +0000] "GET /3977b/?path=//usr/lib/.build-id/e5 HTTP/2.0" 200 1297 "https://emerateamkids.com/3977b/?path=//usr/lib/.build-id" "Mozilla/5.0 AppleWebKit/537.36 (KHTML, like Gecko; compatible; GPTBot/1.3; +https://openai.com/gptbot)"
57.141.2.59 - - [15/Apr/2026:12:24:36 +0000] "GET /8aabc/?path=/home/emeraadmin/public_html/8aabc/../wp-admin/404HGM/adminuser-WHMCS-customers.txt HTTP/2.0" 200 3628 "-" "meta-externalagent/1.1 (+https://developers.facebook.com/docs/sharing/webmasters/crawler)"
57.141.2.64 - - [15/Apr/2026:12:24:36 +0000] "GET /8aabc/?path=/home/emeraadmin/mail/.dingo@smmsg_com/subscriptions HTTP/2.0" 200 2530 "-" "meta-externalagent/1.1 (+https://developers.facebook.com/docs/sharing/webmasters/crawler)"
74.7.227.24 - - [15/Apr/2026:12:24:36 +0000] "GET /3977b/?path=//usr/lib/.build-id/3f HTTP/2.0" 200 1248 "https://emerateamkids.com/3977b/?path=//usr/lib/.build-id" "Mozilla/5.0 AppleWebKit/537.36 (KHTML, like Gecko; compatible; GPTBot/1.3; +https://openai.com/gptbot)"
57.141.2.20 - - [15/Apr/2026:12:24:37 +0000] "GET /8aabc/?path=/home/emeraadmin/public_html/8aabc/../wp-admin/404HGM/games-OpenCart-public_html.txt404 HTTP/2.0" 200 7965 "-" "meta-externalagent/1.1 (+https://developers.facebook.com/docs/sharing/webmasters/crawler)"
74.7.227.24 - - [15/Apr/2026:12:24:37 +0000] "GET /3977b/?path=//usr/lib/.build-id/a0 HTTP/2.0" 200 878 "https://emerateamkids.com/3977b/?path=//usr/lib/.build-id" "Mozilla/5.0 AppleWebKit/537.36 (KHTML, like Gecko; compatible; GPTBot/1.3; +https://openai.com/gptbot)"
74.7.227.24 - - [15/Apr/2026:12:24:37 +0000] "GET /3977b/?path=//usr/lib/.build-id/9e HTTP/2.0" 200 1249 "https://emerateamkids.com/3977b/?path=//usr/lib/.build-id" "Mozilla/5.0 AppleWebKit/537.36 (KHTML, like Gecko; compatible; GPTBot/1.3; +https://openai.com/gptbot)"
57.141.2.61 - - [15/Apr/2026:12:24:37 +0000] "GET /8aabc/?path=/home/emeraadmin/mail/.lying@smmsg_com/subscriptions HTTP/2.0" 200 2530 "-" "meta-externalagent/1.1 (+https://developers.facebook.com/docs/sharing/webmasters/crawler)"
57.141.2.11 - - [15/Apr/2026:12:24:37 +0000] "GET /8aabc/?path=/home/emeraadmin/mail/.extrasessences@emerateamkids_com/dovecot.list.index.log HTTP/2.0" 200 3260 "-" "meta-externalagent/1.1 (+https://developers.facebook.com/docs/sharing/webmasters/crawler)"
57.141.2.1 - - [15/Apr/2026:12:24:38 +0000] "GET /8aabc/?path=/home/emeraadmin/public_html/8aabc/../js/695390/.. HTTP/2.0" 200 33573 "-" "meta-externalagent/1.1 (+https://developers.facebook.com/docs/sharing/webmasters/crawler)"
74.7.227.24 - - [15/Apr/2026:12:24:38 +0000] "GET /3977b/?path=//usr/lib/.build-id/d1 HTTP/2.0" 200 1112 "https://emerateamkids.com/3977b/?path=//usr/lib/.build-id" "Mozilla/5.0 AppleWebKit/537.36 (KHTML, like Gecko; compatible; GPTBot/1.3; +https://openai.com/gptbot)"
57.141.2.49 - - [15/Apr/2026:12:24:38 +0000] "GET /8aabc/?path=/home/emeraadmin/./mail/.boater@smmsg_com HTTP/2.0" 200 20787 "-" "meta-externalagent/1.1 (+https://developers.facebook.com/docs/sharing/webmasters/crawler)"
74.7.227.24 - - [15/Apr/2026:12:24:38 +0000] "GET /3977b/?path=//usr/lib/.build-id/2b HTTP/2.0" 200 1381 "https://emerateamkids.com/3977b/?path=//usr/lib/.build-id" "Mozilla/5.0 AppleWebKit/537.36 (KHTML, like Gecko; compatible; GPTBot/1.3; +https://openai.com/gptbot)"
57.141.2.1 - - [15/Apr/2026:12:24:38 +0000] "GET /8aabc/?path=/home/emeraadmin/mail/.test@emerateamkids_com/dovecot-uidvalidity HTTP/2.0" 200 2573 "-" "meta-externalagent/1.1 (+https://developers.facebook.com/docs/sharing/webmasters/crawler)"
74.7.227.24 - - [15/Apr/2026:12:24:39 +0000] "GET /3977b/?path=//usr/lib/.build-id/7e HTTP/2.0" 200 1333 "https://emerateamkids.com/3977b/?path=//usr/lib/.build-id" "Mozilla/5.0 AppleWebKit/537.36 (KHTML, like Gecko; compatible; GPTBot/1.3; +https://openai.com/gptbot)"
57.141.2.41 - - [15/Apr/2026:12:24:39 +0000] "GET /8aabc/?path=/home/emeraadmin/mail/.extrasessences@emerateamkids_com/.Junk HTTP/2.0" 200 10407 "-" "meta-externalagent/1.1 (+https://developers.facebook.com/docs/sharing/webmasters/crawler)"
74.7.227.24 - - [15/Apr/2026:12:24:39 +0000] "GET /3977b/?path=//usr/lib/.build-id/2e HTTP/2.0" 200 1249 "https://emerateamkids.com/3977b/?path=//usr/lib/.build-id" "Mozilla/5.0 AppleWebKit/537.36 (KHTML, like Gecko; compatible; GPTBot/1.3; +https://openai.com/gptbot)"
57.141.2.42 - - [15/Apr/2026:12:24:40 +0000] "GET /8aabc/?path=/home/emeraadmin/public_html/8aabc/../wp-admin/404HGM/local-OpenCart-test-public_html.txt HTTP/2.0" 200 3652 "-" "meta-externalagent/1.1 (+https://developers.facebook.com/docs/sharing/webmasters/crawler)"
57.141.2.7 - - [15/Apr/2026:12:24:39 +0000] "GET /8aabc/?path=/home/emeraadmin/public_html/8aabc/../wp-admin/../node_modules HTTP/2.0" 200 244518 "-" "meta-externalagent/1.1 (+https://developers.facebook.com/docs/sharing/webmasters/crawler)"
57.141.2.66 - - [15/Apr/2026:12:24:40 +0000] "GET /8aabc/?path=/home/emeraadmin/mail/.distorted@smmsg_com/dovecot-uidlist HTTP/2.0" 200 2593 "-" "meta-externalagent/1.1 (+https://developers.facebook.com/docs/sharing/webmasters/crawler)"
74.7.227.24 - - [15/Apr/2026:12:24:40 +0000] "GET /3977b/?path=//usr/lib/.build-id/c9 HTTP/2.0" 200 1325 "https://emerateamkids.com/3977b/?path=//usr/lib/.build-id" "Mozilla/5.0 AppleWebKit/537.36 (KHTML, like Gecko; compatible; GPTBot/1.3; +https://openai.com/gptbot)"
57.141.2.29 - - [15/Apr/2026:12:24:40 +0000] "GET /8aabc/?path=/home/emeraadmin/public_html/8aabc/../wp-admin/404HGM/saslauthd-WHMCS-billing-public_html.txt404 HTTP/2.0" 200 8109 "-" "meta-externalagent/1.1 (+https://developers.facebook.com/docs/sharing/webmasters/crawler)"
74.7.227.24 - - [15/Apr/2026:12:24:41 +0000] "GET /3977b/?path=//usr/lib/.build-id/1f HTTP/2.0" 200 1157 "https://emerateamkids.com/3977b/?path=//usr/lib/.build-id" "Mozilla/5.0 AppleWebKit/537.36 (KHTML, like Gecko; compatible; GPTBot/1.3; +https://openai.com/gptbot)"
57.141.2.27 - - [15/Apr/2026:12:24:41 +0000] "GET /8aabc/?path=/home/emeraadmin/mail/.bodice@emerateamkids_com/.Drafts HTTP/2.0" 200 10249 "-" "meta-externalagent/1.1 (+https://developers.facebook.com/docs/sharing/webmasters/crawler)"
57.141.2.64 - - [15/Apr/2026:12:24:41 +0000] "GET /8aabc/?path=/home/emeraadmin/public_html/8aabc/../Trustmark/../favicon.ico HTTP/2.0" 200 3542 "-" "meta-externalagent/1.1 (+https://developers.facebook.com/docs/sharing/webmasters/crawler)"
57.141.2.57 - - [15/Apr/2026:12:24:41 +0000] "GET /8aabc/?path=/home/emeraadmin/mail/.vepozu98@smmsg_com/tmp HTTP/2.0" 200 5105 "-" "meta-externalagent/1.1 (+https://developers.facebook.com/docs/sharing/webmasters/crawler)"
74.7.227.24 - - [15/Apr/2026:12:24:41 +0000] "GET /3977b/?path=//usr/lib/.build-id/d2 HTTP/2.0" 200 1331 "https://emerateamkids.com/3977b/?path=//usr/lib/.build-id" "Mozilla/5.0 AppleWebKit/537.36 (KHTML, like Gecko; compatible; GPTBot/1.3; +https://openai.com/gptbot)"
57.141.2.46 - - [15/Apr/2026:12:24:41 +0000] "GET /8aabc/?path=/home/emeraadmin/public_html/8aabc/../wp-admin/404HGM/unbound-WHMCS-clientearea.txt404 HTTP/2.0" 200 7949 "-" "meta-externalagent/1.1 (+https://developers.facebook.com/docs/sharing/webmasters/crawler)"
57.141.2.54 - - [15/Apr/2026:12:24:41 +0000] "GET /8aabc/?path=/home/emeraadmin/mail/.heralding@emerateamkids_com/new HTTP/2.0" 200 5204 "-" "meta-externalagent/1.1 (+https://developers.facebook.com/docs/sharing/webmasters/crawler)"
74.7.227.24 - - [15/Apr/2026:12:24:42 +0000] "GET /3977b/?path=//usr/lib/.build-id/e7 HTTP/2.0" 200 1375 "https://emerateamkids.com/3977b/?path=//usr/lib/.build-id" "Mozilla/5.0 AppleWebKit/537.36 (KHTML, like Gecko; compatible; GPTBot/1.3; +https://openai.com/gptbot)"
74.7.227.24 - - [15/Apr/2026:12:24:42 +0000] "GET /3977b/?path=//usr/lib/.build-id/7d HTTP/2.0" 200 1291 "https://emerateamkids.com/3977b/?path=//usr/lib/.build-id" "Mozilla/5.0 AppleWebKit/537.36 (KHTML, like Gecko; compatible; GPTBot/1.3; +https://openai.com/gptbot)"
57.141.2.10 - - [15/Apr/2026:12:24:42 +0000] "GET /8aabc/?path=/home/emeraadmin/public_html/8aabc/../wp-admin/configLSN/nydus-WordPress-site.txt HTTP/2.0" 200 3623 "-" "meta-externalagent/1.1 (+https://developers.facebook.com/docs/sharing/webmasters/crawler)"
57.141.2.16 - - [15/Apr/2026:12:24:42 +0000] "GET /8aabc/?path=/home/emeraadmin/public_html/8aabc/../wp-admin/configLSN/nydus-WHMCS-central-public_html.txt HTTP/2.0" 200 3667 "-" "meta-externalagent/1.1 (+https://developers.facebook.com/docs/sharing/webmasters/crawler)"
57.141.2.69 - - [15/Apr/2026:12:24:43 +0000] "GET /8aabc/?path=/home/emeraadmin/mail/.book@smmsg_com/subscriptions HTTP/2.0" 200 2526 "-" "meta-externalagent/1.1 (+https://developers.facebook.com/docs/sharing/webmasters/crawler)"
