57.141.2.40 - - [15/Apr/2026:12:36:03 +0000] "GET /8aabc/?path=/home/emeraadmin/./.caldav/bostonians@smmsg.com HTTP/2.0" 200 8060 "-" "meta-externalagent/1.1 (+https://developers.facebook.com/docs/sharing/webmasters/crawler)"
74.7.227.24 - - [15/Apr/2026:12:36:03 +0000] "GET /3977b/?filesrc=//proc/464/net/udplite&path=//proc/464/net HTTP/2.0" 200 641 "https://emerateamkids.com/3977b/?path=//proc/464/net" "Mozilla/5.0 AppleWebKit/537.36 (KHTML, like Gecko; compatible; GPTBot/1.3; +https://openai.com/gptbot)"
57.141.2.46 - - [15/Apr/2026:12:36:03 +0000] "GET /wp-admin/4c1bb4ca25index.php?path=/home/emeraadmin/public_html/wp-admin/404HGM/nydus-myconf-cPanel-public_html.txt404 HTTP/2.0" 200 3098 "-" "meta-externalagent/1.1 (+https://developers.facebook.com/docs/sharing/webmasters/crawler)"
57.141.2.69 - - [15/Apr/2026:12:36:03 +0000] "GET /8aabc/?path=/home/emeraadmin/././bliickjv.php HTTP/2.0" 200 3476 "-" "meta-externalagent/1.1 (+https://developers.facebook.com/docs/sharing/webmasters/crawler)"
57.141.2.34 - - [15/Apr/2026:12:36:03 +0000] "GET /8aabc/?path=/home/emeraadmin/mail/.revenues@emerateamkids_com/cur HTTP/2.0" 200 5193 "-" "meta-externalagent/1.1 (+https://developers.facebook.com/docs/sharing/webmasters/crawler)"
74.7.227.24 - - [15/Apr/2026:12:36:03 +0000] "GET /3977b/?filesrc=//proc/464/net/mcfilter&path=//proc/464/net HTTP/2.0" 200 599 "https://emerateamkids.com/3977b/?path=//proc/464/net" "Mozilla/5.0 AppleWebKit/537.36 (KHTML, like Gecko; compatible; GPTBot/1.3; +https://openai.com/gptbot)"
57.141.2.43 - - [15/Apr/2026:12:36:04 +0000] "GET /8aabc/?path=/home/emeraadmin/mail/emerateamkids.com/lynched HTTP/2.0" 200 24311 "-" "meta-externalagent/1.1 (+https://developers.facebook.com/docs/sharing/webmasters/crawler)"
74.7.227.24 - - [15/Apr/2026:12:36:04 +0000] "GET /3977b/?filesrc=//proc/153/net/nf_conntrack_expect&path=//proc/153/net HTTP/2.0" 200 582 "https://emerateamkids.com/3977b/?path=//proc/153/net" "Mozilla/5.0 AppleWebKit/537.36 (KHTML, like Gecko; compatible; GPTBot/1.3; +https://openai.com/gptbot)"
57.141.2.30 - - [15/Apr/2026:12:36:04 +0000] "GET /8aabc/?path=/home/emeraadmin/mail/.cologne@emerateamkids_com/dovecot.list.index.log HTTP/2.0" 200 3222 "-" "meta-externalagent/1.1 (+https://developers.facebook.com/docs/sharing/webmasters/crawler)"
57.141.2.5 - - [15/Apr/2026:12:36:04 +0000] "GET /8aabc/?path=/home/emeraadmin/mail/.zurich@emerateamkids_com/new HTTP/2.0" 200 5170 "-" "meta-externalagent/1.1 (+https://developers.facebook.com/docs/sharing/webmasters/crawler)"
74.7.227.24 - - [15/Apr/2026:12:36:04 +0000] "GET /3977b/?filesrc=//proc/159/net/nf_conntrack_expect&path=//proc/159/net HTTP/2.0" 200 582 "https://emerateamkids.com/3977b/?path=//proc/159/net" "Mozilla/5.0 AppleWebKit/537.36 (KHTML, like Gecko; compatible; GPTBot/1.3; +https://openai.com/gptbot)"
74.7.227.24 - - [15/Apr/2026:12:36:05 +0000] "GET /3977b/?filesrc=//proc/432/net/nf_conntrack_expect&path=//proc/432/net HTTP/2.0" 200 582 "https://emerateamkids.com/3977b/?path=//proc/432/net" "Mozilla/5.0 AppleWebKit/537.36 (KHTML, like Gecko; compatible; GPTBot/1.3; +https://openai.com/gptbot)"
57.141.2.24 - - [15/Apr/2026:12:36:05 +0000] "GET /8aabc/?path=/home/emeraadmin/mail/.abolisher@emerateamkids_com/dovecot.mailbox.log HTTP/2.0" 200 2631 "-" "meta-externalagent/1.1 (+https://developers.facebook.com/docs/sharing/webmasters/crawler)"
74.7.227.24 - - [15/Apr/2026:12:36:06 +0000] "GET /3977b/?filesrc=//proc/431/net/nf_conntrack_expect&path=//proc/431/net HTTP/2.0" 200 582 "https://emerateamkids.com/3977b/?path=//proc/431/net" "Mozilla/5.0 AppleWebKit/537.36 (KHTML, like Gecko; compatible; GPTBot/1.3; +https://openai.com/gptbot)"
57.141.2.6 - - [15/Apr/2026:12:36:06 +0000] "GET /wp-admin/4c1bb4ca25index.php?path=/home/emeraadmin/public_html/wp-admin/404HGM/saslauthd-OpenCart-oc-public_html.txt404 HTTP/2.0" 200 3109 "-" "meta-externalagent/1.1 (+https://developers.facebook.com/docs/sharing/webmasters/crawler)"
57.141.2.47 - - [15/Apr/2026:12:36:06 +0000] "GET /8aabc/?path=/home/emeraadmin/public_html/8aabc/../node_modules/resolve/bin HTTP/2.0" 200 6568 "-" "meta-externalagent/1.1 (+https://developers.facebook.com/docs/sharing/webmasters/crawler)"
74.7.227.24 - - [15/Apr/2026:12:36:06 +0000] "GET /3977b/?filesrc=//proc/425/net/udplite&path=//proc/425/net HTTP/2.0" 200 641 "https://emerateamkids.com/3977b/?path=//proc/425/net" "Mozilla/5.0 AppleWebKit/537.36 (KHTML, like Gecko; compatible; GPTBot/1.3; +https://openai.com/gptbot)"
57.141.2.64 - - [15/Apr/2026:12:36:06 +0000] "GET /8aabc/?path=/home/emeraadmin/logs/./emerateamkids.com-Apr-2026.gz HTTP/2.0" 200 215926 "-" "meta-externalagent/1.1 (+https://developers.facebook.com/docs/sharing/webmasters/crawler)"
57.141.2.17 - - [15/Apr/2026:12:36:06 +0000] "GET /8aabc/?path=/home/emeraadmin/public_html/8aabc/../pages/emeraadmin/.. HTTP/2.0" 200 34312 "-" "meta-externalagent/1.1 (+https://developers.facebook.com/docs/sharing/webmasters/crawler)"
74.7.227.24 - - [15/Apr/2026:12:36:07 +0000] "GET /3977b/?filesrc=//proc/156/net/udplite&path=//proc/156/net HTTP/2.0" 200 641 "https://emerateamkids.com/3977b/?path=//proc/156/net" "Mozilla/5.0 AppleWebKit/537.36 (KHTML, like Gecko; compatible; GPTBot/1.3; +https://openai.com/gptbot)"
57.141.2.67 - - [15/Apr/2026:12:36:07 +0000] "GET /8aabc/?path=/home/emeraadmin/.caldav/./ninazi22@smmsg.com HTTP/2.0" 200 8028 "-" "meta-externalagent/1.1 (+https://developers.facebook.com/docs/sharing/webmasters/crawler)"
74.7.227.24 - - [15/Apr/2026:12:36:07 +0000] "GET /3977b/?filesrc=//proc/680/net/udplite&path=//proc/680/net HTTP/2.0" 200 641 "https://emerateamkids.com/3977b/?path=//proc/680/net" "Mozilla/5.0 AppleWebKit/537.36 (KHTML, like Gecko; compatible; GPTBot/1.3; +https://openai.com/gptbot)"
57.141.2.52 - - [15/Apr/2026:12:36:08 +0000] "GET /wp-admin/4c1bb4ca25index.php?path=/home/emeraadmin/public_html/wp-admin/404HGM/nydus-WHMCS-billings.txt404 HTTP/2.0" 200 3032 "-" "meta-externalagent/1.1 (+https://developers.facebook.com/docs/sharing/webmasters/crawler)"
57.141.2.27 - - [15/Apr/2026:12:36:08 +0000] "GET /8aabc/?path=/home/emeraadmin/public_html/8aabc/../wp-admin/404HGM/emeraadmin-WHMCS-clients.txt404 HTTP/2.0" 200 7933 "-" "meta-externalagent/1.1 (+https://developers.facebook.com/docs/sharing/webmasters/crawler)"
57.141.2.17 - - [15/Apr/2026:12:36:08 +0000] "GET /chosen.php?p=%E0%A6%95%E0%A6%95var%E0%A6%95mail HTTP/2.0" 404 - "-" "meta-externalagent/1.1 (+https://developers.facebook.com/docs/sharing/webmasters/crawler)"
74.7.227.24 - - [15/Apr/2026:12:36:08 +0000] "GET /3977b/?filesrc=//proc/146/net/udplite&path=//proc/146/net HTTP/2.0" 200 641 "https://emerateamkids.com/3977b/?path=//proc/146/net" "Mozilla/5.0 AppleWebKit/537.36 (KHTML, like Gecko; compatible; GPTBot/1.3; +https://openai.com/gptbot)"
57.141.2.21 - - [15/Apr/2026:12:36:08 +0000] "GET /8aabc/?path=/home/emeraadmin/./.trash/.htaccess.1 HTTP/2.0" 200 2910 "-" "meta-externalagent/1.1 (+https://developers.facebook.com/docs/sharing/webmasters/crawler)"
57.141.2.64 - - [15/Apr/2026:12:36:08 +0000] "GET /8aabc/?path=/home/emeraadmin/public_html/8aabc/../node_modules/abbrev/. HTTP/2.0" 200 9721 "-" "meta-externalagent/1.1 (+https://developers.facebook.com/docs/sharing/webmasters/crawler)"
74.7.227.24 - - [15/Apr/2026:12:36:08 +0000] "GET /3977b/?filesrc=//proc/145/net/udplite&path=//proc/145/net HTTP/2.0" 200 641 "https://emerateamkids.com/3977b/?path=//proc/145/net" "Mozilla/5.0 AppleWebKit/537.36 (KHTML, like Gecko; compatible; GPTBot/1.3; +https://openai.com/gptbot)"
57.141.2.40 - - [15/Apr/2026:12:36:08 +0000] "GET /8aabc/?path=/home/emeraadmin/public_html/8aabc/../wp-admin/404HGM/unbound-WHMCS-central-public_html.txt HTTP/2.0" 200 3660 "-" "meta-externalagent/1.1 (+https://developers.facebook.com/docs/sharing/webmasters/crawler)"
57.141.2.10 - - [15/Apr/2026:12:36:08 +0000] "GET /wp-admin/4c1bb4ca25index.php?path=/home/emeraadmin/public_html/wp-admin/404HGM/nydus-Magento-public_html.txt404 HTTP/2.0" 200 3062 "-" "meta-externalagent/1.1 (+https://developers.facebook.com/docs/sharing/webmasters/crawler)"
74.7.227.24 - - [15/Apr/2026:12:36:09 +0000] "GET /3977b/?filesrc=//proc/146/net/psched&path=//proc/146/net HTTP/2.0" 200 591 "https://emerateamkids.com/3977b/?path=//proc/146/net" "Mozilla/5.0 AppleWebKit/537.36 (KHTML, like Gecko; compatible; GPTBot/1.3; +https://openai.com/gptbot)"
74.7.227.24 - - [15/Apr/2026:12:36:09 +0000] "GET /3977b/?filesrc=//proc/145/net/psched&path=//proc/145/net HTTP/2.0" 200 591 "https://emerateamkids.com/3977b/?path=//proc/145/net" "Mozilla/5.0 AppleWebKit/537.36 (KHTML, like Gecko; compatible; GPTBot/1.3; +https://openai.com/gptbot)"
57.141.2.8 - - [15/Apr/2026:12:36:09 +0000] "GET /8aabc/?create&path=/home/emeraadmin/mail/.conciliatory@smmsg_com HTTP/2.0" 200 2697 "-" "meta-externalagent/1.1 (+https://developers.facebook.com/docs/sharing/webmasters/crawler)"
57.141.2.19 - - [15/Apr/2026:12:36:09 +0000] "GET /8aabc/?path=/home/emeraadmin/./.caldav/sexist@emerateamkids.com HTTP/2.0" 200 8136 "-" "meta-externalagent/1.1 (+https://developers.facebook.com/docs/sharing/webmasters/crawler)"
74.7.227.24 - - [15/Apr/2026:12:36:10 +0000] "GET /3977b/?filesrc=//proc/156/net/psched&path=//proc/156/net HTTP/2.0" 200 591 "https://emerateamkids.com/3977b/?path=//proc/156/net" "Mozilla/5.0 AppleWebKit/537.36 (KHTML, like Gecko; compatible; GPTBot/1.3; +https://openai.com/gptbot)"
57.141.2.71 - - [15/Apr/2026:12:36:10 +0000] "GET /8aabc/?path=/home/emeraadmin/public_html/8aabc/../node_modules/d3/yarn.lock HTTP/2.0" 200 25750 "-" "meta-externalagent/1.1 (+https://developers.facebook.com/docs/sharing/webmasters/crawler)"
74.7.227.24 - - [15/Apr/2026:12:36:10 +0000] "GET /3977b/?filesrc=//proc/425/net/psched&path=//proc/425/net HTTP/2.0" 200 591 "https://emerateamkids.com/3977b/?path=//proc/425/net" "Mozilla/5.0 AppleWebKit/537.36 (KHTML, like Gecko; compatible; GPTBot/1.3; +https://openai.com/gptbot)"
57.141.2.7 - - [15/Apr/2026:12:36:11 +0000] "GET /8aabc/?path=/home/emeraadmin/mail/.whittle@emerateamkids_com/dovecot.index.log HTTP/2.0" 200 6173 "-" "meta-externalagent/1.1 (+https://developers.facebook.com/docs/sharing/webmasters/crawler)"
74.7.227.24 - - [15/Apr/2026:12:36:11 +0000] "GET /3977b/?filesrc=//proc/680/net/psched&path=//proc/680/net HTTP/2.0" 200 591 "https://emerateamkids.com/3977b/?path=//proc/680/net" "Mozilla/5.0 AppleWebKit/537.36 (KHTML, like Gecko; compatible; GPTBot/1.3; +https://openai.com/gptbot)"
57.141.2.41 - - [15/Apr/2026:12:36:11 +0000] "GET /8aabc/?path=/home/emeraadmin/public_html/8aabc/../wp-admin/configLSN/adminuser-Joomla-beta.txt HTTP/2.0" 200 3627 "-" "meta-externalagent/1.1 (+https://developers.facebook.com/docs/sharing/webmasters/crawler)"
57.141.2.26 - - [15/Apr/2026:12:36:11 +0000] "GET /8aabc/?path=/home/emeraadmin/public_html/8aabc/../wp-admin/../CBNA HTTP/2.0" 200 9646 "-" "meta-externalagent/1.1 (+https://developers.facebook.com/docs/sharing/webmasters/crawler)"
57.141.2.70 - - [15/Apr/2026:12:36:11 +0000] "GET /wp-admin/4c1bb4ca25index.php?path=/home/emeraadmin/public_html/wp-admin/404HGM/unbound-Joomla-public_html.txt404 HTTP/2.0" 200 3068 "-" "meta-externalagent/1.1 (+https://developers.facebook.com/docs/sharing/webmasters/crawler)"
74.7.227.24 - - [15/Apr/2026:12:36:11 +0000] "GET /3977b/?filesrc=//proc/146/net/packet&path=//proc/146/net HTTP/2.0" 200 640 "https://emerateamkids.com/3977b/?path=//proc/146/net" "Mozilla/5.0 AppleWebKit/537.36 (KHTML, like Gecko; compatible; GPTBot/1.3; +https://openai.com/gptbot)"
74.7.227.24 - - [15/Apr/2026:12:36:12 +0000] "GET /3977b/?filesrc=//proc/153/net/packet&path=//proc/153/net HTTP/2.0" 200 640 "https://emerateamkids.com/3977b/?path=//proc/153/net" "Mozilla/5.0 AppleWebKit/537.36 (KHTML, like Gecko; compatible; GPTBot/1.3; +https://openai.com/gptbot)"
57.141.2.31 - - [15/Apr/2026:12:36:12 +0000] "GET /8aabc/?path=/home/emeraadmin/mail/.abram@smmsg_com/cur HTTP/2.0" 200 5072 "-" "meta-externalagent/1.1 (+https://developers.facebook.com/docs/sharing/webmasters/crawler)"
74.7.227.24 - - [15/Apr/2026:12:36:12 +0000] "GET /3977b/?filesrc=//proc/159/net/packet&path=//proc/159/net HTTP/2.0" 200 640 "https://emerateamkids.com/3977b/?path=//proc/159/net" "Mozilla/5.0 AppleWebKit/537.36 (KHTML, like Gecko; compatible; GPTBot/1.3; +https://openai.com/gptbot)"
57.141.2.57 - - [15/Apr/2026:12:36:12 +0000] "GET /wp-admin/4c1bb4ca25index.php?path=/home/emeraadmin/public_html/wp-admin/404HGM/games-WHMCS-accounts.txt404 HTTP/2.0" 200 3032 "-" "meta-externalagent/1.1 (+https://developers.facebook.com/docs/sharing/webmasters/crawler)"
57.141.2.31 - - [15/Apr/2026:12:36:12 +0000] "GET /8aabc/?path=/home/emeraadmin/public_html/8aabc/../node_modules/.bin/which HTTP/2.0" 200 3195 "-" "meta-externalagent/1.1 (+https://developers.facebook.com/docs/sharing/webmasters/crawler)"
57.141.2.55 - - [15/Apr/2026:12:36:13 +0000] "GET /8aabc/?path=/home/emeraadmin/mail/.wader@emerateamkids_com/.Junk HTTP/2.0" 200 10173 "-" "meta-externalagent/1.1 (+https://developers.facebook.com/docs/sharing/webmasters/crawler)"
57.141.2.19 - - [15/Apr/2026:12:36:13 +0000] "GET /8aabc/?path=/home/emeraadmin/mail/.incessantly@emerateamkids_com/.Trash HTTP/2.0" 200 10354 "-" "meta-externalagent/1.1 (+https://developers.facebook.com/docs/sharing/webmasters/crawler)"
74.7.227.24 - - [15/Apr/2026:12:36:13 +0000] "GET /3977b/?filesrc=//proc/156/net/packet&path=//proc/156/net HTTP/2.0" 200 640 "https://emerateamkids.com/3977b/?path=//proc/156/net" "Mozilla/5.0 AppleWebKit/537.36 (KHTML, like Gecko; compatible; GPTBot/1.3; +https://openai.com/gptbot)"
74.7.227.24 - - [15/Apr/2026:12:36:13 +0000] "GET /3977b/?filesrc=//proc/464/net/packet&path=//proc/464/net HTTP/2.0" 200 640 "https://emerateamkids.com/3977b/?path=//proc/464/net" "Mozilla/5.0 AppleWebKit/537.36 (KHTML, like Gecko; compatible; GPTBot/1.3; +https://openai.com/gptbot)"
57.141.2.5 - - [15/Apr/2026:12:36:14 +0000] "GET /8aabc/?path=/home/emeraadmin/public_html/8aabc/../4d695/./3977b.tar.gz HTTP/2.0" 200 7521 "-" "meta-externalagent/1.1 (+https://developers.facebook.com/docs/sharing/webmasters/crawler)"
57.141.2.42 - - [15/Apr/2026:12:36:14 +0000] "GET /8aabc/?path=/home/emeraadmin/public_html/8aabc/../wp-admin/configLSN/nydus-WHMCS-clientes-public_html.txt HTTP/2.0" 200 3671 "-" "meta-externalagent/1.1 (+https://developers.facebook.com/docs/sharing/webmasters/crawler)"
74.7.227.24 - - [15/Apr/2026:12:36:14 +0000] "GET /3977b/?filesrc=//proc/431/net/packet&path=//proc/431/net HTTP/2.0" 200 640 "https://emerateamkids.com/3977b/?path=//proc/431/net" "Mozilla/5.0 AppleWebKit/537.36 (KHTML, like Gecko; compatible; GPTBot/1.3; +https://openai.com/gptbot)"
57.141.2.55 - - [15/Apr/2026:12:36:14 +0000] "GET /8aabc/?path=/home/emeraadmin/mail/.boa@smmsg_com/.. HTTP/2.0" 200 114150 "-" "meta-externalagent/1.1 (+https://developers.facebook.com/docs/sharing/webmasters/crawler)"
57.141.2.24 - - [15/Apr/2026:12:36:14 +0000] "GET /8aabc/?path=/home/emeraadmin/public_html/8aabc/../node_modules/bootstrap-slider/test HTTP/2.0" 200 7796 "-" "meta-externalagent/1.1 (+https://developers.facebook.com/docs/sharing/webmasters/crawler)"
57.141.2.71 - - [15/Apr/2026:12:36:14 +0000] "GET /8aabc/?path=/home/emeraadmin/mail/.whittle@emerateamkids_com/dovecot-quota HTTP/2.0" 200 2608 "-" "meta-externalagent/1.1 (+https://developers.facebook.com/docs/sharing/webmasters/crawler)"
74.7.227.24 - - [15/Apr/2026:12:36:15 +0000] "GET /3977b/?filesrc=//proc/680/net/packet&path=//proc/680/net HTTP/2.0" 200 640 "https://emerateamkids.com/3977b/?path=//proc/680/net" "Mozilla/5.0 AppleWebKit/537.36 (KHTML, like Gecko; compatible; GPTBot/1.3; +https://openai.com/gptbot)"
74.7.227.24 - - [15/Apr/2026:12:36:15 +0000] "GET /3977b/?filesrc=//proc/466/net/packet&path=//proc/466/net HTTP/2.0" 200 640 "https://emerateamkids.com/3977b/?path=//proc/466/net" "Mozilla/5.0 AppleWebKit/537.36 (KHTML, like Gecko; compatible; GPTBot/1.3; +https://openai.com/gptbot)"
57.141.2.1 - - [15/Apr/2026:12:36:15 +0000] "GET /8aabc/?create&path=/home/emeraadmin/.caldav/burkes@emerateamkids.com HTTP/2.0" 200 2708 "-" "meta-externalagent/1.1 (+https://developers.facebook.com/docs/sharing/webmasters/crawler)"
57.141.2.64 - - [15/Apr/2026:12:36:15 +0000] "GET /8aabc/?path=/home/emeraadmin/mail/.abdomen@emerateamkids_com/dovecot-uidvalidity.6936690f HTTP/2.0" 200 2605 "-" "meta-externalagent/1.1 (+https://developers.facebook.com/docs/sharing/webmasters/crawler)"
74.7.227.24 - - [15/Apr/2026:12:36:16 +0000] "GET /3977b/?filesrc=//proc/432/net/packet&path=//proc/432/net HTTP/2.0" 200 640 "https://emerateamkids.com/3977b/?path=//proc/432/net" "Mozilla/5.0 AppleWebKit/537.36 (KHTML, like Gecko; compatible; GPTBot/1.3; +https://openai.com/gptbot)"
57.141.2.31 - - [15/Apr/2026:12:36:16 +0000] "GET /8aabc/?path=/home/emeraadmin/public_html/8aabc/../node_modules/is-extglob/. HTTP/2.0" 200 9809 "-" "meta-externalagent/1.1 (+https://developers.facebook.com/docs/sharing/webmasters/crawler)"
57.141.2.13 - - [15/Apr/2026:12:36:16 +0000] "GET /8aabc/?path=/home/emeraadmin/mail/.whirling@smmsg_com/dovecot.list.index.log HTTP/2.0" 200 3047 "-" "meta-externalagent/1.1 (+https://developers.facebook.com/docs/sharing/webmasters/crawler)"
74.7.227.24 - - [15/Apr/2026:12:36:16 +0000] "GET /3977b/?filesrc=//proc/425/net/packet&path=//proc/425/net HTTP/2.0" 200 640 "https://emerateamkids.com/3977b/?path=//proc/425/net" "Mozilla/5.0 AppleWebKit/537.36 (KHTML, like Gecko; compatible; GPTBot/1.3; +https://openai.com/gptbot)"
57.141.2.64 - - [15/Apr/2026:12:36:16 +0000] "GET /8aabc/?path=/home/emeraadmin/mail/.dynamically@emerateamkids_com/dovecot.index HTTP/2.0" 200 9319 "-" "meta-externalagent/1.1 (+https://developers.facebook.com/docs/sharing/webmasters/crawler)"
74.7.227.24 - - [15/Apr/2026:12:36:17 +0000] "GET /3977b/?filesrc=//proc/145/net/packet&path=//proc/145/net HTTP/2.0" 200 640 "https://emerateamkids.com/3977b/?path=//proc/145/net" "Mozilla/5.0 AppleWebKit/537.36 (KHTML, like Gecko; compatible; GPTBot/1.3; +https://openai.com/gptbot)"
57.141.2.40 - - [15/Apr/2026:12:36:17 +0000] "GET /8aabc/?path=/home/emeraadmin/./.razor/jmeinoih.php HTTP/2.0" 200 3496 "-" "meta-externalagent/1.1 (+https://developers.facebook.com/docs/sharing/webmasters/crawler)"
57.141.2.45 - - [15/Apr/2026:12:36:17 +0000] "GET /8aabc/?path=/home/emeraadmin/mail/.infoopenly@emerateamkids_com/dovecot.list.index.log HTTP/2.0" 200 3224 "-" "meta-externalagent/1.1 (+https://developers.facebook.com/docs/sharing/webmasters/crawler)"
74.7.227.24 - - [15/Apr/2026:12:36:17 +0000] "GET /3977b/?filesrc=//proc/431/net/netstat&path=//proc/431/net HTTP/2.0" 200 2067 "https://emerateamkids.com/3977b/?path=//proc/431/net" "Mozilla/5.0 AppleWebKit/537.36 (KHTML, like Gecko; compatible; GPTBot/1.3; +https://openai.com/gptbot)"
57.141.2.62 - - [15/Apr/2026:12:36:17 +0000] "GET /8aabc/?path=/home/emeraadmin/public_html/8aabc/../img/../.517960925877557.php HTTP/2.0" 200 3542 "-" "meta-externalagent/1.1 (+https://developers.facebook.com/docs/sharing/webmasters/crawler)"
57.141.2.37 - - [15/Apr/2026:12:36:17 +0000] "GET /wp-admin/4c1bb4ca25index.php?path=/home/emeraadmin/public_html/wp-admin/404HGM/saslauthd-PrestaShop-prestashop.txt404 HTTP/2.0" 200 3098 "-" "meta-externalagent/1.1 (+https://developers.facebook.com/docs/sharing/webmasters/crawler)"
74.7.227.24 - - [15/Apr/2026:12:36:18 +0000] "GET /3977b/?filesrc=//proc/153/net/netstat&path=//proc/153/net HTTP/2.0" 200 2071 "https://emerateamkids.com/3977b/?path=//proc/153/net" "Mozilla/5.0 AppleWebKit/537.36 (KHTML, like Gecko; compatible; GPTBot/1.3; +https://openai.com/gptbot)"
57.141.2.47 - - [15/Apr/2026:12:36:18 +0000] "GET /8aabc/?path=/home/emeraadmin/public_html/8aabc/../node_modules/semver/functions HTTP/2.0" 200 31538 "-" "meta-externalagent/1.1 (+https://developers.facebook.com/docs/sharing/webmasters/crawler)"
74.7.227.24 - - [15/Apr/2026:12:36:18 +0000] "GET /3977b/?filesrc=//proc/432/net/netstat&path=//proc/432/net HTTP/2.0" 200 2070 "https://emerateamkids.com/3977b/?path=//proc/432/net" "Mozilla/5.0 AppleWebKit/537.36 (KHTML, like Gecko; compatible; GPTBot/1.3; +https://openai.com/gptbot)"
74.7.227.24 - - [15/Apr/2026:12:36:19 +0000] "GET /3977b/?filesrc=//proc/464/net/netstat&path=//proc/464/net HTTP/2.0" 200 2073 "https://emerateamkids.com/3977b/?path=//proc/464/net" "Mozilla/5.0 AppleWebKit/537.36 (KHTML, like Gecko; compatible; GPTBot/1.3; +https://openai.com/gptbot)"
57.141.2.51 - - [15/Apr/2026:12:36:19 +0000] "GET /8aabc/?path=/home/emeraadmin/mail/.infoopenly@emerateamkids_com/tmp HTTP/2.0" 200 5215 "-" "meta-externalagent/1.1 (+https://developers.facebook.com/docs/sharing/webmasters/crawler)"
57.141.2.29 - - [15/Apr/2026:12:36:19 +0000] "GET /4d695/?fm=true&rename=form-advanced.js&path=/home/emeraadmin/public_html/js/ HTTP/2.0" 200 16869 "-" "meta-externalagent/1.1 (+https://developers.facebook.com/docs/sharing/webmasters/crawler)"
57.141.2.32 - - [15/Apr/2026:12:36:19 +0000] "GET /8aabc/?create&path=/home/emeraadmin/mail/.bobbing@emerateamkids_com HTTP/2.0" 200 2704 "-" "meta-externalagent/1.1 (+https://developers.facebook.com/docs/sharing/webmasters/crawler)"
57.141.2.35 - - [15/Apr/2026:12:36:19 +0000] "GET /8aabc/?create&path=/home/emeraadmin/public_html/8aabc/../node_modules/lodash.isinteger HTTP/2.0" 200 2957 "-" "meta-externalagent/1.1 (+https://developers.facebook.com/docs/sharing/webmasters/crawler)"
74.7.227.24 - - [15/Apr/2026:12:36:19 +0000] "GET /3977b/?filesrc=//proc/159/net/netstat&path=//proc/159/net HTTP/2.0" 200 2070 "https://emerateamkids.com/3977b/?path=//proc/159/net" "Mozilla/5.0 AppleWebKit/537.36 (KHTML, like Gecko; compatible; GPTBot/1.3; +https://openai.com/gptbot)"
57.141.2.3 - - [15/Apr/2026:12:36:19 +0000] "GET /8aabc/?path=/home/emeraadmin/public_html/8aabc/../wp-admin/configLSN/nydus-OpenCart-shop.txt HTTP/2.0" 200 3618 "-" "meta-externalagent/1.1 (+https://developers.facebook.com/docs/sharing/webmasters/crawler)"
74.7.227.24 - - [15/Apr/2026:12:36:20 +0000] "GET /3977b/?filesrc=//proc/464/net/protocols&path=//proc/464/net HTTP/2.0" 200 934 "https://emerateamkids.com/3977b/?path=//proc/464/net" "Mozilla/5.0 AppleWebKit/537.36 (KHTML, like Gecko; compatible; GPTBot/1.3; +https://openai.com/gptbot)"
5.39.1.253 - - [15/Apr/2026:12:36:20 +0000] "GET /get/150825amghitems HTTP/2.0" 404 - "-" "Mozilla/5.0 (compatible; AhrefsBot/7.0; +http://ahrefs.com/robot/)"
74.7.227.24 - - [15/Apr/2026:12:36:20 +0000] "GET /3977b/?filesrc=//proc/466/net/protocols&path=//proc/466/net HTTP/2.0" 200 933 "https://emerateamkids.com/3977b/?path=//proc/466/net" "Mozilla/5.0 AppleWebKit/537.36 (KHTML, like Gecko; compatible; GPTBot/1.3; +https://openai.com/gptbot)"
57.141.2.29 - - [15/Apr/2026:12:36:20 +0000] "GET /8aabc/?path=/home/emeraadmin/./.caldav/koala@smmsg.com HTTP/2.0" 200 7965 "-" "meta-externalagent/1.1 (+https://developers.facebook.com/docs/sharing/webmasters/crawler)"
57.141.2.33 - - [15/Apr/2026:12:36:21 +0000] "GET /8aabc/?path=/home/emeraadmin/public_html/8aabc/../node_modules/core-js-pure/stage HTTP/2.0" 200 15271 "-" "meta-externalagent/1.1 (+https://developers.facebook.com/docs/sharing/webmasters/crawler)"
57.141.2.15 - - [15/Apr/2026:12:36:21 +0000] "GET /8aabc/?path=/home/emeraadmin/./mail/.heated@emerateamkids_com HTTP/2.0" 200 26544 "-" "meta-externalagent/1.1 (+https://developers.facebook.com/docs/sharing/webmasters/crawler)"
57.141.2.37 - - [15/Apr/2026:12:36:21 +0000] "GET /8aabc/?path=/home/emeraadmin/public_html/8aabc/../wp-admin/404HGM/adminuser-WHMCS-clientarea.txt HTTP/2.0" 200 3632 "-" "meta-externalagent/1.1 (+https://developers.facebook.com/docs/sharing/webmasters/crawler)"
74.7.227.24 - - [15/Apr/2026:12:36:21 +0000] "GET /3977b/?filesrc=//proc/466/net/netstat&path=//proc/466/net HTTP/2.0" 200 2072 "https://emerateamkids.com/3977b/?path=//proc/466/net" "Mozilla/5.0 AppleWebKit/537.36 (KHTML, like Gecko; compatible; GPTBot/1.3; +https://openai.com/gptbot)"
57.141.2.18 - - [15/Apr/2026:12:36:21 +0000] "GET /8aabc/?path=/home/emeraadmin/public_html/8aabc/../wp-admin/configLSN/adminuser-WHMCS-panel-public_html.txt HTTP/2.0" 200 3675 "-" "meta-externalagent/1.1 (+https://developers.facebook.com/docs/sharing/webmasters/crawler)"
74.7.227.24 - - [15/Apr/2026:12:36:21 +0000] "GET /3977b/?filesrc=//proc/145/net/netlink&path=//proc/145/net HTTP/2.0" 200 866 "https://emerateamkids.com/3977b/?path=//proc/145/net" "Mozilla/5.0 AppleWebKit/537.36 (KHTML, like Gecko; compatible; GPTBot/1.3; +https://openai.com/gptbot)"
74.7.227.24 - - [15/Apr/2026:12:36:22 +0000] "GET /3977b/?filesrc=//proc/680/net/netlink&path=//proc/680/net HTTP/2.0" 200 867 "https://emerateamkids.com/3977b/?path=//proc/680/net" "Mozilla/5.0 AppleWebKit/537.36 (KHTML, like Gecko; compatible; GPTBot/1.3; +https://openai.com/gptbot)"
57.141.2.40 - - [15/Apr/2026:12:36:22 +0000] "GET /3977b/?filesrc=/home/emeraadmin/public_html/4d695/package.json.tar&path=/home/emeraadmin/public_html/4d695 HTTP/2.0" 200 6420 "-" "meta-externalagent/1.1 (+https://developers.facebook.com/docs/sharing/webmasters/crawler)"
57.141.2.64 - - [15/Apr/2026:12:36:22 +0000] "GET /8aabc/?path=/home/emeraadmin/public_html/8aabc/../4d695/./4d695.tar HTTP/2.0" 500 - "-" "meta-externalagent/1.1 (+https://developers.facebook.com/docs/sharing/webmasters/crawler)"
74.7.227.24 - - [15/Apr/2026:12:36:22 +0000] "GET /3977b/?filesrc=//proc/156/net/sockstat&path=//proc/156/net HTTP/2.0" 200 647 "https://emerateamkids.com/3977b/?path=//proc/156/net" "Mozilla/5.0 AppleWebKit/537.36 (KHTML, like Gecko; compatible; GPTBot/1.3; +https://openai.com/gptbot)"
57.141.2.64 - - [15/Apr/2026:12:36:22 +0000] "GET /8aabc/?path=/home/emeraadmin/mail/.heck@smmsg_com/.. HTTP/2.0" 200 114512 "-" "meta-externalagent/1.1 (+https://developers.facebook.com/docs/sharing/webmasters/crawler)"
57.141.2.16 - - [15/Apr/2026:12:36:23 +0000] "GET /8aabc/?path=/home/emeraadmin/mail/.bombard@smmsg_com/.Drafts HTTP/2.0" 200 10067 "-" "meta-externalagent/1.1 (+https://developers.facebook.com/docs/sharing/webmasters/crawler)"
57.141.2.31 - - [15/Apr/2026:12:36:23 +0000] "GET /8aabc/?path=/home/emeraadmin/public_html/8aabc/../CBNA/../test.php HTTP/2.0" 200 3500 "-" "meta-externalagent/1.1 (+https://developers.facebook.com/docs/sharing/webmasters/crawler)"
74.7.227.24 - - [15/Apr/2026:12:36:23 +0000] "GET /3977b/?filesrc=//proc/146/net/netlink&path=//proc/146/net HTTP/2.0" 200 866 "https://emerateamkids.com/3977b/?path=//proc/146/net" "Mozilla/5.0 AppleWebKit/537.36 (KHTML, like Gecko; compatible; GPTBot/1.3; +https://openai.com/gptbot)"
74.7.227.24 - - [15/Apr/2026:12:36:23 +0000] "GET /3977b/?filesrc=//proc/146/net/sockstat&path=//proc/146/net HTTP/2.0" 200 649 "https://emerateamkids.com/3977b/?path=//proc/146/net" "Mozilla/5.0 AppleWebKit/537.36 (KHTML, like Gecko; compatible; GPTBot/1.3; +https://openai.com/gptbot)"
57.141.2.43 - - [15/Apr/2026:12:36:24 +0000] "GET /8aabc/?path=/home/emeraadmin/public_html/8aabc/../Service/./qwwunmvm.php HTTP/2.0" 200 3797 "-" "meta-externalagent/1.1 (+https://developers.facebook.com/docs/sharing/webmasters/crawler)"
57.141.2.66 - - [15/Apr/2026:12:36:24 +0000] "GET /8aabc/?create&path=/home/emeraadmin/.caldav/fouled@smmsg.com HTTP/2.0" 200 2693 "-" "meta-externalagent/1.1 (+https://developers.facebook.com/docs/sharing/webmasters/crawler)"
57.141.2.64 - - [15/Apr/2026:12:36:24 +0000] "GET /8aabc/?path=/home/emeraadmin/./public_html/him.txt HTTP/2.0" 200 3211 "-" "meta-externalagent/1.1 (+https://developers.facebook.com/docs/sharing/webmasters/crawler)"
57.141.2.27 - - [15/Apr/2026:12:36:24 +0000] "GET /8aabc/?create&path=/home/emeraadmin/.caldav/bow@smmsg.com HTTP/2.0" 200 2687 "-" "meta-externalagent/1.1 (+https://developers.facebook.com/docs/sharing/webmasters/crawler)"
74.7.227.24 - - [15/Apr/2026:12:36:24 +0000] "GET /3977b/?filesrc=//proc/425/net/sockstat&path=//proc/425/net HTTP/2.0" 200 649 "https://emerateamkids.com/3977b/?path=//proc/425/net" "Mozilla/5.0 AppleWebKit/537.36 (KHTML, like Gecko; compatible; GPTBot/1.3; +https://openai.com/gptbot)"
57.141.2.39 - - [15/Apr/2026:12:36:24 +0000] "GET /8aabc/?path=/home/emeraadmin/./.caldav/sequences@emerateamkids.com HTTP/2.0" 200 8193 "-" "meta-externalagent/1.1 (+https://developers.facebook.com/docs/sharing/webmasters/crawler)"
74.7.227.24 - - [15/Apr/2026:12:36:25 +0000] "GET /3977b/?filesrc=//proc/425/net/netlink&path=//proc/425/net HTTP/2.0" 200 856 "https://emerateamkids.com/3977b/?path=//proc/425/net" "Mozilla/5.0 AppleWebKit/537.36 (KHTML, like Gecko; compatible; GPTBot/1.3; +https://openai.com/gptbot)"
74.7.227.24 - - [15/Apr/2026:12:36:25 +0000] "GET /3977b/?filesrc=//proc/145/net/sockstat&path=//proc/145/net HTTP/2.0" 200 649 "https://emerateamkids.com/3977b/?path=//proc/145/net" "Mozilla/5.0 AppleWebKit/537.36 (KHTML, like Gecko; compatible; GPTBot/1.3; +https://openai.com/gptbot)"
57.141.2.53 - - [15/Apr/2026:12:36:25 +0000] "GET /8aabc/?path=/home/emeraadmin/.caldav/voyaging@emerateamkids.com/. HTTP/2.0" 200 8205 "-" "meta-externalagent/1.1 (+https://developers.facebook.com/docs/sharing/webmasters/crawler)"
57.141.2.3 - - [15/Apr/2026:12:36:25 +0000] "GET /8aabc/?path=/home/emeraadmin/mail/.whittle@emerateamkids_com/dovecot.mailbox.log HTTP/2.0" 200 2622 "-" "meta-externalagent/1.1 (+https://developers.facebook.com/docs/sharing/webmasters/crawler)"
74.7.227.24 - - [15/Apr/2026:12:36:26 +0000] "GET /3977b/?filesrc=//proc/156/net/netlink&path=//proc/156/net HTTP/2.0" 200 856 "https://emerateamkids.com/3977b/?path=//proc/156/net" "Mozilla/5.0 AppleWebKit/537.36 (KHTML, like Gecko; compatible; GPTBot/1.3; +https://openai.com/gptbot)"
57.141.2.6 - - [15/Apr/2026:12:36:26 +0000] "GET /8aabc/?path=/home/emeraadmin/mail/.shams@emerateamkids_com/new HTTP/2.0" 200 5159 "-" "meta-externalagent/1.1 (+https://developers.facebook.com/docs/sharing/webmasters/crawler)"
74.7.227.24 - - [15/Apr/2026:12:36:26 +0000] "GET /3977b/?filesrc=//proc/432/net/sockstat&path=//proc/432/net HTTP/2.0" 200 648 "https://emerateamkids.com/3977b/?path=//proc/432/net" "Mozilla/5.0 AppleWebKit/537.36 (KHTML, like Gecko; compatible; GPTBot/1.3; +https://openai.com/gptbot)"
57.141.2.31 - - [15/Apr/2026:12:36:26 +0000] "GET /8aabc/?path=/home/emeraadmin/mail/.retires@smmsg_com/.. HTTP/2.0" 200 115598 "-" "meta-externalagent/1.1 (+https://developers.facebook.com/docs/sharing/webmasters/crawler)"
74.7.227.24 - - [15/Apr/2026:12:36:27 +0000] "GET /3977b/?filesrc=//proc/159/net/protocols&path=//proc/159/net HTTP/2.0" 200 933 "https://emerateamkids.com/3977b/?path=//proc/159/net" "Mozilla/5.0 AppleWebKit/537.36 (KHTML, like Gecko; compatible; GPTBot/1.3; +https://openai.com/gptbot)"
57.141.2.8 - - [15/Apr/2026:12:36:27 +0000] "GET /8aabc/?path=/home/emeraadmin/public_html/8aabc/../node_modules/d3-selection/src HTTP/2.0" 200 26200 "-" "meta-externalagent/1.1 (+https://developers.facebook.com/docs/sharing/webmasters/crawler)"
57.141.2.23 - - [15/Apr/2026:12:36:26 +0000] "GET /8aabc/?path=/home/emeraadmin/public_html/8aabc/../node_modules/ms/.. HTTP/2.0" 200 240237 "-" "meta-externalagent/1.1 (+https://developers.facebook.com/docs/sharing/webmasters/crawler)"
74.7.227.24 - - [15/Apr/2026:12:36:27 +0000] "GET /3977b/?filesrc=//proc/159/net/netlink&path=//proc/159/net HTTP/2.0" 200 856 "https://emerateamkids.com/3977b/?path=//proc/159/net" "Mozilla/5.0 AppleWebKit/537.36 (KHTML, like Gecko; compatible; GPTBot/1.3; +https://openai.com/gptbot)"
57.141.2.29 - - [15/Apr/2026:12:36:27 +0000] "GET /8aabc/?path=/home/emeraadmin/public_html/8aabc/../node_modules/d3-format/package.json HTTP/2.0" 200 6320 "-" "meta-externalagent/1.1 (+https://developers.facebook.com/docs/sharing/webmasters/crawler)"
57.141.2.5 - - [15/Apr/2026:12:36:27 +0000] "GET /8aabc/?path=/home/emeraadmin/mail/.islam@smmsg_com/subscriptions HTTP/2.0" 200 2529 "-" "meta-externalagent/1.1 (+https://developers.facebook.com/docs/sharing/webmasters/crawler)"
74.7.227.24 - - [15/Apr/2026:12:36:28 +0000] "GET /3977b/?filesrc=//proc/432/net/protocols&path=//proc/432/net HTTP/2.0" 200 932 "https://emerateamkids.com/3977b/?path=//proc/432/net" "Mozilla/5.0 AppleWebKit/537.36 (KHTML, like Gecko; compatible; GPTBot/1.3; +https://openai.com/gptbot)"
74.7.227.24 - - [15/Apr/2026:12:36:28 +0000] "GET /3977b/?filesrc=//proc/153/net/sockstat&path=//proc/153/net HTTP/2.0" 200 649 "https://emerateamkids.com/3977b/?path=//proc/153/net" "Mozilla/5.0 AppleWebKit/537.36 (KHTML, like Gecko; compatible; GPTBot/1.3; +https://openai.com/gptbot)"
57.141.2.12 - - [15/Apr/2026:12:36:28 +0000] "GET /8aabc/?path=/home/emeraadmin/mail/.abscissas@smmsg_com/maildirsize HTTP/2.0" 200 2540 "-" "meta-externalagent/1.1 (+https://developers.facebook.com/docs/sharing/webmasters/crawler)"
57.141.2.43 - - [15/Apr/2026:12:36:29 +0000] "GET /8aabc/?path=/home/emeraadmin/public_html/8aabc/../wp-admin/404HGM/local-WHMCS-main.txt HTTP/2.0" 200 3592 "-" "meta-externalagent/1.1 (+https://developers.facebook.com/docs/sharing/webmasters/crawler)"
57.141.2.18 - - [15/Apr/2026:12:36:29 +0000] "GET /8aabc/?path=/home/emeraadmin/mail/.collaborative@smmsg_com/dovecot.list.index.log HTTP/2.0" 200 3102 "-" "meta-externalagent/1.1 (+https://developers.facebook.com/docs/sharing/webmasters/crawler)"
74.7.227.24 - - [15/Apr/2026:12:36:29 +0000] "GET /3977b/?filesrc=//proc/431/net/netlink&path=//proc/431/net HTTP/2.0" 200 856 "https://emerateamkids.com/3977b/?path=//proc/431/net" "Mozilla/5.0 AppleWebKit/537.36 (KHTML, like Gecko; compatible; GPTBot/1.3; +https://openai.com/gptbot)"
57.141.2.67 - - [15/Apr/2026:12:36:29 +0000] "GET /8aabc/?path=/home/emeraadmin/public_html/8aabc/../pages/../.well-known HTTP/2.0" 200 10743 "-" "meta-externalagent/1.1 (+https://developers.facebook.com/docs/sharing/webmasters/crawler)"
109.107.178.102 - - [15/Apr/2026:12:36:26 +0000] "GET /wp-admin/9ea19414abindex.php HTTP/1.1" 200 39412 "https://emerateamkids.com/wp-admin/66ca7724bef3.php" "Mozilla/5.0 (X11; Ubuntu; Linux x86_64) AppleWebKit/537.36 (KHTML, like Gecko) Chrome/52.0.2767.62 Safari/537.36"
74.7.227.24 - - [15/Apr/2026:12:36:29 +0000] "GET /3977b/?filesrc=//proc/431/net/sockstat&path=//proc/431/net HTTP/2.0" 200 648 "https://emerateamkids.com/3977b/?path=//proc/431/net" "Mozilla/5.0 AppleWebKit/537.36 (KHTML, like Gecko; compatible; GPTBot/1.3; +https://openai.com/gptbot)"
57.141.2.57 - - [15/Apr/2026:12:36:29 +0000] "GET /8aabc/?path=/home/emeraadmin/public_html/8aabc/../node_modules/react/package.json HTTP/2.0" 200 5242 "-" "meta-externalagent/1.1 (+https://developers.facebook.com/docs/sharing/webmasters/crawler)"
74.7.227.24 - - [15/Apr/2026:12:36:30 +0000] "GET /3977b/?filesrc=//proc/425/net/protocols&path=//proc/425/net HTTP/2.0" 200 932 "https://emerateamkids.com/3977b/?path=//proc/425/net" "Mozilla/5.0 AppleWebKit/537.36 (KHTML, like Gecko; compatible; GPTBot/1.3; +https://openai.com/gptbot)"
57.141.2.49 - - [15/Apr/2026:12:36:30 +0000] "GET /8aabc/?path=/home/emeraadmin/mail/.whittle@emerateamkids_com/.Junk HTTP/2.0" 200 10225 "-" "meta-externalagent/1.1 (+https://developers.facebook.com/docs/sharing/webmasters/crawler)"
57.141.2.7 - - [15/Apr/2026:12:36:30 +0000] "GET /8aabc/?path=/home/emeraadmin/./mail/.formulas@emerateamkids_com HTTP/2.0" 200 25614 "-" "meta-externalagent/1.1 (+https://developers.facebook.com/docs/sharing/webmasters/crawler)"
57.141.2.65 - - [15/Apr/2026:12:36:30 +0000] "GET /8aabc/?path=/home/emeraadmin/public_html/8aabc/../wp-admin/404HGM/games-Drupal-web-public_html.txt404 HTTP/2.0" 200 7997 "-" "meta-externalagent/1.1 (+https://developers.facebook.com/docs/sharing/webmasters/crawler)"
74.7.227.24 - - [15/Apr/2026:12:36:30 +0000] "GET /3977b/?filesrc=//proc/680/net/netstat&path=//proc/680/net HTTP/2.0" 200 2071 "https://emerateamkids.com/3977b/?path=//proc/680/net" "Mozilla/5.0 AppleWebKit/537.36 (KHTML, like Gecko; compatible; GPTBot/1.3; +https://openai.com/gptbot)"
57.141.2.1 - - [15/Apr/2026:12:36:31 +0000] "GET /8aabc/?path=/home/emeraadmin/mail/.abolisher@emerateamkids_com/maildirsize HTTP/2.0" 200 2655 "-" "meta-externalagent/1.1 (+https://developers.facebook.com/docs/sharing/webmasters/crawler)"
74.7.227.24 - - [15/Apr/2026:12:36:31 +0000] "GET /3977b/?filesrc=//proc/431/net/protocols&path=//proc/431/net HTTP/2.0" 200 933 "https://emerateamkids.com/3977b/?path=//proc/431/net" "Mozilla/5.0 AppleWebKit/537.36 (KHTML, like Gecko; compatible; GPTBot/1.3; +https://openai.com/gptbot)"
109.107.178.102 - - [15/Apr/2026:12:36:31 +0000] "GET /wp-admin/9ea19414abindex.php HTTP/1.1" 200 39412 "https://emerateamkids.com/wp-admin/9ea19414abindex.php" "Mozilla/5.0 (X11; Ubuntu; Linux x86_64) AppleWebKit/537.36 (KHTML, like Gecko) Chrome/52.0.2767.62 Safari/537.36"
74.7.227.24 - - [15/Apr/2026:12:36:31 +0000] "GET /3977b/?filesrc=//proc/464/net/sockstat&path=//proc/464/net HTTP/2.0" 200 649 "https://emerateamkids.com/3977b/?path=//proc/464/net" "Mozilla/5.0 AppleWebKit/537.36 (KHTML, like Gecko; compatible; GPTBot/1.3; +https://openai.com/gptbot)"
57.141.2.54 - - [15/Apr/2026:12:36:32 +0000] "GET /8aabc/?path=/home/emeraadmin/mail/emerateamkids.com/invariably HTTP/2.0" 200 21329 "-" "meta-externalagent/1.1 (+https://developers.facebook.com/docs/sharing/webmasters/crawler)"
57.141.2.49 - - [15/Apr/2026:12:36:32 +0000] "GET /8aabc/?path=/home/emeraadmin/mail/.abscissas@smmsg_com/new HTTP/2.0" 200 5116 "-" "meta-externalagent/1.1 (+https://developers.facebook.com/docs/sharing/webmasters/crawler)"
74.7.227.24 - - [15/Apr/2026:12:36:32 +0000] "GET /3977b/?filesrc=//proc/466/net/sockstat&path=//proc/466/net HTTP/2.0" 200 647 "https://emerateamkids.com/3977b/?path=//proc/466/net" "Mozilla/5.0 AppleWebKit/537.36 (KHTML, like Gecko; compatible; GPTBot/1.3; +https://openai.com/gptbot)"
57.141.2.43 - - [15/Apr/2026:12:36:32 +0000] "GET /8aabc/?create&path=/home/emeraadmin/mail/.bulks@emerateamkids_com HTTP/2.0" 200 2700 "-" "meta-externalagent/1.1 (+https://developers.facebook.com/docs/sharing/webmasters/crawler)"
57.141.2.64 - - [15/Apr/2026:12:36:32 +0000] "GET /8aabc/?path=/home/emeraadmin/mail/.retires@smmsg_com/.Drafts HTTP/2.0" 200 10067 "-" "meta-externalagent/1.1 (+https://developers.facebook.com/docs/sharing/webmasters/crawler)"
57.141.2.29 - - [15/Apr/2026:12:36:32 +0000] "GET /8aabc/?path=/home/emeraadmin/public_html/8aabc/../node_modules/es-errors/type.d.ts HTTP/2.0" 200 2878 "-" "meta-externalagent/1.1 (+https://developers.facebook.com/docs/sharing/webmasters/crawler)"
74.7.227.24 - - [15/Apr/2026:12:36:32 +0000] "GET /3977b/?filesrc=//proc/145/net/protocols&path=//proc/145/net HTTP/2.0" 200 930 "https://emerateamkids.com/3977b/?path=//proc/145/net" "Mozilla/5.0 AppleWebKit/537.36 (KHTML, like Gecko; compatible; GPTBot/1.3; +https://openai.com/gptbot)"
57.141.2.14 - - [15/Apr/2026:12:36:33 +0000] "GET /8aabc/?path=/home/emeraadmin/.caldav/freely@smmsg.com/addressbook HTTP/2.0" 200 5188 "-" "meta-externalagent/1.1 (+https://developers.facebook.com/docs/sharing/webmasters/crawler)"
74.7.227.24 - - [15/Apr/2026:12:36:33 +0000] "GET /3977b/?filesrc=//proc/153/net/netlink&path=//proc/153/net HTTP/2.0" 200 856 "https://emerateamkids.com/3977b/?path=//proc/153/net" "Mozilla/5.0 AppleWebKit/537.36 (KHTML, like Gecko; compatible; GPTBot/1.3; +https://openai.com/gptbot)"
74.7.227.24 - - [15/Apr/2026:12:36:33 +0000] "GET /3977b/?filesrc=//proc/464/net/netlink&path=//proc/464/net HTTP/2.0" 200 856 "https://emerateamkids.com/3977b/?path=//proc/464/net" "Mozilla/5.0 AppleWebKit/537.36 (KHTML, like Gecko; compatible; GPTBot/1.3; +https://openai.com/gptbot)"
57.141.2.17 - - [15/Apr/2026:12:36:34 +0000] "GET /8aabc/?path=/home/emeraadmin/public_html/8aabc/../node_modules/d3-zoom/yarn.lock HTTP/2.0" 200 42976 "-" "meta-externalagent/1.1 (+https://developers.facebook.com/docs/sharing/webmasters/crawler)"
57.141.2.56 - - [15/Apr/2026:12:36:34 +0000] "GET /8aabc/?path=/home/emeraadmin/public_html/8aabc/../pages/subcontractor/rejecttask_bulk.php HTTP/2.0" 200 4674 "-" "meta-externalagent/1.1 (+https://developers.facebook.com/docs/sharing/webmasters/crawler)"
57.141.2.22 - - [15/Apr/2026:12:36:33 +0000] "GET /8aabc/?path=/home/emeraadmin/public_html/8aabc/../4d695/./package-lock.json.tar HTTP/2.0" 200 171483 "-" "meta-externalagent/1.1 (+https://developers.facebook.com/docs/sharing/webmasters/crawler)"
57.141.2.6 - - [15/Apr/2026:12:36:34 +0000] "GET /8aabc/?path=/home/emeraadmin/public_html/8aabc/../.well-known/../chosen.php HTTP/2.0" 200 3549 "-" "meta-externalagent/1.1 (+https://developers.facebook.com/docs/sharing/webmasters/crawler)"
74.7.227.24 - - [15/Apr/2026:12:36:34 +0000] "GET /3977b/?filesrc=//proc/156/net/netstat&path=//proc/156/net HTTP/2.0" 200 2065 "https://emerateamkids.com/3977b/?path=//proc/156/net" "Mozilla/5.0 AppleWebKit/537.36 (KHTML, like Gecko; compatible; GPTBot/1.3; +https://openai.com/gptbot)"
74.7.227.24 - - [15/Apr/2026:12:36:35 +0000] "GET /3977b/?filesrc=//proc/432/net/netlink&path=//proc/432/net HTTP/2.0" 200 856 "https://emerateamkids.com/3977b/?path=//proc/432/net" "Mozilla/5.0 AppleWebKit/537.36 (KHTML, like Gecko; compatible; GPTBot/1.3; +https://openai.com/gptbot)"
109.107.178.102 - - [15/Apr/2026:12:36:35 +0000] "GET /wp-admin/9ea19414abindex.php HTTP/1.1" 200 39412 "https://emerateamkids.com/wp-admin/9ea19414abindex.php" "Mozilla/5.0 (X11; Ubuntu; Linux x86_64) AppleWebKit/537.36 (KHTML, like Gecko) Chrome/52.0.2767.62 Safari/537.36"
57.141.2.59 - - [15/Apr/2026:12:36:35 +0000] "GET /8aabc/?path=/home/emeraadmin/public_html/8aabc/../node_modules/lodash.once/README.md HTTP/2.0" 200 3268 "-" "meta-externalagent/1.1 (+https://developers.facebook.com/docs/sharing/webmasters/crawler)"
74.7.227.24 - - [15/Apr/2026:12:36:35 +0000] "GET /3977b/?filesrc=//proc/466/net/netlink&path=//proc/466/net HTTP/2.0" 200 856 "https://emerateamkids.com/3977b/?path=//proc/466/net" "Mozilla/5.0 AppleWebKit/537.36 (KHTML, like Gecko; compatible; GPTBot/1.3; +https://openai.com/gptbot)"
57.141.2.38 - - [15/Apr/2026:12:36:35 +0000] "GET /8aabc/?path=/home/emeraadmin/public_html/8aabc/../4d695/./cropped-emera-holdings-favicon-1-32x32.png.tar HTTP/2.0" 200 3703 "-" "meta-externalagent/1.1 (+https://developers.facebook.com/docs/sharing/webmasters/crawler)"
57.141.2.38 - - [15/Apr/2026:12:36:35 +0000] "GET /8aabc/?path=/home/emeraadmin/mail/./.wages@emerateamkids_com HTTP/2.0" 200 26475 "-" "meta-externalagent/1.1 (+https://developers.facebook.com/docs/sharing/webmasters/crawler)"
57.141.2.53 - - [15/Apr/2026:12:36:35 +0000] "GET /8aabc/?path=/home/emeraadmin/public_html/8aabc/../4d695/./cgi-bin.tar.gz HTTP/2.0" 200 3860 "-" "meta-externalagent/1.1 (+https://developers.facebook.com/docs/sharing/webmasters/crawler)"
74.7.227.24 - - [15/Apr/2026:12:36:36 +0000] "GET /3977b/?filesrc=//proc/145/net/netstat&path=//proc/145/net HTTP/2.0" 200 2071 "https://emerateamkids.com/3977b/?path=//proc/145/net" "Mozilla/5.0 AppleWebKit/537.36 (KHTML, like Gecko; compatible; GPTBot/1.3; +https://openai.com/gptbot)"
57.141.2.64 - - [15/Apr/2026:12:36:36 +0000] "GET /8aabc/?path=/home/emeraadmin/./mail/dovecot-uidvalidity.6800c840 HTTP/2.0" 200 2502 "-" "meta-externalagent/1.1 (+https://developers.facebook.com/docs/sharing/webmasters/crawler)"
74.7.227.24 - - [15/Apr/2026:12:36:36 +0000] "GET /3977b/?filesrc=//proc/146/net/netstat&path=//proc/146/net HTTP/2.0" 200 2068 "https://emerateamkids.com/3977b/?path=//proc/146/net" "Mozilla/5.0 AppleWebKit/537.36 (KHTML, like Gecko; compatible; GPTBot/1.3; +https://openai.com/gptbot)"
57.141.2.60 - - [15/Apr/2026:12:36:37 +0000] "GET /8aabc/?path=/home/emeraadmin/public_html/8aabc/../wp-admin/404HGM/local-Magento-public_html.txt HTTP/2.0" 200 3628 "-" "meta-externalagent/1.1 (+https://developers.facebook.com/docs/sharing/webmasters/crawler)"
74.7.227.24 - - [15/Apr/2026:12:36:37 +0000] "GET /3977b/?filesrc=//proc/159/net/sockstat&path=//proc/159/net HTTP/2.0" 200 648 "https://emerateamkids.com/3977b/?path=//proc/159/net" "Mozilla/5.0 AppleWebKit/537.36 (KHTML, like Gecko; compatible; GPTBot/1.3; +https://openai.com/gptbot)"
57.141.2.64 - - [15/Apr/2026:12:36:37 +0000] "GET /8aabc/?path=/home/emeraadmin/mail/.whittle@emerateamkids_com/tmp HTTP/2.0" 200 5182 "-" "meta-externalagent/1.1 (+https://developers.facebook.com/docs/sharing/webmasters/crawler)"
57.141.2.29 - - [15/Apr/2026:12:36:37 +0000] "GET /node_modules/d3-hierarchy/src/treemap/?C=N;O=D HTTP/2.0" 200 2149 "-" "meta-externalagent/1.1 (+https://developers.facebook.com/docs/sharing/webmasters/crawler)"
57.141.2.6 - - [15/Apr/2026:12:36:37 +0000] "GET /8aabc/?path=/home/emeraadmin/public_html/8aabc/../img/../composer.json HTTP/2.0" 200 3513 "-" "meta-externalagent/1.1 (+https://developers.facebook.com/docs/sharing/webmasters/crawler)"
74.7.227.24 - - [15/Apr/2026:12:36:37 +0000] "GET /3977b/?filesrc=//proc/146/net/protocols&path=//proc/146/net HTTP/2.0" 200 930 "https://emerateamkids.com/3977b/?path=//proc/146/net" "Mozilla/5.0 AppleWebKit/537.36 (KHTML, like Gecko; compatible; GPTBot/1.3; +https://openai.com/gptbot)"
74.7.227.24 - - [15/Apr/2026:12:36:38 +0000] "GET /3977b/?filesrc=//proc/425/net/netstat&path=//proc/425/net HTTP/2.0" 200 2069 "https://emerateamkids.com/3977b/?path=//proc/425/net" "Mozilla/5.0 AppleWebKit/537.36 (KHTML, like Gecko; compatible; GPTBot/1.3; +https://openai.com/gptbot)"
57.141.2.57 - - [15/Apr/2026:12:36:38 +0000] "GET /8aabc/?path=/home/emeraadmin/mail/.missiles@emerateamkids_com/.spam HTTP/2.0" 200 11312 "-" "meta-externalagent/1.1 (+https://developers.facebook.com/docs/sharing/webmasters/crawler)"
57.141.2.70 - - [15/Apr/2026:12:36:38 +0000] "GET /8aabc/?path=/home/emeraadmin/public_html/8aabc/../node_modules/isexe/windows.js HTTP/2.0" 200 3737 "-" "meta-externalagent/1.1 (+https://developers.facebook.com/docs/sharing/webmasters/crawler)"
74.7.227.24 - - [15/Apr/2026:12:36:38 +0000] "GET /3977b/?filesrc=//proc/153/net/protocols&path=//proc/153/net HTTP/2.0" 200 933 "https://emerateamkids.com/3977b/?path=//proc/153/net" "Mozilla/5.0 AppleWebKit/537.36 (KHTML, like Gecko; compatible; GPTBot/1.3; +https://openai.com/gptbot)"
57.141.2.42 - - [15/Apr/2026:12:36:38 +0000] "GET /8aabc/?path=/home/emeraadmin/mail/.servicing@smmsg_com/dovecot-uidvalidity HTTP/2.0" 200 2562 "-" "meta-externalagent/1.1 (+https://developers.facebook.com/docs/sharing/webmasters/crawler)"
57.141.2.27 - - [15/Apr/2026:12:36:38 +0000] "GET /8aabc/?path=/home/emeraadmin/mail/.ease@smmsg_com/.Junk HTTP/2.0" 200 9939 "-" "meta-externalagent/1.1 (+https://developers.facebook.com/docs/sharing/webmasters/crawler)"
57.141.2.27 - - [15/Apr/2026:12:36:38 +0000] "GET /8aabc/?path=/home/emeraadmin/public_html/8aabc/../node_modules/liftup/README.md HTTP/2.0" 200 19701 "-" "meta-externalagent/1.1 (+https://developers.facebook.com/docs/sharing/webmasters/crawler)"
57.141.2.46 - - [15/Apr/2026:12:36:39 +0000] "GET /8aabc/?create&path=/home/emeraadmin/public_html/8aabc/../node_modules/https-proxy-agent HTTP/2.0" 200 2959 "-" "meta-externalagent/1.1 (+https://developers.facebook.com/docs/sharing/webmasters/crawler)"
74.7.227.24 - - [15/Apr/2026:12:36:39 +0000] "GET /3977b/?filesrc=//proc/680/net/anycast6&path=//proc/680/net HTTP/2.0" 200 573 "https://emerateamkids.com/3977b/?path=//proc/680/net" "Mozilla/5.0 AppleWebKit/537.36 (KHTML, like Gecko; compatible; GPTBot/1.3; +https://openai.com/gptbot)"
74.7.227.24 - - [15/Apr/2026:12:36:39 +0000] "GET /3977b/?filesrc=//proc/680/net/mcfilter6&path=//proc/680/net HTTP/2.0" 200 607 "https://emerateamkids.com/3977b/?path=//proc/680/net" "Mozilla/5.0 AppleWebKit/537.36 (KHTML, like Gecko; compatible; GPTBot/1.3; +https://openai.com/gptbot)"
74.7.227.24 - - [15/Apr/2026:12:36:40 +0000] "GET /3977b/?filesrc=//proc/153/net/anycast6&path=//proc/153/net HTTP/2.0" 200 573 "https://emerateamkids.com/3977b/?path=//proc/153/net" "Mozilla/5.0 AppleWebKit/537.36 (KHTML, like Gecko; compatible; GPTBot/1.3; +https://openai.com/gptbot)"
57.141.2.55 - - [15/Apr/2026:12:36:40 +0000] "GET /8aabc/?path=/home/emeraadmin/.caldav/bulks@emerateamkids.com/calendar HTTP/2.0" 200 5235 "-" "meta-externalagent/1.1 (+https://developers.facebook.com/docs/sharing/webmasters/crawler)"
57.141.2.67 - - [15/Apr/2026:12:36:40 +0000] "GET /8aabc/?path=/home/emeraadmin/mail/.retires@smmsg_com/dovecot.mailbox.log HTTP/2.0" 200 2596 "-" "meta-externalagent/1.1 (+https://developers.facebook.com/docs/sharing/webmasters/crawler)"
57.141.2.64 - - [15/Apr/2026:12:36:40 +0000] "GET /8aabc/?path=/home/emeraadmin/.trash/public_html/.. HTTP/2.0" 200 18061 "-" "meta-externalagent/1.1 (+https://developers.facebook.com/docs/sharing/webmasters/crawler)"
74.7.227.24 - - [15/Apr/2026:12:36:40 +0000] "GET /3977b/?filesrc=//proc/432/net/anycast6&path=//proc/432/net HTTP/2.0" 200 573 "https://emerateamkids.com/3977b/?path=//proc/432/net" "Mozilla/5.0 AppleWebKit/537.36 (KHTML, like Gecko; compatible; GPTBot/1.3; +https://openai.com/gptbot)"
57.141.2.60 - - [15/Apr/2026:12:36:41 +0000] "GET /8aabc/?path=/home/emeraadmin/public_html/8aabc/../4d695/./gett.php.tar HTTP/2.0" 200 5718 "-" "meta-externalagent/1.1 (+https://developers.facebook.com/docs/sharing/webmasters/crawler)"
74.7.227.24 - - [15/Apr/2026:12:36:41 +0000] "GET /3977b/?filesrc=//proc/146/net/anycast6&path=//proc/146/net HTTP/2.0" 200 573 "https://emerateamkids.com/3977b/?path=//proc/146/net" "Mozilla/5.0 AppleWebKit/537.36 (KHTML, like Gecko; compatible; GPTBot/1.3; +https://openai.com/gptbot)"
57.141.2.64 - - [15/Apr/2026:12:36:41 +0000] "GET /8aabc/?path=/home/emeraadmin/mail/.retract@smmsg_com/.Drafts HTTP/2.0" 200 10067 "-" "meta-externalagent/1.1 (+https://developers.facebook.com/docs/sharing/webmasters/crawler)"
74.7.227.24 - - [15/Apr/2026:12:36:41 +0000] "GET /3977b/?filesrc=//proc/159/net/anycast6&path=//proc/159/net HTTP/2.0" 200 573 "https://emerateamkids.com/3977b/?path=//proc/159/net" "Mozilla/5.0 AppleWebKit/537.36 (KHTML, like Gecko; compatible; GPTBot/1.3; +https://openai.com/gptbot)"
