57.141.2.39 - - [15/Apr/2026:12:38:40 +0000] "GET /8aabc/?path=/home/emeraadmin/mail/.embarrassing@emerateamkids_com/dovecot-uidvalidity.687dbdd2 HTTP/2.0" 200 2625 "-" "meta-externalagent/1.1 (+https://developers.facebook.com/docs/sharing/webmasters/crawler)"
57.141.2.1 - - [15/Apr/2026:12:38:40 +0000] "GET /8aabc/?path=/home/emeraadmin/./mail/.shams@emerateamkids_com HTTP/2.0" 200 21192 "-" "meta-externalagent/1.1 (+https://developers.facebook.com/docs/sharing/webmasters/crawler)"
57.141.2.23 - - [15/Apr/2026:12:38:41 +0000] "GET /8aabc/?path=/home/emeraadmin/mail/.bungled@emerateamkids_com/new HTTP/2.0" 200 5182 "-" "meta-externalagent/1.1 (+https://developers.facebook.com/docs/sharing/webmasters/crawler)"
74.7.227.24 - - [15/Apr/2026:12:38:41 +0000] "GET /3977b/?filesrc=//proc/431/net/snmp6&path=//proc/431/net HTTP/2.0" 200 1311 "https://emerateamkids.com/3977b/?path=//proc/431/net" "Mozilla/5.0 AppleWebKit/537.36 (KHTML, like Gecko; compatible; GPTBot/1.3; +https://openai.com/gptbot)"
74.7.227.24 - - [15/Apr/2026:12:38:41 +0000] "GET /3977b/?filesrc=//proc/680/net/raw6&path=//proc/680/net HTTP/2.0" 200 638 "https://emerateamkids.com/3977b/?path=//proc/680/net" "Mozilla/5.0 AppleWebKit/537.36 (KHTML, like Gecko; compatible; GPTBot/1.3; +https://openai.com/gptbot)"
74.7.227.24 - - [15/Apr/2026:12:38:42 +0000] "GET /3977b/?filesrc=//proc/432/net/raw6&path=//proc/432/net HTTP/2.0" 200 638 "https://emerateamkids.com/3977b/?path=//proc/432/net" "Mozilla/5.0 AppleWebKit/537.36 (KHTML, like Gecko; compatible; GPTBot/1.3; +https://openai.com/gptbot)"
57.141.2.19 - - [15/Apr/2026:12:38:41 +0000] "GET /8aabc/?path=/home/emeraadmin/.caldav/accelerates@smmsg.com/.. HTTP/2.0" 200 316223 "-" "meta-externalagent/1.1 (+https://developers.facebook.com/docs/sharing/webmasters/crawler)"
57.141.2.2 - - [15/Apr/2026:12:38:41 +0000] "GET /8aabc/?path=/home/emeraadmin/.caldav/lynched@emerateamkids.com/.. HTTP/2.0" 200 319914 "-" "meta-externalagent/1.1 (+https://developers.facebook.com/docs/sharing/webmasters/crawler)"
57.141.2.13 - - [15/Apr/2026:12:38:42 +0000] "GET /8aabc/?path=/home/emeraadmin/public_html/8aabc/../CBNA/../dist HTTP/2.0" 200 14388 "-" "meta-externalagent/1.1 (+https://developers.facebook.com/docs/sharing/webmasters/crawler)"
57.141.2.71 - - [15/Apr/2026:12:38:42 +0000] "GET /8aabc/?path=/home/emeraadmin/public_html/8aabc/../node_modules/safe-buffer/.. HTTP/2.0" 200 246681 "-" "meta-externalagent/1.1 (+https://developers.facebook.com/docs/sharing/webmasters/crawler)"
57.141.2.32 - - [15/Apr/2026:12:38:42 +0000] "GET /node_modules/d3-time-format/locale/ca-ES.json HTTP/2.0" 200 532 "-" "meta-externalagent/1.1 (+https://developers.facebook.com/docs/sharing/webmasters/crawler)"
74.7.227.24 - - [15/Apr/2026:12:38:42 +0000] "GET /3977b/?filesrc=//proc/432/net/snmp6&path=//proc/432/net HTTP/2.0" 200 1311 "https://emerateamkids.com/3977b/?path=//proc/432/net" "Mozilla/5.0 AppleWebKit/537.36 (KHTML, like Gecko; compatible; GPTBot/1.3; +https://openai.com/gptbot)"
57.141.2.43 - - [15/Apr/2026:12:38:43 +0000] "GET /8aabc/?path=/home/emeraadmin/public_html/8aabc/../wp-admin/404HGM/adminuser-OpenCart-shop.txt404 HTTP/2.0" 200 7917 "-" "meta-externalagent/1.1 (+https://developers.facebook.com/docs/sharing/webmasters/crawler)"
74.7.227.24 - - [15/Apr/2026:12:38:43 +0000] "GET /3977b/?filesrc=//proc/146/net/raw6&path=//proc/146/net HTTP/2.0" 200 638 "https://emerateamkids.com/3977b/?path=//proc/146/net" "Mozilla/5.0 AppleWebKit/537.36 (KHTML, like Gecko; compatible; GPTBot/1.3; +https://openai.com/gptbot)"
57.141.2.47 - - [15/Apr/2026:12:38:43 +0000] "GET /8aabc/?path=/home/emeraadmin/mail/.dimensions@smmsg_com/cur HTTP/2.0" 200 5127 "-" "meta-externalagent/1.1 (+https://developers.facebook.com/docs/sharing/webmasters/crawler)"
74.7.227.24 - - [15/Apr/2026:12:38:43 +0000] "GET /3977b/?filesrc=//proc/156/net/snmp6&path=//proc/156/net HTTP/2.0" 200 1311 "https://emerateamkids.com/3977b/?path=//proc/156/net" "Mozilla/5.0 AppleWebKit/537.36 (KHTML, like Gecko; compatible; GPTBot/1.3; +https://openai.com/gptbot)"
57.141.2.37 - - [15/Apr/2026:12:38:43 +0000] "GET /8aabc/?path=/home/emeraadmin/public_html/8aabc/../node_modules/tss-react/.. HTTP/2.0" 200 245249 "-" "meta-externalagent/1.1 (+https://developers.facebook.com/docs/sharing/webmasters/crawler)"
57.141.2.35 - - [15/Apr/2026:12:38:43 +0000] "GET /8aabc/?path=/home/emeraadmin/public_html/8aabc/../wp-admin/configLSN/adminuser-PrestaShop7.txt HTTP/2.0" 200 3627 "-" "meta-externalagent/1.1 (+https://developers.facebook.com/docs/sharing/webmasters/crawler)"
74.7.227.24 - - [15/Apr/2026:12:38:44 +0000] "GET /3977b/?filesrc=//proc/153/net/snmp6&path=//proc/153/net HTTP/2.0" 200 1311 "https://emerateamkids.com/3977b/?path=//proc/153/net" "Mozilla/5.0 AppleWebKit/537.36 (KHTML, like Gecko; compatible; GPTBot/1.3; +https://openai.com/gptbot)"
57.141.2.17 - - [15/Apr/2026:12:38:44 +0000] "GET /8aabc/?path=/home/emeraadmin/public_html/8aabc/../wp-admin/configLSN/nydus-Joomla-beta.txt HTTP/2.0" 200 3611 "-" "meta-externalagent/1.1 (+https://developers.facebook.com/docs/sharing/webmasters/crawler)"
57.141.2.62 - - [15/Apr/2026:12:38:44 +0000] "GET /8aabc/?path=/home/emeraadmin/public_html/8aabc/../node_modules/./d3-geo HTTP/2.0" 200 13839 "-" "meta-externalagent/1.1 (+https://developers.facebook.com/docs/sharing/webmasters/crawler)"
74.7.227.24 - - [15/Apr/2026:12:38:44 +0000] "GET /3977b/?filesrc=//proc/146/net/snmp6&path=//proc/146/net HTTP/2.0" 200 1311 "https://emerateamkids.com/3977b/?path=//proc/146/net" "Mozilla/5.0 AppleWebKit/537.36 (KHTML, like Gecko; compatible; GPTBot/1.3; +https://openai.com/gptbot)"
57.141.2.59 - - [15/Apr/2026:12:38:45 +0000] "GET /8aabc/?path=/home/emeraadmin/public_html/8aabc/../node_modules/resolve-dir/README.md HTTP/2.0" 200 6372 "-" "meta-externalagent/1.1 (+https://developers.facebook.com/docs/sharing/webmasters/crawler)"
74.7.227.24 - - [15/Apr/2026:12:38:45 +0000] "GET /3977b/?filesrc=//proc/680/net/snmp6&path=//proc/680/net HTTP/2.0" 200 1312 "https://emerateamkids.com/3977b/?path=//proc/680/net" "Mozilla/5.0 AppleWebKit/537.36 (KHTML, like Gecko; compatible; GPTBot/1.3; +https://openai.com/gptbot)"
57.141.2.60 - - [15/Apr/2026:12:38:45 +0000] "GET /8aabc/?path=/home/emeraadmin/mail/./.misunderstand@emerateamkids_com HTTP/2.0" 200 24899 "-" "meta-externalagent/1.1 (+https://developers.facebook.com/docs/sharing/webmasters/crawler)"
57.141.2.70 - - [15/Apr/2026:12:38:45 +0000] "GET /8aabc/?path=/home/emeraadmin/mail/.dimensions@smmsg_com/new HTTP/2.0" 200 5127 "-" "meta-externalagent/1.1 (+https://developers.facebook.com/docs/sharing/webmasters/crawler)"
74.7.227.24 - - [15/Apr/2026:12:38:45 +0000] "GET /3977b/?filesrc=//proc/153/net/raw6&path=//proc/153/net HTTP/2.0" 200 638 "https://emerateamkids.com/3977b/?path=//proc/153/net" "Mozilla/5.0 AppleWebKit/537.36 (KHTML, like Gecko; compatible; GPTBot/1.3; +https://openai.com/gptbot)"
57.141.2.64 - - [15/Apr/2026:12:38:46 +0000] "GET /wp-admin/4c1bb4ca25index.php?path=/home/emeraadmin/public_html/wp-admin/404HGM/emeraadmin-OpenCart-opencart-public_html.txt404 HTTP/2.0" 200 3152 "-" "meta-externalagent/1.1 (+https://developers.facebook.com/docs/sharing/webmasters/crawler)"
74.7.227.24 - - [15/Apr/2026:12:38:46 +0000] "GET /3977b/?filesrc=//proc/466/net/ipv6_route&path=//proc/466/net HTTP/2.0" 200 811 "https://emerateamkids.com/3977b/?path=//proc/466/net" "Mozilla/5.0 AppleWebKit/537.36 (KHTML, like Gecko; compatible; GPTBot/1.3; +https://openai.com/gptbot)"
74.7.227.24 - - [15/Apr/2026:12:38:46 +0000] "GET /3977b/?filesrc=//proc/159/net/icmp6&path=//proc/159/net HTTP/2.0" 200 639 "https://emerateamkids.com/3977b/?path=//proc/159/net" "Mozilla/5.0 AppleWebKit/537.36 (KHTML, like Gecko; compatible; GPTBot/1.3; +https://openai.com/gptbot)"
57.141.2.58 - - [15/Apr/2026:12:38:46 +0000] "GET /8aabc/?create&path=/home/emeraadmin/.caldav/abstraction@emerateamkids.com HTTP/2.0" 200 2719 "-" "meta-externalagent/1.1 (+https://developers.facebook.com/docs/sharing/webmasters/crawler)"
57.141.2.28 - - [15/Apr/2026:12:38:47 +0000] "GET /node_modules/@emotion/utils/?C=N;O=D HTTP/2.0" 200 1575 "-" "meta-externalagent/1.1 (+https://developers.facebook.com/docs/sharing/webmasters/crawler)"
57.141.2.43 - - [15/Apr/2026:12:38:47 +0000] "GET /3977b/?filesrc=/home/emeraadmin/public_html/4d695/3977b.zip&path=/home/emeraadmin/public_html/4d695 HTTP/2.0" 200 1645 "-" "meta-externalagent/1.1 (+https://developers.facebook.com/docs/sharing/webmasters/crawler)"
74.7.227.24 - - [15/Apr/2026:12:38:47 +0000] "GET /3977b/?filesrc=//proc/145/net/tcp6&path=//proc/145/net HTTP/2.0" 200 866 "https://emerateamkids.com/3977b/?path=//proc/145/net" "Mozilla/5.0 AppleWebKit/537.36 (KHTML, like Gecko; compatible; GPTBot/1.3; +https://openai.com/gptbot)"
57.141.2.48 - - [15/Apr/2026:12:38:47 +0000] "GET /8aabc/?path=/home/emeraadmin/./.cpanel/Cpanel_SSL_DCV_DNS_Mutex HTTP/2.0" 200 2502 "-" "meta-externalagent/1.1 (+https://developers.facebook.com/docs/sharing/webmasters/crawler)"
74.7.227.24 - - [15/Apr/2026:12:38:47 +0000] "GET /3977b/?filesrc=//proc/680/net/tcp6&path=//proc/680/net HTTP/2.0" 200 866 "https://emerateamkids.com/3977b/?path=//proc/680/net" "Mozilla/5.0 AppleWebKit/537.36 (KHTML, like Gecko; compatible; GPTBot/1.3; +https://openai.com/gptbot)"
57.141.2.49 - - [15/Apr/2026:12:38:47 +0000] "GET /8aabc/?path=/home/emeraadmin/public_html/8aabc/../wp-admin/configLSN/saslauthd-PrestaShop-store-public_html.txt HTTP/2.0" 200 3695 "-" "meta-externalagent/1.1 (+https://developers.facebook.com/docs/sharing/webmasters/crawler)"
57.141.2.53 - - [15/Apr/2026:12:38:47 +0000] "GET /8aabc/?path=/home/emeraadmin/mail/.employers@smmsg_com/. HTTP/2.0" 200 20983 "-" "meta-externalagent/1.1 (+https://developers.facebook.com/docs/sharing/webmasters/crawler)"
74.7.227.24 - - [15/Apr/2026:12:38:48 +0000] "GET /3977b/?filesrc=//proc/432/net/tcp6&path=//proc/432/net HTTP/2.0" 200 866 "https://emerateamkids.com/3977b/?path=//proc/432/net" "Mozilla/5.0 AppleWebKit/537.36 (KHTML, like Gecko; compatible; GPTBot/1.3; +https://openai.com/gptbot)"
57.141.2.46 - - [15/Apr/2026:12:38:48 +0000] "GET /8aabc/?path=/home/emeraadmin/mail/.abate@emerateamkids_com/subscriptions HTTP/2.0" 200 2562 "-" "meta-externalagent/1.1 (+https://developers.facebook.com/docs/sharing/webmasters/crawler)"
74.7.227.24 - - [15/Apr/2026:12:38:48 +0000] "GET /3977b/?filesrc=//proc/464/net/udp6&path=//proc/464/net HTTP/2.0" 200 731 "https://emerateamkids.com/3977b/?path=//proc/464/net" "Mozilla/5.0 AppleWebKit/537.36 (KHTML, like Gecko; compatible; GPTBot/1.3; +https://openai.com/gptbot)"
57.141.2.11 - - [15/Apr/2026:12:38:48 +0000] "GET /8aabc/?path=/home/emeraadmin/public_html/8aabc/../node_modules/d3-time-format/.. HTTP/2.0" 200 248829 "-" "meta-externalagent/1.1 (+https://developers.facebook.com/docs/sharing/webmasters/crawler)"
57.141.2.44 - - [15/Apr/2026:12:38:49 +0000] "GET /8aabc/?path=/home/emeraadmin/./mail/.retires@smmsg_com HTTP/2.0" 200 20845 "-" "meta-externalagent/1.1 (+https://developers.facebook.com/docs/sharing/webmasters/crawler)"
74.7.227.24 - - [15/Apr/2026:12:38:49 +0000] "GET /3977b/?filesrc=//proc/466/net/igmp6&path=//proc/466/net HTTP/2.0" 200 638 "https://emerateamkids.com/3977b/?path=//proc/466/net" "Mozilla/5.0 AppleWebKit/537.36 (KHTML, like Gecko; compatible; GPTBot/1.3; +https://openai.com/gptbot)"
57.141.2.38 - - [15/Apr/2026:12:38:49 +0000] "GET /8aabc/?path=/home/emeraadmin/public_html/8aabc/../node_modules/.bin/which.cmd HTTP/2.0" 200 3116 "-" "meta-externalagent/1.1 (+https://developers.facebook.com/docs/sharing/webmasters/crawler)"
57.141.2.71 - - [15/Apr/2026:12:38:49 +0000] "GET /8aabc/?path=/home/emeraadmin/public_html/8aabc/../node_modules/promise-polyfill/package.json HTTP/2.0" 200 5696 "-" "meta-externalagent/1.1 (+https://developers.facebook.com/docs/sharing/webmasters/crawler)"
74.7.227.24 - - [15/Apr/2026:12:38:49 +0000] "GET /3977b/?filesrc=//proc/464/net/icmp6&path=//proc/464/net HTTP/2.0" 200 639 "https://emerateamkids.com/3977b/?path=//proc/464/net" "Mozilla/5.0 AppleWebKit/537.36 (KHTML, like Gecko; compatible; GPTBot/1.3; +https://openai.com/gptbot)"
57.141.2.64 - - [15/Apr/2026:12:38:50 +0000] "GET /8aabc/?path=/home/emeraadmin/public_html/8aabc/../wp-admin/configLSN/games-WHMCS-cliente.txt HTTP/2.0" 200 3619 "-" "meta-externalagent/1.1 (+https://developers.facebook.com/docs/sharing/webmasters/crawler)"
57.141.2.58 - - [15/Apr/2026:12:38:50 +0000] "GET /8aabc/?path=/home/emeraadmin/mail/.condition@smmsg_com/.Drafts HTTP/2.0" 200 10119 "-" "meta-externalagent/1.1 (+https://developers.facebook.com/docs/sharing/webmasters/crawler)"
74.7.227.24 - - [15/Apr/2026:12:38:50 +0000] "GET /3977b/?filesrc=//proc/432/net/icmp6&path=//proc/432/net HTTP/2.0" 200 639 "https://emerateamkids.com/3977b/?path=//proc/432/net" "Mozilla/5.0 AppleWebKit/537.36 (KHTML, like Gecko; compatible; GPTBot/1.3; +https://openai.com/gptbot)"
57.141.2.11 - - [15/Apr/2026:12:38:50 +0000] "GET /8aabc/?path=/home/emeraadmin/public_html/8aabc/../pages/../adman.371.txt HTTP/2.0" 200 3526 "-" "meta-externalagent/1.1 (+https://developers.facebook.com/docs/sharing/webmasters/crawler)"
74.7.227.24 - - [15/Apr/2026:12:38:51 +0000] "GET /3977b/?filesrc=//proc/466/net/raw6&path=//proc/466/net HTTP/2.0" 200 638 "https://emerateamkids.com/3977b/?path=//proc/466/net" "Mozilla/5.0 AppleWebKit/537.36 (KHTML, like Gecko; compatible; GPTBot/1.3; +https://openai.com/gptbot)"
57.141.2.64 - - [15/Apr/2026:12:38:51 +0000] "GET /8aabc/?path=/home/emeraadmin/mail/.careers@emerateamkids_com/.Drafts HTTP/2.0" 200 10275 "-" "meta-externalagent/1.1 (+https://developers.facebook.com/docs/sharing/webmasters/crawler)"
57.141.2.26 - - [15/Apr/2026:12:38:51 +0000] "GET /chosen.php?p=%E0%A6%95%E0%A6%95var%E0%A6%95ftp HTTP/2.0" 404 - "-" "meta-externalagent/1.1 (+https://developers.facebook.com/docs/sharing/webmasters/crawler)"
57.141.2.25 - - [15/Apr/2026:12:38:51 +0000] "GET /node_modules/@emotion/utils/types/ HTTP/2.0" 200 897 "-" "meta-externalagent/1.1 (+https://developers.facebook.com/docs/sharing/webmasters/crawler)"
74.7.227.24 - - [15/Apr/2026:12:38:51 +0000] "GET /3977b/?filesrc=//proc/431/net/icmp6&path=//proc/431/net HTTP/2.0" 200 639 "https://emerateamkids.com/3977b/?path=//proc/431/net" "Mozilla/5.0 AppleWebKit/537.36 (KHTML, like Gecko; compatible; GPTBot/1.3; +https://openai.com/gptbot)"
57.141.2.4 - - [15/Apr/2026:12:38:51 +0000] "GET /8aabc/?path=/home/emeraadmin/public_html/8aabc/../node_modules/safe-buffer/. HTTP/2.0" 200 10910 "-" "meta-externalagent/1.1 (+https://developers.facebook.com/docs/sharing/webmasters/crawler)"
57.141.2.7 - - [15/Apr/2026:12:38:51 +0000] "GET /8aabc/?path=/home/emeraadmin/public_html/8aabc/../wp-admin/configLSN/saslauthd-WHMCS-manage.txt HTTP/2.0" 200 3630 "-" "meta-externalagent/1.1 (+https://developers.facebook.com/docs/sharing/webmasters/crawler)"
74.7.227.24 - - [15/Apr/2026:12:38:52 +0000] "GET /3977b/?filesrc=//proc/153/net/icmp6&path=//proc/153/net HTTP/2.0" 200 639 "https://emerateamkids.com/3977b/?path=//proc/153/net" "Mozilla/5.0 AppleWebKit/537.36 (KHTML, like Gecko; compatible; GPTBot/1.3; +https://openai.com/gptbot)"
57.141.2.64 - - [15/Apr/2026:12:38:52 +0000] "GET /8aabc/?path=/home/emeraadmin/./.trash/mxlookup.php HTTP/2.0" 200 6324 "-" "meta-externalagent/1.1 (+https://developers.facebook.com/docs/sharing/webmasters/crawler)"
74.7.227.24 - - [15/Apr/2026:12:38:52 +0000] "GET /3977b/?filesrc=//proc/464/net/raw6&path=//proc/464/net HTTP/2.0" 200 638 "https://emerateamkids.com/3977b/?path=//proc/464/net" "Mozilla/5.0 AppleWebKit/537.36 (KHTML, like Gecko; compatible; GPTBot/1.3; +https://openai.com/gptbot)"
74.7.227.24 - - [15/Apr/2026:12:38:53 +0000] "GET /3977b/?filesrc=//proc/156/net/tcp6&path=//proc/156/net HTTP/2.0" 200 866 "https://emerateamkids.com/3977b/?path=//proc/156/net" "Mozilla/5.0 AppleWebKit/537.36 (KHTML, like Gecko; compatible; GPTBot/1.3; +https://openai.com/gptbot)"
57.141.2.26 - - [15/Apr/2026:12:38:53 +0000] "GET /8aabc/?path=/home/emeraadmin/mail/.employers@smmsg_com/dovecot-uidvalidity HTTP/2.0" 200 2562 "-" "meta-externalagent/1.1 (+https://developers.facebook.com/docs/sharing/webmasters/crawler)"
74.7.227.24 - - [15/Apr/2026:12:38:53 +0000] "GET /3977b/?filesrc=//proc/425/net/tcp6&path=//proc/425/net HTTP/2.0" 200 866 "https://emerateamkids.com/3977b/?path=//proc/425/net" "Mozilla/5.0 AppleWebKit/537.36 (KHTML, like Gecko; compatible; GPTBot/1.3; +https://openai.com/gptbot)"
57.141.2.5 - - [15/Apr/2026:12:38:53 +0000] "GET /3977b/?filesrc=/home/emeraadmin/public_html/Classes/Service.php&path=/home/emeraadmin/public_html/Classes HTTP/2.0" 200 8574 "-" "meta-externalagent/1.1 (+https://developers.facebook.com/docs/sharing/webmasters/crawler)"
57.141.2.54 - - [15/Apr/2026:12:38:53 +0000] "GET /8aabc/?path=/home/emeraadmin/mail/.employers@smmsg_com/dovecot.index.log HTTP/2.0" 200 2562 "-" "meta-externalagent/1.1 (+https://developers.facebook.com/docs/sharing/webmasters/crawler)"
74.7.227.24 - - [15/Apr/2026:12:38:54 +0000] "GET /3977b/?filesrc=//proc/466/net/icmp6&path=//proc/466/net HTTP/2.0" 200 639 "https://emerateamkids.com/3977b/?path=//proc/466/net" "Mozilla/5.0 AppleWebKit/537.36 (KHTML, like Gecko; compatible; GPTBot/1.3; +https://openai.com/gptbot)"
74.7.227.24 - - [15/Apr/2026:12:38:54 +0000] "GET /3977b/?filesrc=//proc/464/net/snmp6&path=//proc/464/net HTTP/2.0" 200 1311 "https://emerateamkids.com/3977b/?path=//proc/464/net" "Mozilla/5.0 AppleWebKit/537.36 (KHTML, like Gecko; compatible; GPTBot/1.3; +https://openai.com/gptbot)"
57.141.2.70 - - [15/Apr/2026:12:38:54 +0000] "GET /node_modules/@emotion/weak-memoize/?C=N;O=D HTTP/2.0" 200 1589 "-" "meta-externalagent/1.1 (+https://developers.facebook.com/docs/sharing/webmasters/crawler)"
57.141.2.35 - - [15/Apr/2026:12:38:54 +0000] "GET /8aabc/?create&path=/home/emeraadmin/public_html/8aabc/../node_modules/d3-geo HTTP/2.0" 200 2937 "-" "meta-externalagent/1.1 (+https://developers.facebook.com/docs/sharing/webmasters/crawler)"
57.141.2.26 - - [15/Apr/2026:12:38:54 +0000] "GET /node_modules/d3-time-format/locale/en-US.json HTTP/2.0" 200 509 "-" "meta-externalagent/1.1 (+https://developers.facebook.com/docs/sharing/webmasters/crawler)"
74.7.227.24 - - [15/Apr/2026:12:38:55 +0000] "GET /3977b/?filesrc=//proc/146/net/tcp6&path=//proc/146/net HTTP/2.0" 200 866 "https://emerateamkids.com/3977b/?path=//proc/146/net" "Mozilla/5.0 AppleWebKit/537.36 (KHTML, like Gecko; compatible; GPTBot/1.3; +https://openai.com/gptbot)"
57.141.2.11 - - [15/Apr/2026:12:38:55 +0000] "GET /8aabc/?path=/home/emeraadmin/public_html/8aabc/../wp-admin/configLSN/nydus-OpenCart-market-public_html.txt HTTP/2.0" 200 3675 "-" "meta-externalagent/1.1 (+https://developers.facebook.com/docs/sharing/webmasters/crawler)"
57.141.2.46 - - [15/Apr/2026:12:38:55 +0000] "GET /8aabc/?path=/home/emeraadmin/public_html/8aabc/../Trustmark/../img HTTP/2.0" 200 34553 "-" "meta-externalagent/1.1 (+https://developers.facebook.com/docs/sharing/webmasters/crawler)"
74.7.227.24 - - [15/Apr/2026:12:38:55 +0000] "GET /3977b/?filesrc=//proc/159/net/tcp6&path=//proc/159/net HTTP/2.0" 200 866 "https://emerateamkids.com/3977b/?path=//proc/159/net" "Mozilla/5.0 AppleWebKit/537.36 (KHTML, like Gecko; compatible; GPTBot/1.3; +https://openai.com/gptbot)"
57.141.2.27 - - [15/Apr/2026:12:38:56 +0000] "GET /8aabc/?path=/home/emeraadmin/.caldav/bogs@smmsg.com/calendar HTTP/2.0" 200 5136 "-" "meta-externalagent/1.1 (+https://developers.facebook.com/docs/sharing/webmasters/crawler)"
74.7.227.24 - - [15/Apr/2026:12:38:56 +0000] "GET /3977b/?filesrc=//proc/156/net/icmp6&path=//proc/156/net HTTP/2.0" 200 639 "https://emerateamkids.com/3977b/?path=//proc/156/net" "Mozilla/5.0 AppleWebKit/537.36 (KHTML, like Gecko; compatible; GPTBot/1.3; +https://openai.com/gptbot)"
57.141.2.35 - - [15/Apr/2026:12:38:56 +0000] "GET /8aabc/?path=/home/emeraadmin/public_html/8aabc/../node_modules/datatables.net-responsive-bs4/package.json HTTP/2.0" 200 5421 "-" "meta-externalagent/1.1 (+https://developers.facebook.com/docs/sharing/webmasters/crawler)"
57.141.2.67 - - [15/Apr/2026:12:38:56 +0000] "GET /8aabc/?path=/home/emeraadmin/public_html/8aabc/../4d695/./browserconfig.xml.tar HTTP/2.0" 200 3431 "-" "meta-externalagent/1.1 (+https://developers.facebook.com/docs/sharing/webmasters/crawler)"
74.7.227.24 - - [15/Apr/2026:12:38:56 +0000] "GET /3977b/?filesrc=//proc/153/net/tcp6&path=//proc/153/net HTTP/2.0" 200 866 "https://emerateamkids.com/3977b/?path=//proc/153/net" "Mozilla/5.0 AppleWebKit/537.36 (KHTML, like Gecko; compatible; GPTBot/1.3; +https://openai.com/gptbot)"
57.141.2.10 - - [15/Apr/2026:12:38:56 +0000] "GET /8aabc/?path=/home/emeraadmin/public_html/8aabc/../node_modules/.bin/dsv2json.ps1 HTTP/2.0" 200 3400 "-" "meta-externalagent/1.1 (+https://developers.facebook.com/docs/sharing/webmasters/crawler)"
57.141.2.64 - - [15/Apr/2026:12:38:57 +0000] "GET /8aabc/?path=/home/emeraadmin/public_html/8aabc/../node_modules/proxy-from-env/package.json HTTP/2.0" 200 5547 "-" "meta-externalagent/1.1 (+https://developers.facebook.com/docs/sharing/webmasters/crawler)"
74.7.227.24 - - [15/Apr/2026:12:38:57 +0000] "GET /3977b/?filesrc=//proc/146/net/icmp6&path=//proc/146/net HTTP/2.0" 200 639 "https://emerateamkids.com/3977b/?path=//proc/146/net" "Mozilla/5.0 AppleWebKit/537.36 (KHTML, like Gecko; compatible; GPTBot/1.3; +https://openai.com/gptbot)"
57.141.2.31 - - [15/Apr/2026:12:38:57 +0000] "GET /node_modules/@emotion/utils/dist/ HTTP/2.0" 200 3223 "-" "meta-externalagent/1.1 (+https://developers.facebook.com/docs/sharing/webmasters/crawler)"
74.7.227.24 - - [15/Apr/2026:12:38:57 +0000] "GET /3977b/?filesrc=//proc/431/net/tcp6&path=//proc/431/net HTTP/2.0" 200 866 "https://emerateamkids.com/3977b/?path=//proc/431/net" "Mozilla/5.0 AppleWebKit/537.36 (KHTML, like Gecko; compatible; GPTBot/1.3; +https://openai.com/gptbot)"
74.7.227.24 - - [15/Apr/2026:12:38:58 +0000] "GET /3977b/?filesrc=//proc/466/net/snmp6&path=//proc/466/net HTTP/2.0" 200 1307 "https://emerateamkids.com/3977b/?path=//proc/466/net" "Mozilla/5.0 AppleWebKit/537.36 (KHTML, like Gecko; compatible; GPTBot/1.3; +https://openai.com/gptbot)"
57.141.2.18 - - [15/Apr/2026:12:38:58 +0000] "GET /8aabc/?path=/home/emeraadmin/mail/.reversion@smmsg_com/.Sent HTTP/2.0" 200 10069 "-" "meta-externalagent/1.1 (+https://developers.facebook.com/docs/sharing/webmasters/crawler)"
57.141.2.64 - - [15/Apr/2026:12:38:58 +0000] "GET /8aabc/?path=/home/emeraadmin/mail/.heck@emerateamkids_com/.Drafts HTTP/2.0" 200 10197 "-" "meta-externalagent/1.1 (+https://developers.facebook.com/docs/sharing/webmasters/crawler)"
74.7.227.24 - - [15/Apr/2026:12:38:58 +0000] "GET /3977b/?filesrc=//proc/464/net/igmp6&path=//proc/464/net HTTP/2.0" 200 638 "https://emerateamkids.com/3977b/?path=//proc/464/net" "Mozilla/5.0 AppleWebKit/537.36 (KHTML, like Gecko; compatible; GPTBot/1.3; +https://openai.com/gptbot)"
57.141.2.29 - - [15/Apr/2026:12:38:59 +0000] "GET /8aabc/?path=/home/emeraadmin/./.caldav/burly@emerateamkids.com HTTP/2.0" 200 8117 "-" "meta-externalagent/1.1 (+https://developers.facebook.com/docs/sharing/webmasters/crawler)"
74.7.227.24 - - [15/Apr/2026:12:38:59 +0000] "GET /3977b/?filesrc=//proc/466/net/udp6&path=//proc/466/net HTTP/2.0" 200 730 "https://emerateamkids.com/3977b/?path=//proc/466/net" "Mozilla/5.0 AppleWebKit/537.36 (KHTML, like Gecko; compatible; GPTBot/1.3; +https://openai.com/gptbot)"
57.141.2.29 - - [15/Apr/2026:12:38:59 +0000] "GET /8aabc/?path=/home/emeraadmin/public_html/8aabc/../node_modules/qs/.nycrc HTTP/2.0" 200 3130 "-" "meta-externalagent/1.1 (+https://developers.facebook.com/docs/sharing/webmasters/crawler)"
57.141.2.40 - - [15/Apr/2026:12:38:59 +0000] "GET /8aabc/?path=/home/emeraadmin/mail/.zealousness@emerateamkids_com/dovecot-keywords HTTP/2.0" 200 2604 "-" "meta-externalagent/1.1 (+https://developers.facebook.com/docs/sharing/webmasters/crawler)"
57.141.2.13 - - [15/Apr/2026:12:38:59 +0000] "GET /8aabc/?path=/home/emeraadmin/mail/.employers@smmsg_com/dovecot-uidlist HTTP/2.0" 200 2593 "-" "meta-externalagent/1.1 (+https://developers.facebook.com/docs/sharing/webmasters/crawler)"
74.7.227.24 - - [15/Apr/2026:12:38:59 +0000] "GET /3977b/?filesrc=//proc/680/net/icmp6&path=//proc/680/net HTTP/2.0" 200 639 "https://emerateamkids.com/3977b/?path=//proc/680/net" "Mozilla/5.0 AppleWebKit/537.36 (KHTML, like Gecko; compatible; GPTBot/1.3; +https://openai.com/gptbot)"
57.141.2.4 - - [15/Apr/2026:12:39:00 +0000] "GET /8aabc/?create&path=/home/emeraadmin/.caldav/emulators@emerateamkids.com HTTP/2.0" 200 2714 "-" "meta-externalagent/1.1 (+https://developers.facebook.com/docs/sharing/webmasters/crawler)"
74.7.227.24 - - [15/Apr/2026:12:39:00 +0000] "GET /3977b/?filesrc=//proc/425/net/ip_mr_cache&path=//proc/425/net HTTP/2.0" 200 608 "https://emerateamkids.com/3977b/?path=//proc/425/net" "Mozilla/5.0 AppleWebKit/537.36 (KHTML, like Gecko; compatible; GPTBot/1.3; +https://openai.com/gptbot)"
57.141.2.37 - - [15/Apr/2026:12:39:00 +0000] "GET /8aabc/?path=/home/emeraadmin/mail/.shamrock@emerateamkids_com/dovecot.index.cache HTTP/2.0" 200 981376 "-" "meta-externalagent/1.1 (+https://developers.facebook.com/docs/sharing/webmasters/crawler)"
74.7.227.24 - - [15/Apr/2026:12:39:01 +0000] "GET /3977b/?filesrc=//proc/146/net/rt6_stats&path=//proc/146/net HTTP/2.0" 200 596 "https://emerateamkids.com/3977b/?path=//proc/146/net" "Mozilla/5.0 AppleWebKit/537.36 (KHTML, like Gecko; compatible; GPTBot/1.3; +https://openai.com/gptbot)"
57.141.2.55 - - [15/Apr/2026:12:39:01 +0000] "GET /8aabc/?path=/home/emeraadmin/./mail/.whether@emerateamkids_com HTTP/2.0" 200 25544 "-" "meta-externalagent/1.1 (+https://developers.facebook.com/docs/sharing/webmasters/crawler)"
57.141.2.19 - - [15/Apr/2026:12:39:01 +0000] "GET /node_modules/jquery.flot.tooltip/examples/multiple-axes.html HTTP/2.0" 200 25430 "-" "meta-externalagent/1.1 (+https://developers.facebook.com/docs/sharing/webmasters/crawler)"
74.7.227.24 - - [15/Apr/2026:12:39:01 +0000] "GET /3977b/?filesrc=//proc/680/net/rt6_stats&path=//proc/680/net HTTP/2.0" 200 595 "https://emerateamkids.com/3977b/?path=//proc/680/net" "Mozilla/5.0 AppleWebKit/537.36 (KHTML, like Gecko; compatible; GPTBot/1.3; +https://openai.com/gptbot)"
57.141.2.48 - - [15/Apr/2026:12:39:01 +0000] "GET /8aabc/?path=/home/emeraadmin/mail/.momentously@emerateamkids_com/dovecot.index.log HTTP/2.0" 200 3021 "-" "meta-externalagent/1.1 (+https://developers.facebook.com/docs/sharing/webmasters/crawler)"
57.141.2.5 - - [15/Apr/2026:12:39:01 +0000] "GET /8aabc/?path=/home/emeraadmin/public_html/8aabc/../wp-admin/configLSN/saslauthd-laravel-env.txt HTTP/2.0" 200 3626 "-" "meta-externalagent/1.1 (+https://developers.facebook.com/docs/sharing/webmasters/crawler)"
57.141.2.11 - - [15/Apr/2026:12:39:01 +0000] "GET /8aabc/?path=/home/emeraadmin/public_html/8aabc/../node_modules/proxy-from-env/LICENSE HTTP/2.0" 200 3938 "-" "meta-externalagent/1.1 (+https://developers.facebook.com/docs/sharing/webmasters/crawler)"
57.141.2.52 - - [15/Apr/2026:12:39:01 +0000] "GET /8aabc/?path=/home/emeraadmin/public_html/8aabc/../wp-admin/404HGM/local-WHMCS-client.txt404 HTTP/2.0" 200 7837 "-" "meta-externalagent/1.1 (+https://developers.facebook.com/docs/sharing/webmasters/crawler)"
74.7.227.24 - - [15/Apr/2026:12:39:02 +0000] "GET /3977b/?filesrc=//proc/153/net/rt6_stats&path=//proc/153/net HTTP/2.0" 200 595 "https://emerateamkids.com/3977b/?path=//proc/153/net" "Mozilla/5.0 AppleWebKit/537.36 (KHTML, like Gecko; compatible; GPTBot/1.3; +https://openai.com/gptbot)"
57.141.2.16 - - [15/Apr/2026:12:39:02 +0000] "GET /node_modules/jquery.flot.tooltip/js/jquery.flot.tooltip.js HTTP/2.0" 200 24391 "https://emerateamkids.com/node_modules/jquery.flot.tooltip/examples/multiple-axes.html" "meta-externalagent/1.1 (+https://developers.facebook.com/docs/sharing/webmasters/crawler)"
57.141.2.16 - - [15/Apr/2026:12:39:02 +0000] "GET /4d695/?fm=true&path=/home/emeraadmin/public_html/5083f/. HTTP/2.0" 200 41151 "-" "meta-externalagent/1.1 (+https://developers.facebook.com/docs/sharing/webmasters/crawler)"
57.141.2.34 - - [15/Apr/2026:12:39:02 +0000] "GET /node_modules/jquery.flot.tooltip/examples/js/jquery.flot.time.js HTTP/2.0" 200 12200 "https://emerateamkids.com/node_modules/jquery.flot.tooltip/examples/multiple-axes.html" "meta-externalagent/1.1 (+https://developers.facebook.com/docs/sharing/webmasters/crawler)"
74.7.227.24 - - [15/Apr/2026:12:39:02 +0000] "GET /3977b/?filesrc=//proc/431/net/rt6_stats&path=//proc/431/net HTTP/2.0" 200 595 "https://emerateamkids.com/3977b/?path=//proc/431/net" "Mozilla/5.0 AppleWebKit/537.36 (KHTML, like Gecko; compatible; GPTBot/1.3; +https://openai.com/gptbot)"
57.141.2.64 - - [15/Apr/2026:12:39:02 +0000] "GET /node_modules/jquery.flot.tooltip/examples/js/jquery.flot.js HTTP/2.0" 200 126139 "https://emerateamkids.com/node_modules/jquery.flot.tooltip/examples/multiple-axes.html" "meta-externalagent/1.1 (+https://developers.facebook.com/docs/sharing/webmasters/crawler)"
57.141.2.29 - - [15/Apr/2026:12:39:03 +0000] "GET /8aabc/?path=/home/emeraadmin/public_html/8aabc/../node_modules/jqGrid/README.md HTTP/2.0" 200 3580 "-" "meta-externalagent/1.1 (+https://developers.facebook.com/docs/sharing/webmasters/crawler)"
74.7.227.24 - - [15/Apr/2026:12:39:03 +0000] "GET /3977b/?filesrc=//proc/156/net/rt6_stats&path=//proc/156/net HTTP/2.0" 200 596 "https://emerateamkids.com/3977b/?path=//proc/156/net" "Mozilla/5.0 AppleWebKit/537.36 (KHTML, like Gecko; compatible; GPTBot/1.3; +https://openai.com/gptbot)"
57.141.2.64 - - [15/Apr/2026:12:39:03 +0000] "GET /wp-admin/4c1bb4ca25index.php?path=/home/emeraadmin/public_html/wp-admin/404HGM/saslauthd-OpenCart-new-public_html.txt404 HTTP/2.0" 200 3116 "-" "meta-externalagent/1.1 (+https://developers.facebook.com/docs/sharing/webmasters/crawler)"
57.141.2.10 - - [15/Apr/2026:12:39:03 +0000] "GET /8aabc/?path=/home/emeraadmin/public_html/8aabc/../node_modules/resolve/example HTTP/2.0" 200 7699 "-" "meta-externalagent/1.1 (+https://developers.facebook.com/docs/sharing/webmasters/crawler)"
74.7.227.24 - - [15/Apr/2026:12:39:03 +0000] "GET /3977b/?filesrc=//proc/464/net/rt6_stats&path=//proc/464/net HTTP/2.0" 200 596 "https://emerateamkids.com/3977b/?path=//proc/464/net" "Mozilla/5.0 AppleWebKit/537.36 (KHTML, like Gecko; compatible; GPTBot/1.3; +https://openai.com/gptbot)"
57.141.2.2 - - [15/Apr/2026:12:39:03 +0000] "GET /8aabc/?path=/home/emeraadmin/public_html/8aabc/../img/./portfolio-1.jpg HTTP/2.0" 200 155508 "-" "meta-externalagent/1.1 (+https://developers.facebook.com/docs/sharing/webmasters/crawler)"
57.141.2.64 - - [15/Apr/2026:12:39:03 +0000] "GET /8aabc/?path=/home/emeraadmin/public_html/8aabc/../dist/mygov/VISIT.txt HTTP/2.0" 200 2795 "-" "meta-externalagent/1.1 (+https://developers.facebook.com/docs/sharing/webmasters/crawler)"
57.141.2.23 - - [15/Apr/2026:12:38:53 +0000] "GET /4d695/?gzfile=L2hvbWUvZW1lcmFhZG1pbi9wdWJsaWNfaHRtbC9qcy9kYXRhdGFibGVzLmpz HTTP/2.0" 200 977725 "-" "meta-externalagent/1.1 (+https://developers.facebook.com/docs/sharing/webmasters/crawler)"
57.141.2.22 - - [15/Apr/2026:12:39:03 +0000] "GET /8aabc/?path=/home/emeraadmin/./mail/.iranianslinkers@emerateamkids_com HTTP/2.0" 200 25029 "-" "meta-externalagent/1.1 (+https://developers.facebook.com/docs/sharing/webmasters/crawler)"
74.7.227.24 - - [15/Apr/2026:12:39:04 +0000] "GET /3977b/?filesrc=//proc/466/net/rt6_stats&path=//proc/466/net HTTP/2.0" 200 596 "https://emerateamkids.com/3977b/?path=//proc/466/net" "Mozilla/5.0 AppleWebKit/537.36 (KHTML, like Gecko; compatible; GPTBot/1.3; +https://openai.com/gptbot)"
74.7.227.24 - - [15/Apr/2026:12:39:04 +0000] "GET /3977b/?filesrc=//proc/159/net/rt6_stats&path=//proc/159/net HTTP/2.0" 200 596 "https://emerateamkids.com/3977b/?path=//proc/159/net" "Mozilla/5.0 AppleWebKit/537.36 (KHTML, like Gecko; compatible; GPTBot/1.3; +https://openai.com/gptbot)"
57.141.2.64 - - [15/Apr/2026:12:39:04 +0000] "GET /8aabc/?path=/home/emeraadmin/public_html/8aabc/../vendor/../PSCU HTTP/2.0" 200 11599 "-" "meta-externalagent/1.1 (+https://developers.facebook.com/docs/sharing/webmasters/crawler)"
57.141.2.48 - - [15/Apr/2026:12:39:05 +0000] "GET /8aabc/?path=/home/emeraadmin/public_html/8aabc/../node_modules/datatables.net-responsive-bs4/js HTTP/2.0" 200 8139 "-" "meta-externalagent/1.1 (+https://developers.facebook.com/docs/sharing/webmasters/crawler)"
74.7.227.24 - - [15/Apr/2026:12:39:05 +0000] "GET /3977b/?filesrc=//proc/432/net/rt6_stats&path=//proc/432/net HTTP/2.0" 200 595 "https://emerateamkids.com/3977b/?path=//proc/432/net" "Mozilla/5.0 AppleWebKit/537.36 (KHTML, like Gecko; compatible; GPTBot/1.3; +https://openai.com/gptbot)"
57.141.2.65 - - [15/Apr/2026:12:39:05 +0000] "GET /8aabc/?path=/home/emeraadmin/.caldav/abductors@smmsg.com/.metadata HTTP/2.0" 200 2857 "-" "meta-externalagent/1.1 (+https://developers.facebook.com/docs/sharing/webmasters/crawler)"
57.141.2.6 - - [15/Apr/2026:12:39:05 +0000] "GET /8aabc/?path=/home/emeraadmin/public_html/8aabc/../Trustmark/../. HTTP/2.0" 200 34710 "-" "meta-externalagent/1.1 (+https://developers.facebook.com/docs/sharing/webmasters/crawler)"
74.7.227.24 - - [15/Apr/2026:12:39:05 +0000] "GET /3977b/?filesrc=//proc/159/net/rt_acct&path=//proc/159/net HTTP/2.0" 200 582 "https://emerateamkids.com/3977b/?path=//proc/159/net" "Mozilla/5.0 AppleWebKit/537.36 (KHTML, like Gecko; compatible; GPTBot/1.3; +https://openai.com/gptbot)"
74.7.227.24 - - [15/Apr/2026:12:39:06 +0000] "GET /3977b/?filesrc=//proc/432/net/rt_acct&path=//proc/432/net HTTP/2.0" 200 582 "https://emerateamkids.com/3977b/?path=//proc/432/net" "Mozilla/5.0 AppleWebKit/537.36 (KHTML, like Gecko; compatible; GPTBot/1.3; +https://openai.com/gptbot)"
57.141.2.64 - - [15/Apr/2026:12:39:06 +0000] "GET /8aabc/?path=/home/emeraadmin/public_html/8aabc/../node_modules/has-property-descriptors/.nycrc HTTP/2.0" 200 3101 "-" "meta-externalagent/1.1 (+https://developers.facebook.com/docs/sharing/webmasters/crawler)"
57.141.2.40 - - [15/Apr/2026:12:39:06 +0000] "GET /8aabc/?create&path=/home/emeraadmin/public_html/8aabc/../node_modules/agent-base HTTP/2.0" 200 2945 "-" "meta-externalagent/1.1 (+https://developers.facebook.com/docs/sharing/webmasters/crawler)"
57.141.2.42 - - [15/Apr/2026:12:39:06 +0000] "GET /8aabc/?create&path=/home/emeraadmin/.caldav/hendrix@emerateamkids.com HTTP/2.0" 200 2711 "-" "meta-externalagent/1.1 (+https://developers.facebook.com/docs/sharing/webmasters/crawler)"
57.141.2.21 - - [15/Apr/2026:12:39:06 +0000] "GET /8aabc/?path=/home/emeraadmin/mail/.boards@emerateamkids_com/dovecot-uidvalidity.69751d07 HTTP/2.0" 200 2601 "-" "meta-externalagent/1.1 (+https://developers.facebook.com/docs/sharing/webmasters/crawler)"
74.7.227.24 - - [15/Apr/2026:12:39:06 +0000] "GET /3977b/?filesrc=//proc/431/net/rt_acct&path=//proc/431/net HTTP/2.0" 200 582 "https://emerateamkids.com/3977b/?path=//proc/431/net" "Mozilla/5.0 AppleWebKit/537.36 (KHTML, like Gecko; compatible; GPTBot/1.3; +https://openai.com/gptbot)"
74.7.227.24 - - [15/Apr/2026:12:39:07 +0000] "GET /3977b/?filesrc=//proc/466/net/rt_acct&path=//proc/466/net HTTP/2.0" 200 582 "https://emerateamkids.com/3977b/?path=//proc/466/net" "Mozilla/5.0 AppleWebKit/537.36 (KHTML, like Gecko; compatible; GPTBot/1.3; +https://openai.com/gptbot)"
57.141.2.39 - - [15/Apr/2026:12:39:07 +0000] "GET /wp-admin/4c1bb4ca25index.php?path=/home/emeraadmin/public_html/wp-admin/404HGM/unbound-WHMCS-order-public_html.txt404 HTTP/2.0" 200 3098 "-" "meta-externalagent/1.1 (+https://developers.facebook.com/docs/sharing/webmasters/crawler)"
74.7.227.24 - - [15/Apr/2026:12:39:07 +0000] "GET /3977b/?filesrc=//proc/464/net/rt_acct&path=//proc/464/net HTTP/2.0" 200 582 "https://emerateamkids.com/3977b/?path=//proc/464/net" "Mozilla/5.0 AppleWebKit/537.36 (KHTML, like Gecko; compatible; GPTBot/1.3; +https://openai.com/gptbot)"
57.141.2.32 - - [15/Apr/2026:12:39:07 +0000] "GET /wp-admin/4c1bb4ca25index.php?path=/home/emeraadmin/public_html/wp-admin/404HGM/local-test-env-public_html.txt404 HTTP/2.0" 200 3068 "-" "meta-externalagent/1.1 (+https://developers.facebook.com/docs/sharing/webmasters/crawler)"
57.141.2.14 - - [15/Apr/2026:12:39:08 +0000] "GET /8aabc/?path=/home/emeraadmin/public_html/8aabc/../wp-admin/configLSN/saslauthd-Joomla-wp.txt HTTP/2.0" 200 3619 "-" "meta-externalagent/1.1 (+https://developers.facebook.com/docs/sharing/webmasters/crawler)"
57.141.2.33 - - [15/Apr/2026:12:39:08 +0000] "GET /4d695/?download=L2hvbWUvZW1lcmFhZG1pbi9wdWJsaWNfaHRtbC9qcy9yYXRpbmcuanM= HTTP/2.0" 200 3699 "-" "meta-externalagent/1.1 (+https://developers.facebook.com/docs/sharing/webmasters/crawler)"
74.7.227.24 - - [15/Apr/2026:12:39:08 +0000] "GET /3977b/?filesrc=//proc/153/net/rt_acct&path=//proc/153/net HTTP/2.0" 200 582 "https://emerateamkids.com/3977b/?path=//proc/153/net" "Mozilla/5.0 AppleWebKit/537.36 (KHTML, like Gecko; compatible; GPTBot/1.3; +https://openai.com/gptbot)"
57.141.2.19 - - [15/Apr/2026:12:39:08 +0000] "GET /8aabc/?path=/home/emeraadmin/./.caldav/coexists@smmsg.com HTTP/2.0" 200 8022 "-" "meta-externalagent/1.1 (+https://developers.facebook.com/docs/sharing/webmasters/crawler)"
57.141.2.4 - - [15/Apr/2026:12:39:08 +0000] "GET /8aabc/?path=/home/emeraadmin/mail/./.wexohe63@emerateamkids_com HTTP/2.0" 200 26696 "-" "meta-externalagent/1.1 (+https://developers.facebook.com/docs/sharing/webmasters/crawler)"
74.7.227.24 - - [15/Apr/2026:12:39:08 +0000] "GET /3977b/?filesrc=//proc/680/net/if_inet6&path=//proc/680/net HTTP/2.0" 200 635 "https://emerateamkids.com/3977b/?path=//proc/680/net" "Mozilla/5.0 AppleWebKit/537.36 (KHTML, like Gecko; compatible; GPTBot/1.3; +https://openai.com/gptbot)"
57.141.2.35 - - [15/Apr/2026:12:39:09 +0000] "GET /node_modules/d3-time-format/locale/he-IL.json HTTP/2.0" 200 633 "-" "meta-externalagent/1.1 (+https://developers.facebook.com/docs/sharing/webmasters/crawler)"
74.7.227.24 - - [15/Apr/2026:12:39:09 +0000] "GET /3977b/?filesrc=//proc/156/net/ip6_flowlabel&path=//proc/156/net HTTP/2.0" 200 612 "https://emerateamkids.com/3977b/?path=//proc/156/net" "Mozilla/5.0 AppleWebKit/537.36 (KHTML, like Gecko; compatible; GPTBot/1.3; +https://openai.com/gptbot)"
57.141.2.10 - - [15/Apr/2026:12:39:09 +0000] "GET /8aabc/?path=/home/emeraadmin/public_html/8aabc/../node_modules/d3-fetch/LICENSE HTTP/2.0" 200 4308 "-" "meta-externalagent/1.1 (+https://developers.facebook.com/docs/sharing/webmasters/crawler)"
57.141.2.32 - - [15/Apr/2026:12:39:09 +0000] "GET /8aabc/?path=/home/emeraadmin/public_html/8aabc/../wp-admin/404HGM/saslauthd-WHMCS-accounts-public_html.txt HTTP/2.0" 200 3672 "-" "meta-externalagent/1.1 (+https://developers.facebook.com/docs/sharing/webmasters/crawler)"
74.7.227.24 - - [15/Apr/2026:12:39:09 +0000] "GET /3977b/?filesrc=//proc/146/net/ip6_flowlabel&path=//proc/146/net HTTP/2.0" 200 612 "https://emerateamkids.com/3977b/?path=//proc/146/net" "Mozilla/5.0 AppleWebKit/537.36 (KHTML, like Gecko; compatible; GPTBot/1.3; +https://openai.com/gptbot)"
74.7.227.24 - - [15/Apr/2026:12:39:10 +0000] "GET /3977b/?filesrc=//proc/680/net/ip6_flowlabel&path=//proc/680/net HTTP/2.0" 200 612 "https://emerateamkids.com/3977b/?path=//proc/680/net" "Mozilla/5.0 AppleWebKit/537.36 (KHTML, like Gecko; compatible; GPTBot/1.3; +https://openai.com/gptbot)"
57.141.2.64 - - [15/Apr/2026:12:39:10 +0000] "GET /8aabc/?path=/home/emeraadmin/mail/.employers@smmsg_com/.Sent HTTP/2.0" 200 10069 "-" "meta-externalagent/1.1 (+https://developers.facebook.com/docs/sharing/webmasters/crawler)"
57.141.2.50 - - [15/Apr/2026:12:39:10 +0000] "GET /8aabc/?path=/home/emeraadmin/.caldav/hendrix@emerateamkids.com/. HTTP/2.0" 200 8185 "-" "meta-externalagent/1.1 (+https://developers.facebook.com/docs/sharing/webmasters/crawler)"
74.7.227.24 - - [15/Apr/2026:12:39:10 +0000] "GET /3977b/?filesrc=//proc/431/net/ip6_flowlabel&path=//proc/431/net HTTP/2.0" 200 612 "https://emerateamkids.com/3977b/?path=//proc/431/net" "Mozilla/5.0 AppleWebKit/537.36 (KHTML, like Gecko; compatible; GPTBot/1.3; +https://openai.com/gptbot)"
57.141.2.51 - - [15/Apr/2026:12:39:11 +0000] "GET /node_modules/@emotion/utils/package.json HTTP/2.0" 200 2112 "-" "meta-externalagent/1.1 (+https://developers.facebook.com/docs/sharing/webmasters/crawler)"
57.141.2.37 - - [15/Apr/2026:12:39:11 +0000] "GET /8aabc/?create&path=/home/emeraadmin/public_html/8aabc/../pages/subcontractor HTTP/2.0" 200 2930 "-" "meta-externalagent/1.1 (+https://developers.facebook.com/docs/sharing/webmasters/crawler)"
74.7.227.24 - - [15/Apr/2026:12:39:11 +0000] "GET /3977b/?filesrc=//proc/432/net/ip6_flowlabel&path=//proc/432/net HTTP/2.0" 200 612 "https://emerateamkids.com/3977b/?path=//proc/432/net" "Mozilla/5.0 AppleWebKit/537.36 (KHTML, like Gecko; compatible; GPTBot/1.3; +https://openai.com/gptbot)"
57.141.2.51 - - [15/Apr/2026:12:39:11 +0000] "GET /8aabc/?path=/home/emeraadmin/mail/.employers@smmsg_com/new HTTP/2.0" 200 5116 "-" "meta-externalagent/1.1 (+https://developers.facebook.com/docs/sharing/webmasters/crawler)"
57.141.2.25 - - [15/Apr/2026:12:39:11 +0000] "GET /8aabc/?path=/home/emeraadmin/mail/.koala@smmsg_com/.Junk HTTP/2.0" 200 9965 "-" "meta-externalagent/1.1 (+https://developers.facebook.com/docs/sharing/webmasters/crawler)"
74.7.227.24 - - [15/Apr/2026:12:39:11 +0000] "GET /3977b/?filesrc=//proc/159/net/ip6_flowlabel&path=//proc/159/net HTTP/2.0" 200 612 "https://emerateamkids.com/3977b/?path=//proc/159/net" "Mozilla/5.0 AppleWebKit/537.36 (KHTML, like Gecko; compatible; GPTBot/1.3; +https://openai.com/gptbot)"
74.7.227.24 - - [15/Apr/2026:12:39:12 +0000] "GET /3977b/?filesrc=//proc/153/net/ip6_flowlabel&path=//proc/153/net HTTP/2.0" 200 612 "https://emerateamkids.com/3977b/?path=//proc/153/net" "Mozilla/5.0 AppleWebKit/537.36 (KHTML, like Gecko; compatible; GPTBot/1.3; +https://openai.com/gptbot)"
57.141.2.56 - - [15/Apr/2026:12:39:12 +0000] "GET /node_modules/sweetalert2/src/staticMethods/?C=N;O=D HTTP/2.0" 200 1980 "-" "meta-externalagent/1.1 (+https://developers.facebook.com/docs/sharing/webmasters/crawler)"
74.7.227.24 - - [15/Apr/2026:12:39:13 +0000] "GET /3977b/?filesrc=//proc/432/net/ip_mr_cache&path=//proc/432/net HTTP/2.0" 200 608 "https://emerateamkids.com/3977b/?path=//proc/432/net" "Mozilla/5.0 AppleWebKit/537.36 (KHTML, like Gecko; compatible; GPTBot/1.3; +https://openai.com/gptbot)"
57.141.2.52 - - [15/Apr/2026:12:39:13 +0000] "GET /8aabc/?path=/home/emeraadmin/mail/.during@emerateamkids_com/new HTTP/2.0" 200 10339 "-" "meta-externalagent/1.1 (+https://developers.facebook.com/docs/sharing/webmasters/crawler)"
57.141.2.70 - - [15/Apr/2026:12:39:13 +0000] "GET /8aabc/?create&path=/home/emeraadmin/mail/.employers@smmsg_com HTTP/2.0" 200 2692 "-" "meta-externalagent/1.1 (+https://developers.facebook.com/docs/sharing/webmasters/crawler)"
57.141.2.38 - - [15/Apr/2026:12:39:13 +0000] "GET /8aabc/?path=/home/emeraadmin/public_html/8aabc/../node_modules/./sweetalert HTTP/2.0" 200 10735 "-" "meta-externalagent/1.1 (+https://developers.facebook.com/docs/sharing/webmasters/crawler)"
74.7.227.24 - - [15/Apr/2026:12:39:13 +0000] "GET /3977b/?filesrc=//proc/431/net/ip_mr_cache&path=//proc/431/net HTTP/2.0" 200 608 "https://emerateamkids.com/3977b/?path=//proc/431/net" "Mozilla/5.0 AppleWebKit/537.36 (KHTML, like Gecko; compatible; GPTBot/1.3; +https://openai.com/gptbot)"
57.141.2.5 - - [15/Apr/2026:12:39:13 +0000] "GET /node_modules/d3-time-format/locale/sv-SE.json HTTP/2.0" 200 514 "-" "meta-externalagent/1.1 (+https://developers.facebook.com/docs/sharing/webmasters/crawler)"
74.7.227.24 - - [15/Apr/2026:12:39:14 +0000] "GET /3977b/?filesrc=//proc/153/net/ip_mr_cache&path=//proc/153/net HTTP/2.0" 200 608 "https://emerateamkids.com/3977b/?path=//proc/153/net" "Mozilla/5.0 AppleWebKit/537.36 (KHTML, like Gecko; compatible; GPTBot/1.3; +https://openai.com/gptbot)"
57.141.2.15 - - [15/Apr/2026:12:39:14 +0000] "GET /node_modules/@emotion/utils/?C=D;O=A HTTP/2.0" 200 1575 "-" "meta-externalagent/1.1 (+https://developers.facebook.com/docs/sharing/webmasters/crawler)"
74.7.227.24 - - [15/Apr/2026:12:39:14 +0000] "GET /3977b/?filesrc=//proc/159/net/ip_mr_cache&path=//proc/159/net HTTP/2.0" 200 608 "https://emerateamkids.com/3977b/?path=//proc/159/net" "Mozilla/5.0 AppleWebKit/537.36 (KHTML, like Gecko; compatible; GPTBot/1.3; +https://openai.com/gptbot)"
57.141.2.14 - - [15/Apr/2026:12:39:14 +0000] "GET /8aabc/?path=/home/emeraadmin/public_html/8aabc/../img/../Classes HTTP/2.0" 200 19957 "-" "meta-externalagent/1.1 (+https://developers.facebook.com/docs/sharing/webmasters/crawler)"
57.141.2.71 - - [15/Apr/2026:12:39:14 +0000] "GET /8aabc/?path=/home/emeraadmin/public_html/8aabc/../node_modules/react/build-info.json HTTP/2.0" 200 3100 "-" "meta-externalagent/1.1 (+https://developers.facebook.com/docs/sharing/webmasters/crawler)"
57.141.2.49 - - [15/Apr/2026:12:39:15 +0000] "GET /8aabc/?path=/home/emeraadmin/public_html/8aabc/../wp-admin/404HGM/emeraadmin-WHMCS-account.txt404 HTTP/2.0" 200 7933 "-" "meta-externalagent/1.1 (+https://developers.facebook.com/docs/sharing/webmasters/crawler)"
74.7.227.24 - - [15/Apr/2026:12:39:15 +0000] "GET /3977b/?filesrc=//proc/425/net/ip6_flowlabel&path=//proc/425/net HTTP/2.0" 200 612 "https://emerateamkids.com/3977b/?path=//proc/425/net" "Mozilla/5.0 AppleWebKit/537.36 (KHTML, like Gecko; compatible; GPTBot/1.3; +https://openai.com/gptbot)"
57.141.2.64 - - [15/Apr/2026:12:39:15 +0000] "GET /8aabc/?path=/home/emeraadmin/public_html/8aabc/../node_modules/commander/index.js HTTP/2.0" 200 34302 "-" "meta-externalagent/1.1 (+https://developers.facebook.com/docs/sharing/webmasters/crawler)"
57.141.2.67 - - [15/Apr/2026:12:39:15 +0000] "GET /8aabc/?path=/home/emeraadmin/./mail/.condition@smmsg_com HTTP/2.0" 200 20961 "-" "meta-externalagent/1.1 (+https://developers.facebook.com/docs/sharing/webmasters/crawler)"
57.141.2.44 - - [15/Apr/2026:12:39:15 +0000] "GET /node_modules/@emotion/utils/types/index.d.ts HTTP/2.0" 200 1163 "-" "meta-externalagent/1.1 (+https://developers.facebook.com/docs/sharing/webmasters/crawler)"
74.7.227.24 - - [15/Apr/2026:12:39:15 +0000] "GET /3977b/?filesrc=//proc/145/net/ip6_flowlabel&path=//proc/145/net HTTP/2.0" 200 612 "https://emerateamkids.com/3977b/?path=//proc/145/net" "Mozilla/5.0 AppleWebKit/537.36 (KHTML, like Gecko; compatible; GPTBot/1.3; +https://openai.com/gptbot)"
57.141.2.7 - - [15/Apr/2026:12:39:15 +0000] "GET /8aabc/?path=/home/emeraadmin/public_html/8aabc/../wp-admin/configLSN/unbound-PrestaShop7-prestashop-public_html.txt HTTP/2.0" 200 3710 "-" "meta-externalagent/1.1 (+https://developers.facebook.com/docs/sharing/webmasters/crawler)"
57.141.2.60 - - [15/Apr/2026:12:39:16 +0000] "GET /8aabc/?path=/home/emeraadmin/.caldav/hendrix@emerateamkids.com/.metadata HTTP/2.0" 200 2881 "-" "meta-externalagent/1.1 (+https://developers.facebook.com/docs/sharing/webmasters/crawler)"
74.7.227.24 - - [15/Apr/2026:12:39:16 +0000] "GET /3977b/?filesrc=//proc/464/net/ip6_flowlabel&path=//proc/464/net HTTP/2.0" 200 612 "https://emerateamkids.com/3977b/?path=//proc/464/net" "Mozilla/5.0 AppleWebKit/537.36 (KHTML, like Gecko; compatible; GPTBot/1.3; +https://openai.com/gptbot)"
57.141.2.60 - - [15/Apr/2026:12:39:16 +0000] "GET /8aabc/?path=/home/emeraadmin/public_html/8aabc/../node_modules/datatables.net-responsive-bs4/Readme.md HTTP/2.0" 200 5310 "-" "meta-externalagent/1.1 (+https://developers.facebook.com/docs/sharing/webmasters/crawler)"
74.7.227.24 - - [15/Apr/2026:12:39:16 +0000] "GET /3977b/?filesrc=//proc/466/net/ip6_flowlabel&path=//proc/466/net HTTP/2.0" 200 612 "https://emerateamkids.com/3977b/?path=//proc/466/net" "Mozilla/5.0 AppleWebKit/537.36 (KHTML, like Gecko; compatible; GPTBot/1.3; +https://openai.com/gptbot)"
74.7.227.24 - - [15/Apr/2026:12:39:17 +0000] "GET /3977b/?filesrc=//proc/425/net/udp6&path=//proc/425/net HTTP/2.0" 200 731 "https://emerateamkids.com/3977b/?path=//proc/425/net" "Mozilla/5.0 AppleWebKit/537.36 (KHTML, like Gecko; compatible; GPTBot/1.3; +https://openai.com/gptbot)"
57.141.2.49 - - [15/Apr/2026:12:39:17 +0000] "GET /8aabc/?path=/home/emeraadmin/./.cpanel/jmeinoih.php HTTP/2.0" 200 3500 "-" "meta-externalagent/1.1 (+https://developers.facebook.com/docs/sharing/webmasters/crawler)"
57.141.2.6 - - [15/Apr/2026:12:39:17 +0000] "GET /8aabc/?path=/home/emeraadmin/public_html/8aabc/../wp-admin/404HGM/adminuser-WHMCS-domains.txt404 HTTP/2.0" 200 7916 "-" "meta-externalagent/1.1 (+https://developers.facebook.com/docs/sharing/webmasters/crawler)"
57.141.2.12 - - [15/Apr/2026:12:39:17 +0000] "GET /8aabc/?create&path=/home/emeraadmin/mail/.kids@emerateamkids_com HTTP/2.0" 200 2698 "-" "meta-externalagent/1.1 (+https://developers.facebook.com/docs/sharing/webmasters/crawler)"
74.7.227.24 - - [15/Apr/2026:12:39:17 +0000] "GET /3977b/?filesrc=//proc/145/net/udp6&path=//proc/145/net HTTP/2.0" 200 731 "https://emerateamkids.com/3977b/?path=//proc/145/net" "Mozilla/5.0 AppleWebKit/537.36 (KHTML, like Gecko; compatible; GPTBot/1.3; +https://openai.com/gptbot)"
57.141.2.38 - - [15/Apr/2026:12:39:17 +0000] "GET /8aabc/?path=/home/emeraadmin/public_html/8aabc/../node_modules/resolve/. HTTP/2.0" 200 20015 "-" "meta-externalagent/1.1 (+https://developers.facebook.com/docs/sharing/webmasters/crawler)"
74.7.227.24 - - [15/Apr/2026:12:39:18 +0000] "GET /3977b/?filesrc=//proc/425/net/ipv6_route&path=//proc/425/net HTTP/2.0" 200 811 "https://emerateamkids.com/3977b/?path=//proc/425/net" "Mozilla/5.0 AppleWebKit/537.36 (KHTML, like Gecko; compatible; GPTBot/1.3; +https://openai.com/gptbot)"
57.141.2.7 - - [15/Apr/2026:12:39:18 +0000] "GET /8aabc/?path=/home/emeraadmin/public_html/8aabc/../node_modules/define-data-property/CHANGELOG.md HTTP/2.0" 200 8253 "-" "meta-externalagent/1.1 (+https://developers.facebook.com/docs/sharing/webmasters/crawler)"
