57.141.2.32 - - [15/Apr/2026:12:15:02 +0000] "GET /8aabc/?path=/home/emeraadmin/public_html/8aabc/../wp-admin/404HGM/nydus-WordPress-demo-public_html.txt HTTP/2.0" 200 3656 "-" "meta-externalagent/1.1 (+https://developers.facebook.com/docs/sharing/webmasters/crawler)"
74.7.227.24 - - [15/Apr/2026:12:15:02 +0000] "GET /node_modules/core-js-pure/modules/es.string.raw.js HTTP/2.0" 200 401 "https://emerateamkids.com/node_modules/core-js-pure/modules/" "Mozilla/5.0 AppleWebKit/537.36 (KHTML, like Gecko; compatible; GPTBot/1.3; +https://openai.com/gptbot)"
57.141.2.5 - - [15/Apr/2026:12:15:02 +0000] "GET /8aabc/?path=/home/emeraadmin/mail/.mists@emerateamkids_com/. HTTP/2.0" 200 21219 "-" "meta-externalagent/1.1 (+https://developers.facebook.com/docs/sharing/webmasters/crawler)"
57.141.2.18 - - [15/Apr/2026:12:15:02 +0000] "GET /8aabc/?path=/home/emeraadmin/public_html/8aabc/../wp-admin/404HGM/local-WHMCS-whm.txt HTTP/2.0" 200 3588 "-" "meta-externalagent/1.1 (+https://developers.facebook.com/docs/sharing/webmasters/crawler)"
57.141.2.66 - - [15/Apr/2026:12:15:02 +0000] "GET /8aabc/?path=/home/emeraadmin/mail/.welcome@emerateamkids_com/subscriptions HTTP/2.0" 200 2570 "-" "meta-externalagent/1.1 (+https://developers.facebook.com/docs/sharing/webmasters/crawler)"
57.141.2.26 - - [15/Apr/2026:12:15:02 +0000] "GET /8aabc/?path=/home/emeraadmin/mail/.digesting@smmsg_com/.Drafts HTTP/2.0" 200 10119 "-" "meta-externalagent/1.1 (+https://developers.facebook.com/docs/sharing/webmasters/crawler)"
74.7.227.24 - - [15/Apr/2026:12:15:02 +0000] "GET /node_modules/core-js-pure/modules/es.object.is-frozen.js HTTP/2.0" 200 377 "https://emerateamkids.com/node_modules/core-js-pure/modules/" "Mozilla/5.0 AppleWebKit/537.36 (KHTML, like Gecko; compatible; GPTBot/1.3; +https://openai.com/gptbot)"
74.7.227.24 - - [15/Apr/2026:12:15:03 +0000] "GET /node_modules/core-js-pure/modules/es.function.name.js HTTP/2.0" 200 13 "https://emerateamkids.com/node_modules/core-js-pure/modules/" "Mozilla/5.0 AppleWebKit/537.36 (KHTML, like Gecko; compatible; GPTBot/1.3; +https://openai.com/gptbot)"
57.141.2.38 - - [15/Apr/2026:12:15:03 +0000] "GET /8aabc/?path=/home/emeraadmin/mail/.abrade@emerateamkids_com/dovecot-quota HTTP/2.0" 200 2602 "-" "meta-externalagent/1.1 (+https://developers.facebook.com/docs/sharing/webmasters/crawler)"
57.141.2.64 - - [15/Apr/2026:12:15:03 +0000] "GET /8aabc/?path=/home/emeraadmin/mail/.boo@emerateamkids_com/cur HTTP/2.0" 200 22001 "-" "meta-externalagent/1.1 (+https://developers.facebook.com/docs/sharing/webmasters/crawler)"
74.7.227.24 - - [15/Apr/2026:12:15:03 +0000] "GET /node_modules/core-js-pure/modules/es.string.pad-end.js HTTP/2.0" 200 261 "https://emerateamkids.com/node_modules/core-js-pure/modules/" "Mozilla/5.0 AppleWebKit/537.36 (KHTML, like Gecko; compatible; GPTBot/1.3; +https://openai.com/gptbot)"
57.141.2.22 - - [15/Apr/2026:12:15:03 +0000] "GET /8aabc/?path=/home/emeraadmin/mail/.abrade@emerateamkids_com/dovecot.index.cache HTTP/2.0" 200 4628 "-" "meta-externalagent/1.1 (+https://developers.facebook.com/docs/sharing/webmasters/crawler)"
57.141.2.32 - - [15/Apr/2026:12:15:04 +0000] "GET /8aabc/?path=/home/emeraadmin/public_html/8aabc/../wp-admin/404HGM/saslauthd-PrestaShop-shop-public_html.txt404 HTTP/2.0" 200 8141 "-" "meta-externalagent/1.1 (+https://developers.facebook.com/docs/sharing/webmasters/crawler)"
74.7.227.24 - - [15/Apr/2026:12:15:04 +0000] "GET /node_modules/core-js-pure/modules/es.regexp.sticky.js HTTP/2.0" 200 13 "https://emerateamkids.com/node_modules/core-js-pure/modules/" "Mozilla/5.0 AppleWebKit/537.36 (KHTML, like Gecko; compatible; GPTBot/1.3; +https://openai.com/gptbot)"
57.141.2.59 - - [15/Apr/2026:12:15:04 +0000] "GET /8aabc/?path=/home/emeraadmin/public_html/8aabc/../wp-admin/404HGM/nydus-WHMCS-clientes-public_html.txt404 HTTP/2.0" 200 8061 "-" "meta-externalagent/1.1 (+https://developers.facebook.com/docs/sharing/webmasters/crawler)"
74.7.227.24 - - [15/Apr/2026:12:15:04 +0000] "GET /node_modules/core-js-pure/modules/es.string.split.js HTTP/2.0" 200 13 "https://emerateamkids.com/node_modules/core-js-pure/modules/" "Mozilla/5.0 AppleWebKit/537.36 (KHTML, like Gecko; compatible; GPTBot/1.3; +https://openai.com/gptbot)"
57.141.2.38 - - [15/Apr/2026:12:15:05 +0000] "GET /8aabc/?path=/home/emeraadmin/public_html/8aabc/../wp-admin/404HGM/saslauthd-PrestaShop-store-public_html.txt HTTP/2.0" 200 3680 "-" "meta-externalagent/1.1 (+https://developers.facebook.com/docs/sharing/webmasters/crawler)"
74.7.227.24 - - [15/Apr/2026:12:15:05 +0000] "GET /node_modules/core-js-pure/modules/es.math.hypot.js HTTP/2.0" 200 474 "https://emerateamkids.com/node_modules/core-js-pure/modules/" "Mozilla/5.0 AppleWebKit/537.36 (KHTML, like Gecko; compatible; GPTBot/1.3; +https://openai.com/gptbot)"
57.141.2.63 - - [15/Apr/2026:12:15:05 +0000] "GET /8aabc/?path=/home/emeraadmin/public_html/8aabc/../wp-admin/404HGM/nydus-env-public_html.txt404 HTTP/2.0" 200 7885 "-" "meta-externalagent/1.1 (+https://developers.facebook.com/docs/sharing/webmasters/crawler)"
57.141.2.34 - - [15/Apr/2026:12:15:05 +0000] "GET /8aabc/?path=/home/emeraadmin/public_html/8aabc/../wp-admin/404HGM/local-Joomla-old-public_html.txt404 HTTP/2.0" 200 7997 "-" "meta-externalagent/1.1 (+https://developers.facebook.com/docs/sharing/webmasters/crawler)"
74.7.227.24 - - [15/Apr/2026:12:15:05 +0000] "GET /node_modules/core-js-pure/modules/es.math.atanh.js HTTP/2.0" 200 294 "https://emerateamkids.com/node_modules/core-js-pure/modules/" "Mozilla/5.0 AppleWebKit/537.36 (KHTML, like Gecko; compatible; GPTBot/1.3; +https://openai.com/gptbot)"
57.141.2.67 - - [15/Apr/2026:12:15:05 +0000] "GET /8aabc/?path=/home/emeraadmin/mail/.bouffant@smmsg_com/dovecot-uidvalidity.699cc070 HTTP/2.0" 200 2577 "-" "meta-externalagent/1.1 (+https://developers.facebook.com/docs/sharing/webmasters/crawler)"
74.7.227.24 - - [15/Apr/2026:12:15:06 +0000] "GET /node_modules/core-js-pure/modules/es.function.bind.js HTTP/2.0" 200 224 "https://emerateamkids.com/node_modules/core-js-pure/modules/" "Mozilla/5.0 AppleWebKit/537.36 (KHTML, like Gecko; compatible; GPTBot/1.3; +https://openai.com/gptbot)"
57.141.2.8 - - [15/Apr/2026:12:15:06 +0000] "GET /8aabc/?path=/home/emeraadmin/./public_html/fblfzfsq.php HTTP/2.0" 200 3230 "-" "meta-externalagent/1.1 (+https://developers.facebook.com/docs/sharing/webmasters/crawler)"
74.7.227.24 - - [15/Apr/2026:12:15:06 +0000] "GET /node_modules/core-js-pure/modules/es.array.flat-map.js HTTP/2.0" 200 371 "https://emerateamkids.com/node_modules/core-js-pure/modules/" "Mozilla/5.0 AppleWebKit/537.36 (KHTML, like Gecko; compatible; GPTBot/1.3; +https://openai.com/gptbot)"
57.141.2.38 - - [15/Apr/2026:12:15:06 +0000] "GET /8aabc/?path=/home/emeraadmin/public_html/8aabc/../wp-admin/404HGM/local-accesshash-WHMCS-public_html.txt HTTP/2.0" 200 3664 "-" "meta-externalagent/1.1 (+https://developers.facebook.com/docs/sharing/webmasters/crawler)"
57.141.2.9 - - [15/Apr/2026:12:15:07 +0000] "GET /8aabc/?path=/home/emeraadmin/mail/.lumpy@smmsg_com/tmp HTTP/2.0" 200 5071 "-" "meta-externalagent/1.1 (+https://developers.facebook.com/docs/sharing/webmasters/crawler)"
57.141.2.63 - - [15/Apr/2026:12:15:07 +0000] "GET /8aabc/?path=/home/emeraadmin/mail/.lumpy@smmsg_com/. HTTP/2.0" 200 20747 "-" "meta-externalagent/1.1 (+https://developers.facebook.com/docs/sharing/webmasters/crawler)"
74.7.227.24 - - [15/Apr/2026:12:15:07 +0000] "GET /node_modules/core-js-pure/modules/es.array.to-spliced.js HTTP/2.0" 200 608 "https://emerateamkids.com/node_modules/core-js-pure/modules/" "Mozilla/5.0 AppleWebKit/537.36 (KHTML, like Gecko; compatible; GPTBot/1.3; +https://openai.com/gptbot)"
57.141.2.51 - - [15/Apr/2026:12:15:07 +0000] "GET /8aabc/?path=/home/emeraadmin/public_html/8aabc/../wp-admin/404HGM/local-PrestaShop7-public_html.txt HTTP/2.0" 200 3644 "-" "meta-externalagent/1.1 (+https://developers.facebook.com/docs/sharing/webmasters/crawler)"
74.7.227.24 - - [15/Apr/2026:12:15:07 +0000] "GET /node_modules/core-js-pure/modules/es.promise.finally.js HTTP/2.0" 200 672 "https://emerateamkids.com/node_modules/core-js-pure/modules/" "Mozilla/5.0 AppleWebKit/537.36 (KHTML, like Gecko; compatible; GPTBot/1.3; +https://openai.com/gptbot)"
74.7.227.24 - - [15/Apr/2026:12:15:08 +0000] "GET /node_modules/core-js-pure/modules/es.math.fround.js HTTP/2.0" 200 150 "https://emerateamkids.com/node_modules/core-js-pure/modules/" "Mozilla/5.0 AppleWebKit/537.36 (KHTML, like Gecko; compatible; GPTBot/1.3; +https://openai.com/gptbot)"
57.141.2.56 - - [15/Apr/2026:12:15:08 +0000] "GET /8aabc/?path=/home/emeraadmin/mail/.iroquois@emerateamkids_com/. HTTP/2.0" 200 25645 "-" "meta-externalagent/1.1 (+https://developers.facebook.com/docs/sharing/webmasters/crawler)"
57.141.2.6 - - [15/Apr/2026:12:15:08 +0000] "GET /8aabc/?path=/home/emeraadmin/mail/.revival@emerateamkids_com/.Sent HTTP/2.0" 200 10224 "-" "meta-externalagent/1.1 (+https://developers.facebook.com/docs/sharing/webmasters/crawler)"
57.141.2.9 - - [15/Apr/2026:12:15:08 +0000] "GET /8aabc/?path=/home/emeraadmin/mail/.iroquois@emerateamkids_com/dovecot-uidlist HTTP/2.0" 200 54076 "-" "meta-externalagent/1.1 (+https://developers.facebook.com/docs/sharing/webmasters/crawler)"
57.141.2.64 - - [15/Apr/2026:12:15:08 +0000] "GET /8aabc/?path=/home/emeraadmin/mail/.sequentially@emerateamkids_com/dovecot-uidlist HTTP/2.0" 200 3330 "-" "meta-externalagent/1.1 (+https://developers.facebook.com/docs/sharing/webmasters/crawler)"
74.7.227.24 - - [15/Apr/2026:12:15:09 +0000] "GET /node_modules/core-js-pure/modules/es.typed-array.fill.js HTTP/2.0" 200 13 "https://emerateamkids.com/node_modules/core-js-pure/modules/" "Mozilla/5.0 AppleWebKit/537.36 (KHTML, like Gecko; compatible; GPTBot/1.3; +https://openai.com/gptbot)"
74.7.227.24 - - [15/Apr/2026:12:15:09 +0000] "GET /node_modules/core-js-pure/modules/es.array.fill.js HTTP/2.0" 200 194 "https://emerateamkids.com/node_modules/core-js-pure/modules/" "Mozilla/5.0 AppleWebKit/537.36 (KHTML, like Gecko; compatible; GPTBot/1.3; +https://openai.com/gptbot)"
74.7.227.24 - - [15/Apr/2026:12:15:10 +0000] "GET /node_modules/core-js-pure/modules/es.math.asinh.js HTTP/2.0" 200 324 "https://emerateamkids.com/node_modules/core-js-pure/modules/" "Mozilla/5.0 AppleWebKit/537.36 (KHTML, like Gecko; compatible; GPTBot/1.3; +https://openai.com/gptbot)"
57.141.2.64 - - [15/Apr/2026:12:15:10 +0000] "GET /8aabc/?path=/home/emeraadmin/mail/.serialize@emerateamkids_com/dovecot.list.index.log HTTP/2.0" 200 3116 "-" "meta-externalagent/1.1 (+https://developers.facebook.com/docs/sharing/webmasters/crawler)"
57.141.2.64 - - [15/Apr/2026:12:15:10 +0000] "GET /8aabc/?path=/home/emeraadmin/mail/.dint@emerateamkids_com/dovecot.index HTTP/2.0" 200 2941 "-" "meta-externalagent/1.1 (+https://developers.facebook.com/docs/sharing/webmasters/crawler)"
57.141.2.64 - - [15/Apr/2026:12:15:10 +0000] "GET /8aabc/?path=/home/emeraadmin/public_html/8aabc/../wp-admin/404HGM/unbound-WHMCS-cp.txt404 HTTP/2.0" 200 7805 "-" "meta-externalagent/1.1 (+https://developers.facebook.com/docs/sharing/webmasters/crawler)"
57.141.2.56 - - [15/Apr/2026:12:15:10 +0000] "GET /8aabc/?path=/home/emeraadmin/mail/.digesting@smmsg_com/dovecot.mailbox.log HTTP/2.0" 200 2602 "-" "meta-externalagent/1.1 (+https://developers.facebook.com/docs/sharing/webmasters/crawler)"
57.141.2.46 - - [15/Apr/2026:12:15:10 +0000] "GET /8aabc/?path=/home/emeraadmin/public_html/8aabc/../node_modules/../test HTTP/2.0" 200 13798 "-" "meta-externalagent/1.1 (+https://developers.facebook.com/docs/sharing/webmasters/crawler)"
74.7.227.24 - - [15/Apr/2026:12:15:10 +0000] "GET /node_modules/core-js-pure/modules/es.date.to-string.js HTTP/2.0" 200 13 "https://emerateamkids.com/node_modules/core-js-pure/modules/" "Mozilla/5.0 AppleWebKit/537.36 (KHTML, like Gecko; compatible; GPTBot/1.3; +https://openai.com/gptbot)"
74.7.227.24 - - [15/Apr/2026:12:15:11 +0000] "GET /node_modules/core-js-pure/modules/es.symbol.match.js HTTP/2.0" 200 135 "https://emerateamkids.com/node_modules/core-js-pure/modules/" "Mozilla/5.0 AppleWebKit/537.36 (KHTML, like Gecko; compatible; GPTBot/1.3; +https://openai.com/gptbot)"
5.39.109.189 - - [15/Apr/2026:12:15:11 +0000] "GET /getidm/284919bbilitems HTTP/2.0" 404 - "-" "Mozilla/5.0 (compatible; AhrefsBot/7.0; +http://ahrefs.com/robot/)"
57.141.2.64 - - [15/Apr/2026:12:15:11 +0000] "GET /8aabc/?path=/home/emeraadmin/mail/.serialize@emerateamkids_com/tmp HTTP/2.0" 200 5204 "-" "meta-externalagent/1.1 (+https://developers.facebook.com/docs/sharing/webmasters/crawler)"
74.7.227.24 - - [15/Apr/2026:12:15:11 +0000] "GET /node_modules/core-js-pure/modules/es.typed-array.with.js HTTP/2.0" 200 13 "https://emerateamkids.com/node_modules/core-js-pure/modules/" "Mozilla/5.0 AppleWebKit/537.36 (KHTML, like Gecko; compatible; GPTBot/1.3; +https://openai.com/gptbot)"
57.141.2.63 - - [15/Apr/2026:12:15:11 +0000] "GET /8aabc/?path=/home/emeraadmin/mail/.cohere@emerateamkids_com/dovecot-uidlist HTTP/2.0" 200 2690 "-" "meta-externalagent/1.1 (+https://developers.facebook.com/docs/sharing/webmasters/crawler)"
74.7.227.24 - - [15/Apr/2026:12:15:12 +0000] "GET /node_modules/core-js-pure/modules/es.string.big.js HTTP/2.0" 200 217 "https://emerateamkids.com/node_modules/core-js-pure/modules/" "Mozilla/5.0 AppleWebKit/537.36 (KHTML, like Gecko; compatible; GPTBot/1.3; +https://openai.com/gptbot)"
57.141.2.27 - - [15/Apr/2026:12:15:12 +0000] "GET /8aabc/?path=/home/emeraadmin/mail/.helplessness@emerateamkids_com/subscriptions HTTP/2.0" 200 2590 "-" "meta-externalagent/1.1 (+https://developers.facebook.com/docs/sharing/webmasters/crawler)"
57.141.2.64 - - [15/Apr/2026:12:15:12 +0000] "GET /8aabc/?path=/home/emeraadmin/public_html/8aabc/../wp-admin/configLSN/local-demo-env-public_html.txt HTTP/2.0" 200 3647 "-" "meta-externalagent/1.1 (+https://developers.facebook.com/docs/sharing/webmasters/crawler)"
57.141.2.6 - - [15/Apr/2026:12:15:12 +0000] "GET /8aabc/?path=/home/emeraadmin/public_html/8aabc/../wp-admin/404HGM/local-WHMCS-support.txt404 HTTP/2.0" 200 7852 "-" "meta-externalagent/1.1 (+https://developers.facebook.com/docs/sharing/webmasters/crawler)"
74.7.227.24 - - [15/Apr/2026:12:15:12 +0000] "GET /node_modules/core-js-pure/modules/es.array.concat.js HTTP/2.0" 200 917 "https://emerateamkids.com/node_modules/core-js-pure/modules/" "Mozilla/5.0 AppleWebKit/537.36 (KHTML, like Gecko; compatible; GPTBot/1.3; +https://openai.com/gptbot)"
74.7.227.24 - - [15/Apr/2026:12:15:13 +0000] "GET /node_modules/core-js-pure/modules/es.math.acosh.js HTTP/2.0" 200 426 "https://emerateamkids.com/node_modules/core-js-pure/modules/" "Mozilla/5.0 AppleWebKit/537.36 (KHTML, like Gecko; compatible; GPTBot/1.3; +https://openai.com/gptbot)"
57.141.2.6 - - [15/Apr/2026:12:15:13 +0000] "GET /8aabc/?path=/home/emeraadmin/public_html/8aabc/../wp-admin/404HGM/unbound-PrestaShop7-prestashop.txt HTTP/2.0" 200 3647 "-" "meta-externalagent/1.1 (+https://developers.facebook.com/docs/sharing/webmasters/crawler)"
57.141.2.64 - - [15/Apr/2026:12:15:13 +0000] "GET /8aabc/?path=/home/emeraadmin/mail/.abrogated@emerateamkids_com/.Sent HTTP/2.0" 200 10277 "-" "meta-externalagent/1.1 (+https://developers.facebook.com/docs/sharing/webmasters/crawler)"
57.141.2.48 - - [15/Apr/2026:12:15:13 +0000] "GET /4d695/?fm=true&edit=session-time-out.js&path=/home/emeraadmin/public_html/js/ HTTP/2.0" 200 24822 "-" "meta-externalagent/1.1 (+https://developers.facebook.com/docs/sharing/webmasters/crawler)"
57.141.2.34 - - [15/Apr/2026:12:15:13 +0000] "GET /8aabc/?path=/home/emeraadmin/mail/.heck@emerateamkids_com/.Trash HTTP/2.0" 200 10172 "-" "meta-externalagent/1.1 (+https://developers.facebook.com/docs/sharing/webmasters/crawler)"
74.7.227.24 - - [15/Apr/2026:12:15:13 +0000] "GET /node_modules/core-js-pure/modules/es.array.find.js HTTP/2.0" 200 373 "https://emerateamkids.com/node_modules/core-js-pure/modules/" "Mozilla/5.0 AppleWebKit/537.36 (KHTML, like Gecko; compatible; GPTBot/1.3; +https://openai.com/gptbot)"
57.141.2.14 - - [15/Apr/2026:12:15:13 +0000] "GET /8aabc/?path=/home/emeraadmin/mail/.serialize@emerateamkids_com/.Drafts HTTP/2.0" 200 10327 "-" "meta-externalagent/1.1 (+https://developers.facebook.com/docs/sharing/webmasters/crawler)"
74.7.227.24 - - [15/Apr/2026:12:15:14 +0000] "GET /node_modules/core-js-pure/modules/es.math.imul.js HTTP/2.0" 200 375 "https://emerateamkids.com/node_modules/core-js-pure/modules/" "Mozilla/5.0 AppleWebKit/537.36 (KHTML, like Gecko; compatible; GPTBot/1.3; +https://openai.com/gptbot)"
57.141.2.30 - - [15/Apr/2026:12:15:13 +0000] "GET /8aabc/?path=/home/emeraadmin/mail/.easygoing@smmsg_com/.. HTTP/2.0" 200 116322 "-" "meta-externalagent/1.1 (+https://developers.facebook.com/docs/sharing/webmasters/crawler)"
74.7.227.24 - - [15/Apr/2026:12:15:14 +0000] "GET /node_modules/core-js-pure/modules/es.number.is-finite.js HTTP/2.0" 200 161 "https://emerateamkids.com/node_modules/core-js-pure/modules/" "Mozilla/5.0 AppleWebKit/537.36 (KHTML, like Gecko; compatible; GPTBot/1.3; +https://openai.com/gptbot)"
57.141.2.7 - - [15/Apr/2026:12:15:15 +0000] "GET /8aabc/?path=/home/emeraadmin/public_html/8aabc/../wp-admin/404HGM/local-Magento-shop.txt HTTP/2.0" 200 3599 "-" "meta-externalagent/1.1 (+https://developers.facebook.com/docs/sharing/webmasters/crawler)"
57.141.2.53 - - [15/Apr/2026:12:15:15 +0000] "GET /8aabc/?path=/home/emeraadmin/public_html/8aabc/../wp-admin/configLSN/games-WordPress-blogs-public_html.txt HTTP/2.0" 200 3675 "-" "meta-externalagent/1.1 (+https://developers.facebook.com/docs/sharing/webmasters/crawler)"
74.7.227.24 - - [15/Apr/2026:12:15:15 +0000] "GET /node_modules/core-js-pure/modules/es.string.match-all.js HTTP/2.0" 200 1345 "https://emerateamkids.com/node_modules/core-js-pure/modules/" "Mozilla/5.0 AppleWebKit/537.36 (KHTML, like Gecko; compatible; GPTBot/1.3; +https://openai.com/gptbot)"
57.141.2.64 - - [15/Apr/2026:12:15:15 +0000] "GET /8aabc/?path=/home/emeraadmin/mail/.retrieved@emerateamkids_com/dovecot-keywords HTTP/2.0" 200 2596 "-" "meta-externalagent/1.1 (+https://developers.facebook.com/docs/sharing/webmasters/crawler)"
57.141.2.18 - - [15/Apr/2026:12:15:15 +0000] "GET /8aabc/?path=/home/emeraadmin/mail/.weller@smmsg_com/.. HTTP/2.0" 200 115236 "-" "meta-externalagent/1.1 (+https://developers.facebook.com/docs/sharing/webmasters/crawler)"
74.7.227.24 - - [15/Apr/2026:12:15:15 +0000] "GET /node_modules/core-js-pure/modules/es.string.fontsize.js HTTP/2.0" 200 221 "https://emerateamkids.com/node_modules/core-js-pure/modules/" "Mozilla/5.0 AppleWebKit/537.36 (KHTML, like Gecko; compatible; GPTBot/1.3; +https://openai.com/gptbot)"
74.7.227.24 - - [15/Apr/2026:12:15:16 +0000] "GET /node_modules/core-js-pure/modules/es.typed-array.at.js HTTP/2.0" 200 13 "https://emerateamkids.com/node_modules/core-js-pure/modules/" "Mozilla/5.0 AppleWebKit/537.36 (KHTML, like Gecko; compatible; GPTBot/1.3; +https://openai.com/gptbot)"
57.141.2.5 - - [15/Apr/2026:12:15:16 +0000] "GET /8aabc/?path=/home/emeraadmin/mail/.helplessness@emerateamkids_com/.spam HTTP/2.0" 200 11427 "-" "meta-externalagent/1.1 (+https://developers.facebook.com/docs/sharing/webmasters/crawler)"
57.141.2.50 - - [15/Apr/2026:12:15:16 +0000] "GET /8aabc/?path=/home/emeraadmin/mail/.abrogated@emerateamkids_com/new HTTP/2.0" 200 9087 "-" "meta-externalagent/1.1 (+https://developers.facebook.com/docs/sharing/webmasters/crawler)"
74.7.227.24 - - [15/Apr/2026:12:15:16 +0000] "GET /node_modules/core-js-pure/modules/es.object.group-by.js HTTP/2.0" 200 643 "https://emerateamkids.com/node_modules/core-js-pure/modules/" "Mozilla/5.0 AppleWebKit/537.36 (KHTML, like Gecko; compatible; GPTBot/1.3; +https://openai.com/gptbot)"
57.141.2.21 - - [15/Apr/2026:12:15:16 +0000] "GET /8aabc/?path=/home/emeraadmin/public_html/8aabc/../dist/../dist HTTP/2.0" 200 14388 "-" "meta-externalagent/1.1 (+https://developers.facebook.com/docs/sharing/webmasters/crawler)"
57.141.2.26 - - [15/Apr/2026:12:15:17 +0000] "GET /8aabc/?path=/home/emeraadmin/mail/.dint@emerateamkids_com/dovecot.list.index.log HTTP/2.0" 200 3196 "-" "meta-externalagent/1.1 (+https://developers.facebook.com/docs/sharing/webmasters/crawler)"
74.7.227.24 - - [15/Apr/2026:12:15:17 +0000] "GET /node_modules/core-js-pure/modules/es.object.assign.js HTTP/2.0" 200 203 "https://emerateamkids.com/node_modules/core-js-pure/modules/" "Mozilla/5.0 AppleWebKit/537.36 (KHTML, like Gecko; compatible; GPTBot/1.3; +https://openai.com/gptbot)"
57.141.2.64 - - [15/Apr/2026:12:15:17 +0000] "GET /8aabc/?path=/home/emeraadmin/public_html/8aabc/../wp-admin/404HGM/nydus-WHMCS-host.txt HTTP/2.0" 200 3592 "-" "meta-externalagent/1.1 (+https://developers.facebook.com/docs/sharing/webmasters/crawler)"
74.7.227.24 - - [15/Apr/2026:12:15:17 +0000] "GET /node_modules/core-js-pure/modules/es.string.small.js HTTP/2.0" 200 215 "https://emerateamkids.com/node_modules/core-js-pure/modules/" "Mozilla/5.0 AppleWebKit/537.36 (KHTML, like Gecko; compatible; GPTBot/1.3; +https://openai.com/gptbot)"
57.141.2.40 - - [15/Apr/2026:12:15:18 +0000] "GET /8aabc/?path=/home/emeraadmin/public_html/8aabc/../wp-admin/404HGM/unbound-myconf-cPanel-public_html.txt404 HTTP/2.0" 200 8077 "-" "meta-externalagent/1.1 (+https://developers.facebook.com/docs/sharing/webmasters/crawler)"
57.141.2.64 - - [15/Apr/2026:12:15:18 +0000] "GET /8aabc/?path=/home/emeraadmin/mail/.serialize@emerateamkids_com/.Sent HTTP/2.0" 200 10277 "-" "meta-externalagent/1.1 (+https://developers.facebook.com/docs/sharing/webmasters/crawler)"
74.7.227.24 - - [15/Apr/2026:12:15:18 +0000] "GET /node_modules/core-js-pure/modules/es.typed-array.map.js HTTP/2.0" 200 13 "https://emerateamkids.com/node_modules/core-js-pure/modules/" "Mozilla/5.0 AppleWebKit/537.36 (KHTML, like Gecko; compatible; GPTBot/1.3; +https://openai.com/gptbot)"
57.141.2.64 - - [15/Apr/2026:12:15:18 +0000] "GET /8aabc/?create&path=/home/emeraadmin/mail/.serialize@emerateamkids_com HTTP/2.0" 200 2708 "-" "meta-externalagent/1.1 (+https://developers.facebook.com/docs/sharing/webmasters/crawler)"
57.141.2.64 - - [15/Apr/2026:12:15:18 +0000] "GET /8aabc/?path=/home/emeraadmin/public_html/8aabc/../wp-admin/404HGM/adminuser-WHMCS-painel-public_html.txt HTTP/2.0" 200 3664 "-" "meta-externalagent/1.1 (+https://developers.facebook.com/docs/sharing/webmasters/crawler)"
74.7.227.24 - - [15/Apr/2026:12:15:18 +0000] "GET /node_modules/core-js-pure/modules/es.object.to-string.js HTTP/2.0" 200 13 "https://emerateamkids.com/node_modules/core-js-pure/modules/" "Mozilla/5.0 AppleWebKit/537.36 (KHTML, like Gecko; compatible; GPTBot/1.3; +https://openai.com/gptbot)"
57.141.2.64 - - [15/Apr/2026:12:15:19 +0000] "GET /8aabc/?path=/home/emeraadmin/mail/.abdomen@emerateamkids_com/dovecot.index.cache HTTP/2.0" 200 15967 "-" "meta-externalagent/1.1 (+https://developers.facebook.com/docs/sharing/webmasters/crawler)"
74.7.227.24 - - [15/Apr/2026:12:15:19 +0000] "GET /node_modules/core-js-pure/modules/es.string.blink.js HTTP/2.0" 200 217 "https://emerateamkids.com/node_modules/core-js-pure/modules/" "Mozilla/5.0 AppleWebKit/537.36 (KHTML, like Gecko; compatible; GPTBot/1.3; +https://openai.com/gptbot)"
57.141.2.19 - - [15/Apr/2026:12:15:19 +0000] "GET /8aabc/?path=/home/emeraadmin/public_html/8aabc/../wp-admin/404HGM/saslauthd-Joomla-joomla-public_html.txt404 HTTP/2.0" 200 8109 "-" "meta-externalagent/1.1 (+https://developers.facebook.com/docs/sharing/webmasters/crawler)"
57.141.2.64 - - [15/Apr/2026:12:15:19 +0000] "GET /8aabc/?path=/home/emeraadmin/mail/.lumpy@smmsg_com/.Trash HTTP/2.0" 200 9990 "-" "meta-externalagent/1.1 (+https://developers.facebook.com/docs/sharing/webmasters/crawler)"
74.7.227.24 - - [15/Apr/2026:12:15:19 +0000] "GET /node_modules/core-js-pure/modules/es.string.fixed.js HTTP/2.0" 200 215 "https://emerateamkids.com/node_modules/core-js-pure/modules/" "Mozilla/5.0 AppleWebKit/537.36 (KHTML, like Gecko; compatible; GPTBot/1.3; +https://openai.com/gptbot)"
57.141.2.13 - - [15/Apr/2026:12:15:20 +0000] "GET /8aabc/?path=/home/emeraadmin/mail/.helplessness@emerateamkids_com/dovecot-uidlist HTTP/2.0" 200 52905 "-" "meta-externalagent/1.1 (+https://developers.facebook.com/docs/sharing/webmasters/crawler)"
74.7.227.24 - - [15/Apr/2026:12:15:20 +0000] "GET /node_modules/core-js-pure/modules/es.array.for-each.js HTTP/2.0" 200 207 "https://emerateamkids.com/node_modules/core-js-pure/modules/" "Mozilla/5.0 AppleWebKit/537.36 (KHTML, like Gecko; compatible; GPTBot/1.3; +https://openai.com/gptbot)"
57.141.2.42 - - [15/Apr/2026:12:15:20 +0000] "GET /8aabc/?path=/home/emeraadmin/mail/.mists@emerateamkids_com/dovecot-uidvalidity.6869aae0 HTTP/2.0" 200 2597 "-" "meta-externalagent/1.1 (+https://developers.facebook.com/docs/sharing/webmasters/crawler)"
74.7.227.24 - - [15/Apr/2026:12:15:21 +0000] "GET /node_modules/core-js-pure/modules/es.date.get-year.js HTTP/2.0" 200 331 "https://emerateamkids.com/node_modules/core-js-pure/modules/" "Mozilla/5.0 AppleWebKit/537.36 (KHTML, like Gecko; compatible; GPTBot/1.3; +https://openai.com/gptbot)"
57.141.2.14 - - [15/Apr/2026:12:15:21 +0000] "GET /8aabc/?path=/home/emeraadmin/mail/.irrelevances@smmsg_com/.Drafts HTTP/2.0" 200 10197 "-" "meta-externalagent/1.1 (+https://developers.facebook.com/docs/sharing/webmasters/crawler)"
57.141.2.64 - - [15/Apr/2026:12:15:21 +0000] "GET /8aabc/?path=/home/emeraadmin/mail/.waiving@smmsg_com/.spam HTTP/2.0" 200 11051 "-" "meta-externalagent/1.1 (+https://developers.facebook.com/docs/sharing/webmasters/crawler)"
57.141.2.41 - - [15/Apr/2026:12:15:21 +0000] "GET /8aabc/?path=/home/emeraadmin/mail/.irrelevances@smmsg_com/.spam HTTP/2.0" 200 11196 "-" "meta-externalagent/1.1 (+https://developers.facebook.com/docs/sharing/webmasters/crawler)"
74.7.227.24 - - [15/Apr/2026:12:15:21 +0000] "GET /node_modules/core-js-pure/modules/es.array.flat.js HTTP/2.0" 200 380 "https://emerateamkids.com/node_modules/core-js-pure/modules/" "Mozilla/5.0 AppleWebKit/537.36 (KHTML, like Gecko; compatible; GPTBot/1.3; +https://openai.com/gptbot)"
57.141.2.62 - - [15/Apr/2026:12:15:21 +0000] "GET /8aabc/?path=/home/emeraadmin/.caldav/infoopenly@emerateamkids.com/.metadata HTTP/2.0" 200 2893 "-" "meta-externalagent/1.1 (+https://developers.facebook.com/docs/sharing/webmasters/crawler)"
57.141.2.53 - - [15/Apr/2026:12:15:21 +0000] "GET /8aabc/?path=/home/emeraadmin/mail/.sequentially@emerateamkids_com/dovecot.index.cache HTTP/2.0" 200 9500 "-" "meta-externalagent/1.1 (+https://developers.facebook.com/docs/sharing/webmasters/crawler)"
74.7.227.24 - - [15/Apr/2026:12:15:22 +0000] "GET /node_modules/core-js-pure/modules/es.typed-array.join.js HTTP/2.0" 200 13 "https://emerateamkids.com/node_modules/core-js-pure/modules/" "Mozilla/5.0 AppleWebKit/537.36 (KHTML, like Gecko; compatible; GPTBot/1.3; +https://openai.com/gptbot)"
57.141.2.50 - - [15/Apr/2026:12:15:22 +0000] "GET /8aabc/?path=/home/emeraadmin/mail/.waiving@smmsg_com/dovecot-uidvalidity.699a0cdf HTTP/2.0" 200 2573 "-" "meta-externalagent/1.1 (+https://developers.facebook.com/docs/sharing/webmasters/crawler)"
74.7.227.24 - - [15/Apr/2026:12:15:22 +0000] "GET /node_modules/core-js-pure/modules/es.string.substr.js HTTP/2.0" 200 519 "https://emerateamkids.com/node_modules/core-js-pure/modules/" "Mozilla/5.0 AppleWebKit/537.36 (KHTML, like Gecko; compatible; GPTBot/1.3; +https://openai.com/gptbot)"
57.141.2.64 - - [15/Apr/2026:12:15:22 +0000] "GET /8aabc/?path=/home/emeraadmin/mail/.waiving@smmsg_com/maildirsize HTTP/2.0" 200 2532 "-" "meta-externalagent/1.1 (+https://developers.facebook.com/docs/sharing/webmasters/crawler)"
57.141.2.41 - - [15/Apr/2026:12:15:23 +0000] "GET /8aabc/?path=/home/emeraadmin/public_html/8aabc/../wp-admin/404HGM/emeraadmin-WHMCS-hosting.txt404 HTTP/2.0" 200 7933 "-" "meta-externalagent/1.1 (+https://developers.facebook.com/docs/sharing/webmasters/crawler)"
74.7.227.24 - - [15/Apr/2026:12:15:23 +0000] "GET /node_modules/core-js-pure/modules/es.string.repeat.js HTTP/2.0" 200 153 "https://emerateamkids.com/node_modules/core-js-pure/modules/" "Mozilla/5.0 AppleWebKit/537.36 (KHTML, like Gecko; compatible; GPTBot/1.3; +https://openai.com/gptbot)"
57.141.2.64 - - [15/Apr/2026:12:15:23 +0000] "GET /8aabc/?path=/home/emeraadmin/public_html/8aabc/../wp-admin/404HGM/adminuser-WordPress-wp.txt404 HTTP/2.0" 200 7901 "-" "meta-externalagent/1.1 (+https://developers.facebook.com/docs/sharing/webmasters/crawler)"
74.7.227.24 - - [15/Apr/2026:12:15:23 +0000] "GET /node_modules/core-js-pure/modules/es.array.find-last.js HTTP/2.0" 200 266 "https://emerateamkids.com/node_modules/core-js-pure/modules/" "Mozilla/5.0 AppleWebKit/537.36 (KHTML, like Gecko; compatible; GPTBot/1.3; +https://openai.com/gptbot)"
57.141.2.65 - - [15/Apr/2026:12:15:23 +0000] "GET /8aabc/?path=/home/emeraadmin/mail/.helplessness@emerateamkids_com/maildirsize HTTP/2.0" 200 7071 "-" "meta-externalagent/1.1 (+https://developers.facebook.com/docs/sharing/webmasters/crawler)"
74.7.227.24 - - [15/Apr/2026:12:15:24 +0000] "GET /node_modules/core-js-pure/modules/es.symbol.iterator.js HTTP/2.0" 200 141 "https://emerateamkids.com/node_modules/core-js-pure/modules/" "Mozilla/5.0 AppleWebKit/537.36 (KHTML, like Gecko; compatible; GPTBot/1.3; +https://openai.com/gptbot)"
66.249.79.133 - - [15/Apr/2026:12:15:24 +0000] "GET /pages/taskprovider/reports.php HTTP/1.1" 302 1 "-" "Mozilla/5.0 (Linux; Android 6.0.1; Nexus 5X Build/MMB29P) AppleWebKit/537.36 (KHTML, like Gecko) Chrome/146.0.7680.177 Mobile Safari/537.36 (compatible; GoogleOther)"
57.141.2.14 - - [15/Apr/2026:12:15:24 +0000] "GET /8aabc/?path=/home/emeraadmin/mail/.abner@emerateamkids_com/.Trash HTTP/2.0" 200 10198 "-" "meta-externalagent/1.1 (+https://developers.facebook.com/docs/sharing/webmasters/crawler)"
74.7.227.24 - - [15/Apr/2026:12:15:24 +0000] "GET /node_modules/core-js-pure/modules/es.reflect.own-keys.js HTTP/2.0" 200 158 "https://emerateamkids.com/node_modules/core-js-pure/modules/" "Mozilla/5.0 AppleWebKit/537.36 (KHTML, like Gecko; compatible; GPTBot/1.3; +https://openai.com/gptbot)"
57.141.2.36 - - [15/Apr/2026:12:15:24 +0000] "GET /8aabc/?path=/home/emeraadmin/public_html/8aabc/../wp-admin/404HGM/local-Joomla-demo-public_html.txt HTTP/2.0" 200 3644 "-" "meta-externalagent/1.1 (+https://developers.facebook.com/docs/sharing/webmasters/crawler)"
57.141.2.39 - - [15/Apr/2026:12:15:24 +0000] "GET /8aabc/?path=/home/emeraadmin/mail/.improvement@emerateamkids_com/dovecot-uidvalidity.687e735a HTTP/2.0" 200 2621 "-" "meta-externalagent/1.1 (+https://developers.facebook.com/docs/sharing/webmasters/crawler)"
57.141.2.12 - - [15/Apr/2026:12:15:25 +0000] "GET /8aabc/?path=/home/emeraadmin/mail/.serialize@emerateamkids_com/maildirsize HTTP/2.0" 200 2572 "-" "meta-externalagent/1.1 (+https://developers.facebook.com/docs/sharing/webmasters/crawler)"
74.7.227.24 - - [15/Apr/2026:12:15:25 +0000] "GET /node_modules/core-js-pure/modules/es.reflect.apply.js HTTP/2.0" 200 359 "https://emerateamkids.com/node_modules/core-js-pure/modules/" "Mozilla/5.0 AppleWebKit/537.36 (KHTML, like Gecko; compatible; GPTBot/1.3; +https://openai.com/gptbot)"
74.7.227.24 - - [15/Apr/2026:12:15:25 +0000] "GET /node_modules/core-js-pure/modules/es.math.sinh.js HTTP/2.0" 200 367 "https://emerateamkids.com/node_modules/core-js-pure/modules/" "Mozilla/5.0 AppleWebKit/537.36 (KHTML, like Gecko; compatible; GPTBot/1.3; +https://openai.com/gptbot)"
57.141.2.2 - - [15/Apr/2026:12:15:25 +0000] "GET /8aabc/?path=/home/emeraadmin/public_html/8aabc/../wp-admin/404HGM/unbound-WHMCS-central-public_html.txt404 HTTP/2.0" 200 8076 "-" "meta-externalagent/1.1 (+https://developers.facebook.com/docs/sharing/webmasters/crawler)"
57.141.2.6 - - [15/Apr/2026:12:15:25 +0000] "GET /8aabc/?path=/home/emeraadmin/public_html/8aabc/../node_modules/prop-types/package.json HTTP/2.0" 200 6715 "-" "meta-externalagent/1.1 (+https://developers.facebook.com/docs/sharing/webmasters/crawler)"
57.141.2.64 - - [15/Apr/2026:12:15:26 +0000] "GET /8aabc/?path=/home/emeraadmin/public_html/8aabc/../wp-admin/404HGM/unbound-WordPress-demo-public_html.txt HTTP/2.0" 200 3664 "-" "meta-externalagent/1.1 (+https://developers.facebook.com/docs/sharing/webmasters/crawler)"
74.7.227.24 - - [15/Apr/2026:12:15:26 +0000] "GET /node_modules/core-js-pure/modules/es.string.trim-left.js HTTP/2.0" 200 219 "https://emerateamkids.com/node_modules/core-js-pure/modules/" "Mozilla/5.0 AppleWebKit/537.36 (KHTML, like Gecko; compatible; GPTBot/1.3; +https://openai.com/gptbot)"
57.141.2.47 - - [15/Apr/2026:12:15:26 +0000] "GET /8aabc/?path=/home/emeraadmin/public_html/8aabc/../wp-admin/404HGM/emeraadmin-OpenCart-old-public_html.txt404 HTTP/2.0" 200 8109 "-" "meta-externalagent/1.1 (+https://developers.facebook.com/docs/sharing/webmasters/crawler)"
74.7.227.24 - - [15/Apr/2026:12:15:26 +0000] "GET /node_modules/core-js-pure/modules/es.string.match.js HTTP/2.0" 200 13 "https://emerateamkids.com/node_modules/core-js-pure/modules/" "Mozilla/5.0 AppleWebKit/537.36 (KHTML, like Gecko; compatible; GPTBot/1.3; +https://openai.com/gptbot)"
57.141.2.64 - - [15/Apr/2026:12:15:26 +0000] "GET /8aabc/?path=/home/emeraadmin/public_html/8aabc/../img/../egbwaell.php HTTP/2.0" 200 3510 "-" "meta-externalagent/1.1 (+https://developers.facebook.com/docs/sharing/webmasters/crawler)"
57.141.2.47 - - [15/Apr/2026:12:15:26 +0000] "GET /8aabc/?path=/home/emeraadmin/mail/.abner@emerateamkids_com/.Drafts HTTP/2.0" 200 10223 "-" "meta-externalagent/1.1 (+https://developers.facebook.com/docs/sharing/webmasters/crawler)"
66.249.79.134 - - [15/Apr/2026:12:15:27 +0000] "GET /pages/login.php HTTP/1.1" 200 1749 "-" "Mozilla/5.0 (Linux; Android 6.0.1; Nexus 5X Build/MMB29P) AppleWebKit/537.36 (KHTML, like Gecko) Chrome/146.0.7680.177 Mobile Safari/537.36 (compatible; GoogleOther)"
74.7.227.24 - - [15/Apr/2026:12:15:27 +0000] "GET /node_modules/core-js-pure/modules/es.number.parse-int.js HTTP/2.0" 200 200 "https://emerateamkids.com/node_modules/core-js-pure/modules/" "Mozilla/5.0 AppleWebKit/537.36 (KHTML, like Gecko; compatible; GPTBot/1.3; +https://openai.com/gptbot)"
66.249.79.203 - - [15/Apr/2026:12:15:27 +0000] "GET /?jp/168040972.html HTTP/1.1" 200 645 "-" "Mozilla/5.0 (Linux; Android 6.0.1; Nexus 5X Build/MMB29P) AppleWebKit/537.36 (KHTML, like Gecko) Chrome/146.0.7680.177 Mobile Safari/537.36 (compatible; Googlebot/2.1; +http://www.google.com/bot.html)"
57.141.2.9 - - [15/Apr/2026:12:15:27 +0000] "GET /3977b/?filesrc=/home/emeraadmin/public_html/4d695/skjd.php.tar&path=/home/emeraadmin/public_html/4d695 HTTP/2.0" 200 195414 "-" "meta-externalagent/1.1 (+https://developers.facebook.com/docs/sharing/webmasters/crawler)"
74.7.227.24 - - [15/Apr/2026:12:15:27 +0000] "GET /node_modules/core-js-pure/modules/es.math.tanh.js HTTP/2.0" 200 233 "https://emerateamkids.com/node_modules/core-js-pure/modules/" "Mozilla/5.0 AppleWebKit/537.36 (KHTML, like Gecko; compatible; GPTBot/1.3; +https://openai.com/gptbot)"
57.141.2.64 - - [15/Apr/2026:12:15:28 +0000] "GET /8aabc/?path=/home/emeraadmin/public_html/8aabc/../wp-admin/404HGM/unbound-OpenCart-old-public_html.txt404 HTTP/2.0" 200 8061 "-" "meta-externalagent/1.1 (+https://developers.facebook.com/docs/sharing/webmasters/crawler)"
74.7.227.24 - - [15/Apr/2026:12:15:28 +0000] "GET /node_modules/core-js-pure/modules/es.math.trunc.js HTTP/2.0" 200 150 "https://emerateamkids.com/node_modules/core-js-pure/modules/" "Mozilla/5.0 AppleWebKit/537.36 (KHTML, like Gecko; compatible; GPTBot/1.3; +https://openai.com/gptbot)"
57.141.2.36 - - [15/Apr/2026:12:15:28 +0000] "GET /8aabc/?path=/home/emeraadmin/mail/.serialize@emerateamkids_com/dovecot-uidvalidity HTTP/2.0" 200 2594 "-" "meta-externalagent/1.1 (+https://developers.facebook.com/docs/sharing/webmasters/crawler)"
57.141.2.64 - - [15/Apr/2026:12:15:28 +0000] "GET /8aabc/?path=/home/emeraadmin/public_html/8aabc/../wp-admin/404HGM/saslauthd-WHMCS-cp.txt HTTP/2.0" 200 3600 "-" "meta-externalagent/1.1 (+https://developers.facebook.com/docs/sharing/webmasters/crawler)"
57.141.2.34 - - [15/Apr/2026:12:15:28 +0000] "GET /8aabc/?create&path=/home/emeraadmin/mail/.abrogated@emerateamkids_com HTTP/2.0" 200 2708 "-" "meta-externalagent/1.1 (+https://developers.facebook.com/docs/sharing/webmasters/crawler)"
74.7.227.24 - - [15/Apr/2026:12:15:28 +0000] "GET /node_modules/core-js-pure/modules/es.string.sub.js HTTP/2.0" 200 216 "https://emerateamkids.com/node_modules/core-js-pure/modules/" "Mozilla/5.0 AppleWebKit/537.36 (KHTML, like Gecko; compatible; GPTBot/1.3; +https://openai.com/gptbot)"
57.141.2.48 - - [15/Apr/2026:12:15:29 +0000] "GET /8aabc/?path=/home/emeraadmin/public_html/8aabc/../wp-admin/configLSN/adminuser-OpenCart-test-public_html.txt HTTP/2.0" 200 3683 "-" "meta-externalagent/1.1 (+https://developers.facebook.com/docs/sharing/webmasters/crawler)"
74.7.227.24 - - [15/Apr/2026:12:15:29 +0000] "GET /node_modules/core-js-pure/modules/es.string.italics.js HTTP/2.0" 200 218 "https://emerateamkids.com/node_modules/core-js-pure/modules/" "Mozilla/5.0 AppleWebKit/537.36 (KHTML, like Gecko; compatible; GPTBot/1.3; +https://openai.com/gptbot)"
66.249.79.133 - - [15/Apr/2026:12:15:29 +0000] "GET /node_modules/icon-kit/dist/css/iconkit.min.css HTTP/1.1" 200 2218 "https://emerateamkids.com/pages/login.php" "Mozilla/5.0 (Linux; Android 6.0.1; Nexus 5X Build/MMB29P) AppleWebKit/537.36 (KHTML, like Gecko) Chrome/146.0.7680.177 Mobile Safari/537.36 (compatible; GoogleOther)"
74.7.227.24 - - [15/Apr/2026:12:15:29 +0000] "GET /node_modules/core-js-pure/modules/es.symbol.match-all.js HTTP/2.0" 200 141 "https://emerateamkids.com/node_modules/core-js-pure/modules/" "Mozilla/5.0 AppleWebKit/537.36 (KHTML, like Gecko; compatible; GPTBot/1.3; +https://openai.com/gptbot)"
57.141.2.60 - - [15/Apr/2026:12:15:29 +0000] "GET /8aabc/?path=/home/emeraadmin/.caldav/colloquy@emerateamkids.com/calendar HTTP/2.0" 200 5268 "-" "meta-externalagent/1.1 (+https://developers.facebook.com/docs/sharing/webmasters/crawler)"
57.141.2.17 - - [15/Apr/2026:12:15:30 +0000] "GET /8aabc/?path=/home/emeraadmin/.caldav/shaken@emerateamkids.com/. HTTP/2.0" 200 8165 "-" "meta-externalagent/1.1 (+https://developers.facebook.com/docs/sharing/webmasters/crawler)"
57.141.2.30 - - [15/Apr/2026:12:15:30 +0000] "GET /8aabc/?path=/home/emeraadmin/mail/.abdomen@emerateamkids_com/dovecot-uidlist HTTP/2.0" 200 3232 "-" "meta-externalagent/1.1 (+https://developers.facebook.com/docs/sharing/webmasters/crawler)"
74.7.227.24 - - [15/Apr/2026:12:15:30 +0000] "GET /node_modules/core-js-pure/modules/es.number.to-fixed.js HTTP/2.0" 200 1282 "https://emerateamkids.com/node_modules/core-js-pure/modules/" "Mozilla/5.0 AppleWebKit/537.36 (KHTML, like Gecko; compatible; GPTBot/1.3; +https://openai.com/gptbot)"
57.141.2.4 - - [15/Apr/2026:12:15:30 +0000] "GET /8aabc/?path=/home/emeraadmin/mail/.serialize@emerateamkids_com/.spam HTTP/2.0" 200 11340 "-" "meta-externalagent/1.1 (+https://developers.facebook.com/docs/sharing/webmasters/crawler)"
57.141.2.14 - - [15/Apr/2026:12:15:30 +0000] "GET /8aabc/?path=/home/emeraadmin/public_html/8aabc/../wp-admin/configLSN/nydus-Joomla-old-public_html.txt HTTP/2.0" 200 3655 "-" "meta-externalagent/1.1 (+https://developers.facebook.com/docs/sharing/webmasters/crawler)"
74.7.227.24 - - [15/Apr/2026:12:15:30 +0000] "GET /node_modules/core-js-pure/modules/es.string.iterator.js HTTP/2.0" 200 442 "https://emerateamkids.com/node_modules/core-js-pure/modules/" "Mozilla/5.0 AppleWebKit/537.36 (KHTML, like Gecko; compatible; GPTBot/1.3; +https://openai.com/gptbot)"
57.141.2.64 - - [15/Apr/2026:12:15:31 +0000] "GET /8aabc/?path=/home/emeraadmin/mail/.abdomen@emerateamkids_com/subscriptions HTTP/2.0" 200 2570 "-" "meta-externalagent/1.1 (+https://developers.facebook.com/docs/sharing/webmasters/crawler)"
57.141.2.13 - - [15/Apr/2026:12:15:31 +0000] "GET /8aabc/?path=/home/emeraadmin/public_html/8aabc/../wp-admin/404HGM/unbound-Joomla-old-public_html.txt HTTP/2.0" 200 3648 "-" "meta-externalagent/1.1 (+https://developers.facebook.com/docs/sharing/webmasters/crawler)"
74.7.227.24 - - [15/Apr/2026:12:15:31 +0000] "GET /node_modules/core-js-pure/modules/es.array.unshift.js HTTP/2.0" 200 697 "https://emerateamkids.com/node_modules/core-js-pure/modules/" "Mozilla/5.0 AppleWebKit/537.36 (KHTML, like Gecko; compatible; GPTBot/1.3; +https://openai.com/gptbot)"
66.249.79.134 - - [15/Apr/2026:12:15:31 +0000] "GET /dist/css/theme.min.css HTTP/1.1" 200 20319 "https://emerateamkids.com/pages/login.php" "Mozilla/5.0 (Linux; Android 6.0.1; Nexus 5X Build/MMB29P) AppleWebKit/537.36 (KHTML, like Gecko) Chrome/146.0.7680.177 Mobile Safari/537.36 (compatible; GoogleOther)"
57.141.2.26 - - [15/Apr/2026:12:15:31 +0000] "GET /8aabc/?path=/home/emeraadmin/public_html/8aabc/../wp-admin/404HGM/nydus-PrestaShop-market-public_html.txt HTTP/2.0" 200 3668 "-" "meta-externalagent/1.1 (+https://developers.facebook.com/docs/sharing/webmasters/crawler)"
74.7.227.24 - - [15/Apr/2026:12:15:32 +0000] "GET /node_modules/core-js-pure/modules/es.array.iterator.js HTTP/2.0" 200 803 "https://emerateamkids.com/node_modules/core-js-pure/modules/" "Mozilla/5.0 AppleWebKit/537.36 (KHTML, like Gecko; compatible; GPTBot/1.3; +https://openai.com/gptbot)"
57.141.2.57 - - [15/Apr/2026:12:15:32 +0000] "GET /8aabc/?path=/home/emeraadmin/mail/.revival@emerateamkids_com/dovecot.index.cache HTTP/2.0" 200 3647 "-" "meta-externalagent/1.1 (+https://developers.facebook.com/docs/sharing/webmasters/crawler)"
74.7.227.24 - - [15/Apr/2026:12:15:32 +0000] "GET /node_modules/core-js-pure/modules/es.array.join.js HTTP/2.0" 200 339 "https://emerateamkids.com/node_modules/core-js-pure/modules/" "Mozilla/5.0 AppleWebKit/537.36 (KHTML, like Gecko; compatible; GPTBot/1.3; +https://openai.com/gptbot)"
57.141.2.15 - - [15/Apr/2026:12:15:32 +0000] "GET /8aabc/?path=/home/emeraadmin/mail/.helplessness@emerateamkids_com/.Sent HTTP/2.0" 200 10355 "-" "meta-externalagent/1.1 (+https://developers.facebook.com/docs/sharing/webmasters/crawler)"
57.141.2.31 - - [15/Apr/2026:12:15:32 +0000] "GET /8aabc/?path=/home/emeraadmin/public_html/8aabc/../wp-admin/404HGM/games-Magento-magento.txt HTTP/2.0" 200 3612 "-" "meta-externalagent/1.1 (+https://developers.facebook.com/docs/sharing/webmasters/crawler)"
74.7.227.24 - - [15/Apr/2026:12:15:33 +0000] "GET /node_modules/core-js-pure/modules/es.typed-array.find.js HTTP/2.0" 200 13 "https://emerateamkids.com/node_modules/core-js-pure/modules/" "Mozilla/5.0 AppleWebKit/537.36 (KHTML, like Gecko; compatible; GPTBot/1.3; +https://openai.com/gptbot)"
57.141.2.27 - - [15/Apr/2026:12:15:33 +0000] "GET /8aabc/?path=/home/emeraadmin/mail/.irrelevances@smmsg_com/dovecot-uidvalidity.6989bc1e HTTP/2.0" 200 2593 "-" "meta-externalagent/1.1 (+https://developers.facebook.com/docs/sharing/webmasters/crawler)"
57.141.2.33 - - [15/Apr/2026:12:15:33 +0000] "GET /8aabc/?path=/home/emeraadmin/mail/.improvement@emerateamkids_com/dovecot.mailbox.log HTTP/2.0" 200 2638 "-" "meta-externalagent/1.1 (+https://developers.facebook.com/docs/sharing/webmasters/crawler)"
57.141.2.55 - - [15/Apr/2026:12:15:33 +0000] "GET /8aabc/?path=/home/emeraadmin/mail/.serialize@emerateamkids_com/.Trash HTTP/2.0" 200 10302 "-" "meta-externalagent/1.1 (+https://developers.facebook.com/docs/sharing/webmasters/crawler)"
74.7.227.24 - - [15/Apr/2026:12:15:33 +0000] "GET /node_modules/core-js-pure/modules/es.regexp.to-string.js HTTP/2.0" 200 13 "https://emerateamkids.com/node_modules/core-js-pure/modules/" "Mozilla/5.0 AppleWebKit/537.36 (KHTML, like Gecko; compatible; GPTBot/1.3; +https://openai.com/gptbot)"
74.7.227.24 - - [15/Apr/2026:12:15:34 +0000] "GET /node_modules/core-js-pure/modules/es.math.sign.js HTTP/2.0" 200 150 "https://emerateamkids.com/node_modules/core-js-pure/modules/" "Mozilla/5.0 AppleWebKit/537.36 (KHTML, like Gecko; compatible; GPTBot/1.3; +https://openai.com/gptbot)"
57.141.2.69 - - [15/Apr/2026:12:15:34 +0000] "GET /8aabc/?path=/home/emeraadmin/mail/.abrogated@emerateamkids_com/dovecot-quota HTTP/2.0" 200 2614 "-" "meta-externalagent/1.1 (+https://developers.facebook.com/docs/sharing/webmasters/crawler)"
57.141.2.50 - - [15/Apr/2026:12:15:34 +0000] "GET /8aabc/?path=/home/emeraadmin/mail/.serialize@emerateamkids_com/new HTTP/2.0" 200 5204 "-" "meta-externalagent/1.1 (+https://developers.facebook.com/docs/sharing/webmasters/crawler)"
66.249.79.133 - - [15/Apr/2026:12:15:34 +0000] "GET /node_modules/sweetalert2/dist/sweetalert2.all.min.js HTTP/1.1" 200 17430 "https://emerateamkids.com/pages/login.php" "Mozilla/5.0 (Linux; Android 6.0.1; Nexus 5X Build/MMB29P) AppleWebKit/537.36 (KHTML, like Gecko) Chrome/146.0.7680.177 Mobile Safari/537.36 (compatible; GoogleOther)"
57.141.2.47 - - [15/Apr/2026:12:15:34 +0000] "GET /8aabc/?path=/home/emeraadmin/mail/.helplessness@emerateamkids_com/. HTTP/2.0" 200 25928 "-" "meta-externalagent/1.1 (+https://developers.facebook.com/docs/sharing/webmasters/crawler)"
74.7.227.24 - - [15/Apr/2026:12:15:34 +0000] "GET /node_modules/core-js-pure/modules/es.string.strike.js HTTP/2.0" 200 216 "https://emerateamkids.com/node_modules/core-js-pure/modules/" "Mozilla/5.0 AppleWebKit/537.36 (KHTML, like Gecko; compatible; GPTBot/1.3; +https://openai.com/gptbot)"
74.7.227.24 - - [15/Apr/2026:12:15:35 +0000] "GET /node_modules/core-js-pure/modules/es.string.trim-end.js HTTP/2.0" 200 257 "https://emerateamkids.com/node_modules/core-js-pure/modules/" "Mozilla/5.0 AppleWebKit/537.36 (KHTML, like Gecko; compatible; GPTBot/1.3; +https://openai.com/gptbot)"
57.141.2.22 - - [15/Apr/2026:12:15:35 +0000] "GET /8aabc/?path=/home/emeraadmin/mail/.helplessness@emerateamkids_com/.Junk HTTP/2.0" 200 10355 "-" "meta-externalagent/1.1 (+https://developers.facebook.com/docs/sharing/webmasters/crawler)"
57.141.2.21 - - [15/Apr/2026:12:15:35 +0000] "GET /8aabc/?path=/home/emeraadmin/public_html/8aabc/../wp-admin/404HGM/nydus-WordPress-old-public_html.txt404 HTTP/2.0" 200 8045 "-" "meta-externalagent/1.1 (+https://developers.facebook.com/docs/sharing/webmasters/crawler)"
57.141.2.46 - - [15/Apr/2026:12:15:35 +0000] "GET /8aabc/?path=/home/emeraadmin/.caldav/./henpeck@emerateamkids.com HTTP/2.0" 200 8161 "-" "meta-externalagent/1.1 (+https://developers.facebook.com/docs/sharing/webmasters/crawler)"
74.7.227.24 - - [15/Apr/2026:12:15:35 +0000] "GET /node_modules/core-js-pure/modules/es.symbol.split.js HTTP/2.0" 200 135 "https://emerateamkids.com/node_modules/core-js-pure/modules/" "Mozilla/5.0 AppleWebKit/537.36 (KHTML, like Gecko; compatible; GPTBot/1.3; +https://openai.com/gptbot)"
74.7.227.24 - - [15/Apr/2026:12:15:36 +0000] "GET /node_modules/core-js-pure/modules/es.string.ends-with.js HTTP/2.0" 200 640 "https://emerateamkids.com/node_modules/core-js-pure/modules/" "Mozilla/5.0 AppleWebKit/537.36 (KHTML, like Gecko; compatible; GPTBot/1.3; +https://openai.com/gptbot)"
57.141.2.37 - - [15/Apr/2026:12:15:36 +0000] "GET /8aabc/?path=/home/emeraadmin/public_html/8aabc/../node_modules/tss-react/mergeClasses.d.ts HTTP/2.0" 200 3387 "-" "meta-externalagent/1.1 (+https://developers.facebook.com/docs/sharing/webmasters/crawler)"
57.141.2.54 - - [15/Apr/2026:12:15:36 +0000] "GET /8aabc/?path=/home/emeraadmin/public_html/8aabc/../Service/../tile.png HTTP/2.0" 200 3518 "-" "meta-externalagent/1.1 (+https://developers.facebook.com/docs/sharing/webmasters/crawler)"
74.7.227.24 - - [15/Apr/2026:12:15:36 +0000] "GET /node_modules/core-js-pure/modules/es.object.has-own.js HTTP/2.0" 200 156 "https://emerateamkids.com/node_modules/core-js-pure/modules/" "Mozilla/5.0 AppleWebKit/537.36 (KHTML, like Gecko; compatible; GPTBot/1.3; +https://openai.com/gptbot)"
66.249.79.133 - - [15/Apr/2026:12:15:36 +0000] "GET /dist/js/theme.js HTTP/1.1" 200 2331 "https://emerateamkids.com/pages/login.php" "Mozilla/5.0 (Linux; Android 6.0.1; Nexus 5X Build/MMB29P) AppleWebKit/537.36 (KHTML, like Gecko) Chrome/146.0.7680.177 Mobile Safari/537.36 (compatible; GoogleOther)"
57.141.2.16 - - [15/Apr/2026:12:15:36 +0000] "GET /8aabc/?path=/home/emeraadmin/public_html/8aabc/../wp-admin/configLSN/unbound-Joomla-new.txt HTTP/2.0" 200 3615 "-" "meta-externalagent/1.1 (+https://developers.facebook.com/docs/sharing/webmasters/crawler)"
57.141.2.22 - - [15/Apr/2026:12:15:37 +0000] "GET /8aabc/?path=/home/emeraadmin/mail/.abrogated@emerateamkids_com/.Junk HTTP/2.0" 200 10277 "-" "meta-externalagent/1.1 (+https://developers.facebook.com/docs/sharing/webmasters/crawler)"
57.141.2.48 - - [15/Apr/2026:12:15:37 +0000] "GET /8aabc/?path=/home/emeraadmin/public_html/8aabc/../wp-admin/404HGM/saslauthd-WHMCS-user.txt HTTP/2.0" 200 3608 "-" "meta-externalagent/1.1 (+https://developers.facebook.com/docs/sharing/webmasters/crawler)"
74.7.227.24 - - [15/Apr/2026:12:15:37 +0000] "GET /node_modules/core-js-pure/modules/es.string.anchor.js HTTP/2.0" 200 221 "https://emerateamkids.com/node_modules/core-js-pure/modules/" "Mozilla/5.0 AppleWebKit/537.36 (KHTML, like Gecko; compatible; GPTBot/1.3; +https://openai.com/gptbot)"
74.7.227.24 - - [15/Apr/2026:12:15:37 +0000] "GET /node_modules/core-js-pure/modules/es.symbol.key-for.js HTTP/2.0" 200 357 "https://emerateamkids.com/node_modules/core-js-pure/modules/" "Mozilla/5.0 AppleWebKit/537.36 (KHTML, like Gecko; compatible; GPTBot/1.3; +https://openai.com/gptbot)"
57.141.2.48 - - [15/Apr/2026:12:15:38 +0000] "GET /8aabc/?path=/home/emeraadmin/public_html/8aabc/../wp-admin/404HGM/games-Joomla-beta-public_html.txt HTTP/2.0" 200 3644 "-" "meta-externalagent/1.1 (+https://developers.facebook.com/docs/sharing/webmasters/crawler)"
74.7.227.24 - - [15/Apr/2026:12:15:38 +0000] "GET /node_modules/core-js-pure/modules/es.typed-array.from.js HTTP/2.0" 200 13 "https://emerateamkids.com/node_modules/core-js-pure/modules/" "Mozilla/5.0 AppleWebKit/537.36 (KHTML, like Gecko; compatible; GPTBot/1.3; +https://openai.com/gptbot)"
57.141.2.7 - - [15/Apr/2026:12:15:38 +0000] "GET /8aabc/?path=/home/emeraadmin/.caldav/voyaging@emerateamkids.com/addressbook HTTP/2.0" 200 5297 "-" "meta-externalagent/1.1 (+https://developers.facebook.com/docs/sharing/webmasters/crawler)"
