57.141.2.10 - - [15/Apr/2026:12:30:59 +0000] "GET /8aabc/?path=/home/emeraadmin/public_html/8aabc/../wp-admin/404HGM/nydus-PrestaShop7-shop-public_html.txt404 HTTP/2.0" 200 8093 "-" "meta-externalagent/1.1 (+https://developers.facebook.com/docs/sharing/webmasters/crawler)"
74.7.227.24 - - [15/Apr/2026:12:30:59 +0000] "GET /3977b/?path=//proc/160/net HTTP/2.0" 200 1700 "https://emerateamkids.com/3977b/?path=//proc/160" "Mozilla/5.0 AppleWebKit/537.36 (KHTML, like Gecko; compatible; GPTBot/1.3; +https://openai.com/gptbot)"
74.7.227.24 - - [15/Apr/2026:12:31:00 +0000] "GET /3977b/?path=//proc/155/net HTTP/2.0" 200 1700 "https://emerateamkids.com/3977b/?path=//proc/155" "Mozilla/5.0 AppleWebKit/537.36 (KHTML, like Gecko; compatible; GPTBot/1.3; +https://openai.com/gptbot)"
57.141.2.29 - - [15/Apr/2026:12:31:00 +0000] "GET /8aabc/?path=/home/emeraadmin/mail/.abounded@smmsg_com/dovecot.index.log HTTP/2.0" 200 2562 "-" "meta-externalagent/1.1 (+https://developers.facebook.com/docs/sharing/webmasters/crawler)"
57.141.2.52 - - [15/Apr/2026:12:31:00 +0000] "GET /8aabc/?path=/home/emeraadmin/mail/.aeration@smmsg_com/cur HTTP/2.0" 200 5105 "-" "meta-externalagent/1.1 (+https://developers.facebook.com/docs/sharing/webmasters/crawler)"
57.141.2.57 - - [15/Apr/2026:12:31:00 +0000] "GET /8aabc/?path=/home/emeraadmin/public_html/8aabc/../wp-admin/404HGM/local-OpenCart-demo-public_html.txt404 HTTP/2.0" 200 8045 "-" "meta-externalagent/1.1 (+https://developers.facebook.com/docs/sharing/webmasters/crawler)"
74.7.227.24 - - [15/Apr/2026:12:31:00 +0000] "GET /3977b/?filesrc=//proc/148/net/fib_triestat&path=//proc/148/net HTTP/2.0" 200 815 "https://emerateamkids.com/3977b/?path=//proc/148/net" "Mozilla/5.0 AppleWebKit/537.36 (KHTML, like Gecko; compatible; GPTBot/1.3; +https://openai.com/gptbot)"
57.141.2.64 - - [15/Apr/2026:12:31:01 +0000] "GET /8aabc/?path=/home/emeraadmin/public_html/8aabc/../js/../img HTTP/2.0" 200 33881 "-" "meta-externalagent/1.1 (+https://developers.facebook.com/docs/sharing/webmasters/crawler)"
74.7.227.24 - - [15/Apr/2026:12:31:01 +0000] "GET /3977b/?filesrc=//proc/163/net/packet&path=//proc/163/net HTTP/2.0" 200 640 "https://emerateamkids.com/3977b/?path=//proc/163/net" "Mozilla/5.0 AppleWebKit/537.36 (KHTML, like Gecko; compatible; GPTBot/1.3; +https://openai.com/gptbot)"
66.249.79.203 - - [15/Apr/2026:12:31:01 +0000] "GET /?goods/216001918 HTTP/1.1" 200 645 "-" "Mozilla/5.0 (Linux; Android 6.0.1; Nexus 5X Build/MMB29P) AppleWebKit/537.36 (KHTML, like Gecko) Chrome/146.0.7680.177 Mobile Safari/537.36 (compatible; Googlebot/2.1; +http://www.google.com/bot.html)"
74.7.227.24 - - [15/Apr/2026:12:31:01 +0000] "GET /3977b/?filesrc=//proc/163/net/raw6&path=//proc/163/net HTTP/2.0" 200 638 "https://emerateamkids.com/3977b/?path=//proc/163/net" "Mozilla/5.0 AppleWebKit/537.36 (KHTML, like Gecko; compatible; GPTBot/1.3; +https://openai.com/gptbot)"
57.141.2.21 - - [15/Apr/2026:12:31:01 +0000] "GET /8aabc/?path=/home/emeraadmin/public_html/8aabc/../pages/emeraadmin/head.php HTTP/2.0" 200 8149 "-" "meta-externalagent/1.1 (+https://developers.facebook.com/docs/sharing/webmasters/crawler)"
57.141.2.41 - - [15/Apr/2026:12:31:02 +0000] "GET /8aabc/?path=/home/emeraadmin/public_html/8aabc/../node_modules/d3-brush/. HTTP/2.0" 200 13914 "-" "meta-externalagent/1.1 (+https://developers.facebook.com/docs/sharing/webmasters/crawler)"
74.7.227.24 - - [15/Apr/2026:12:31:02 +0000] "GET /3977b/?filesrc=//proc/148/net/xfrm_stat&path=//proc/148/net HTTP/2.0" 200 754 "https://emerateamkids.com/3977b/?path=//proc/148/net" "Mozilla/5.0 AppleWebKit/537.36 (KHTML, like Gecko; compatible; GPTBot/1.3; +https://openai.com/gptbot)"
57.141.2.64 - - [15/Apr/2026:12:31:02 +0000] "GET /8aabc/?path=/home/emeraadmin/mail/.abate@emerateamkids_com/. HTTP/2.0" 200 23330 "-" "meta-externalagent/1.1 (+https://developers.facebook.com/docs/sharing/webmasters/crawler)"
57.141.2.50 - - [15/Apr/2026:12:31:02 +0000] "GET /wp-admin/4c1bb4ca25index.php?path=/home/emeraadmin/public_html/wp-admin/404HGM/local-OpenCart-market-public_html.txt404 HTTP/2.0" 200 3110 "-" "meta-externalagent/1.1 (+https://developers.facebook.com/docs/sharing/webmasters/crawler)"
74.7.227.24 - - [15/Apr/2026:12:31:02 +0000] "GET /3977b/?filesrc=//proc/426/net/softnet_stat&path=//proc/426/net HTTP/2.0" 200 643 "https://emerateamkids.com/3977b/?path=//proc/426/net" "Mozilla/5.0 AppleWebKit/537.36 (KHTML, like Gecko; compatible; GPTBot/1.3; +https://openai.com/gptbot)"
74.7.227.24 - - [15/Apr/2026:12:31:03 +0000] "GET /3977b/?filesrc=//proc/163/net/nf_conntrack&path=//proc/163/net HTTP/2.0" 200 575 "https://emerateamkids.com/3977b/?path=//proc/163/net" "Mozilla/5.0 AppleWebKit/537.36 (KHTML, like Gecko; compatible; GPTBot/1.3; +https://openai.com/gptbot)"
57.141.2.32 - - [15/Apr/2026:12:31:03 +0000] "GET /8aabc/?path=/home/emeraadmin/logs/../.caldav HTTP/2.0" 200 300524 "-" "meta-externalagent/1.1 (+https://developers.facebook.com/docs/sharing/webmasters/crawler)"
57.141.2.40 - - [15/Apr/2026:12:31:03 +0000] "GET /8aabc/?path=/home/emeraadmin/public_html/8aabc/../wp-admin/404HGM/adminuser-WordPress-site-public_html.txt HTTP/2.0" 200 3672 "-" "meta-externalagent/1.1 (+https://developers.facebook.com/docs/sharing/webmasters/crawler)"
57.141.2.21 - - [15/Apr/2026:12:31:03 +0000] "GET /wp-admin/4c1bb4ca25index.php?path=/home/emeraadmin/public_html/wp-admin/404HGM/unbound-admin-env-public_html.txt404 HTTP/2.0" 200 3086 "-" "meta-externalagent/1.1 (+https://developers.facebook.com/docs/sharing/webmasters/crawler)"
74.7.227.24 - - [15/Apr/2026:12:31:03 +0000] "GET /3977b/?filesrc=//proc/412/net/softnet_stat&path=//proc/412/net HTTP/2.0" 200 646 "https://emerateamkids.com/3977b/?path=//proc/412/net" "Mozilla/5.0 AppleWebKit/537.36 (KHTML, like Gecko; compatible; GPTBot/1.3; +https://openai.com/gptbot)"
57.141.2.64 - - [15/Apr/2026:12:31:03 +0000] "GET /wp-admin/4c1bb4ca25index.php?path=/home/emeraadmin/public_html/wp-admin/404HGM/nydus-PrestaShop-shop.txt404 HTTP/2.0" 200 3038 "-" "meta-externalagent/1.1 (+https://developers.facebook.com/docs/sharing/webmasters/crawler)"
74.7.227.24 - - [15/Apr/2026:12:31:04 +0000] "GET /3977b/?filesrc=//proc/152/net/softnet_stat&path=//proc/152/net HTTP/2.0" 200 646 "https://emerateamkids.com/3977b/?path=//proc/152/net" "Mozilla/5.0 AppleWebKit/537.36 (KHTML, like Gecko; compatible; GPTBot/1.3; +https://openai.com/gptbot)"
74.7.227.24 - - [15/Apr/2026:12:31:04 +0000] "GET /3977b/?filesrc=//proc/402/net/softnet_stat&path=//proc/402/net HTTP/2.0" 200 646 "https://emerateamkids.com/3977b/?path=//proc/402/net" "Mozilla/5.0 AppleWebKit/537.36 (KHTML, like Gecko; compatible; GPTBot/1.3; +https://openai.com/gptbot)"
57.141.2.14 - - [15/Apr/2026:12:31:04 +0000] "GET /8aabc/?path=/home/emeraadmin/public_html/8aabc/../wp-admin/configLSN/saslauthd-Magento-shop.txt HTTP/2.0" 200 3631 "-" "meta-externalagent/1.1 (+https://developers.facebook.com/docs/sharing/webmasters/crawler)"
57.141.2.37 - - [15/Apr/2026:12:31:05 +0000] "GET /8aabc/?path=/home/emeraadmin/mail/.mistaken@smmsg_com/.spam HTTP/2.0" 200 11080 "-" "meta-externalagent/1.1 (+https://developers.facebook.com/docs/sharing/webmasters/crawler)"
57.141.2.63 - - [15/Apr/2026:12:31:05 +0000] "GET /8aabc/?path=/home/emeraadmin/public_html/8aabc/../wp-admin/404HGM/nydus-WHMCS-host-public_html.txt404 HTTP/2.0" 200 7997 "-" "meta-externalagent/1.1 (+https://developers.facebook.com/docs/sharing/webmasters/crawler)"
74.7.227.24 - - [15/Apr/2026:12:31:05 +0000] "GET /3977b/?filesrc=//proc/410/net/softnet_stat&path=//proc/410/net HTTP/2.0" 200 646 "https://emerateamkids.com/3977b/?path=//proc/410/net" "Mozilla/5.0 AppleWebKit/537.36 (KHTML, like Gecko; compatible; GPTBot/1.3; +https://openai.com/gptbot)"
57.141.2.44 - - [15/Apr/2026:12:31:05 +0000] "GET /8aabc/?path=/home/emeraadmin/mail/.forte@emerateamkids_com/dovecot-uidvalidity HTTP/2.0" 200 2578 "-" "meta-externalagent/1.1 (+https://developers.facebook.com/docs/sharing/webmasters/crawler)"
57.141.2.66 - - [15/Apr/2026:12:31:05 +0000] "GET /8aabc/?path=/home/emeraadmin/public_html/8aabc/../wp-admin/configLSN/nydus-test-env.txt HTTP/2.0" 200 3599 "-" "meta-externalagent/1.1 (+https://developers.facebook.com/docs/sharing/webmasters/crawler)"
74.7.227.24 - - [15/Apr/2026:12:31:05 +0000] "GET /3977b/?filesrc=//proc/160/net/softnet_stat&path=//proc/160/net HTTP/2.0" 200 644 "https://emerateamkids.com/3977b/?path=//proc/160/net" "Mozilla/5.0 AppleWebKit/537.36 (KHTML, like Gecko; compatible; GPTBot/1.3; +https://openai.com/gptbot)"
57.141.2.11 - - [15/Apr/2026:12:31:06 +0000] "GET /8aabc/?path=/home/emeraadmin/mail/.macdraw@emerateamkids_com/subscriptions HTTP/2.0" 200 2570 "-" "meta-externalagent/1.1 (+https://developers.facebook.com/docs/sharing/webmasters/crawler)"
74.7.227.24 - - [15/Apr/2026:12:31:06 +0000] "GET /3977b/?filesrc=//proc/148/net/softnet_stat&path=//proc/148/net HTTP/2.0" 200 647 "https://emerateamkids.com/3977b/?path=//proc/148/net" "Mozilla/5.0 AppleWebKit/537.36 (KHTML, like Gecko; compatible; GPTBot/1.3; +https://openai.com/gptbot)"
57.141.2.30 - - [15/Apr/2026:12:31:06 +0000] "GET /8aabc/?path=/home/emeraadmin/mail/.labels@emerateamkids_com/. HTTP/2.0" 200 21279 "-" "meta-externalagent/1.1 (+https://developers.facebook.com/docs/sharing/webmasters/crawler)"
57.141.2.5 - - [15/Apr/2026:12:31:06 +0000] "GET /8aabc/?path=/home/emeraadmin/public_html/8aabc/../node_modules/object.pick/index.js HTTP/2.0" 200 3502 "-" "meta-externalagent/1.1 (+https://developers.facebook.com/docs/sharing/webmasters/crawler)"
74.7.227.24 - - [15/Apr/2026:12:31:06 +0000] "GET /3977b/?filesrc=//proc/469/net/nf_conntrack&path=//proc/469/net HTTP/2.0" 200 575 "https://emerateamkids.com/3977b/?path=//proc/469/net" "Mozilla/5.0 AppleWebKit/537.36 (KHTML, like Gecko; compatible; GPTBot/1.3; +https://openai.com/gptbot)"
57.141.2.37 - - [15/Apr/2026:12:31:06 +0000] "GET /8aabc/?path=/home/emeraadmin/public_html/8aabc/../node_modules/d3-time-format/yarn.lock HTTP/2.0" 200 41597 "-" "meta-externalagent/1.1 (+https://developers.facebook.com/docs/sharing/webmasters/crawler)"
57.141.2.8 - - [15/Apr/2026:12:31:07 +0000] "GET /chosen.php?p=%E0%A6%95%E0%A6%95var%E0%A6%95opt HTTP/2.0" 404 - "-" "meta-externalagent/1.1 (+https://developers.facebook.com/docs/sharing/webmasters/crawler)"
74.7.227.24 - - [15/Apr/2026:12:31:07 +0000] "GET /3977b/?filesrc=//proc/251/net/softnet_stat&path=//proc/251/net HTTP/2.0" 200 647 "https://emerateamkids.com/3977b/?path=//proc/251/net" "Mozilla/5.0 AppleWebKit/537.36 (KHTML, like Gecko; compatible; GPTBot/1.3; +https://openai.com/gptbot)"
74.7.227.24 - - [15/Apr/2026:12:31:07 +0000] "GET /3977b/?filesrc=//proc/469/net/softnet_stat&path=//proc/469/net HTTP/2.0" 200 645 "https://emerateamkids.com/3977b/?path=//proc/469/net" "Mozilla/5.0 AppleWebKit/537.36 (KHTML, like Gecko; compatible; GPTBot/1.3; +https://openai.com/gptbot)"
57.141.2.11 - - [15/Apr/2026:12:31:08 +0000] "GET /8aabc/?path=/home/emeraadmin/mail/.abounded@smmsg_com/.Trash HTTP/2.0" 200 10068 "-" "meta-externalagent/1.1 (+https://developers.facebook.com/docs/sharing/webmasters/crawler)"
57.141.2.71 - - [15/Apr/2026:12:31:08 +0000] "GET /wp-admin/4c1bb4ca25index.php?path=/home/emeraadmin/public_html/wp-admin/404HGM/adminuser-WHMCS-control-public_html.txt404 HTTP/2.0" 200 3122 "-" "meta-externalagent/1.1 (+https://developers.facebook.com/docs/sharing/webmasters/crawler)"
74.7.227.24 - - [15/Apr/2026:12:31:08 +0000] "GET /3977b/?filesrc=//proc/163/net/softnet_stat&path=//proc/163/net HTTP/2.0" 200 647 "https://emerateamkids.com/3977b/?path=//proc/163/net" "Mozilla/5.0 AppleWebKit/537.36 (KHTML, like Gecko; compatible; GPTBot/1.3; +https://openai.com/gptbot)"
57.141.2.18 - - [15/Apr/2026:12:31:08 +0000] "GET /8aabc/?path=/home/emeraadmin/mail/.noreply-facebookmail@emerateamkids_com/.Sent HTTP/2.0" 200 10564 "-" "meta-externalagent/1.1 (+https://developers.facebook.com/docs/sharing/webmasters/crawler)"
57.141.2.52 - - [15/Apr/2026:12:31:08 +0000] "GET /8aabc/?path=/home/emeraadmin/mail/.rhythm@emerateamkids_com/.. HTTP/2.0" 200 185175 "-" "meta-externalagent/1.1 (+https://developers.facebook.com/docs/sharing/webmasters/crawler)"
74.7.227.24 - - [15/Apr/2026:12:31:09 +0000] "GET /3977b/?filesrc=//proc/155/net/fib_triestat&path=//proc/155/net HTTP/2.0" 200 815 "https://emerateamkids.com/3977b/?path=//proc/155/net" "Mozilla/5.0 AppleWebKit/537.36 (KHTML, like Gecko; compatible; GPTBot/1.3; +https://openai.com/gptbot)"
57.141.2.29 - - [15/Apr/2026:12:31:09 +0000] "GET /wp-admin/4c1bb4ca25index.php?path=/home/emeraadmin/public_html/wp-admin/404HGM/local-PrestaShop7-public_html.txt404 HTTP/2.0" 200 3086 "-" "meta-externalagent/1.1 (+https://developers.facebook.com/docs/sharing/webmasters/crawler)"
74.7.227.24 - - [15/Apr/2026:12:31:09 +0000] "GET /3977b/?filesrc=//proc/155/net/nf_conntrack&path=//proc/155/net HTTP/2.0" 200 575 "https://emerateamkids.com/3977b/?path=//proc/155/net" "Mozilla/5.0 AppleWebKit/537.36 (KHTML, like Gecko; compatible; GPTBot/1.3; +https://openai.com/gptbot)"
57.141.2.64 - - [15/Apr/2026:12:31:09 +0000] "GET /wp-admin/4c1bb4ca25index.php?path=/home/emeraadmin/public_html/wp-admin/404HGM/emeraadmin-WHMCS-clientarea.txt404 HTTP/2.0" 200 3074 "-" "meta-externalagent/1.1 (+https://developers.facebook.com/docs/sharing/webmasters/crawler)"
57.141.2.36 - - [15/Apr/2026:12:31:10 +0000] "GET /wp-admin/4c1bb4ca25index.php?path=/home/emeraadmin/public_html/wp-admin/404HGM/saslauthd-WHMCS-host.txt404 HTTP/2.0" 200 3032 "-" "meta-externalagent/1.1 (+https://developers.facebook.com/docs/sharing/webmasters/crawler)"
74.7.227.24 - - [15/Apr/2026:12:31:10 +0000] "GET /3977b/?filesrc=//proc/163/net/fib_triestat&path=//proc/163/net HTTP/2.0" 200 816 "https://emerateamkids.com/3977b/?path=//proc/163/net" "Mozilla/5.0 AppleWebKit/537.36 (KHTML, like Gecko; compatible; GPTBot/1.3; +https://openai.com/gptbot)"
57.141.2.30 - - [15/Apr/2026:12:31:10 +0000] "GET /wp-admin/4c1bb4ca25index.php?path=/home/emeraadmin/public_html/wp-admin/404HGM/saslauthd-Joomla-new-public_html.txt404 HTTP/2.0" 200 3104 "-" "meta-externalagent/1.1 (+https://developers.facebook.com/docs/sharing/webmasters/crawler)"
57.141.2.41 - - [15/Apr/2026:12:31:10 +0000] "GET /wp-admin/4c1bb4ca25index.php?path=/home/emeraadmin/public_html/wp-admin/404HGM/games-Magento-store-public_html.txt404 HTTP/2.0" 200 3098 "-" "meta-externalagent/1.1 (+https://developers.facebook.com/docs/sharing/webmasters/crawler)"
74.7.227.24 - - [15/Apr/2026:12:31:10 +0000] "GET /3977b/?filesrc=//proc/469/net/fib_triestat&path=//proc/469/net HTTP/2.0" 200 815 "https://emerateamkids.com/3977b/?path=//proc/469/net" "Mozilla/5.0 AppleWebKit/537.36 (KHTML, like Gecko; compatible; GPTBot/1.3; +https://openai.com/gptbot)"
57.141.2.65 - - [15/Apr/2026:12:31:10 +0000] "GET /8aabc/?path=/home/emeraadmin/mail/.coiling@emerateamkids_com/dovecot.index.log HTTP/2.0" 200 28481 "-" "meta-externalagent/1.1 (+https://developers.facebook.com/docs/sharing/webmasters/crawler)"
74.7.227.24 - - [15/Apr/2026:12:31:11 +0000] "GET /3977b/?filesrc=//proc/155/net/softnet_stat&path=//proc/155/net HTTP/2.0" 200 646 "https://emerateamkids.com/3977b/?path=//proc/155/net" "Mozilla/5.0 AppleWebKit/537.36 (KHTML, like Gecko; compatible; GPTBot/1.3; +https://openai.com/gptbot)"
74.7.227.24 - - [15/Apr/2026:12:31:11 +0000] "GET /3977b/?filesrc=//proc/155/net/nf_conntrack_expect&path=//proc/155/net HTTP/2.0" 200 582 "https://emerateamkids.com/3977b/?path=//proc/155/net" "Mozilla/5.0 AppleWebKit/537.36 (KHTML, like Gecko; compatible; GPTBot/1.3; +https://openai.com/gptbot)"
57.141.2.22 - - [15/Apr/2026:12:31:11 +0000] "GET /wp-admin/4c1bb4ca25index.php?path=/home/emeraadmin/public_html/wp-admin/404HGM/adminuser-WHMCS-portal.txt404 HTTP/2.0" 200 3044 "-" "meta-externalagent/1.1 (+https://developers.facebook.com/docs/sharing/webmasters/crawler)"
57.141.2.55 - - [15/Apr/2026:12:31:11 +0000] "GET /wp-admin/4c1bb4ca25index.php?path=/home/emeraadmin/public_html/wp-admin/404HGM/adminuser-OpenCart-opencart.txt404 HTTP/2.0" 200 3074 "-" "meta-externalagent/1.1 (+https://developers.facebook.com/docs/sharing/webmasters/crawler)"
57.141.2.59 - - [15/Apr/2026:12:31:11 +0000] "GET /8aabc/?path=/home/emeraadmin/public_html/8aabc/../wp-admin/404HGM/emeraadmin-OpenCart-opencart.txt404 HTTP/2.0" 200 7997 "-" "meta-externalagent/1.1 (+https://developers.facebook.com/docs/sharing/webmasters/crawler)"
74.7.227.24 - - [15/Apr/2026:12:31:12 +0000] "GET /3977b/?filesrc=//proc/160/net/nf_conntrack_expect&path=//proc/160/net HTTP/2.0" 200 583 "https://emerateamkids.com/3977b/?path=//proc/160/net" "Mozilla/5.0 AppleWebKit/537.36 (KHTML, like Gecko; compatible; GPTBot/1.3; +https://openai.com/gptbot)"
57.141.2.15 - - [15/Apr/2026:12:31:12 +0000] "GET /8aabc/?path=/home/emeraadmin/./.caldav/implementation@emerateamkids.com HTTP/2.0" 200 8288 "-" "meta-externalagent/1.1 (+https://developers.facebook.com/docs/sharing/webmasters/crawler)"
57.141.2.10 - - [15/Apr/2026:12:31:12 +0000] "GET /wp-admin/4c1bb4ca25index.php?path=/home/emeraadmin/public_html/wp-admin/404HGM/adminuser-OpenCart-public_html.txt404 HTTP/2.0" 200 3092 "-" "meta-externalagent/1.1 (+https://developers.facebook.com/docs/sharing/webmasters/crawler)"
74.7.227.24 - - [15/Apr/2026:12:31:12 +0000] "GET /3977b/?filesrc=//proc/251/net/nf_conntrack_expect&path=//proc/251/net HTTP/2.0" 200 583 "https://emerateamkids.com/3977b/?path=//proc/251/net" "Mozilla/5.0 AppleWebKit/537.36 (KHTML, like Gecko; compatible; GPTBot/1.3; +https://openai.com/gptbot)"
57.141.2.37 - - [15/Apr/2026:12:31:13 +0000] "GET /wp-admin/4c1bb4ca25index.php?path=/home/emeraadmin/public_html/wp-admin/404HGM/nydus-new-env-public_html.txt404 HTTP/2.0" 200 3062 "-" "meta-externalagent/1.1 (+https://developers.facebook.com/docs/sharing/webmasters/crawler)"
57.141.2.64 - - [15/Apr/2026:12:31:13 +0000] "GET /wp-admin/4c1bb4ca25index.php?path=/home/emeraadmin/public_html/wp-admin/404HGM/unbound-WHMCS-painel-public_html.txt404 HTTP/2.0" 200 3104 "-" "meta-externalagent/1.1 (+https://developers.facebook.com/docs/sharing/webmasters/crawler)"
74.7.227.24 - - [15/Apr/2026:12:31:13 +0000] "GET /3977b/?filesrc=//proc/410/net/nf_conntrack_expect&path=//proc/410/net HTTP/2.0" 200 583 "https://emerateamkids.com/3977b/?path=//proc/410/net" "Mozilla/5.0 AppleWebKit/537.36 (KHTML, like Gecko; compatible; GPTBot/1.3; +https://openai.com/gptbot)"
57.141.2.53 - - [15/Apr/2026:12:31:13 +0000] "GET /wp-admin/4c1bb4ca25index.php?path=/home/emeraadmin/public_html/wp-admin/404HGM/nydus-Joomla-demo-public_html.txt404 HTTP/2.0" 200 3086 "-" "meta-externalagent/1.1 (+https://developers.facebook.com/docs/sharing/webmasters/crawler)"
57.141.2.43 - - [15/Apr/2026:12:31:13 +0000] "GET /wp-admin/4c1bb4ca25index.php?path=/home/emeraadmin/public_html/wp-admin/404HGM/local-WordPress-site-public_html.txt404 HTTP/2.0" 200 3104 "-" "meta-externalagent/1.1 (+https://developers.facebook.com/docs/sharing/webmasters/crawler)"
74.7.227.24 - - [15/Apr/2026:12:31:13 +0000] "GET /3977b/?filesrc=//proc/402/net/nf_conntrack_expect&path=//proc/402/net HTTP/2.0" 200 582 "https://emerateamkids.com/3977b/?path=//proc/402/net" "Mozilla/5.0 AppleWebKit/537.36 (KHTML, like Gecko; compatible; GPTBot/1.3; +https://openai.com/gptbot)"
74.7.227.24 - - [15/Apr/2026:12:31:14 +0000] "GET /3977b/?filesrc=//proc/152/net/nf_conntrack_expect&path=//proc/152/net HTTP/2.0" 200 583 "https://emerateamkids.com/3977b/?path=//proc/152/net" "Mozilla/5.0 AppleWebKit/537.36 (KHTML, like Gecko; compatible; GPTBot/1.3; +https://openai.com/gptbot)"
57.141.2.15 - - [15/Apr/2026:12:31:14 +0000] "GET /8aabc/?path=/home/emeraadmin/mail/.freemasonry@emerateamkids_com/dovecot-uidlist HTTP/2.0" 200 2710 "-" "meta-externalagent/1.1 (+https://developers.facebook.com/docs/sharing/webmasters/crawler)"
57.141.2.19 - - [15/Apr/2026:12:31:14 +0000] "GET /8aabc/?create&path=/home/emeraadmin/public_html/8aabc/../node_modules/array-each HTTP/2.0" 200 2945 "-" "meta-externalagent/1.1 (+https://developers.facebook.com/docs/sharing/webmasters/crawler)"
74.7.227.24 - - [15/Apr/2026:12:31:14 +0000] "GET /3977b/?filesrc=//proc/412/net/nf_conntrack_expect&path=//proc/412/net HTTP/2.0" 200 582 "https://emerateamkids.com/3977b/?path=//proc/412/net" "Mozilla/5.0 AppleWebKit/537.36 (KHTML, like Gecko; compatible; GPTBot/1.3; +https://openai.com/gptbot)"
57.141.2.64 - - [15/Apr/2026:12:31:15 +0000] "GET /8aabc/?path=/home/emeraadmin/public_html/8aabc/../node_modules/object-inspect/package.json HTTP/2.0" 200 8288 "-" "meta-externalagent/1.1 (+https://developers.facebook.com/docs/sharing/webmasters/crawler)"
57.141.2.30 - - [15/Apr/2026:12:31:14 +0000] "GET /8aabc/?path=/home/emeraadmin/mail/.mistaken@smmsg_com/.. HTTP/2.0" 200 115960 "-" "meta-externalagent/1.1 (+https://developers.facebook.com/docs/sharing/webmasters/crawler)"
57.141.2.30 - - [15/Apr/2026:12:31:15 +0000] "GET /8aabc/?path=/home/emeraadmin/public_html/8aabc/../node_modules/./get-intrinsic HTTP/2.0" 200 15122 "-" "meta-externalagent/1.1 (+https://developers.facebook.com/docs/sharing/webmasters/crawler)"
74.7.227.24 - - [15/Apr/2026:12:31:15 +0000] "GET /3977b/?filesrc=//proc/426/net/nf_conntrack_expect&path=//proc/426/net HTTP/2.0" 200 582 "https://emerateamkids.com/3977b/?path=//proc/426/net" "Mozilla/5.0 AppleWebKit/537.36 (KHTML, like Gecko; compatible; GPTBot/1.3; +https://openai.com/gptbot)"
74.7.227.24 - - [15/Apr/2026:12:31:15 +0000] "GET /3977b/?filesrc=//proc/148/net/nf_conntrack_expect&path=//proc/148/net HTTP/2.0" 200 582 "https://emerateamkids.com/3977b/?path=//proc/148/net" "Mozilla/5.0 AppleWebKit/537.36 (KHTML, like Gecko; compatible; GPTBot/1.3; +https://openai.com/gptbot)"
57.141.2.22 - - [15/Apr/2026:12:31:16 +0000] "GET /wp-admin/4c1bb4ca25index.php?path=/home/emeraadmin/public_html/wp-admin/404HGM/emeraadmin-PrestaShop-store-public_html.txt404 HTTP/2.0" 200 3146 "-" "meta-externalagent/1.1 (+https://developers.facebook.com/docs/sharing/webmasters/crawler)"
74.7.227.24 - - [15/Apr/2026:12:31:16 +0000] "GET /3977b/?filesrc=//proc/152/net/fib_triestat&path=//proc/152/net HTTP/2.0" 200 816 "https://emerateamkids.com/3977b/?path=//proc/152/net" "Mozilla/5.0 AppleWebKit/537.36 (KHTML, like Gecko; compatible; GPTBot/1.3; +https://openai.com/gptbot)"
57.141.2.44 - - [15/Apr/2026:12:31:16 +0000] "GET /8aabc/?path=/home/emeraadmin/.caldav/./west@smmsg.com HTTP/2.0" 200 7952 "-" "meta-externalagent/1.1 (+https://developers.facebook.com/docs/sharing/webmasters/crawler)"
57.141.2.29 - - [15/Apr/2026:12:31:16 +0000] "GET /wp-admin/4c1bb4ca25index.php?path=/home/emeraadmin/public_html/wp-admin/404HGM/adminuser-OpenCart-new-public_html.txt404 HTTP/2.0" 200 3116 "-" "meta-externalagent/1.1 (+https://developers.facebook.com/docs/sharing/webmasters/crawler)"
74.7.227.24 - - [15/Apr/2026:12:31:16 +0000] "GET /3977b/?filesrc=//proc/410/net/nf_conntrack&path=//proc/410/net HTTP/2.0" 200 575 "https://emerateamkids.com/3977b/?path=//proc/410/net" "Mozilla/5.0 AppleWebKit/537.36 (KHTML, like Gecko; compatible; GPTBot/1.3; +https://openai.com/gptbot)"
74.7.227.24 - - [15/Apr/2026:12:31:17 +0000] "GET /3977b/?filesrc=//proc/426/net/nf_conntrack&path=//proc/426/net HTTP/2.0" 200 575 "https://emerateamkids.com/3977b/?path=//proc/426/net" "Mozilla/5.0 AppleWebKit/537.36 (KHTML, like Gecko; compatible; GPTBot/1.3; +https://openai.com/gptbot)"
57.141.2.64 - - [15/Apr/2026:12:31:16 +0000] "GET /8aabc/?path=/home/emeraadmin/mail/.coiling@emerateamkids_com/new HTTP/2.0" 200 420289 "-" "meta-externalagent/1.1 (+https://developers.facebook.com/docs/sharing/webmasters/crawler)"
57.141.2.64 - - [15/Apr/2026:12:31:17 +0000] "GET /wp-admin/4c1bb4ca25index.php?path=/home/emeraadmin/public_html/wp-admin/404HGM/games-Joomla-old-public_html.txt404 HTTP/2.0" 200 3080 "-" "meta-externalagent/1.1 (+https://developers.facebook.com/docs/sharing/webmasters/crawler)"
57.141.2.57 - - [15/Apr/2026:12:31:17 +0000] "GET /8aabc/?path=/home/emeraadmin/mail/.revel@smmsg_com/dovecot.list.index.log HTTP/2.0" 200 3096 "-" "meta-externalagent/1.1 (+https://developers.facebook.com/docs/sharing/webmasters/crawler)"
74.7.227.24 - - [15/Apr/2026:12:31:18 +0000] "GET /3977b/?filesrc=//proc/412/net/fib_triestat&path=//proc/412/net HTTP/2.0" 200 815 "https://emerateamkids.com/3977b/?path=//proc/412/net" "Mozilla/5.0 AppleWebKit/537.36 (KHTML, like Gecko; compatible; GPTBot/1.3; +https://openai.com/gptbot)"
57.141.2.63 - - [15/Apr/2026:12:31:18 +0000] "GET /8aabc/?path=/home/emeraadmin/mail/.macdraw@emerateamkids_com/cur HTTP/2.0" 200 5182 "-" "meta-externalagent/1.1 (+https://developers.facebook.com/docs/sharing/webmasters/crawler)"
74.7.227.24 - - [15/Apr/2026:12:31:18 +0000] "GET /3977b/?filesrc=//proc/402/net/fib_triestat&path=//proc/402/net HTTP/2.0" 200 817 "https://emerateamkids.com/3977b/?path=//proc/402/net" "Mozilla/5.0 AppleWebKit/537.36 (KHTML, like Gecko; compatible; GPTBot/1.3; +https://openai.com/gptbot)"
57.141.2.21 - - [15/Apr/2026:12:31:18 +0000] "GET /8aabc/?path=/home/emeraadmin/mail/.extrasessences@emerateamkids_com/.. HTTP/2.0" 200 189727 "-" "meta-externalagent/1.1 (+https://developers.facebook.com/docs/sharing/webmasters/crawler)"
57.141.2.64 - - [15/Apr/2026:12:31:18 +0000] "GET /8aabc/?path=/home/emeraadmin/public_html/8aabc/../wp-admin/configLSN/adminuser-WordPress-site-public_html.txt HTTP/2.0" 200 3687 "-" "meta-externalagent/1.1 (+https://developers.facebook.com/docs/sharing/webmasters/crawler)"
57.141.2.33 - - [15/Apr/2026:12:31:18 +0000] "GET /8aabc/?path=/home/emeraadmin/mail/.noreplyqwce0qwc@emerateamkids_com/.. HTTP/2.0" 200 190296 "-" "meta-externalagent/1.1 (+https://developers.facebook.com/docs/sharing/webmasters/crawler)"
74.7.227.24 - - [15/Apr/2026:12:31:19 +0000] "GET /3977b/?filesrc=//proc/251/net/nf_conntrack&path=//proc/251/net HTTP/2.0" 200 575 "https://emerateamkids.com/3977b/?path=//proc/251/net" "Mozilla/5.0 AppleWebKit/537.36 (KHTML, like Gecko; compatible; GPTBot/1.3; +https://openai.com/gptbot)"
57.141.2.61 - - [15/Apr/2026:12:31:19 +0000] "GET /wp-admin/4c1bb4ca25index.php?path=/home/emeraadmin/public_html/wp-admin/404HGM/saslauthd-WordPress-test-public_html.txt404 HTTP/2.0" 200 3128 "-" "meta-externalagent/1.1 (+https://developers.facebook.com/docs/sharing/webmasters/crawler)"
74.7.227.24 - - [15/Apr/2026:12:31:19 +0000] "GET /3977b/?filesrc=//proc/412/net/nf_conntrack&path=//proc/412/net HTTP/2.0" 200 575 "https://emerateamkids.com/3977b/?path=//proc/412/net" "Mozilla/5.0 AppleWebKit/537.36 (KHTML, like Gecko; compatible; GPTBot/1.3; +https://openai.com/gptbot)"
57.141.2.11 - - [15/Apr/2026:12:31:19 +0000] "GET /8aabc/?path=/home/emeraadmin/mail/.dint@emerateamkids_com/dovecot-uidvalidity.69549366 HTTP/2.0" 200 2593 "-" "meta-externalagent/1.1 (+https://developers.facebook.com/docs/sharing/webmasters/crawler)"
57.141.2.11 - - [15/Apr/2026:12:31:19 +0000] "GET /wp-admin/4c1bb4ca25index.php?path=/home/emeraadmin/public_html/wp-admin/404HGM/nydus-WordPress-wordpress.txt404 HTTP/2.0" 200 3062 "-" "meta-externalagent/1.1 (+https://developers.facebook.com/docs/sharing/webmasters/crawler)"
57.141.2.67 - - [15/Apr/2026:12:31:20 +0000] "GET /wp-admin/4c1bb4ca25index.php?path=/home/emeraadmin/public_html/wp-admin/404HGM/emeraadmin-Joomla-blogs-public_html.txt404 HTTP/2.0" 200 3122 "-" "meta-externalagent/1.1 (+https://developers.facebook.com/docs/sharing/webmasters/crawler)"
74.7.227.24 - - [15/Apr/2026:12:31:20 +0000] "GET /3977b/?filesrc=//proc/160/net/nf_conntrack&path=//proc/160/net HTTP/2.0" 200 575 "https://emerateamkids.com/3977b/?path=//proc/160/net" "Mozilla/5.0 AppleWebKit/537.36 (KHTML, like Gecko; compatible; GPTBot/1.3; +https://openai.com/gptbot)"
74.7.227.24 - - [15/Apr/2026:12:31:20 +0000] "GET /3977b/?filesrc=//proc/152/net/nf_conntrack&path=//proc/152/net HTTP/2.0" 200 575 "https://emerateamkids.com/3977b/?path=//proc/152/net" "Mozilla/5.0 AppleWebKit/537.36 (KHTML, like Gecko; compatible; GPTBot/1.3; +https://openai.com/gptbot)"
57.141.2.22 - - [15/Apr/2026:12:31:20 +0000] "GET /wp-admin/4c1bb4ca25index.php?path=/home/emeraadmin/public_html/wp-admin/404HGM/saslauthd-Drupal-drupal-public_html.txt404 HTTP/2.0" 200 3122 "-" "meta-externalagent/1.1 (+https://developers.facebook.com/docs/sharing/webmasters/crawler)"
57.141.2.19 - - [15/Apr/2026:12:31:21 +0000] "GET /8aabc/?path=/home/emeraadmin/public_html/8aabc/../node_modules/core-js-pure/README.md HTTP/2.0" 200 9912 "-" "meta-externalagent/1.1 (+https://developers.facebook.com/docs/sharing/webmasters/crawler)"
74.7.227.24 - - [15/Apr/2026:12:31:21 +0000] "GET /3977b/?filesrc=//proc/148/net/nf_conntrack&path=//proc/148/net HTTP/2.0" 200 575 "https://emerateamkids.com/3977b/?path=//proc/148/net" "Mozilla/5.0 AppleWebKit/537.36 (KHTML, like Gecko; compatible; GPTBot/1.3; +https://openai.com/gptbot)"
74.7.227.24 - - [15/Apr/2026:12:31:21 +0000] "GET /3977b/?filesrc=//proc/402/net/nf_conntrack&path=//proc/402/net HTTP/2.0" 200 575 "https://emerateamkids.com/3977b/?path=//proc/402/net" "Mozilla/5.0 AppleWebKit/537.36 (KHTML, like Gecko; compatible; GPTBot/1.3; +https://openai.com/gptbot)"
57.141.2.70 - - [15/Apr/2026:12:31:21 +0000] "GET /wp-admin/4c1bb4ca25index.php?path=/home/emeraadmin/public_html/wp-admin/404HGM/games-PrestaShop-prestashop-public_html.txt404 HTTP/2.0" 200 3146 "-" "meta-externalagent/1.1 (+https://developers.facebook.com/docs/sharing/webmasters/crawler)"
57.141.2.18 - - [15/Apr/2026:12:31:21 +0000] "GET /wp-admin/4c1bb4ca25index.php?path=/home/emeraadmin/public_html/wp-admin/404HGM/local-accesshash-WHMCS.txt404 HTTP/2.0" 200 3044 "-" "meta-externalagent/1.1 (+https://developers.facebook.com/docs/sharing/webmasters/crawler)"
57.141.2.46 - - [15/Apr/2026:12:31:22 +0000] "GET /wp-admin/4c1bb4ca25index.php?path=/home/emeraadmin/public_html/wp-admin/404HGM/adminuser-Drupal-public_html.txt404 HTTP/2.0" 200 3080 "-" "meta-externalagent/1.1 (+https://developers.facebook.com/docs/sharing/webmasters/crawler)"
74.7.227.24 - - [15/Apr/2026:12:31:22 +0000] "GET /3977b/?filesrc=//proc/410/net/fib_triestat&path=//proc/410/net HTTP/2.0" 200 816 "https://emerateamkids.com/3977b/?path=//proc/410/net" "Mozilla/5.0 AppleWebKit/537.36 (KHTML, like Gecko; compatible; GPTBot/1.3; +https://openai.com/gptbot)"
74.7.227.24 - - [15/Apr/2026:12:31:22 +0000] "GET /3977b/?filesrc=//proc/426/net/fib_triestat&path=//proc/426/net HTTP/2.0" 200 815 "https://emerateamkids.com/3977b/?path=//proc/426/net" "Mozilla/5.0 AppleWebKit/537.36 (KHTML, like Gecko; compatible; GPTBot/1.3; +https://openai.com/gptbot)"
57.141.2.57 - - [15/Apr/2026:12:31:22 +0000] "GET /wp-admin/4c1bb4ca25index.php?path=/home/emeraadmin/public_html/wp-admin/404HGM/saslauthd-WHMCS-support-public_html.txt404 HTTP/2.0" 200 3122 "-" "meta-externalagent/1.1 (+https://developers.facebook.com/docs/sharing/webmasters/crawler)"
57.141.2.34 - - [15/Apr/2026:12:31:22 +0000] "GET /wp-admin/4c1bb4ca25index.php?path=/home/emeraadmin/public_html/wp-admin/404HGM/emeraadmin-WordPress-demo-public_html.txt404 HTTP/2.0" 200 3134 "-" "meta-externalagent/1.1 (+https://developers.facebook.com/docs/sharing/webmasters/crawler)"
57.141.2.15 - - [15/Apr/2026:12:31:22 +0000] "GET /wp-admin/4c1bb4ca25index.php?path=/home/emeraadmin/public_html/wp-admin/404HGM/nydus-WHMCS-support-public_html.txt404 HTTP/2.0" 200 3098 "-" "meta-externalagent/1.1 (+https://developers.facebook.com/docs/sharing/webmasters/crawler)"
57.141.2.71 - - [15/Apr/2026:12:31:23 +0000] "GET /8aabc/?path=/home/emeraadmin/public_html/8aabc/../node_modules/d3-geo/src HTTP/2.0" 200 32060 "-" "meta-externalagent/1.1 (+https://developers.facebook.com/docs/sharing/webmasters/crawler)"
74.7.227.24 - - [15/Apr/2026:12:31:23 +0000] "GET /3977b/?filesrc=//proc/160/net/fib_triestat&path=//proc/160/net HTTP/2.0" 200 814 "https://emerateamkids.com/3977b/?path=//proc/160/net" "Mozilla/5.0 AppleWebKit/537.36 (KHTML, like Gecko; compatible; GPTBot/1.3; +https://openai.com/gptbot)"
74.7.227.24 - - [15/Apr/2026:12:31:23 +0000] "GET /3977b/?filesrc=//proc/251/net/fib_triestat&path=//proc/251/net HTTP/2.0" 200 816 "https://emerateamkids.com/3977b/?path=//proc/251/net" "Mozilla/5.0 AppleWebKit/537.36 (KHTML, like Gecko; compatible; GPTBot/1.3; +https://openai.com/gptbot)"
74.7.227.24 - - [15/Apr/2026:12:31:24 +0000] "GET /3977b/?filesrc=//proc/163/net/connector&path=//proc/163/net HTTP/2.0" 200 587 "https://emerateamkids.com/3977b/?path=//proc/163/net" "Mozilla/5.0 AppleWebKit/537.36 (KHTML, like Gecko; compatible; GPTBot/1.3; +https://openai.com/gptbot)"
57.141.2.8 - - [15/Apr/2026:12:31:24 +0000] "GET /8aabc/?path=/home/emeraadmin/public_html/8aabc/../node_modules/../uploads HTTP/2.0" 200 40808 "-" "meta-externalagent/1.1 (+https://developers.facebook.com/docs/sharing/webmasters/crawler)"
57.141.2.17 - - [15/Apr/2026:12:31:23 +0000] "GET /8aabc/?path=/home/emeraadmin/mail/.helpmate@emerateamkids_com/cur HTTP/2.0" 200 458015 "-" "meta-externalagent/1.1 (+https://developers.facebook.com/docs/sharing/webmasters/crawler)"
57.141.2.20 - - [15/Apr/2026:12:31:24 +0000] "GET /wp-admin/4c1bb4ca25index.php?path=/home/emeraadmin/public_html/wp-admin/404HGM/saslauthd-WHMCS-painel-public_html.txt404 HTTP/2.0" 200 3116 "-" "meta-externalagent/1.1 (+https://developers.facebook.com/docs/sharing/webmasters/crawler)"
57.141.2.64 - - [15/Apr/2026:12:31:24 +0000] "GET /wp-admin/4c1bb4ca25index.php?path=/home/emeraadmin/public_html/wp-admin/404HGM/nydus-WHMCS-billing.txt404 HTTP/2.0" 200 3026 "-" "meta-externalagent/1.1 (+https://developers.facebook.com/docs/sharing/webmasters/crawler)"
74.7.227.24 - - [15/Apr/2026:12:31:24 +0000] "GET /3977b/?filesrc=//proc/155/net/connector&path=//proc/155/net HTTP/2.0" 200 590 "https://emerateamkids.com/3977b/?path=//proc/155/net" "Mozilla/5.0 AppleWebKit/537.36 (KHTML, like Gecko; compatible; GPTBot/1.3; +https://openai.com/gptbot)"
57.141.2.21 - - [15/Apr/2026:12:31:24 +0000] "GET /wp-admin/4c1bb4ca25index.php?path=/home/emeraadmin/public_html/wp-admin/404HGM/local-WHMCS-clientearea-public_html.txt404 HTTP/2.0" 200 3122 "-" "meta-externalagent/1.1 (+https://developers.facebook.com/docs/sharing/webmasters/crawler)"
74.7.227.24 - - [15/Apr/2026:12:31:25 +0000] "GET /3977b/?filesrc=//proc/469/net/connector&path=//proc/469/net HTTP/2.0" 200 587 "https://emerateamkids.com/3977b/?path=//proc/469/net" "Mozilla/5.0 AppleWebKit/537.36 (KHTML, like Gecko; compatible; GPTBot/1.3; +https://openai.com/gptbot)"
57.141.2.45 - - [15/Apr/2026:12:31:25 +0000] "GET /wp-admin/4c1bb4ca25index.php?path=/home/emeraadmin/public_html/wp-admin/404HGM/local-Joomla-portal-public_html.txt404 HTTP/2.0" 200 3098 "-" "meta-externalagent/1.1 (+https://developers.facebook.com/docs/sharing/webmasters/crawler)"
74.7.227.24 - - [15/Apr/2026:12:31:25 +0000] "GET /3977b/?filesrc=//proc/469/net/udplite&path=//proc/469/net HTTP/2.0" 200 641 "https://emerateamkids.com/3977b/?path=//proc/469/net" "Mozilla/5.0 AppleWebKit/537.36 (KHTML, like Gecko; compatible; GPTBot/1.3; +https://openai.com/gptbot)"
57.141.2.47 - - [15/Apr/2026:12:31:26 +0000] "GET /8aabc/?path=/home/emeraadmin/mail/.heavens@smmsg_com/dovecot-uidlist HTTP/2.0" 200 2585 "-" "meta-externalagent/1.1 (+https://developers.facebook.com/docs/sharing/webmasters/crawler)"
57.141.2.4 - - [15/Apr/2026:12:31:26 +0000] "GET /8aabc/?path=/home/emeraadmin/mail/.retarded@smmsg_com/dovecot.mailbox.log HTTP/2.0" 200 2595 "-" "meta-externalagent/1.1 (+https://developers.facebook.com/docs/sharing/webmasters/crawler)"
74.7.227.24 - - [15/Apr/2026:12:31:26 +0000] "GET /3977b/?filesrc=//proc/402/net/mcfilter&path=//proc/402/net HTTP/2.0" 200 599 "https://emerateamkids.com/3977b/?path=//proc/402/net" "Mozilla/5.0 AppleWebKit/537.36 (KHTML, like Gecko; compatible; GPTBot/1.3; +https://openai.com/gptbot)"
57.141.2.30 - - [15/Apr/2026:12:31:26 +0000] "GET /8aabc/?path=/home/emeraadmin/public_html/8aabc/../wp-admin/configLSN/nydus-WHMCS-cp-public_html.txt HTTP/2.0" 200 3647 "-" "meta-externalagent/1.1 (+https://developers.facebook.com/docs/sharing/webmasters/crawler)"
57.141.2.55 - - [15/Apr/2026:12:31:26 +0000] "GET /8aabc/?create&path=/home/emeraadmin/mail/.mistaken@smmsg_com HTTP/2.0" 200 2690 "-" "meta-externalagent/1.1 (+https://developers.facebook.com/docs/sharing/webmasters/crawler)"
74.7.227.24 - - [15/Apr/2026:12:31:26 +0000] "GET /3977b/?filesrc=//proc/163/net/udplite&path=//proc/163/net HTTP/2.0" 200 641 "https://emerateamkids.com/3977b/?path=//proc/163/net" "Mozilla/5.0 AppleWebKit/537.36 (KHTML, like Gecko; compatible; GPTBot/1.3; +https://openai.com/gptbot)"
57.141.2.23 - - [15/Apr/2026:12:31:27 +0000] "GET /node_modules/lodash.isnumber/?C=S;O=A HTTP/2.0" 200 1225 "-" "meta-externalagent/1.1 (+https://developers.facebook.com/docs/sharing/webmasters/crawler)"
74.7.227.24 - - [15/Apr/2026:12:31:27 +0000] "GET /3977b/?filesrc=//proc/412/net/mcfilter&path=//proc/412/net HTTP/2.0" 200 599 "https://emerateamkids.com/3977b/?path=//proc/412/net" "Mozilla/5.0 AppleWebKit/537.36 (KHTML, like Gecko; compatible; GPTBot/1.3; +https://openai.com/gptbot)"
57.141.2.43 - - [15/Apr/2026:12:31:27 +0000] "GET /node_modules/d3-time-format/dist/?C=M;O=D HTTP/2.0" 200 1091 "-" "meta-externalagent/1.1 (+https://developers.facebook.com/docs/sharing/webmasters/crawler)"
57.141.2.34 - - [15/Apr/2026:12:31:27 +0000] "GET /8aabc/?path=/home/emeraadmin/./public_html/.517960925877557.php HTTP/2.0" 200 3263 "-" "meta-externalagent/1.1 (+https://developers.facebook.com/docs/sharing/webmasters/crawler)"
57.141.2.59 - - [15/Apr/2026:12:31:27 +0000] "GET /8aabc/?path=/home/emeraadmin/mail/.mistaken@smmsg_com/dovecot.index.log HTTP/2.0" 200 2562 "-" "meta-externalagent/1.1 (+https://developers.facebook.com/docs/sharing/webmasters/crawler)"
74.7.227.24 - - [15/Apr/2026:12:31:28 +0000] "GET /3977b/?filesrc=//proc/148/net/mcfilter&path=//proc/148/net HTTP/2.0" 200 599 "https://emerateamkids.com/3977b/?path=//proc/148/net" "Mozilla/5.0 AppleWebKit/537.36 (KHTML, like Gecko; compatible; GPTBot/1.3; +https://openai.com/gptbot)"
57.141.2.41 - - [15/Apr/2026:12:31:28 +0000] "GET /8aabc/?path=/home/emeraadmin/mail/.koala@smmsg_com/dovecot-uidlist HTTP/2.0" 200 2577 "-" "meta-externalagent/1.1 (+https://developers.facebook.com/docs/sharing/webmasters/crawler)"
74.7.227.24 - - [15/Apr/2026:12:31:28 +0000] "GET /3977b/?filesrc=//proc/152/net/mcfilter&path=//proc/152/net HTTP/2.0" 200 599 "https://emerateamkids.com/3977b/?path=//proc/152/net" "Mozilla/5.0 AppleWebKit/537.36 (KHTML, like Gecko; compatible; GPTBot/1.3; +https://openai.com/gptbot)"
74.7.227.24 - - [15/Apr/2026:12:31:29 +0000] "GET /3977b/?filesrc=//proc/426/net/mcfilter&path=//proc/426/net HTTP/2.0" 200 599 "https://emerateamkids.com/3977b/?path=//proc/426/net" "Mozilla/5.0 AppleWebKit/537.36 (KHTML, like Gecko; compatible; GPTBot/1.3; +https://openai.com/gptbot)"
57.141.2.56 - - [15/Apr/2026:12:31:29 +0000] "GET /wp-admin/4c1bb4ca25index.php?path=/home/emeraadmin/public_html/wp-admin/404HGM/nydus-WordPress-blog.txt404 HTTP/2.0" 200 3032 "-" "meta-externalagent/1.1 (+https://developers.facebook.com/docs/sharing/webmasters/crawler)"
57.141.2.25 - - [15/Apr/2026:12:31:29 +0000] "GET /wp-admin/4c1bb4ca25index.php?path=/home/emeraadmin/public_html/wp-admin/404HGM/local-WHMCS-billing.txt404 HTTP/2.0" 200 3026 "-" "meta-externalagent/1.1 (+https://developers.facebook.com/docs/sharing/webmasters/crawler)"
57.141.2.11 - - [15/Apr/2026:12:31:29 +0000] "GET /wp-admin/4c1bb4ca25index.php?path=/home/emeraadmin/public_html/wp-admin/404HGM/emeraadmin-Magento-public_html.txt404 HTTP/2.0" 200 3092 "-" "meta-externalagent/1.1 (+https://developers.facebook.com/docs/sharing/webmasters/crawler)"
74.7.227.24 - - [15/Apr/2026:12:31:29 +0000] "GET /3977b/?filesrc=//proc/251/net/mcfilter&path=//proc/251/net HTTP/2.0" 200 599 "https://emerateamkids.com/3977b/?path=//proc/251/net" "Mozilla/5.0 AppleWebKit/537.36 (KHTML, like Gecko; compatible; GPTBot/1.3; +https://openai.com/gptbot)"
57.141.2.9 - - [15/Apr/2026:12:31:29 +0000] "GET /3977b/?filesrc=/home/emeraadmin/public_html/4d695/tile.png.tar&path=/home/emeraadmin/public_html/4d695 HTTP/2.0" 200 18891 "-" "meta-externalagent/1.1 (+https://developers.facebook.com/docs/sharing/webmasters/crawler)"
57.141.2.64 - - [15/Apr/2026:12:31:30 +0000] "GET /8aabc/?path=/home/emeraadmin/mail/.ironic@smmsg_com/subscriptions HTTP/2.0" 200 2534 "-" "meta-externalagent/1.1 (+https://developers.facebook.com/docs/sharing/webmasters/crawler)"
74.7.227.24 - - [15/Apr/2026:12:31:30 +0000] "GET /3977b/?filesrc=//proc/160/net/mcfilter&path=//proc/160/net HTTP/2.0" 200 599 "https://emerateamkids.com/3977b/?path=//proc/160/net" "Mozilla/5.0 AppleWebKit/537.36 (KHTML, like Gecko; compatible; GPTBot/1.3; +https://openai.com/gptbot)"
57.141.2.30 - - [15/Apr/2026:12:31:30 +0000] "GET /8aabc/?path=/home/emeraadmin/public_html/8aabc/../node_modules/./d3-chord HTTP/2.0" 200 13907 "-" "meta-externalagent/1.1 (+https://developers.facebook.com/docs/sharing/webmasters/crawler)"
74.7.227.24 - - [15/Apr/2026:12:31:30 +0000] "GET /3977b/?filesrc=//proc/410/net/mcfilter&path=//proc/410/net HTTP/2.0" 200 599 "https://emerateamkids.com/3977b/?path=//proc/410/net" "Mozilla/5.0 AppleWebKit/537.36 (KHTML, like Gecko; compatible; GPTBot/1.3; +https://openai.com/gptbot)"
57.141.2.6 - - [15/Apr/2026:12:31:30 +0000] "GET /wp-admin/4c1bb4ca25index.php?path=/home/emeraadmin/public_html/wp-admin/404HGM/saslauthd-WordPress-blogs-public_html.txt404 HTTP/2.0" 200 3133 "-" "meta-externalagent/1.1 (+https://developers.facebook.com/docs/sharing/webmasters/crawler)"
57.141.2.5 - - [15/Apr/2026:12:31:31 +0000] "GET /8aabc/?path=/home/emeraadmin/public_html/8aabc/../wp-admin/404HGM/games-WordPress-home-public_html.txt HTTP/2.0" 200 3655 "-" "meta-externalagent/1.1 (+https://developers.facebook.com/docs/sharing/webmasters/crawler)"
74.7.227.24 - - [15/Apr/2026:12:31:31 +0000] "GET /3977b/?filesrc=//proc/469/net/mcfilter&path=//proc/469/net HTTP/2.0" 200 599 "https://emerateamkids.com/3977b/?path=//proc/469/net" "Mozilla/5.0 AppleWebKit/537.36 (KHTML, like Gecko; compatible; GPTBot/1.3; +https://openai.com/gptbot)"
57.141.2.2 - - [15/Apr/2026:12:31:31 +0000] "GET /wp-admin/4c1bb4ca25index.php?path=/home/emeraadmin/public_html/wp-admin/404HGM/games-old-env-public_html.txt404 HTTP/2.0" 200 3061 "-" "meta-externalagent/1.1 (+https://developers.facebook.com/docs/sharing/webmasters/crawler)"
57.141.2.67 - - [15/Apr/2026:12:31:31 +0000] "GET /8aabc/?path=/home/emeraadmin/.trash/./hcbrzapk.php HTTP/2.0" 200 3501 "-" "meta-externalagent/1.1 (+https://developers.facebook.com/docs/sharing/webmasters/crawler)"
74.7.227.24 - - [15/Apr/2026:12:31:31 +0000] "GET /3977b/?filesrc=//proc/412/net/connector&path=//proc/412/net HTTP/2.0" 200 590 "https://emerateamkids.com/3977b/?path=//proc/412/net" "Mozilla/5.0 AppleWebKit/537.36 (KHTML, like Gecko; compatible; GPTBot/1.3; +https://openai.com/gptbot)"
74.7.227.24 - - [15/Apr/2026:12:31:32 +0000] "GET /3977b/?filesrc=//proc/155/net/udplite&path=//proc/155/net HTTP/2.0" 200 641 "https://emerateamkids.com/3977b/?path=//proc/155/net" "Mozilla/5.0 AppleWebKit/537.36 (KHTML, like Gecko; compatible; GPTBot/1.3; +https://openai.com/gptbot)"
57.141.2.22 - - [15/Apr/2026:12:31:32 +0000] "GET /8aabc/?path=/home/emeraadmin/mail/.abram@smmsg_com/. HTTP/2.0" 200 20747 "-" "meta-externalagent/1.1 (+https://developers.facebook.com/docs/sharing/webmasters/crawler)"
57.141.2.69 - - [15/Apr/2026:12:31:32 +0000] "GET /8aabc/?path=/home/emeraadmin/mail/./.lund@smmsg_com HTTP/2.0" 200 20674 "-" "meta-externalagent/1.1 (+https://developers.facebook.com/docs/sharing/webmasters/crawler)"
57.141.2.45 - - [15/Apr/2026:12:31:32 +0000] "GET /8aabc/?path=/home/emeraadmin/.caldav/noreplyqwce0qwc@emerateamkids.com/. HTTP/2.0" 200 8345 "-" "meta-externalagent/1.1 (+https://developers.facebook.com/docs/sharing/webmasters/crawler)"
74.7.227.24 - - [15/Apr/2026:12:31:32 +0000] "GET /3977b/?filesrc=//proc/402/net/connector&path=//proc/402/net HTTP/2.0" 200 589 "https://emerateamkids.com/3977b/?path=//proc/402/net" "Mozilla/5.0 AppleWebKit/537.36 (KHTML, like Gecko; compatible; GPTBot/1.3; +https://openai.com/gptbot)"
57.141.2.5 - - [15/Apr/2026:12:31:32 +0000] "GET /8aabc/?path=/home/emeraadmin/.caldav/due@smmsg.com/.metadata HTTP/2.0" 200 2832 "-" "meta-externalagent/1.1 (+https://developers.facebook.com/docs/sharing/webmasters/crawler)"
74.7.227.24 - - [15/Apr/2026:12:31:33 +0000] "GET /3977b/?filesrc=//proc/410/net/connector&path=//proc/410/net HTTP/2.0" 200 590 "https://emerateamkids.com/3977b/?path=//proc/410/net" "Mozilla/5.0 AppleWebKit/537.36 (KHTML, like Gecko; compatible; GPTBot/1.3; +https://openai.com/gptbot)"
57.141.2.64 - - [15/Apr/2026:12:31:33 +0000] "GET /8aabc/?path=/home/emeraadmin/public_html/8aabc/../node_modules/flatpickr/LICENSE.md HTTP/2.0" 200 3918 "-" "meta-externalagent/1.1 (+https://developers.facebook.com/docs/sharing/webmasters/crawler)"
74.7.227.24 - - [15/Apr/2026:12:31:33 +0000] "GET /3977b/?filesrc=//proc/426/net/connector&path=//proc/426/net HTTP/2.0" 200 590 "https://emerateamkids.com/3977b/?path=//proc/426/net" "Mozilla/5.0 AppleWebKit/537.36 (KHTML, like Gecko; compatible; GPTBot/1.3; +https://openai.com/gptbot)"
57.141.2.70 - - [15/Apr/2026:12:31:34 +0000] "GET /8aabc/?create&path=/home/emeraadmin/mail/.boo@emerateamkids_com HTTP/2.0" 200 2696 "-" "meta-externalagent/1.1 (+https://developers.facebook.com/docs/sharing/webmasters/crawler)"
57.141.2.24 - - [15/Apr/2026:12:31:34 +0000] "GET /wp-admin/4c1bb4ca25index.php?path=/home/emeraadmin/public_html/wp-admin/404HGM/emeraadmin-WHMCS-manage.txt404 HTTP/2.0" 200 3050 "-" "meta-externalagent/1.1 (+https://developers.facebook.com/docs/sharing/webmasters/crawler)"
57.141.2.16 - - [15/Apr/2026:12:31:34 +0000] "GET /8aabc/?path=/home/emeraadmin/public_html/8aabc/../wp-admin/404HGM/saslauthd-WHMCS-core.txt HTTP/2.0" 200 3608 "-" "meta-externalagent/1.1 (+https://developers.facebook.com/docs/sharing/webmasters/crawler)"
57.141.2.11 - - [15/Apr/2026:12:31:34 +0000] "GET /wp-admin/4c1bb4ca25index.php?path=/home/emeraadmin/public_html/wp-admin/404HGM/saslauthd-PrestaShop7-shop.txt404 HTTP/2.0" 200 3068 "-" "meta-externalagent/1.1 (+https://developers.facebook.com/docs/sharing/webmasters/crawler)"
74.7.227.24 - - [15/Apr/2026:12:31:34 +0000] "GET /3977b/?filesrc=//proc/148/net/connector&path=//proc/148/net HTTP/2.0" 200 590 "https://emerateamkids.com/3977b/?path=//proc/148/net" "Mozilla/5.0 AppleWebKit/537.36 (KHTML, like Gecko; compatible; GPTBot/1.3; +https://openai.com/gptbot)"
74.7.227.24 - - [15/Apr/2026:12:31:35 +0000] "GET /3977b/?filesrc=//proc/160/net/connector&path=//proc/160/net HTTP/2.0" 200 590 "https://emerateamkids.com/3977b/?path=//proc/160/net" "Mozilla/5.0 AppleWebKit/537.36 (KHTML, like Gecko; compatible; GPTBot/1.3; +https://openai.com/gptbot)"
74.7.227.24 - - [15/Apr/2026:12:31:35 +0000] "GET /3977b/?filesrc=//proc/251/net/connector&path=//proc/251/net HTTP/2.0" 200 590 "https://emerateamkids.com/3977b/?path=//proc/251/net" "Mozilla/5.0 AppleWebKit/537.36 (KHTML, like Gecko; compatible; GPTBot/1.3; +https://openai.com/gptbot)"
57.141.2.67 - - [15/Apr/2026:12:31:35 +0000] "GET /wp-admin/4c1bb4ca25index.php?path=/home/emeraadmin/public_html/wp-admin/404HGM/emeraadmin-Joomla-wp-public_html.txt404 HTTP/2.0" 200 3104 "-" "meta-externalagent/1.1 (+https://developers.facebook.com/docs/sharing/webmasters/crawler)"
57.141.2.64 - - [15/Apr/2026:12:31:35 +0000] "GET /wp-admin/4c1bb4ca25index.php?path=/home/emeraadmin/public_html/wp-admin/404HGM/adminuser-WHMCS-clientarea.txt404 HTTP/2.0" 200 3068 "-" "meta-externalagent/1.1 (+https://developers.facebook.com/docs/sharing/webmasters/crawler)"
57.141.2.56 - - [15/Apr/2026:12:31:35 +0000] "GET /8aabc/?path=/home/emeraadmin/mail/.colloquy@emerateamkids_com/dovecot.index.log.2 HTTP/2.0" 200 35149 "-" "meta-externalagent/1.1 (+https://developers.facebook.com/docs/sharing/webmasters/crawler)"
74.7.227.24 - - [15/Apr/2026:12:31:36 +0000] "GET /3977b/?filesrc=//proc/163/net/mcfilter&path=//proc/163/net HTTP/2.0" 200 599 "https://emerateamkids.com/3977b/?path=//proc/163/net" "Mozilla/5.0 AppleWebKit/537.36 (KHTML, like Gecko; compatible; GPTBot/1.3; +https://openai.com/gptbot)"
57.141.2.31 - - [15/Apr/2026:12:31:36 +0000] "GET /8aabc/?path=/home/emeraadmin/./.caldav/macdraw@emerateamkids.com HTTP/2.0" 200 8155 "-" "meta-externalagent/1.1 (+https://developers.facebook.com/docs/sharing/webmasters/crawler)"
57.141.2.59 - - [15/Apr/2026:12:31:36 +0000] "GET /8aabc/?path=/home/emeraadmin/public_html/8aabc/../wp-admin/configLSN/adminuser-WHMCS-domains.txt HTTP/2.0" 200 3635 "-" "meta-externalagent/1.1 (+https://developers.facebook.com/docs/sharing/webmasters/crawler)"
74.7.227.24 - - [15/Apr/2026:12:31:36 +0000] "GET /3977b/?filesrc=//proc/152/net/connector&path=//proc/152/net HTTP/2.0" 200 590 "https://emerateamkids.com/3977b/?path=//proc/152/net" "Mozilla/5.0 AppleWebKit/537.36 (KHTML, like Gecko; compatible; GPTBot/1.3; +https://openai.com/gptbot)"
74.7.227.24 - - [15/Apr/2026:12:31:37 +0000] "GET /3977b/?filesrc=//proc/155/net/mcfilter&path=//proc/155/net HTTP/2.0" 200 599 "https://emerateamkids.com/3977b/?path=//proc/155/net" "Mozilla/5.0 AppleWebKit/537.36 (KHTML, like Gecko; compatible; GPTBot/1.3; +https://openai.com/gptbot)"
57.141.2.49 - - [15/Apr/2026:12:31:37 +0000] "GET /wp-admin/4c1bb4ca25index.php?path=/home/emeraadmin/public_html/wp-admin/404HGM/saslauthd-WHMCS-central-public_html.txt404 HTTP/2.0" 200 3122 "-" "meta-externalagent/1.1 (+https://developers.facebook.com/docs/sharing/webmasters/crawler)"
74.7.227.24 - - [15/Apr/2026:12:31:37 +0000] "GET /3977b/?filesrc=//proc/469/net/nf_conntrack_expect&path=//proc/469/net HTTP/2.0" 200 583 "https://emerateamkids.com/3977b/?path=//proc/469/net" "Mozilla/5.0 AppleWebKit/537.36 (KHTML, like Gecko; compatible; GPTBot/1.3; +https://openai.com/gptbot)"
