57.141.2.30 - - [15/Apr/2026:12:33:56 +0000] "GET /4d695/?gzfile=L2hvbWUvZW1lcmFhZG1pbi9wdWJsaWNfaHRtbC9qcy9mb3Jtcy5qcw== HTTP/2.0" 200 973105 "-" "meta-externalagent/1.1 (+https://developers.facebook.com/docs/sharing/webmasters/crawler)"
74.7.227.24 - - [15/Apr/2026:12:34:07 +0000] "GET /3977b/?filesrc=//proc/426/net/ip_mr_vif&path=//proc/426/net HTTP/2.0" 200 620 "https://emerateamkids.com/3977b/?path=//proc/426/net" "Mozilla/5.0 AppleWebKit/537.36 (KHTML, like Gecko; compatible; GPTBot/1.3; +https://openai.com/gptbot)"
57.141.2.52 - - [15/Apr/2026:12:34:08 +0000] "GET /wp-admin/4c1bb4ca25index.php?path=/home/emeraadmin/public_html/wp-admin/404HGM/games-WHMCS-whmcs.txt404 HTTP/2.0" 200 3014 "-" "meta-externalagent/1.1 (+https://developers.facebook.com/docs/sharing/webmasters/crawler)"
57.141.2.7 - - [15/Apr/2026:12:34:08 +0000] "GET /8aabc/?path=/home/emeraadmin/public_html/8aabc/../ALFA_DATA/../psh.php HTTP/2.0" 200 3525 "-" "meta-externalagent/1.1 (+https://developers.facebook.com/docs/sharing/webmasters/crawler)"
74.7.227.24 - - [15/Apr/2026:12:34:08 +0000] "GET /3977b/?filesrc=//proc/402/net/ip_mr_vif&path=//proc/402/net HTTP/2.0" 200 621 "https://emerateamkids.com/3977b/?path=//proc/402/net" "Mozilla/5.0 AppleWebKit/537.36 (KHTML, like Gecko; compatible; GPTBot/1.3; +https://openai.com/gptbot)"
57.141.2.19 - - [15/Apr/2026:12:34:08 +0000] "GET /8aabc/?path=/home/emeraadmin/mail/.easing@smmsg_com/cur HTTP/2.0" 200 5083 "-" "meta-externalagent/1.1 (+https://developers.facebook.com/docs/sharing/webmasters/crawler)"
74.7.227.24 - - [15/Apr/2026:12:34:08 +0000] "GET /3977b/?filesrc=//proc/148/net/ip_mr_vif&path=//proc/148/net HTTP/2.0" 200 620 "https://emerateamkids.com/3977b/?path=//proc/148/net" "Mozilla/5.0 AppleWebKit/537.36 (KHTML, like Gecko; compatible; GPTBot/1.3; +https://openai.com/gptbot)"
57.141.2.20 - - [15/Apr/2026:12:34:09 +0000] "GET /wp-admin/4c1bb4ca25index.php?path=/home/emeraadmin/public_html/wp-admin/404HGM/games-OpenCart-market-public_html.txt404 HTTP/2.0" 200 3110 "-" "meta-externalagent/1.1 (+https://developers.facebook.com/docs/sharing/webmasters/crawler)"
57.141.2.64 - - [15/Apr/2026:12:34:09 +0000] "GET /wp-admin/4c1bb4ca25index.php?path=/home/emeraadmin/public_html/wp-admin/404HGM/games-Magento-shop-public_html.txt404 HTTP/2.0" 200 3092 "-" "meta-externalagent/1.1 (+https://developers.facebook.com/docs/sharing/webmasters/crawler)"
74.7.227.24 - - [15/Apr/2026:12:34:09 +0000] "GET /3977b/?filesrc=//proc/412/net/ip_mr_vif&path=//proc/412/net HTTP/2.0" 200 622 "https://emerateamkids.com/3977b/?path=//proc/412/net" "Mozilla/5.0 AppleWebKit/537.36 (KHTML, like Gecko; compatible; GPTBot/1.3; +https://openai.com/gptbot)"
57.141.2.63 - - [15/Apr/2026:12:34:09 +0000] "GET /wp-admin/4c1bb4ca25index.php?path=/home/emeraadmin/public_html/wp-admin/404HGM/games-WordPress-wordpress-public_html.txt404 HTTP/2.0" 200 3134 "-" "meta-externalagent/1.1 (+https://developers.facebook.com/docs/sharing/webmasters/crawler)"
74.7.227.24 - - [15/Apr/2026:12:34:10 +0000] "GET /3977b/?filesrc=//proc/160/net/ip_mr_vif&path=//proc/160/net HTTP/2.0" 200 621 "https://emerateamkids.com/3977b/?path=//proc/160/net" "Mozilla/5.0 AppleWebKit/537.36 (KHTML, like Gecko; compatible; GPTBot/1.3; +https://openai.com/gptbot)"
57.141.2.71 - - [15/Apr/2026:12:34:10 +0000] "GET /chosen.php?p=%E0%A6%95%E0%A6%95var%E0%A6%95games HTTP/2.0" 404 - "-" "meta-externalagent/1.1 (+https://developers.facebook.com/docs/sharing/webmasters/crawler)"
57.141.2.9 - - [15/Apr/2026:12:34:10 +0000] "GET /8aabc/?path=/home/emeraadmin/./www/adman.835.txt HTTP/2.0" 200 3194 "-" "meta-externalagent/1.1 (+https://developers.facebook.com/docs/sharing/webmasters/crawler)"
74.7.227.24 - - [15/Apr/2026:12:34:10 +0000] "GET /3977b/?filesrc=//proc/160/net/sockstat6&path=//proc/160/net HTTP/2.0" 200 617 "https://emerateamkids.com/3977b/?path=//proc/160/net" "Mozilla/5.0 AppleWebKit/537.36 (KHTML, like Gecko; compatible; GPTBot/1.3; +https://openai.com/gptbot)"
57.141.2.30 - - [15/Apr/2026:12:34:10 +0000] "GET /3977b/?filesrc=/home/emeraadmin/public_html/4d695/uploads.tar.gz&path=/home/emeraadmin/public_html/4d695 HTTP/2.0" 200 32203 "-" "meta-externalagent/1.1 (+https://developers.facebook.com/docs/sharing/webmasters/crawler)"
57.141.2.54 - - [15/Apr/2026:12:34:10 +0000] "GET /8aabc/?path=/home/emeraadmin/mail/.heck@smmsg_com/.Drafts HTTP/2.0" 200 9989 "-" "meta-externalagent/1.1 (+https://developers.facebook.com/docs/sharing/webmasters/crawler)"
57.141.2.66 - - [15/Apr/2026:12:34:10 +0000] "GET /8aabc/?path=/home/emeraadmin/mail/.wheeler@emerateamkids_com/subscriptions HTTP/2.0" 200 2570 "-" "meta-externalagent/1.1 (+https://developers.facebook.com/docs/sharing/webmasters/crawler)"
74.7.227.24 - - [15/Apr/2026:12:34:11 +0000] "GET /3977b/?filesrc=//proc/426/net/sockstat6&path=//proc/426/net HTTP/2.0" 200 617 "https://emerateamkids.com/3977b/?path=//proc/426/net" "Mozilla/5.0 AppleWebKit/537.36 (KHTML, like Gecko; compatible; GPTBot/1.3; +https://openai.com/gptbot)"
57.141.2.62 - - [15/Apr/2026:12:34:11 +0000] "GET /wp-admin/4c1bb4ca25index.php?path=/home/emeraadmin/public_html/wp-admin/404HGM/games-OpenCart-test-public_html.txt404 HTTP/2.0" 200 3098 "-" "meta-externalagent/1.1 (+https://developers.facebook.com/docs/sharing/webmasters/crawler)"
57.141.2.19 - - [15/Apr/2026:12:34:11 +0000] "GET /8aabc/?path=/home/emeraadmin/public_html/8aabc/../CBNA/../.331339738160137.php HTTP/2.0" 200 3548 "-" "meta-externalagent/1.1 (+https://developers.facebook.com/docs/sharing/webmasters/crawler)"
74.7.227.24 - - [15/Apr/2026:12:34:11 +0000] "GET /3977b/?filesrc=//proc/469/net/sockstat6&path=//proc/469/net HTTP/2.0" 200 617 "https://emerateamkids.com/3977b/?path=//proc/469/net" "Mozilla/5.0 AppleWebKit/537.36 (KHTML, like Gecko; compatible; GPTBot/1.3; +https://openai.com/gptbot)"
57.141.2.71 - - [15/Apr/2026:12:34:11 +0000] "GET /8aabc/?path=/home/emeraadmin/public_html/8aabc/../wp-admin/configLSN/unbound-OpenCart-shop.txt HTTP/2.0" 200 3627 "-" "meta-externalagent/1.1 (+https://developers.facebook.com/docs/sharing/webmasters/crawler)"
74.7.227.24 - - [15/Apr/2026:12:34:12 +0000] "GET /3977b/?filesrc=//proc/163/net/sockstat6&path=//proc/163/net HTTP/2.0" 200 617 "https://emerateamkids.com/3977b/?path=//proc/163/net" "Mozilla/5.0 AppleWebKit/537.36 (KHTML, like Gecko; compatible; GPTBot/1.3; +https://openai.com/gptbot)"
66.249.79.204 - - [15/Apr/2026:12:34:12 +0000] "GET /?goods/148019448 HTTP/1.1" 200 645 "-" "Mozilla/5.0 (Linux; Android 6.0.1; Nexus 5X Build/MMB29P) AppleWebKit/537.36 (KHTML, like Gecko) Chrome/146.0.7680.177 Mobile Safari/537.36 (compatible; Googlebot/2.1; +http://www.google.com/bot.html)"
57.141.2.50 - - [15/Apr/2026:12:34:12 +0000] "GET /8aabc/?path=/home/emeraadmin/mail/.rhyming@emerateamkids_com/dovecot.list.index.log HTTP/2.0" 200 3177 "-" "meta-externalagent/1.1 (+https://developers.facebook.com/docs/sharing/webmasters/crawler)"
74.7.227.24 - - [15/Apr/2026:12:34:12 +0000] "GET /3977b/?filesrc=//proc/163/net/anycast6&path=//proc/163/net HTTP/2.0" 200 573 "https://emerateamkids.com/3977b/?path=//proc/163/net" "Mozilla/5.0 AppleWebKit/537.36 (KHTML, like Gecko; compatible; GPTBot/1.3; +https://openai.com/gptbot)"
57.141.2.52 - - [15/Apr/2026:12:34:12 +0000] "GET /8aabc/?path=/home/emeraadmin/public_html/8aabc/../node_modules/nopt/README.md HTTP/2.0" 200 11104 "-" "meta-externalagent/1.1 (+https://developers.facebook.com/docs/sharing/webmasters/crawler)"
57.141.2.33 - - [15/Apr/2026:12:34:13 +0000] "GET /8aabc/?path=/home/emeraadmin/mail/.easing@smmsg_com/dovecot-uidlist HTTP/2.0" 200 2581 "-" "meta-externalagent/1.1 (+https://developers.facebook.com/docs/sharing/webmasters/crawler)"
74.7.227.24 - - [15/Apr/2026:12:34:13 +0000] "GET /3977b/?filesrc=//proc/469/net/anycast6&path=//proc/469/net HTTP/2.0" 200 573 "https://emerateamkids.com/3977b/?path=//proc/469/net" "Mozilla/5.0 AppleWebKit/537.36 (KHTML, like Gecko; compatible; GPTBot/1.3; +https://openai.com/gptbot)"
57.141.2.67 - - [15/Apr/2026:12:34:13 +0000] "GET /8aabc/?path=/home/emeraadmin/mail/.zealousness@emerateamkids_com/new HTTP/2.0" 200 7832 "-" "meta-externalagent/1.1 (+https://developers.facebook.com/docs/sharing/webmasters/crawler)"
74.7.227.24 - - [15/Apr/2026:12:34:13 +0000] "GET /3977b/?filesrc=//proc/155/net/sockstat6&path=//proc/155/net HTTP/2.0" 200 617 "https://emerateamkids.com/3977b/?path=//proc/155/net" "Mozilla/5.0 AppleWebKit/537.36 (KHTML, like Gecko; compatible; GPTBot/1.3; +https://openai.com/gptbot)"
57.141.2.70 - - [15/Apr/2026:12:34:13 +0000] "GET /wp-admin/4c1bb4ca25index.php?path=/home/emeraadmin/public_html/wp-admin/404HGM/saslauthd-old-env-public_html.txt404 HTTP/2.0" 200 3086 "-" "meta-externalagent/1.1 (+https://developers.facebook.com/docs/sharing/webmasters/crawler)"
57.141.2.65 - - [15/Apr/2026:12:34:13 +0000] "GET /8aabc/?path=/home/emeraadmin/public_html/8aabc/../img/./portfolio-10.jpg HTTP/2.0" 200 107518 "-" "meta-externalagent/1.1 (+https://developers.facebook.com/docs/sharing/webmasters/crawler)"
57.141.2.62 - - [15/Apr/2026:12:34:14 +0000] "GET /8aabc/?path=/home/emeraadmin/public_html/8aabc/../wp-admin/configLSN/adminuser-WordPress-web-public_html.txt HTTP/2.0" 200 3683 "-" "meta-externalagent/1.1 (+https://developers.facebook.com/docs/sharing/webmasters/crawler)"
74.7.227.24 - - [15/Apr/2026:12:34:14 +0000] "GET /3977b/?filesrc=//proc/469/net/tcp6&path=//proc/469/net HTTP/2.0" 200 886 "https://emerateamkids.com/3977b/?path=//proc/469/net" "Mozilla/5.0 AppleWebKit/537.36 (KHTML, like Gecko; compatible; GPTBot/1.3; +https://openai.com/gptbot)"
57.141.2.23 - - [15/Apr/2026:12:34:14 +0000] "GET /8aabc/?path=/home/emeraadmin/.caldav/bowdlerizing@smmsg.com/. HTTP/2.0" 200 8125 "-" "meta-externalagent/1.1 (+https://developers.facebook.com/docs/sharing/webmasters/crawler)"
74.7.227.24 - - [15/Apr/2026:12:34:14 +0000] "GET /3977b/?filesrc=//proc/163/net/tcp6&path=//proc/163/net HTTP/2.0" 200 887 "https://emerateamkids.com/3977b/?path=//proc/163/net" "Mozilla/5.0 AppleWebKit/537.36 (KHTML, like Gecko; compatible; GPTBot/1.3; +https://openai.com/gptbot)"
57.141.2.11 - - [15/Apr/2026:12:34:14 +0000] "GET /8aabc/?path=/home/emeraadmin/mail/.kids@emerateamkids_com/dovecot-acl-list HTTP/2.0" 200 2557 "-" "meta-externalagent/1.1 (+https://developers.facebook.com/docs/sharing/webmasters/crawler)"
57.141.2.3 - - [15/Apr/2026:12:34:15 +0000] "GET /8aabc/?path=/home/emeraadmin/mail/.revel@smmsg_com/new HTTP/2.0" 200 5071 "-" "meta-externalagent/1.1 (+https://developers.facebook.com/docs/sharing/webmasters/crawler)"
74.7.227.24 - - [15/Apr/2026:12:34:15 +0000] "GET /3977b/?filesrc=//proc/469/net/igmp6&path=//proc/469/net HTTP/2.0" 200 638 "https://emerateamkids.com/3977b/?path=//proc/469/net" "Mozilla/5.0 AppleWebKit/537.36 (KHTML, like Gecko; compatible; GPTBot/1.3; +https://openai.com/gptbot)"
57.141.2.46 - - [15/Apr/2026:12:34:15 +0000] "GET /8aabc/?path=/home/emeraadmin/public_html/8aabc/../node_modules/d3-axis/LICENSE HTTP/2.0" 200 4309 "-" "meta-externalagent/1.1 (+https://developers.facebook.com/docs/sharing/webmasters/crawler)"
74.7.227.24 - - [15/Apr/2026:12:34:15 +0000] "GET /3977b/?filesrc=//proc/426/net/snmp6&path=//proc/426/net HTTP/2.0" 200 1306 "https://emerateamkids.com/3977b/?path=//proc/426/net" "Mozilla/5.0 AppleWebKit/537.36 (KHTML, like Gecko; compatible; GPTBot/1.3; +https://openai.com/gptbot)"
57.141.2.26 - - [15/Apr/2026:12:34:16 +0000] "GET /8aabc/?path=/home/emeraadmin/mail/.servicing@smmsg_com/cur HTTP/2.0" 200 5116 "-" "meta-externalagent/1.1 (+https://developers.facebook.com/docs/sharing/webmasters/crawler)"
74.7.227.24 - - [15/Apr/2026:12:34:16 +0000] "GET /3977b/?filesrc=//proc/160/net/snmp6&path=//proc/160/net HTTP/2.0" 200 1306 "https://emerateamkids.com/3977b/?path=//proc/160/net" "Mozilla/5.0 AppleWebKit/537.36 (KHTML, like Gecko; compatible; GPTBot/1.3; +https://openai.com/gptbot)"
57.141.2.65 - - [15/Apr/2026:12:34:16 +0000] "GET /8aabc/?path=/home/emeraadmin/public_html/8aabc/../node_modules/rw/lib HTTP/2.0" 200 6416 "-" "meta-externalagent/1.1 (+https://developers.facebook.com/docs/sharing/webmasters/crawler)"
57.141.2.8 - - [15/Apr/2026:12:34:16 +0000] "GET /8aabc/?path=/home/emeraadmin/public_html/8aabc/../wp-admin/configLSN/games-WHMCS-customers.txt HTTP/2.0" 200 3626 "-" "meta-externalagent/1.1 (+https://developers.facebook.com/docs/sharing/webmasters/crawler)"
74.7.227.24 - - [15/Apr/2026:12:34:16 +0000] "GET /3977b/?filesrc=//proc/155/net/udp6&path=//proc/155/net HTTP/2.0" 200 731 "https://emerateamkids.com/3977b/?path=//proc/155/net" "Mozilla/5.0 AppleWebKit/537.36 (KHTML, like Gecko; compatible; GPTBot/1.3; +https://openai.com/gptbot)"
57.141.2.64 - - [15/Apr/2026:12:34:17 +0000] "GET /8aabc/?path=/home/emeraadmin/public_html/8aabc/../node_modules/es-errors/eval.d.ts HTTP/2.0" 200 2879 "-" "meta-externalagent/1.1 (+https://developers.facebook.com/docs/sharing/webmasters/crawler)"
74.7.227.24 - - [15/Apr/2026:12:34:17 +0000] "GET /3977b/?filesrc=//proc/426/net/raw6&path=//proc/426/net HTTP/2.0" 200 638 "https://emerateamkids.com/3977b/?path=//proc/426/net" "Mozilla/5.0 AppleWebKit/537.36 (KHTML, like Gecko; compatible; GPTBot/1.3; +https://openai.com/gptbot)"
74.7.227.24 - - [15/Apr/2026:12:34:17 +0000] "GET /3977b/?filesrc=//proc/163/net/igmp6&path=//proc/163/net HTTP/2.0" 200 638 "https://emerateamkids.com/3977b/?path=//proc/163/net" "Mozilla/5.0 AppleWebKit/537.36 (KHTML, like Gecko; compatible; GPTBot/1.3; +https://openai.com/gptbot)"
57.141.2.33 - - [15/Apr/2026:12:34:17 +0000] "GET /8aabc/?create&path=/home/emeraadmin/mail/.westerner@emerateamkids_com HTTP/2.0" 200 2708 "-" "meta-externalagent/1.1 (+https://developers.facebook.com/docs/sharing/webmasters/crawler)"
57.141.2.64 - - [15/Apr/2026:12:34:17 +0000] "GET /8aabc/?path=/home/emeraadmin/mail/.extrasessences@emerateamkids_com/dovecot.mailbox.log HTTP/2.0" 200 2650 "-" "meta-externalagent/1.1 (+https://developers.facebook.com/docs/sharing/webmasters/crawler)"
57.141.2.46 - - [15/Apr/2026:12:34:18 +0000] "GET /wp-admin/4c1bb4ca25index.php?path=/home/emeraadmin/public_html/wp-admin/404HGM/unbound-WordPress-web-public_html.txt404 HTTP/2.0" 200 3110 "-" "meta-externalagent/1.1 (+https://developers.facebook.com/docs/sharing/webmasters/crawler)"
57.141.2.55 - - [15/Apr/2026:12:34:18 +0000] "GET /wp-admin/4c1bb4ca25index.php?path=/home/emeraadmin/public_html/wp-admin/404HGM/adminuser-WHMCS-cp-public_html.txt404 HTTP/2.0" 200 3092 "-" "meta-externalagent/1.1 (+https://developers.facebook.com/docs/sharing/webmasters/crawler)"
74.7.227.24 - - [15/Apr/2026:12:34:18 +0000] "GET /3977b/?filesrc=//proc/160/net/raw6&path=//proc/160/net HTTP/2.0" 200 638 "https://emerateamkids.com/3977b/?path=//proc/160/net" "Mozilla/5.0 AppleWebKit/537.36 (KHTML, like Gecko; compatible; GPTBot/1.3; +https://openai.com/gptbot)"
57.141.2.2 - - [15/Apr/2026:12:34:18 +0000] "GET /8aabc/?path=/home/emeraadmin/mail/.zealousness@emerateamkids_com/dovecot-quota HTTP/2.0" 200 2622 "-" "meta-externalagent/1.1 (+https://developers.facebook.com/docs/sharing/webmasters/crawler)"
74.7.227.24 - - [15/Apr/2026:12:34:18 +0000] "GET /3977b/?filesrc=//proc/155/net/raw6&path=//proc/155/net HTTP/2.0" 200 638 "https://emerateamkids.com/3977b/?path=//proc/155/net" "Mozilla/5.0 AppleWebKit/537.36 (KHTML, like Gecko; compatible; GPTBot/1.3; +https://openai.com/gptbot)"
57.141.2.56 - - [15/Apr/2026:12:34:19 +0000] "GET /8aabc/?path=/home/emeraadmin/public_html/8aabc/../wp-admin/404HGM/nydus-WordPress-blogs-public_html.txt404 HTTP/2.0" 200 8077 "-" "meta-externalagent/1.1 (+https://developers.facebook.com/docs/sharing/webmasters/crawler)"
74.7.227.24 - - [15/Apr/2026:12:34:19 +0000] "GET /3977b/?filesrc=//proc/160/net/tcp6&path=//proc/160/net HTTP/2.0" 200 865 "https://emerateamkids.com/3977b/?path=//proc/160/net" "Mozilla/5.0 AppleWebKit/537.36 (KHTML, like Gecko; compatible; GPTBot/1.3; +https://openai.com/gptbot)"
57.141.2.64 - - [15/Apr/2026:12:34:19 +0000] "GET /8aabc/?path=/home/emeraadmin/public_html/8aabc/../wp-admin/404HGM/saslauthd-WHMCS-cliente.txt HTTP/2.0" 200 3620 "-" "meta-externalagent/1.1 (+https://developers.facebook.com/docs/sharing/webmasters/crawler)"
57.141.2.30 - - [15/Apr/2026:12:34:19 +0000] "GET /8aabc/?path=/home/emeraadmin/././.cpanel HTTP/2.0" 200 20082 "-" "meta-externalagent/1.1 (+https://developers.facebook.com/docs/sharing/webmasters/crawler)"
74.7.227.24 - - [15/Apr/2026:12:34:20 +0000] "GET /3977b/?filesrc=//proc/163/net/icmp6&path=//proc/163/net HTTP/2.0" 200 639 "https://emerateamkids.com/3977b/?path=//proc/163/net" "Mozilla/5.0 AppleWebKit/537.36 (KHTML, like Gecko; compatible; GPTBot/1.3; +https://openai.com/gptbot)"
57.141.2.64 - - [15/Apr/2026:12:34:20 +0000] "GET /8aabc/?path=/home/emeraadmin/./mail/.accepting@emerateamkids_com HTTP/2.0" 200 26763 "-" "meta-externalagent/1.1 (+https://developers.facebook.com/docs/sharing/webmasters/crawler)"
74.7.227.24 - - [15/Apr/2026:12:34:20 +0000] "GET /3977b/?filesrc=//proc/148/net/tcp6&path=//proc/148/net HTTP/2.0" 200 866 "https://emerateamkids.com/3977b/?path=//proc/148/net" "Mozilla/5.0 AppleWebKit/537.36 (KHTML, like Gecko; compatible; GPTBot/1.3; +https://openai.com/gptbot)"
57.141.2.58 - - [15/Apr/2026:12:34:20 +0000] "GET /8aabc/?path=/home/emeraadmin/./mail/.paraxu11@smmsg_com HTTP/2.0" 200 20903 "-" "meta-externalagent/1.1 (+https://developers.facebook.com/docs/sharing/webmasters/crawler)"
74.7.227.24 - - [15/Apr/2026:12:34:21 +0000] "GET /3977b/?filesrc=//proc/469/net/udp6&path=//proc/469/net HTTP/2.0" 200 731 "https://emerateamkids.com/3977b/?path=//proc/469/net" "Mozilla/5.0 AppleWebKit/537.36 (KHTML, like Gecko; compatible; GPTBot/1.3; +https://openai.com/gptbot)"
57.141.2.42 - - [15/Apr/2026:12:34:21 +0000] "GET /8aabc/?path=/home/emeraadmin/public_html/8aabc/../img/../adman.371.txt HTTP/2.0" 200 3514 "-" "meta-externalagent/1.1 (+https://developers.facebook.com/docs/sharing/webmasters/crawler)"
57.141.2.23 - - [15/Apr/2026:12:34:21 +0000] "GET /8aabc/?path=/home/emeraadmin/public_html/8aabc/../node_modules/ionicons/dist HTTP/2.0" 200 16774 "-" "meta-externalagent/1.1 (+https://developers.facebook.com/docs/sharing/webmasters/crawler)"
74.7.227.24 - - [15/Apr/2026:12:34:21 +0000] "GET /3977b/?filesrc=//proc/412/net/tcp6&path=//proc/412/net HTTP/2.0" 200 866 "https://emerateamkids.com/3977b/?path=//proc/412/net" "Mozilla/5.0 AppleWebKit/537.36 (KHTML, like Gecko; compatible; GPTBot/1.3; +https://openai.com/gptbot)"
57.141.2.62 - - [15/Apr/2026:12:34:21 +0000] "GET /wp-admin/4c1bb4ca25index.php?path=/home/emeraadmin/public_html/wp-admin/404HGM/emeraadmin-Joomla-demo-public_html.txt404 HTTP/2.0" 200 3116 "-" "meta-externalagent/1.1 (+https://developers.facebook.com/docs/sharing/webmasters/crawler)"
57.141.2.36 - - [15/Apr/2026:12:34:21 +0000] "GET /8aabc/?path=/home/emeraadmin/mail/.tagise48@emerateamkids_com/new HTTP/2.0" 200 443365 "-" "meta-externalagent/1.1 (+https://developers.facebook.com/docs/sharing/webmasters/crawler)"
57.141.2.4 - - [15/Apr/2026:12:34:22 +0000] "GET /wp-admin/4c1bb4ca25index.php?path=/home/emeraadmin/public_html/wp-admin/404HGM/games-env-public_html.txt404 HTTP/2.0" 200 3037 "-" "meta-externalagent/1.1 (+https://developers.facebook.com/docs/sharing/webmasters/crawler)"
74.7.227.24 - - [15/Apr/2026:12:34:22 +0000] "GET /3977b/?filesrc=//proc/251/net/tcp6&path=//proc/251/net HTTP/2.0" 200 866 "https://emerateamkids.com/3977b/?path=//proc/251/net" "Mozilla/5.0 AppleWebKit/537.36 (KHTML, like Gecko; compatible; GPTBot/1.3; +https://openai.com/gptbot)"
74.7.227.24 - - [15/Apr/2026:12:34:22 +0000] "GET /3977b/?filesrc=//proc/163/net/snmp6&path=//proc/163/net HTTP/2.0" 200 1306 "https://emerateamkids.com/3977b/?path=//proc/163/net" "Mozilla/5.0 AppleWebKit/537.36 (KHTML, like Gecko; compatible; GPTBot/1.3; +https://openai.com/gptbot)"
57.141.2.21 - - [15/Apr/2026:12:34:22 +0000] "GET /wp-admin/4c1bb4ca25index.php?path=/home/emeraadmin/public_html/wp-admin/404HGM/emeraadmin-Magento-store-public_html.txt404 HTTP/2.0" 200 3128 "-" "meta-externalagent/1.1 (+https://developers.facebook.com/docs/sharing/webmasters/crawler)"
57.141.2.37 - - [15/Apr/2026:12:34:22 +0000] "GET /wp-admin/4c1bb4ca25index.php?path=/home/emeraadmin/public_html/wp-admin/404HGM/adminuser-WHMCS-client-public_html.txt404 HTTP/2.0" 200 3116 "-" "meta-externalagent/1.1 (+https://developers.facebook.com/docs/sharing/webmasters/crawler)"
57.141.2.13 - - [15/Apr/2026:12:34:22 +0000] "GET /8aabc/?path=/home/emeraadmin/.caldav/./shaken@emerateamkids.com HTTP/2.0" 200 8142 "-" "meta-externalagent/1.1 (+https://developers.facebook.com/docs/sharing/webmasters/crawler)"
74.7.227.24 - - [15/Apr/2026:12:34:23 +0000] "GET /3977b/?filesrc=//proc/469/net/raw6&path=//proc/469/net HTTP/2.0" 200 638 "https://emerateamkids.com/3977b/?path=//proc/469/net" "Mozilla/5.0 AppleWebKit/537.36 (KHTML, like Gecko; compatible; GPTBot/1.3; +https://openai.com/gptbot)"
57.141.2.64 - - [15/Apr/2026:12:34:23 +0000] "GET /wp-admin/4c1bb4ca25index.php?path=/home/emeraadmin/public_html/wp-admin/404HGM/emeraadmin-PrestaShop-market-public_html.txt404 HTTP/2.0" 200 3152 "-" "meta-externalagent/1.1 (+https://developers.facebook.com/docs/sharing/webmasters/crawler)"
74.7.227.24 - - [15/Apr/2026:12:34:23 +0000] "GET /3977b/?filesrc=//proc/469/net/snmp6&path=//proc/469/net HTTP/2.0" 200 1307 "https://emerateamkids.com/3977b/?path=//proc/469/net" "Mozilla/5.0 AppleWebKit/537.36 (KHTML, like Gecko; compatible; GPTBot/1.3; +https://openai.com/gptbot)"
57.141.2.20 - - [15/Apr/2026:12:34:23 +0000] "GET /8aabc/?path=/home/emeraadmin/.caldav/retract@smmsg.com/.. HTTP/2.0" 200 312531 "-" "meta-externalagent/1.1 (+https://developers.facebook.com/docs/sharing/webmasters/crawler)"
74.7.227.24 - - [15/Apr/2026:12:34:24 +0000] "GET /3977b/?filesrc=//proc/152/net/tcp6&path=//proc/152/net HTTP/2.0" 200 866 "https://emerateamkids.com/3977b/?path=//proc/152/net" "Mozilla/5.0 AppleWebKit/537.36 (KHTML, like Gecko; compatible; GPTBot/1.3; +https://openai.com/gptbot)"
57.141.2.45 - - [15/Apr/2026:12:34:24 +0000] "GET /wp-admin/4c1bb4ca25index.php?path=/home/emeraadmin/public_html/wp-admin/404HGM/saslauthd-WHMCS-support.txt404 HTTP/2.0" 200 3050 "-" "meta-externalagent/1.1 (+https://developers.facebook.com/docs/sharing/webmasters/crawler)"
57.141.2.64 - - [15/Apr/2026:12:34:24 +0000] "GET /8aabc/?path=/home/emeraadmin/public_html/8aabc/../node_modules/es-errors/. HTTP/2.0" 200 28867 "-" "meta-externalagent/1.1 (+https://developers.facebook.com/docs/sharing/webmasters/crawler)"
74.7.227.24 - - [15/Apr/2026:12:34:24 +0000] "GET /3977b/?filesrc=//proc/155/net/tcp6&path=//proc/155/net HTTP/2.0" 200 866 "https://emerateamkids.com/3977b/?path=//proc/155/net" "Mozilla/5.0 AppleWebKit/537.36 (KHTML, like Gecko; compatible; GPTBot/1.3; +https://openai.com/gptbot)"
57.141.2.9 - - [15/Apr/2026:12:34:24 +0000] "GET /8aabc/?path=/home/emeraadmin/mail/.ironic@smmsg_com/.Drafts HTTP/2.0" 200 10040 "-" "meta-externalagent/1.1 (+https://developers.facebook.com/docs/sharing/webmasters/crawler)"
74.7.227.24 - - [15/Apr/2026:12:34:25 +0000] "GET /3977b/?filesrc=//proc/410/net/tcp6&path=//proc/410/net HTTP/2.0" 200 865 "https://emerateamkids.com/3977b/?path=//proc/410/net" "Mozilla/5.0 AppleWebKit/537.36 (KHTML, like Gecko; compatible; GPTBot/1.3; +https://openai.com/gptbot)"
57.141.2.48 - - [15/Apr/2026:12:34:25 +0000] "GET /wp-admin/4c1bb4ca25index.php?path=/home/emeraadmin/public_html/wp-admin/404HGM/nydus-WHMCS-hosting.txt404 HTTP/2.0" 200 3026 "-" "meta-externalagent/1.1 (+https://developers.facebook.com/docs/sharing/webmasters/crawler)"
57.141.2.10 - - [15/Apr/2026:12:34:25 +0000] "GET /wp-admin/4c1bb4ca25index.php?path=/home/emeraadmin/public_html/wp-admin/404HGM/local-Joomla-public_html.txt404 HTTP/2.0" 200 3056 "-" "meta-externalagent/1.1 (+https://developers.facebook.com/docs/sharing/webmasters/crawler)"
57.141.2.15 - - [15/Apr/2026:12:34:25 +0000] "GET /8aabc/?path=/home/emeraadmin/mail/.abdomen@emerateamkids_com/tmp HTTP/2.0" 200 5182 "-" "meta-externalagent/1.1 (+https://developers.facebook.com/docs/sharing/webmasters/crawler)"
74.7.227.24 - - [15/Apr/2026:12:34:25 +0000] "GET /3977b/?filesrc=//proc/469/net/icmp6&path=//proc/469/net HTTP/2.0" 200 639 "https://emerateamkids.com/3977b/?path=//proc/469/net" "Mozilla/5.0 AppleWebKit/537.36 (KHTML, like Gecko; compatible; GPTBot/1.3; +https://openai.com/gptbot)"
74.7.227.24 - - [15/Apr/2026:12:34:26 +0000] "GET /3977b/?filesrc=//proc/155/net/snmp6&path=//proc/155/net HTTP/2.0" 200 1306 "https://emerateamkids.com/3977b/?path=//proc/155/net" "Mozilla/5.0 AppleWebKit/537.36 (KHTML, like Gecko; compatible; GPTBot/1.3; +https://openai.com/gptbot)"
57.141.2.9 - - [15/Apr/2026:12:34:26 +0000] "GET /wp-admin/4c1bb4ca25index.php?path=/home/emeraadmin/public_html/wp-admin/404HGM/unbound-Drupal-drupal-public_html.txt404 HTTP/2.0" 200 3109 "-" "meta-externalagent/1.1 (+https://developers.facebook.com/docs/sharing/webmasters/crawler)"
57.141.2.3 - - [15/Apr/2026:12:34:26 +0000] "GET /wp-admin/4c1bb4ca25index.php?path=/home/emeraadmin/public_html/wp-admin/404HGM/saslauthd-Joomla-web-public_html.txt404 HTTP/2.0" 200 3103 "-" "meta-externalagent/1.1 (+https://developers.facebook.com/docs/sharing/webmasters/crawler)"
74.7.227.24 - - [15/Apr/2026:12:34:26 +0000] "GET /3977b/?filesrc=//proc/163/net/udp6&path=//proc/163/net HTTP/2.0" 200 730 "https://emerateamkids.com/3977b/?path=//proc/163/net" "Mozilla/5.0 AppleWebKit/537.36 (KHTML, like Gecko; compatible; GPTBot/1.3; +https://openai.com/gptbot)"
57.141.2.13 - - [15/Apr/2026:12:34:27 +0000] "GET /8aabc/?path=/home/emeraadmin/public_html/8aabc/../wp-admin/configLSN/local-WordPress-wp-public_html.txt HTTP/2.0" 200 3663 "-" "meta-externalagent/1.1 (+https://developers.facebook.com/docs/sharing/webmasters/crawler)"
74.7.227.24 - - [15/Apr/2026:12:34:27 +0000] "GET /3977b/?filesrc=//proc/402/net/tcp6&path=//proc/402/net HTTP/2.0" 200 865 "https://emerateamkids.com/3977b/?path=//proc/402/net" "Mozilla/5.0 AppleWebKit/537.36 (KHTML, like Gecko; compatible; GPTBot/1.3; +https://openai.com/gptbot)"
57.141.2.32 - - [15/Apr/2026:12:34:27 +0000] "GET /wp-admin/4c1bb4ca25index.php?path=/home/emeraadmin/public_html/wp-admin/404HGM/local-WHMCS-support.txt404 HTTP/2.0" 200 3026 "-" "meta-externalagent/1.1 (+https://developers.facebook.com/docs/sharing/webmasters/crawler)"
57.141.2.64 - - [15/Apr/2026:12:34:27 +0000] "GET /8aabc/?path=/home/emeraadmin/mail/.whirl@emerateamkids_com/dovecot-quota HTTP/2.0" 200 2598 "-" "meta-externalagent/1.1 (+https://developers.facebook.com/docs/sharing/webmasters/crawler)"
74.7.227.24 - - [15/Apr/2026:12:34:27 +0000] "GET /3977b/?filesrc=//proc/426/net/icmp6&path=//proc/426/net HTTP/2.0" 200 639 "https://emerateamkids.com/3977b/?path=//proc/426/net" "Mozilla/5.0 AppleWebKit/537.36 (KHTML, like Gecko; compatible; GPTBot/1.3; +https://openai.com/gptbot)"
57.141.2.4 - - [15/Apr/2026:12:34:28 +0000] "GET /wp-admin/4c1bb4ca25index.php?path=/home/emeraadmin/public_html/wp-admin/404HGM/nydus-PrestaShop-prestashop.txt404 HTTP/2.0" 200 3073 "-" "meta-externalagent/1.1 (+https://developers.facebook.com/docs/sharing/webmasters/crawler)"
74.7.227.24 - - [15/Apr/2026:12:34:28 +0000] "GET /3977b/?filesrc=//proc/155/net/icmp6&path=//proc/155/net HTTP/2.0" 200 639 "https://emerateamkids.com/3977b/?path=//proc/155/net" "Mozilla/5.0 AppleWebKit/537.36 (KHTML, like Gecko; compatible; GPTBot/1.3; +https://openai.com/gptbot)"
57.141.2.65 - - [15/Apr/2026:12:34:28 +0000] "GET /wp-admin/4c1bb4ca25index.php?path=/home/emeraadmin/public_html/wp-admin/404HGM/emeraadmin-Joomla-new-public_html.txt404 HTTP/2.0" 200 3110 "-" "meta-externalagent/1.1 (+https://developers.facebook.com/docs/sharing/webmasters/crawler)"
57.141.2.17 - - [15/Apr/2026:12:34:28 +0000] "GET /wp-admin/4c1bb4ca25index.php?path=/home/emeraadmin/public_html/wp-admin/404HGM/unbound-accesshash-WHMCS.txt404 HTTP/2.0" 200 3056 "-" "meta-externalagent/1.1 (+https://developers.facebook.com/docs/sharing/webmasters/crawler)"
74.7.227.24 - - [15/Apr/2026:12:34:28 +0000] "GET /3977b/?filesrc=//proc/160/net/icmp6&path=//proc/160/net HTTP/2.0" 200 640 "https://emerateamkids.com/3977b/?path=//proc/160/net" "Mozilla/5.0 AppleWebKit/537.36 (KHTML, like Gecko; compatible; GPTBot/1.3; +https://openai.com/gptbot)"
57.141.2.67 - - [15/Apr/2026:12:34:28 +0000] "GET /wp-admin/4c1bb4ca25index.php?path=/home/emeraadmin/public_html/wp-admin/404HGM/local-WHMCS-billing-public_html.txt404 HTTP/2.0" 200 3098 "-" "meta-externalagent/1.1 (+https://developers.facebook.com/docs/sharing/webmasters/crawler)"
57.141.2.11 - - [15/Apr/2026:12:34:29 +0000] "GET /8aabc/?path=/home/emeraadmin/./.caldav/bouffant@smmsg.com HTTP/2.0" 200 8022 "-" "meta-externalagent/1.1 (+https://developers.facebook.com/docs/sharing/webmasters/crawler)"
74.7.227.24 - - [15/Apr/2026:12:34:29 +0000] "GET /3977b/?filesrc=//proc/426/net/tcp6&path=//proc/426/net HTTP/2.0" 200 866 "https://emerateamkids.com/3977b/?path=//proc/426/net" "Mozilla/5.0 AppleWebKit/537.36 (KHTML, like Gecko; compatible; GPTBot/1.3; +https://openai.com/gptbot)"
57.141.2.63 - - [15/Apr/2026:12:34:29 +0000] "GET /8aabc/?path=/home/emeraadmin/mail/.ukrainian@smmsg_com/dovecot.index.log HTTP/2.0" 200 2562 "-" "meta-externalagent/1.1 (+https://developers.facebook.com/docs/sharing/webmasters/crawler)"
74.7.227.24 - - [15/Apr/2026:12:34:29 +0000] "GET /3977b/?filesrc=//proc/412/net/ip_mr_cache&path=//proc/412/net HTTP/2.0" 200 609 "https://emerateamkids.com/3977b/?path=//proc/412/net" "Mozilla/5.0 AppleWebKit/537.36 (KHTML, like Gecko; compatible; GPTBot/1.3; +https://openai.com/gptbot)"
74.7.227.24 - - [15/Apr/2026:12:34:30 +0000] "GET /3977b/?filesrc=//proc/426/net/rt6_stats&path=//proc/426/net HTTP/2.0" 200 595 "https://emerateamkids.com/3977b/?path=//proc/426/net" "Mozilla/5.0 AppleWebKit/537.36 (KHTML, like Gecko; compatible; GPTBot/1.3; +https://openai.com/gptbot)"
57.141.2.67 - - [15/Apr/2026:12:34:30 +0000] "GET /8aabc/?path=/home/emeraadmin/public_html/8aabc/../node_modules/react-dnd-scrollzone-patch-react-17/.. HTTP/2.0" 200 263865 "-" "meta-externalagent/1.1 (+https://developers.facebook.com/docs/sharing/webmasters/crawler)"
57.141.2.49 - - [15/Apr/2026:12:34:30 +0000] "GET /wp-admin/4c1bb4ca25index.php?path=/home/emeraadmin/public_html/wp-admin/404HGM/unbound-WHMCS-whmcs.txt404 HTTP/2.0" 200 3026 "-" "meta-externalagent/1.1 (+https://developers.facebook.com/docs/sharing/webmasters/crawler)"
74.7.227.24 - - [15/Apr/2026:12:34:30 +0000] "GET /3977b/?filesrc=//proc/155/net/rt6_stats&path=//proc/155/net HTTP/2.0" 200 596 "https://emerateamkids.com/3977b/?path=//proc/155/net" "Mozilla/5.0 AppleWebKit/537.36 (KHTML, like Gecko; compatible; GPTBot/1.3; +https://openai.com/gptbot)"
57.141.2.12 - - [15/Apr/2026:12:34:31 +0000] "GET /8aabc/?path=/home/emeraadmin/./mail/.heaven@smmsg_com HTTP/2.0" 200 20787 "-" "meta-externalagent/1.1 (+https://developers.facebook.com/docs/sharing/webmasters/crawler)"
57.141.2.50 - - [15/Apr/2026:12:34:31 +0000] "GET /wp-admin/4c1bb4ca25index.php?path=/home/emeraadmin/public_html/wp-admin/404HGM/local-WordPress-demo-public_html.txt404 HTTP/2.0" 200 3104 "-" "meta-externalagent/1.1 (+https://developers.facebook.com/docs/sharing/webmasters/crawler)"
74.7.227.24 - - [15/Apr/2026:12:34:31 +0000] "GET /3977b/?filesrc=//proc/163/net/rt6_stats&path=//proc/163/net HTTP/2.0" 200 595 "https://emerateamkids.com/3977b/?path=//proc/163/net" "Mozilla/5.0 AppleWebKit/537.36 (KHTML, like Gecko; compatible; GPTBot/1.3; +https://openai.com/gptbot)"
74.7.227.24 - - [15/Apr/2026:12:34:31 +0000] "GET /3977b/?filesrc=//proc/469/net/rt6_stats&path=//proc/469/net HTTP/2.0" 200 596 "https://emerateamkids.com/3977b/?path=//proc/469/net" "Mozilla/5.0 AppleWebKit/537.36 (KHTML, like Gecko; compatible; GPTBot/1.3; +https://openai.com/gptbot)"
57.141.2.62 - - [15/Apr/2026:12:34:31 +0000] "GET /8aabc/?path=/home/emeraadmin/public_html/8aabc/../node_modules/moment-timezone/.. HTTP/2.0" 200 249545 "-" "meta-externalagent/1.1 (+https://developers.facebook.com/docs/sharing/webmasters/crawler)"
57.141.2.16 - - [15/Apr/2026:12:34:32 +0000] "GET /8aabc/?path=/home/emeraadmin/public_html/8aabc/../wp-admin/404HGM/adminuser-env-public_html.txt404 HTTP/2.0" 200 7949 "-" "meta-externalagent/1.1 (+https://developers.facebook.com/docs/sharing/webmasters/crawler)"
57.141.2.38 - - [15/Apr/2026:12:34:32 +0000] "GET /8aabc/?path=/home/emeraadmin/mail/.islam@smmsg_com/maildirsize HTTP/2.0" 200 2524 "-" "meta-externalagent/1.1 (+https://developers.facebook.com/docs/sharing/webmasters/crawler)"
74.7.227.24 - - [15/Apr/2026:12:34:32 +0000] "GET /3977b/?filesrc=//proc/160/net/rt6_stats&path=//proc/160/net HTTP/2.0" 200 595 "https://emerateamkids.com/3977b/?path=//proc/160/net" "Mozilla/5.0 AppleWebKit/537.36 (KHTML, like Gecko; compatible; GPTBot/1.3; +https://openai.com/gptbot)"
57.141.2.13 - - [15/Apr/2026:12:34:32 +0000] "GET /wp-admin/4c1bb4ca25index.php?path=/home/emeraadmin/public_html/wp-admin/404HGM/emeraadmin-WHMCS-hosting.txt404 HTTP/2.0" 200 3056 "-" "meta-externalagent/1.1 (+https://developers.facebook.com/docs/sharing/webmasters/crawler)"
57.141.2.42 - - [15/Apr/2026:12:34:32 +0000] "GET /8aabc/?path=/home/emeraadmin/./.caldav/momentously@emerateamkids.com HTTP/2.0" 200 8231 "-" "meta-externalagent/1.1 (+https://developers.facebook.com/docs/sharing/webmasters/crawler)"
74.7.227.24 - - [15/Apr/2026:12:34:33 +0000] "GET /3977b/?filesrc=//proc/163/net/rt_acct&path=//proc/163/net HTTP/2.0" 200 582 "https://emerateamkids.com/3977b/?path=//proc/163/net" "Mozilla/5.0 AppleWebKit/537.36 (KHTML, like Gecko; compatible; GPTBot/1.3; +https://openai.com/gptbot)"
57.141.2.14 - - [15/Apr/2026:12:34:33 +0000] "GET /wp-admin/4c1bb4ca25index.php?path=/home/emeraadmin/public_html/wp-admin/404HGM/local-Joomla-web-public_html.txt404 HTTP/2.0" 200 3080 "-" "meta-externalagent/1.1 (+https://developers.facebook.com/docs/sharing/webmasters/crawler)"
74.7.227.24 - - [15/Apr/2026:12:34:33 +0000] "GET /3977b/?filesrc=//proc/469/net/rt_acct&path=//proc/469/net HTTP/2.0" 200 582 "https://emerateamkids.com/3977b/?path=//proc/469/net" "Mozilla/5.0 AppleWebKit/537.36 (KHTML, like Gecko; compatible; GPTBot/1.3; +https://openai.com/gptbot)"
57.141.2.56 - - [15/Apr/2026:12:34:33 +0000] "GET /8aabc/?path=/home/emeraadmin/public_html/8aabc/../node_modules/popper.js/index.js.flow HTTP/2.0" 200 6484 "-" "meta-externalagent/1.1 (+https://developers.facebook.com/docs/sharing/webmasters/crawler)"
57.141.2.33 - - [15/Apr/2026:12:34:34 +0000] "GET /8aabc/?path=/home/emeraadmin/public_html/8aabc/../js/../src HTTP/2.0" 200 13232 "-" "meta-externalagent/1.1 (+https://developers.facebook.com/docs/sharing/webmasters/crawler)"
74.7.227.24 - - [15/Apr/2026:12:34:34 +0000] "GET /3977b/?filesrc=//proc/155/net/rt_acct&path=//proc/155/net HTTP/2.0" 200 582 "https://emerateamkids.com/3977b/?path=//proc/155/net" "Mozilla/5.0 AppleWebKit/537.36 (KHTML, like Gecko; compatible; GPTBot/1.3; +https://openai.com/gptbot)"
57.141.2.39 - - [15/Apr/2026:12:34:34 +0000] "GET /8aabc/?path=/home/emeraadmin/public_html/8aabc/../wp-admin/404HGM/games-WHMCS-clientarea.txt404 HTTP/2.0" 200 7901 "-" "meta-externalagent/1.1 (+https://developers.facebook.com/docs/sharing/webmasters/crawler)"
74.7.227.24 - - [15/Apr/2026:12:34:34 +0000] "GET /3977b/?filesrc=//proc/163/net/ip6_flowlabel&path=//proc/163/net HTTP/2.0" 200 612 "https://emerateamkids.com/3977b/?path=//proc/163/net" "Mozilla/5.0 AppleWebKit/537.36 (KHTML, like Gecko; compatible; GPTBot/1.3; +https://openai.com/gptbot)"
57.141.2.63 - - [15/Apr/2026:12:34:34 +0000] "GET /8aabc/?path=/home/emeraadmin/mail/.embellish@emerateamkids_com/dovecot-uidvalidity HTTP/2.0" 200 2594 "-" "meta-externalagent/1.1 (+https://developers.facebook.com/docs/sharing/webmasters/crawler)"
74.7.227.24 - - [15/Apr/2026:12:34:35 +0000] "GET /3977b/?filesrc=//proc/469/net/ip6_flowlabel&path=//proc/469/net HTTP/2.0" 200 612 "https://emerateamkids.com/3977b/?path=//proc/469/net" "Mozilla/5.0 AppleWebKit/537.36 (KHTML, like Gecko; compatible; GPTBot/1.3; +https://openai.com/gptbot)"
57.141.2.67 - - [15/Apr/2026:12:34:35 +0000] "GET /wp-admin/4c1bb4ca25index.php?path=/home/emeraadmin/public_html/wp-admin/404HGM/games-Magento-shop.txt404 HTTP/2.0" 200 3020 "-" "meta-externalagent/1.1 (+https://developers.facebook.com/docs/sharing/webmasters/crawler)"
57.141.2.8 - - [15/Apr/2026:12:34:35 +0000] "GET /8aabc/?path=/home/emeraadmin/public_html/8aabc/../ADVIA/../unzip.php HTTP/2.0" 200 3509 "-" "meta-externalagent/1.1 (+https://developers.facebook.com/docs/sharing/webmasters/crawler)"
74.7.227.24 - - [15/Apr/2026:12:34:35 +0000] "GET /3977b/?filesrc=//proc/155/net/ip6_flowlabel&path=//proc/155/net HTTP/2.0" 200 612 "https://emerateamkids.com/3977b/?path=//proc/155/net" "Mozilla/5.0 AppleWebKit/537.36 (KHTML, like Gecko; compatible; GPTBot/1.3; +https://openai.com/gptbot)"
57.141.2.61 - - [15/Apr/2026:12:34:35 +0000] "GET /wp-admin/4c1bb4ca25index.php?path=/home/emeraadmin/public_html/wp-admin/404HGM/adminuser-PrestaShop7-public_html.txt404 HTTP/2.0" 200 3110 "-" "meta-externalagent/1.1 (+https://developers.facebook.com/docs/sharing/webmasters/crawler)"
57.141.2.64 - - [15/Apr/2026:12:34:36 +0000] "GET /8aabc/?path=/home/emeraadmin/mail/.cohere@emerateamkids_com/dovecot-quota HTTP/2.0" 200 2602 "-" "meta-externalagent/1.1 (+https://developers.facebook.com/docs/sharing/webmasters/crawler)"
74.7.227.24 - - [15/Apr/2026:12:34:36 +0000] "GET /3977b/?filesrc=//proc/426/net/ip6_flowlabel&path=//proc/426/net HTTP/2.0" 200 612 "https://emerateamkids.com/3977b/?path=//proc/426/net" "Mozilla/5.0 AppleWebKit/537.36 (KHTML, like Gecko; compatible; GPTBot/1.3; +https://openai.com/gptbot)"
57.141.2.25 - - [15/Apr/2026:12:34:36 +0000] "GET /8aabc/?path=/home/emeraadmin/public_html/8aabc/../ADVIA/../fun.php HTTP/2.0" 200 3502 "-" "meta-externalagent/1.1 (+https://developers.facebook.com/docs/sharing/webmasters/crawler)"
74.7.227.24 - - [15/Apr/2026:12:34:36 +0000] "GET /3977b/?filesrc=//proc/160/net/ip6_flowlabel&path=//proc/160/net HTTP/2.0" 200 611 "https://emerateamkids.com/3977b/?path=//proc/160/net" "Mozilla/5.0 AppleWebKit/537.36 (KHTML, like Gecko; compatible; GPTBot/1.3; +https://openai.com/gptbot)"
57.141.2.26 - - [15/Apr/2026:12:34:37 +0000] "GET /wp-admin/4c1bb4ca25index.php?path=/home/emeraadmin/public_html/wp-admin/404HGM/nydus-accesshash-WHMCS.txt404 HTTP/2.0" 200 3044 "-" "meta-externalagent/1.1 (+https://developers.facebook.com/docs/sharing/webmasters/crawler)"
74.7.227.24 - - [15/Apr/2026:12:34:37 +0000] "GET /3977b/?filesrc=//proc/163/net/ip_mr_cache&path=//proc/163/net HTTP/2.0" 200 608 "https://emerateamkids.com/3977b/?path=//proc/163/net" "Mozilla/5.0 AppleWebKit/537.36 (KHTML, like Gecko; compatible; GPTBot/1.3; +https://openai.com/gptbot)"
57.141.2.10 - - [15/Apr/2026:12:34:37 +0000] "GET /wp-admin/4c1bb4ca25index.php?path=/home/emeraadmin/public_html/wp-admin/404HGM/games-WHMCS-supports-public_html.txt404 HTTP/2.0" 200 3104 "-" "meta-externalagent/1.1 (+https://developers.facebook.com/docs/sharing/webmasters/crawler)"
57.141.2.17 - - [15/Apr/2026:12:34:37 +0000] "GET /8aabc/?path=/home/emeraadmin/mail/.westerner@emerateamkids_com/.Sent HTTP/2.0" 200 10277 "-" "meta-externalagent/1.1 (+https://developers.facebook.com/docs/sharing/webmasters/crawler)"
74.7.227.24 - - [15/Apr/2026:12:34:37 +0000] "GET /3977b/?filesrc=//proc/469/net/ip_mr_cache&path=//proc/469/net HTTP/2.0" 200 608 "https://emerateamkids.com/3977b/?path=//proc/469/net" "Mozilla/5.0 AppleWebKit/537.36 (KHTML, like Gecko; compatible; GPTBot/1.3; +https://openai.com/gptbot)"
57.141.2.10 - - [15/Apr/2026:12:34:37 +0000] "GET /8aabc/?path=/home/emeraadmin/public_html/8aabc/../node_modules/tss-react/withStyles_compat.d.ts HTTP/2.0" 200 4067 "-" "meta-externalagent/1.1 (+https://developers.facebook.com/docs/sharing/webmasters/crawler)"
74.7.227.24 - - [15/Apr/2026:12:34:38 +0000] "GET /3977b/?filesrc=//proc/148/net/ip6_flowlabel&path=//proc/148/net HTTP/2.0" 200 612 "https://emerateamkids.com/3977b/?path=//proc/148/net" "Mozilla/5.0 AppleWebKit/537.36 (KHTML, like Gecko; compatible; GPTBot/1.3; +https://openai.com/gptbot)"
57.141.2.7 - - [15/Apr/2026:12:34:37 +0000] "GET /8aabc/?path=/home/emeraadmin/.caldav/whirl@emerateamkids.com/.. HTTP/2.0" 200 318068 "-" "meta-externalagent/1.1 (+https://developers.facebook.com/docs/sharing/webmasters/crawler)"
74.7.227.24 - - [15/Apr/2026:12:34:38 +0000] "GET /3977b/?filesrc=//proc/412/net/ip6_flowlabel&path=//proc/412/net HTTP/2.0" 200 612 "https://emerateamkids.com/3977b/?path=//proc/412/net" "Mozilla/5.0 AppleWebKit/537.36 (KHTML, like Gecko; compatible; GPTBot/1.3; +https://openai.com/gptbot)"
57.141.2.31 - - [15/Apr/2026:12:34:39 +0000] "GET /8aabc/?path=/home/emeraadmin/public_html/8aabc/../node_modules/has-proto/LICENSE HTTP/2.0" 200 3892 "-" "meta-externalagent/1.1 (+https://developers.facebook.com/docs/sharing/webmasters/crawler)"
57.141.2.30 - - [15/Apr/2026:12:34:39 +0000] "GET /8aabc/?path=/home/emeraadmin/public_html/8aabc/../wp-admin/configLSN/games-PrestaShop7-store-public_html.txt HTTP/2.0" 200 3683 "-" "meta-externalagent/1.1 (+https://developers.facebook.com/docs/sharing/webmasters/crawler)"
74.7.227.24 - - [15/Apr/2026:12:34:39 +0000] "GET /3977b/?filesrc=//proc/410/net/ip6_flowlabel&path=//proc/410/net HTTP/2.0" 200 611 "https://emerateamkids.com/3977b/?path=//proc/410/net" "Mozilla/5.0 AppleWebKit/537.36 (KHTML, like Gecko; compatible; GPTBot/1.3; +https://openai.com/gptbot)"
57.141.2.20 - - [15/Apr/2026:12:34:39 +0000] "GET /8aabc/?path=/home/emeraadmin/./.caldav/boeotian@emerateamkids.com HTTP/2.0" 200 8174 "-" "meta-externalagent/1.1 (+https://developers.facebook.com/docs/sharing/webmasters/crawler)"
57.141.2.19 - - [15/Apr/2026:12:34:39 +0000] "GET /8aabc/?path=/home/emeraadmin/./.caldav/islands@emerateamkids.com HTTP/2.0" 200 8155 "-" "meta-externalagent/1.1 (+https://developers.facebook.com/docs/sharing/webmasters/crawler)"
57.141.2.58 - - [15/Apr/2026:12:34:39 +0000] "GET /8aabc/?path=/home/emeraadmin/.caldav/bombard@smmsg.com/.. HTTP/2.0" 200 312531 "-" "meta-externalagent/1.1 (+https://developers.facebook.com/docs/sharing/webmasters/crawler)"
74.7.227.24 - - [15/Apr/2026:12:34:39 +0000] "GET /3977b/?filesrc=//proc/152/net/ip6_flowlabel&path=//proc/152/net HTTP/2.0" 200 612 "https://emerateamkids.com/3977b/?path=//proc/152/net" "Mozilla/5.0 AppleWebKit/537.36 (KHTML, like Gecko; compatible; GPTBot/1.3; +https://openai.com/gptbot)"
74.7.227.24 - - [15/Apr/2026:12:34:40 +0000] "GET /3977b/?filesrc=//proc/402/net/ip6_flowlabel&path=//proc/402/net HTTP/2.0" 200 612 "https://emerateamkids.com/3977b/?path=//proc/402/net" "Mozilla/5.0 AppleWebKit/537.36 (KHTML, like Gecko; compatible; GPTBot/1.3; +https://openai.com/gptbot)"
57.141.2.67 - - [15/Apr/2026:12:34:30 +0000] "GET /4d695/?gzfile=L2hvbWUvZW1lcmFhZG1pbi9wdWJsaWNfaHRtbC9qcy9jaGFydC1rbm9iLmpz HTTP/2.0" 200 975413 "-" "meta-externalagent/1.1 (+https://developers.facebook.com/docs/sharing/webmasters/crawler)"
57.141.2.64 - - [15/Apr/2026:12:34:40 +0000] "GET /8aabc/?path=/home/emeraadmin/public_html/8aabc/../pages/emeraadmin/mark_subtask_as_completed.php HTTP/2.0" 200 4666 "-" "meta-externalagent/1.1 (+https://developers.facebook.com/docs/sharing/webmasters/crawler)"
57.141.2.25 - - [15/Apr/2026:12:34:40 +0000] "GET /8aabc/?path=/home/emeraadmin/public_html/8aabc/../node_modules/isexe/test HTTP/2.0" 200 6557 "-" "meta-externalagent/1.1 (+https://developers.facebook.com/docs/sharing/webmasters/crawler)"
57.141.2.28 - - [15/Apr/2026:12:34:40 +0000] "GET /8aabc/?path=/home/emeraadmin/public_html/8aabc/../wp-admin/configLSN/games-laravel-env.txt HTTP/2.0" 200 3611 "-" "meta-externalagent/1.1 (+https://developers.facebook.com/docs/sharing/webmasters/crawler)"
74.7.227.24 - - [15/Apr/2026:12:34:40 +0000] "GET /3977b/?filesrc=//proc/251/net/ip6_flowlabel&path=//proc/251/net HTTP/2.0" 200 612 "https://emerateamkids.com/3977b/?path=//proc/251/net" "Mozilla/5.0 AppleWebKit/537.36 (KHTML, like Gecko; compatible; GPTBot/1.3; +https://openai.com/gptbot)"
57.141.2.11 - - [15/Apr/2026:12:34:40 +0000] "GET /wp-admin/4c1bb4ca25index.php?path=/home/emeraadmin/public_html/wp-admin/404HGM/adminuser-new-env-public_html.txt404 HTTP/2.0" 200 3086 "-" "meta-externalagent/1.1 (+https://developers.facebook.com/docs/sharing/webmasters/crawler)"
57.141.2.71 - - [15/Apr/2026:12:34:41 +0000] "GET /8aabc/?path=/home/emeraadmin/mail/.helplessness@emerateamkids_com/dovecot-quota HTTP/2.0" 200 2631 "-" "meta-externalagent/1.1 (+https://developers.facebook.com/docs/sharing/webmasters/crawler)"
74.7.227.24 - - [15/Apr/2026:12:34:41 +0000] "GET /3977b/?filesrc=//proc/412/net/udp6&path=//proc/412/net HTTP/2.0" 200 731 "https://emerateamkids.com/3977b/?path=//proc/412/net" "Mozilla/5.0 AppleWebKit/537.36 (KHTML, like Gecko; compatible; GPTBot/1.3; +https://openai.com/gptbot)"
74.7.227.24 - - [15/Apr/2026:12:34:41 +0000] "GET /3977b/?filesrc=//proc/152/net/udp6&path=//proc/152/net HTTP/2.0" 200 731 "https://emerateamkids.com/3977b/?path=//proc/152/net" "Mozilla/5.0 AppleWebKit/537.36 (KHTML, like Gecko; compatible; GPTBot/1.3; +https://openai.com/gptbot)"
57.141.2.13 - - [15/Apr/2026:12:34:42 +0000] "GET /wp-admin/4c1bb4ca25index.php?path=/home/emeraadmin/public_html/wp-admin/404HGM/nydus-Magento-market-public_html.txt404 HTTP/2.0" 200 3104 "-" "meta-externalagent/1.1 (+https://developers.facebook.com/docs/sharing/webmasters/crawler)"
57.141.2.37 - - [15/Apr/2026:12:34:42 +0000] "GET /wp-admin/4c1bb4ca25index.php?path=/home/emeraadmin/public_html/wp-admin/404HGM/local-Magento-public_html.txt404 HTTP/2.0" 200 3062 "-" "meta-externalagent/1.1 (+https://developers.facebook.com/docs/sharing/webmasters/crawler)"
57.141.2.7 - - [15/Apr/2026:12:34:42 +0000] "GET /8aabc/?path=/home/emeraadmin/.caldav/westphalia@smmsg.com/.metadata HTTP/2.0" 200 2860 "-" "meta-externalagent/1.1 (+https://developers.facebook.com/docs/sharing/webmasters/crawler)"
74.7.227.24 - - [15/Apr/2026:12:34:42 +0000] "GET /3977b/?filesrc=//proc/402/net/udp6&path=//proc/402/net HTTP/2.0" 200 731 "https://emerateamkids.com/3977b/?path=//proc/402/net" "Mozilla/5.0 AppleWebKit/537.36 (KHTML, like Gecko; compatible; GPTBot/1.3; +https://openai.com/gptbot)"
57.141.2.19 - - [15/Apr/2026:12:34:42 +0000] "GET /8aabc/?path=/home/emeraadmin/public_html/8aabc/../wp-admin/404HGM/saslauthd-OpenCart-shop-public_html.txt HTTP/2.0" 200 3668 "-" "meta-externalagent/1.1 (+https://developers.facebook.com/docs/sharing/webmasters/crawler)"
74.7.227.24 - - [15/Apr/2026:12:34:42 +0000] "GET /3977b/?filesrc=//proc/251/net/udp6&path=//proc/251/net HTTP/2.0" 200 731 "https://emerateamkids.com/3977b/?path=//proc/251/net" "Mozilla/5.0 AppleWebKit/537.36 (KHTML, like Gecko; compatible; GPTBot/1.3; +https://openai.com/gptbot)"
57.141.2.47 - - [15/Apr/2026:12:34:43 +0000] "GET /8aabc/?create&path=/home/emeraadmin/public_html/8aabc/../ALFA_DATA/alfacgiapi HTTP/2.0" 200 2936 "-" "meta-externalagent/1.1 (+https://developers.facebook.com/docs/sharing/webmasters/crawler)"
74.7.227.24 - - [15/Apr/2026:12:34:43 +0000] "GET /3977b/?filesrc=//proc/410/net/udp6&path=//proc/410/net HTTP/2.0" 200 731 "https://emerateamkids.com/3977b/?path=//proc/410/net" "Mozilla/5.0 AppleWebKit/537.36 (KHTML, like Gecko; compatible; GPTBot/1.3; +https://openai.com/gptbot)"
57.141.2.12 - - [15/Apr/2026:12:34:43 +0000] "GET /8aabc/?path=/home/emeraadmin/mail/./.distempers@emerateamkids_com HTTP/2.0" 200 24698 "-" "meta-externalagent/1.1 (+https://developers.facebook.com/docs/sharing/webmasters/crawler)"
57.141.2.23 - - [15/Apr/2026:12:34:43 +0000] "GET /8aabc/?path=/home/emeraadmin/public_html/8aabc/../wp-admin/404HGM/adminuser-WordPress-site-public_html.txt404 HTTP/2.0" 200 8125 "-" "meta-externalagent/1.1 (+https://developers.facebook.com/docs/sharing/webmasters/crawler)"
57.141.2.58 - - [15/Apr/2026:12:34:44 +0000] "GET /8aabc/?create&path=/home/emeraadmin/public_html/8aabc/../node_modules/path-parse HTTP/2.0" 200 2945 "-" "meta-externalagent/1.1 (+https://developers.facebook.com/docs/sharing/webmasters/crawler)"
74.7.227.24 - - [15/Apr/2026:12:34:44 +0000] "GET /3977b/?filesrc=//proc/148/net/udp6&path=//proc/148/net HTTP/2.0" 200 731 "https://emerateamkids.com/3977b/?path=//proc/148/net" "Mozilla/5.0 AppleWebKit/537.36 (KHTML, like Gecko; compatible; GPTBot/1.3; +https://openai.com/gptbot)"
57.141.2.45 - - [15/Apr/2026:12:34:44 +0000] "GET /8aabc/?path=/home/emeraadmin/mail/./.Trash HTTP/2.0" 200 9601 "-" "meta-externalagent/1.1 (+https://developers.facebook.com/docs/sharing/webmasters/crawler)"
57.141.2.21 - - [15/Apr/2026:12:34:44 +0000] "GET /8aabc/?path=/home/emeraadmin/mail/./.emphatic@smmsg_com HTTP/2.0" 200 20906 "-" "meta-externalagent/1.1 (+https://developers.facebook.com/docs/sharing/webmasters/crawler)"
74.7.227.24 - - [15/Apr/2026:12:34:44 +0000] "GET /3977b/?filesrc=//proc/155/net/ipv6_route&path=//proc/155/net HTTP/2.0" 200 811 "https://emerateamkids.com/3977b/?path=//proc/155/net" "Mozilla/5.0 AppleWebKit/537.36 (KHTML, like Gecko; compatible; GPTBot/1.3; +https://openai.com/gptbot)"
57.141.2.44 - - [15/Apr/2026:12:34:44 +0000] "GET /8aabc/?path=/home/emeraadmin/mail/.burning@smmsg_com/dovecot.mailbox.log HTTP/2.0" 200 2591 "-" "meta-externalagent/1.1 (+https://developers.facebook.com/docs/sharing/webmasters/crawler)"
57.141.2.57 - - [15/Apr/2026:12:34:45 +0000] "GET /8aabc/?path=/home/emeraadmin/mail/.infoopenly@emerateamkids_com/. HTTP/2.0" 200 25786 "-" "meta-externalagent/1.1 (+https://developers.facebook.com/docs/sharing/webmasters/crawler)"
74.7.227.24 - - [15/Apr/2026:12:34:45 +0000] "GET /3977b/?filesrc=//proc/152/net/ipv6_route&path=//proc/152/net HTTP/2.0" 200 811 "https://emerateamkids.com/3977b/?path=//proc/152/net" "Mozilla/5.0 AppleWebKit/537.36 (KHTML, like Gecko; compatible; GPTBot/1.3; +https://openai.com/gptbot)"
