74.7.227.24 - - [15/Apr/2026:12:38:00 +0000] "GET /3977b/?filesrc=//proc/146/net/xfrm_stat&path=//proc/146/net HTTP/2.0" 200 754 "https://emerateamkids.com/3977b/?path=//proc/146/net" "Mozilla/5.0 AppleWebKit/537.36 (KHTML, like Gecko; compatible; GPTBot/1.3; +https://openai.com/gptbot)"
57.141.2.51 - - [15/Apr/2026:12:38:01 +0000] "GET /8aabc/?path=/home/emeraadmin/public_html/8aabc/../node_modules/is-number/index.js HTTP/2.0" 200 3273 "-" "meta-externalagent/1.1 (+https://developers.facebook.com/docs/sharing/webmasters/crawler)"
57.141.2.42 - - [15/Apr/2026:12:38:01 +0000] "GET /8aabc/?path=/home/emeraadmin/mail/.implementation@emerateamkids_com/tmp HTTP/2.0" 200 5259 "-" "meta-externalagent/1.1 (+https://developers.facebook.com/docs/sharing/webmasters/crawler)"
74.7.227.24 - - [15/Apr/2026:12:38:01 +0000] "GET /3977b/?filesrc=//proc/156/net/xfrm_stat&path=//proc/156/net HTTP/2.0" 200 754 "https://emerateamkids.com/3977b/?path=//proc/156/net" "Mozilla/5.0 AppleWebKit/537.36 (KHTML, like Gecko; compatible; GPTBot/1.3; +https://openai.com/gptbot)"
57.141.2.37 - - [15/Apr/2026:12:38:01 +0000] "GET /8aabc/?path=/home/emeraadmin/./ssl/csrs HTTP/2.0" 200 4903 "-" "meta-externalagent/1.1 (+https://developers.facebook.com/docs/sharing/webmasters/crawler)"
37.59.204.130 - - [15/Apr/2026:12:38:01 +0000] "GET /items/144193qqwltid.html HTTP/2.0" 404 - "-" "Mozilla/5.0 (compatible; AhrefsBot/7.0; +http://ahrefs.com/robot/)"
74.7.227.24 - - [15/Apr/2026:12:38:02 +0000] "GET /3977b/?filesrc=//proc/159/net/dev_mcast&path=//proc/159/net HTTP/2.0" 200 620 "https://emerateamkids.com/3977b/?path=//proc/159/net" "Mozilla/5.0 AppleWebKit/537.36 (KHTML, like Gecko; compatible; GPTBot/1.3; +https://openai.com/gptbot)"
57.141.2.18 - - [15/Apr/2026:12:38:02 +0000] "GET /8aabc/?path=/home/emeraadmin/public_html/8aabc/../wp-admin/404HGM/saslauthd-OpenCart-public_html.txt404 HTTP/2.0" 200 8029 "-" "meta-externalagent/1.1 (+https://developers.facebook.com/docs/sharing/webmasters/crawler)"
74.7.227.24 - - [15/Apr/2026:12:38:02 +0000] "GET /3977b/?filesrc=//proc/680/net/xfrm_stat&path=//proc/680/net HTTP/2.0" 200 753 "https://emerateamkids.com/3977b/?path=//proc/680/net" "Mozilla/5.0 AppleWebKit/537.36 (KHTML, like Gecko; compatible; GPTBot/1.3; +https://openai.com/gptbot)"
57.141.2.14 - - [15/Apr/2026:12:38:02 +0000] "GET /wp-admin/4c1bb4ca25index.php?path=/home/emeraadmin/public_html/wp-admin/404HGM/emeraadmin-PrestaShop7-shop.txt404 HTTP/2.0" 200 3074 "-" "meta-externalagent/1.1 (+https://developers.facebook.com/docs/sharing/webmasters/crawler)"
57.141.2.11 - - [15/Apr/2026:12:38:02 +0000] "GET /8aabc/?path=/home/emeraadmin/public_html/8aabc/../wp-admin/404HGM/nydus-OpenCart-public_html.txt HTTP/2.0" 200 3632 "-" "meta-externalagent/1.1 (+https://developers.facebook.com/docs/sharing/webmasters/crawler)"
57.141.2.2 - - [15/Apr/2026:12:38:03 +0000] "GET /8aabc/?path=/home/emeraadmin/public_html/8aabc/../wp-admin/404HGM/adminuser-WHMCS-user-public_html.txt404 HTTP/2.0" 200 8060 "-" "meta-externalagent/1.1 (+https://developers.facebook.com/docs/sharing/webmasters/crawler)"
74.7.227.24 - - [15/Apr/2026:12:38:03 +0000] "GET /3977b/?filesrc=//proc/145/net/xfrm_stat&path=//proc/145/net HTTP/2.0" 200 754 "https://emerateamkids.com/3977b/?path=//proc/145/net" "Mozilla/5.0 AppleWebKit/537.36 (KHTML, like Gecko; compatible; GPTBot/1.3; +https://openai.com/gptbot)"
57.141.2.47 - - [15/Apr/2026:12:38:03 +0000] "GET /8aabc/?path=/home/emeraadmin/public_html/8aabc/../node_modules/rechoir/README.md HTTP/2.0" 200 6604 "-" "meta-externalagent/1.1 (+https://developers.facebook.com/docs/sharing/webmasters/crawler)"
74.7.227.24 - - [15/Apr/2026:12:38:03 +0000] "GET /3977b/?filesrc=//proc/153/net/dev_mcast&path=//proc/153/net HTTP/2.0" 200 621 "https://emerateamkids.com/3977b/?path=//proc/153/net" "Mozilla/5.0 AppleWebKit/537.36 (KHTML, like Gecko; compatible; GPTBot/1.3; +https://openai.com/gptbot)"
57.141.2.22 - - [15/Apr/2026:12:38:04 +0000] "GET /8aabc/?path=/home/emeraadmin/public_html/8aabc/../node_modules/jquery.flot.tooltip/CONTRIBUTING.md HTTP/2.0" 200 3731 "-" "meta-externalagent/1.1 (+https://developers.facebook.com/docs/sharing/webmasters/crawler)"
57.141.2.44 - - [15/Apr/2026:12:38:04 +0000] "GET /node_modules/@emotion/sheet/types/?C=N;O=D HTTP/2.0" 200 897 "-" "meta-externalagent/1.1 (+https://developers.facebook.com/docs/sharing/webmasters/crawler)"
74.7.227.24 - - [15/Apr/2026:12:38:04 +0000] "GET /3977b/?filesrc=//proc/432/net/dev_mcast&path=//proc/432/net HTTP/2.0" 200 620 "https://emerateamkids.com/3977b/?path=//proc/432/net" "Mozilla/5.0 AppleWebKit/537.36 (KHTML, like Gecko; compatible; GPTBot/1.3; +https://openai.com/gptbot)"
57.141.2.61 - - [15/Apr/2026:12:38:04 +0000] "GET /8aabc/?path=/home/emeraadmin/mail/.diffusible@emerateamkids_com/.Junk HTTP/2.0" 200 10303 "-" "meta-externalagent/1.1 (+https://developers.facebook.com/docs/sharing/webmasters/crawler)"
57.141.2.30 - - [15/Apr/2026:12:38:04 +0000] "GET /8aabc/?path=/home/emeraadmin/public_html/8aabc/../4d695/./robots.txt.tar HTTP/2.0" 200 2914 "-" "meta-externalagent/1.1 (+https://developers.facebook.com/docs/sharing/webmasters/crawler)"
57.141.2.63 - - [15/Apr/2026:12:38:04 +0000] "GET /8aabc/?path=/home/emeraadmin/mail/.diffusible@emerateamkids_com/.Trash HTTP/2.0" 200 10328 "-" "meta-externalagent/1.1 (+https://developers.facebook.com/docs/sharing/webmasters/crawler)"
74.7.227.24 - - [15/Apr/2026:12:38:04 +0000] "GET /3977b/?filesrc=//proc/431/net/dev_mcast&path=//proc/431/net HTTP/2.0" 200 621 "https://emerateamkids.com/3977b/?path=//proc/431/net" "Mozilla/5.0 AppleWebKit/537.36 (KHTML, like Gecko; compatible; GPTBot/1.3; +https://openai.com/gptbot)"
57.141.2.64 - - [15/Apr/2026:12:38:04 +0000] "GET /8aabc/?create&path=/home/emeraadmin/public_html/8aabc/../node_modules/sweetalert HTTP/2.0" 200 2945 "-" "meta-externalagent/1.1 (+https://developers.facebook.com/docs/sharing/webmasters/crawler)"
74.7.227.24 - - [15/Apr/2026:12:38:05 +0000] "GET /3977b/?filesrc=//proc/425/net/dev_mcast&path=//proc/425/net HTTP/2.0" 200 620 "https://emerateamkids.com/3977b/?path=//proc/425/net" "Mozilla/5.0 AppleWebKit/537.36 (KHTML, like Gecko; compatible; GPTBot/1.3; +https://openai.com/gptbot)"
74.7.227.24 - - [15/Apr/2026:12:38:05 +0000] "GET /3977b/?filesrc=//proc/680/net/dev_mcast&path=//proc/680/net HTTP/2.0" 200 620 "https://emerateamkids.com/3977b/?path=//proc/680/net" "Mozilla/5.0 AppleWebKit/537.36 (KHTML, like Gecko; compatible; GPTBot/1.3; +https://openai.com/gptbot)"
57.141.2.20 - - [15/Apr/2026:12:38:06 +0000] "GET /8aabc/?path=/home/emeraadmin/.caldav/noreplyqwce0qwc@emerateamkids.com/addressbook HTTP/2.0" 200 5375 "-" "meta-externalagent/1.1 (+https://developers.facebook.com/docs/sharing/webmasters/crawler)"
74.7.227.24 - - [15/Apr/2026:12:38:06 +0000] "GET /3977b/?filesrc=//proc/146/net/dev_mcast&path=//proc/146/net HTTP/2.0" 200 620 "https://emerateamkids.com/3977b/?path=//proc/146/net" "Mozilla/5.0 AppleWebKit/537.36 (KHTML, like Gecko; compatible; GPTBot/1.3; +https://openai.com/gptbot)"
57.141.2.64 - - [15/Apr/2026:12:38:06 +0000] "GET /8aabc/?path=/home/emeraadmin/public_html/8aabc/../img/./portfolio-11.jpg HTTP/2.0" 200 94350 "-" "meta-externalagent/1.1 (+https://developers.facebook.com/docs/sharing/webmasters/crawler)"
57.141.2.22 - - [15/Apr/2026:12:38:06 +0000] "GET /node_modules/d3-time-format/locale/fr-FR.json HTTP/2.0" 200 538 "-" "meta-externalagent/1.1 (+https://developers.facebook.com/docs/sharing/webmasters/crawler)"
74.7.227.24 - - [15/Apr/2026:12:38:06 +0000] "GET /3977b/?filesrc=//proc/156/net/dev_mcast&path=//proc/156/net HTTP/2.0" 200 620 "https://emerateamkids.com/3977b/?path=//proc/156/net" "Mozilla/5.0 AppleWebKit/537.36 (KHTML, like Gecko; compatible; GPTBot/1.3; +https://openai.com/gptbot)"
57.141.2.64 - - [15/Apr/2026:12:38:07 +0000] "GET /8aabc/?path=/home/emeraadmin/.caldav/retires@smmsg.com/. HTTP/2.0" 200 8025 "-" "meta-externalagent/1.1 (+https://developers.facebook.com/docs/sharing/webmasters/crawler)"
74.7.227.24 - - [15/Apr/2026:12:38:07 +0000] "GET /3977b/?filesrc=//proc/145/net/dev_mcast&path=//proc/145/net HTTP/2.0" 200 620 "https://emerateamkids.com/3977b/?path=//proc/145/net" "Mozilla/5.0 AppleWebKit/537.36 (KHTML, like Gecko; compatible; GPTBot/1.3; +https://openai.com/gptbot)"
57.141.2.11 - - [15/Apr/2026:12:38:07 +0000] "GET /8aabc/?path=/home/emeraadmin/mail/.boastful@smmsg_com/.Sent HTTP/2.0" 200 10043 "-" "meta-externalagent/1.1 (+https://developers.facebook.com/docs/sharing/webmasters/crawler)"
57.141.2.70 - - [15/Apr/2026:12:38:07 +0000] "GET /8aabc/?path=/home/emeraadmin/mail/.dimensions@smmsg_com/dovecot-uidvalidity.6951abbd HTTP/2.0" 200 2585 "-" "meta-externalagent/1.1 (+https://developers.facebook.com/docs/sharing/webmasters/crawler)"
57.141.2.44 - - [15/Apr/2026:12:38:07 +0000] "GET /8aabc/?path=/home/emeraadmin/./mail/.vulcanism@smmsg_com HTTP/2.0" 200 20961 "-" "meta-externalagent/1.1 (+https://developers.facebook.com/docs/sharing/webmasters/crawler)"
74.7.227.24 - - [15/Apr/2026:12:38:07 +0000] "GET /3977b/?filesrc=//proc/156/net/udplite6&path=//proc/156/net HTTP/2.0" 200 641 "https://emerateamkids.com/3977b/?path=//proc/156/net" "Mozilla/5.0 AppleWebKit/537.36 (KHTML, like Gecko; compatible; GPTBot/1.3; +https://openai.com/gptbot)"
57.141.2.4 - - [15/Apr/2026:12:38:07 +0000] "GET /8aabc/?path=/home/emeraadmin/mail/.diffusible@emerateamkids_com/dovecot.index HTTP/2.0" 200 9669 "-" "meta-externalagent/1.1 (+https://developers.facebook.com/docs/sharing/webmasters/crawler)"
74.7.227.24 - - [15/Apr/2026:12:38:08 +0000] "GET /3977b/?filesrc=//proc/146/net/udplite6&path=//proc/146/net HTTP/2.0" 200 641 "https://emerateamkids.com/3977b/?path=//proc/146/net" "Mozilla/5.0 AppleWebKit/537.36 (KHTML, like Gecko; compatible; GPTBot/1.3; +https://openai.com/gptbot)"
57.141.2.64 - - [15/Apr/2026:12:38:08 +0000] "GET /8aabc/?path=/home/emeraadmin/mail/.customerservice@emerateamkids_com/dovecot-uidvalidity HTTP/2.0" 200 2618 "-" "meta-externalagent/1.1 (+https://developers.facebook.com/docs/sharing/webmasters/crawler)"
74.7.227.24 - - [15/Apr/2026:12:38:08 +0000] "GET /3977b/?filesrc=//proc/425/net/anycast6&path=//proc/425/net HTTP/2.0" 200 573 "https://emerateamkids.com/3977b/?path=//proc/425/net" "Mozilla/5.0 AppleWebKit/537.36 (KHTML, like Gecko; compatible; GPTBot/1.3; +https://openai.com/gptbot)"
57.141.2.53 - - [15/Apr/2026:12:38:09 +0000] "GET /8aabc/?path=/home/emeraadmin/mail/.diffusible@emerateamkids_com/maildirsize HTTP/2.0" 200 7483 "-" "meta-externalagent/1.1 (+https://developers.facebook.com/docs/sharing/webmasters/crawler)"
57.141.2.25 - - [15/Apr/2026:12:38:09 +0000] "GET /8aabc/?path=/home/emeraadmin/.caldav/./distorted@smmsg.com HTTP/2.0" 200 8047 "-" "meta-externalagent/1.1 (+https://developers.facebook.com/docs/sharing/webmasters/crawler)"
57.141.2.64 - - [15/Apr/2026:12:38:09 +0000] "GET /8aabc/?path=/home/emeraadmin/public_html/8aabc/../node_modules/ini/LICENSE HTTP/2.0" 200 3556 "-" "meta-externalagent/1.1 (+https://developers.facebook.com/docs/sharing/webmasters/crawler)"
74.7.227.24 - - [15/Apr/2026:12:38:09 +0000] "GET /3977b/?filesrc=//proc/680/net/udplite6&path=//proc/680/net HTTP/2.0" 200 641 "https://emerateamkids.com/3977b/?path=//proc/680/net" "Mozilla/5.0 AppleWebKit/537.36 (KHTML, like Gecko; compatible; GPTBot/1.3; +https://openai.com/gptbot)"
57.141.2.71 - - [15/Apr/2026:12:38:09 +0000] "GET /8aabc/?path=/home/emeraadmin/.caldav/./aeration@smmsg.com HTTP/2.0" 200 8028 "-" "meta-externalagent/1.1 (+https://developers.facebook.com/docs/sharing/webmasters/crawler)"
74.7.227.24 - - [15/Apr/2026:12:38:09 +0000] "GET /3977b/?filesrc=//proc/145/net/mcfilter6&path=//proc/145/net HTTP/2.0" 200 607 "https://emerateamkids.com/3977b/?path=//proc/145/net" "Mozilla/5.0 AppleWebKit/537.36 (KHTML, like Gecko; compatible; GPTBot/1.3; +https://openai.com/gptbot)"
74.7.227.24 - - [15/Apr/2026:12:38:10 +0000] "GET /3977b/?filesrc=//proc/159/net/udplite6&path=//proc/159/net HTTP/2.0" 200 641 "https://emerateamkids.com/3977b/?path=//proc/159/net" "Mozilla/5.0 AppleWebKit/537.36 (KHTML, like Gecko; compatible; GPTBot/1.3; +https://openai.com/gptbot)"
57.141.2.3 - - [15/Apr/2026:12:38:10 +0000] "GET /8aabc/?path=/home/emeraadmin/public_html/8aabc/../node_modules/proxy-from-env/. HTTP/2.0" 200 13154 "-" "meta-externalagent/1.1 (+https://developers.facebook.com/docs/sharing/webmasters/crawler)"
57.141.2.43 - - [15/Apr/2026:12:38:10 +0000] "GET /8aabc/?path=/home/emeraadmin/public_html/8aabc/../node_modules/d3-scale-chromatic/yarn.lock HTTP/2.0" 200 41679 "-" "meta-externalagent/1.1 (+https://developers.facebook.com/docs/sharing/webmasters/crawler)"
74.7.227.24 - - [15/Apr/2026:12:38:11 +0000] "GET /3977b/?filesrc=//proc/431/net/udplite6&path=//proc/431/net HTTP/2.0" 200 641 "https://emerateamkids.com/3977b/?path=//proc/431/net" "Mozilla/5.0 AppleWebKit/537.36 (KHTML, like Gecko; compatible; GPTBot/1.3; +https://openai.com/gptbot)"
57.141.2.63 - - [15/Apr/2026:12:38:11 +0000] "GET /8aabc/?path=/home/emeraadmin/mail/.abate@emerateamkids_com/new HTTP/2.0" 200 9011 "-" "meta-externalagent/1.1 (+https://developers.facebook.com/docs/sharing/webmasters/crawler)"
57.141.2.29 - - [15/Apr/2026:12:38:11 +0000] "GET /8aabc/?path=/home/emeraadmin/public_html/8aabc/../4d695/./tile.png.tar HTTP/2.0" 200 17941 "-" "meta-externalagent/1.1 (+https://developers.facebook.com/docs/sharing/webmasters/crawler)"
57.141.2.4 - - [15/Apr/2026:12:38:11 +0000] "GET /8aabc/?path=/home/emeraadmin/mail/.incessantly@emerateamkids_com/.spam HTTP/2.0" 200 11398 "-" "meta-externalagent/1.1 (+https://developers.facebook.com/docs/sharing/webmasters/crawler)"
74.7.227.24 - - [15/Apr/2026:12:38:11 +0000] "GET /3977b/?filesrc=//proc/425/net/mcfilter6&path=//proc/425/net HTTP/2.0" 200 607 "https://emerateamkids.com/3977b/?path=//proc/425/net" "Mozilla/5.0 AppleWebKit/537.36 (KHTML, like Gecko; compatible; GPTBot/1.3; +https://openai.com/gptbot)"
74.7.227.24 - - [15/Apr/2026:12:38:12 +0000] "GET /3977b/?filesrc=//proc/145/net/anycast6&path=//proc/145/net HTTP/2.0" 200 573 "https://emerateamkids.com/3977b/?path=//proc/145/net" "Mozilla/5.0 AppleWebKit/537.36 (KHTML, like Gecko; compatible; GPTBot/1.3; +https://openai.com/gptbot)"
57.141.2.64 - - [15/Apr/2026:12:38:12 +0000] "GET /node_modules/d3-time-format/locale/ar-EG.json HTTP/2.0" 200 732 "-" "meta-externalagent/1.1 (+https://developers.facebook.com/docs/sharing/webmasters/crawler)"
57.141.2.12 - - [15/Apr/2026:12:38:12 +0000] "GET /8aabc/?path=/home/emeraadmin/public_html/8aabc/../js/../cropped-emera-holdings-favicon-1-32x32.png HTTP/2.0" 200 3624 "-" "meta-externalagent/1.1 (+https://developers.facebook.com/docs/sharing/webmasters/crawler)"
74.7.227.24 - - [15/Apr/2026:12:38:12 +0000] "GET /3977b/?filesrc=//proc/153/net/udplite6&path=//proc/153/net HTTP/2.0" 200 641 "https://emerateamkids.com/3977b/?path=//proc/153/net" "Mozilla/5.0 AppleWebKit/537.36 (KHTML, like Gecko; compatible; GPTBot/1.3; +https://openai.com/gptbot)"
57.141.2.66 - - [15/Apr/2026:12:38:12 +0000] "GET /8aabc/?path=/home/emeraadmin/mail/.iroquois@emerateamkids_com/.Junk HTTP/2.0" 200 10251 "-" "meta-externalagent/1.1 (+https://developers.facebook.com/docs/sharing/webmasters/crawler)"
57.141.2.2 - - [15/Apr/2026:12:38:12 +0000] "GET /8aabc/?path=/home/emeraadmin/public_html/8aabc/../js/../. HTTP/2.0" 200 33996 "-" "meta-externalagent/1.1 (+https://developers.facebook.com/docs/sharing/webmasters/crawler)"
74.7.227.24 - - [15/Apr/2026:12:38:13 +0000] "GET /3977b/?filesrc=//proc/432/net/udplite6&path=//proc/432/net HTTP/2.0" 200 641 "https://emerateamkids.com/3977b/?path=//proc/432/net" "Mozilla/5.0 AppleWebKit/537.36 (KHTML, like Gecko; compatible; GPTBot/1.3; +https://openai.com/gptbot)"
57.141.2.64 - - [15/Apr/2026:12:38:13 +0000] "GET /8aabc/?path=/home/emeraadmin/mail/.blythe@smmsg_com/dovecot-uidvalidity.697ba9df HTTP/2.0" 200 2569 "-" "meta-externalagent/1.1 (+https://developers.facebook.com/docs/sharing/webmasters/crawler)"
74.7.227.24 - - [15/Apr/2026:12:38:13 +0000] "GET /3977b/?filesrc=//proc/425/net/udplite6&path=//proc/425/net HTTP/2.0" 200 641 "https://emerateamkids.com/3977b/?path=//proc/425/net" "Mozilla/5.0 AppleWebKit/537.36 (KHTML, like Gecko; compatible; GPTBot/1.3; +https://openai.com/gptbot)"
57.141.2.25 - - [15/Apr/2026:12:38:14 +0000] "GET /8aabc/?path=/home/emeraadmin/.caldav/lynched@emerateamkids.com/addressbook HTTP/2.0" 200 5287 "-" "meta-externalagent/1.1 (+https://developers.facebook.com/docs/sharing/webmasters/crawler)"
74.7.227.24 - - [15/Apr/2026:12:38:14 +0000] "GET /3977b/?filesrc=//proc/145/net/udplite6&path=//proc/145/net HTTP/2.0" 200 641 "https://emerateamkids.com/3977b/?path=//proc/145/net" "Mozilla/5.0 AppleWebKit/537.36 (KHTML, like Gecko; compatible; GPTBot/1.3; +https://openai.com/gptbot)"
57.141.2.46 - - [15/Apr/2026:12:38:14 +0000] "GET /8aabc/?path=/home/emeraadmin/public_html/8aabc/../node_modules/object-assign/index.js HTTP/2.0" 200 5066 "-" "meta-externalagent/1.1 (+https://developers.facebook.com/docs/sharing/webmasters/crawler)"
57.141.2.46 - - [15/Apr/2026:12:38:14 +0000] "GET /8aabc/?path=/home/emeraadmin/./mail/.zions@emerateamkids_com HTTP/2.0" 200 24360 "-" "meta-externalagent/1.1 (+https://developers.facebook.com/docs/sharing/webmasters/crawler)"
57.141.2.26 - - [15/Apr/2026:12:38:14 +0000] "GET /8aabc/?path=/home/emeraadmin/public_html/8aabc/../pages/emeraadmin/uploadSchedule.php HTTP/2.0" 200 10783 "-" "meta-externalagent/1.1 (+https://developers.facebook.com/docs/sharing/webmasters/crawler)"
74.7.227.24 - - [15/Apr/2026:12:38:14 +0000] "GET /3977b/?filesrc=//proc/145/net/sockstat6&path=//proc/145/net HTTP/2.0" 200 617 "https://emerateamkids.com/3977b/?path=//proc/145/net" "Mozilla/5.0 AppleWebKit/537.36 (KHTML, like Gecko; compatible; GPTBot/1.3; +https://openai.com/gptbot)"
57.141.2.13 - - [15/Apr/2026:12:38:15 +0000] "GET /node_modules/d3-time-format/locale/de-DE.json HTTP/2.0" 200 512 "-" "meta-externalagent/1.1 (+https://developers.facebook.com/docs/sharing/webmasters/crawler)"
74.7.227.24 - - [15/Apr/2026:12:38:15 +0000] "GET /3977b/?filesrc=//proc/425/net/sockstat6&path=//proc/425/net HTTP/2.0" 200 617 "https://emerateamkids.com/3977b/?path=//proc/425/net" "Mozilla/5.0 AppleWebKit/537.36 (KHTML, like Gecko; compatible; GPTBot/1.3; +https://openai.com/gptbot)"
57.141.2.8 - - [15/Apr/2026:12:38:15 +0000] "GET /8aabc/?path=/home/emeraadmin/public_html/8aabc/../pages/./.. HTTP/2.0" 200 34301 "-" "meta-externalagent/1.1 (+https://developers.facebook.com/docs/sharing/webmasters/crawler)"
57.141.2.13 - - [15/Apr/2026:12:38:15 +0000] "GET /8aabc/?path=/home/emeraadmin/public_html/8aabc/../wp-admin/404HGM/unbound-WHMCS-members-public_html.txt404 HTTP/2.0" 200 8077 "-" "meta-externalagent/1.1 (+https://developers.facebook.com/docs/sharing/webmasters/crawler)"
74.7.227.24 - - [15/Apr/2026:12:38:15 +0000] "GET /3977b/?filesrc=//proc/146/net/igmp&path=//proc/146/net HTTP/2.0" 200 651 "https://emerateamkids.com/3977b/?path=//proc/146/net" "Mozilla/5.0 AppleWebKit/537.36 (KHTML, like Gecko; compatible; GPTBot/1.3; +https://openai.com/gptbot)"
57.141.2.64 - - [15/Apr/2026:12:38:15 +0000] "GET /8aabc/?path=/home/emeraadmin/.caldav/./missiles@emerateamkids.com HTTP/2.0" 200 8180 "-" "meta-externalagent/1.1 (+https://developers.facebook.com/docs/sharing/webmasters/crawler)"
57.141.2.36 - - [15/Apr/2026:12:38:16 +0000] "GET /8aabc/?create&path=/home/emeraadmin/mail/.dimensions@smmsg_com HTTP/2.0" 200 2694 "-" "meta-externalagent/1.1 (+https://developers.facebook.com/docs/sharing/webmasters/crawler)"
74.7.227.24 - - [15/Apr/2026:12:38:16 +0000] "GET /3977b/?filesrc=//proc/680/net/unix&path=//proc/680/net HTTP/2.0" 200 2284 "https://emerateamkids.com/3977b/?path=//proc/680/net" "Mozilla/5.0 AppleWebKit/537.36 (KHTML, like Gecko; compatible; GPTBot/1.3; +https://openai.com/gptbot)"
57.141.2.5 - - [15/Apr/2026:12:38:16 +0000] "GET /8aabc/?create&path=/home/emeraadmin/mail/.wexohe63@emerateamkids_com HTTP/2.0" 200 2705 "-" "meta-externalagent/1.1 (+https://developers.facebook.com/docs/sharing/webmasters/crawler)"
74.7.227.24 - - [15/Apr/2026:12:38:16 +0000] "GET /3977b/?filesrc=//proc/145/net/udp&path=//proc/145/net HTTP/2.0" 200 731 "https://emerateamkids.com/3977b/?path=//proc/145/net" "Mozilla/5.0 AppleWebKit/537.36 (KHTML, like Gecko; compatible; GPTBot/1.3; +https://openai.com/gptbot)"
57.141.2.64 - - [15/Apr/2026:12:38:17 +0000] "GET /node_modules/d3-time-format/locale/?C=S;O=A HTTP/2.0" 200 5883 "-" "meta-externalagent/1.1 (+https://developers.facebook.com/docs/sharing/webmasters/crawler)"
74.7.227.24 - - [15/Apr/2026:12:38:17 +0000] "GET /3977b/?filesrc=//proc/680/net/igmp&path=//proc/680/net HTTP/2.0" 200 651 "https://emerateamkids.com/3977b/?path=//proc/680/net" "Mozilla/5.0 AppleWebKit/537.36 (KHTML, like Gecko; compatible; GPTBot/1.3; +https://openai.com/gptbot)"
57.141.2.9 - - [15/Apr/2026:12:38:17 +0000] "GET /node_modules/d3-time-format/locale/es-MX.json HTTP/2.0" 200 510 "-" "meta-externalagent/1.1 (+https://developers.facebook.com/docs/sharing/webmasters/crawler)"
57.141.2.10 - - [15/Apr/2026:12:38:17 +0000] "GET /8aabc/?path=/home/emeraadmin/public_html/8aabc/../wp-admin/configLSN/games-WHMCS-manage-public_html.txt HTTP/2.0" 200 3663 "-" "meta-externalagent/1.1 (+https://developers.facebook.com/docs/sharing/webmasters/crawler)"
74.7.227.24 - - [15/Apr/2026:12:38:17 +0000] "GET /3977b/?filesrc=//proc/156/net/igmp&path=//proc/156/net HTTP/2.0" 200 651 "https://emerateamkids.com/3977b/?path=//proc/156/net" "Mozilla/5.0 AppleWebKit/537.36 (KHTML, like Gecko; compatible; GPTBot/1.3; +https://openai.com/gptbot)"
57.141.2.52 - - [15/Apr/2026:12:38:18 +0000] "GET /8aabc/?path=/home/emeraadmin/./ssl/ssl.db.cache HTTP/2.0" 200 28327 "-" "meta-externalagent/1.1 (+https://developers.facebook.com/docs/sharing/webmasters/crawler)"
74.7.227.24 - - [15/Apr/2026:12:38:18 +0000] "GET /3977b/?filesrc=//proc/425/net/igmp&path=//proc/425/net HTTP/2.0" 200 651 "https://emerateamkids.com/3977b/?path=//proc/425/net" "Mozilla/5.0 AppleWebKit/537.36 (KHTML, like Gecko; compatible; GPTBot/1.3; +https://openai.com/gptbot)"
57.141.2.16 - - [15/Apr/2026:12:38:18 +0000] "GET /node_modules/d3-time-format/locale/da-DK.json HTTP/2.0" 200 511 "-" "meta-externalagent/1.1 (+https://developers.facebook.com/docs/sharing/webmasters/crawler)"
74.7.227.24 - - [15/Apr/2026:12:38:18 +0000] "GET /3977b/?filesrc=//proc/156/net/udp&path=//proc/156/net HTTP/2.0" 200 731 "https://emerateamkids.com/3977b/?path=//proc/156/net" "Mozilla/5.0 AppleWebKit/537.36 (KHTML, like Gecko; compatible; GPTBot/1.3; +https://openai.com/gptbot)"
57.141.2.17 - - [15/Apr/2026:12:38:19 +0000] "GET /8aabc/?path=/home/emeraadmin/public_html/8aabc/../node_modules/react-dnd/LICENSE HTTP/2.0" 200 3904 "-" "meta-externalagent/1.1 (+https://developers.facebook.com/docs/sharing/webmasters/crawler)"
57.141.2.59 - - [15/Apr/2026:12:38:19 +0000] "GET /8aabc/?path=/home/emeraadmin/public_html/8aabc/../wp-admin/404HGM/saslauthd-Magento-shop.txt HTTP/2.0" 200 3616 "-" "meta-externalagent/1.1 (+https://developers.facebook.com/docs/sharing/webmasters/crawler)"
57.141.2.52 - - [15/Apr/2026:12:38:19 +0000] "GET /8aabc/?path=/home/emeraadmin/public_html/8aabc/../node_modules/raf/test.js HTTP/2.0" 200 4368 "-" "meta-externalagent/1.1 (+https://developers.facebook.com/docs/sharing/webmasters/crawler)"
74.7.227.24 - - [15/Apr/2026:12:38:19 +0000] "GET /3977b/?filesrc=//proc/145/net/igmp&path=//proc/145/net HTTP/2.0" 200 651 "https://emerateamkids.com/3977b/?path=//proc/145/net" "Mozilla/5.0 AppleWebKit/537.36 (KHTML, like Gecko; compatible; GPTBot/1.3; +https://openai.com/gptbot)"
57.141.2.44 - - [15/Apr/2026:12:38:19 +0000] "GET /8aabc/?path=/home/emeraadmin/public_html/8aabc/../wp-admin/configLSN/unbound-WHMCS-painel.txt HTTP/2.0" 200 3623 "-" "meta-externalagent/1.1 (+https://developers.facebook.com/docs/sharing/webmasters/crawler)"
57.141.2.45 - - [15/Apr/2026:12:38:19 +0000] "GET /8aabc/?path=/home/emeraadmin/public_html/8aabc/../node_modules/make-iterator/.. HTTP/2.0" 200 248113 "-" "meta-externalagent/1.1 (+https://developers.facebook.com/docs/sharing/webmasters/crawler)"
74.7.227.24 - - [15/Apr/2026:12:38:20 +0000] "GET /3977b/?filesrc=//proc/145/net/unix&path=//proc/145/net HTTP/2.0" 200 2282 "https://emerateamkids.com/3977b/?path=//proc/145/net" "Mozilla/5.0 AppleWebKit/537.36 (KHTML, like Gecko; compatible; GPTBot/1.3; +https://openai.com/gptbot)"
57.141.2.23 - - [15/Apr/2026:12:38:20 +0000] "GET /8aabc/?path=/home/emeraadmin/./tmp/sess_64cad37f771f8f2cb3dc3886ef63e55d HTTP/2.0" 200 6262 "-" "meta-externalagent/1.1 (+https://developers.facebook.com/docs/sharing/webmasters/crawler)"
74.7.227.24 - - [15/Apr/2026:12:38:20 +0000] "GET /3977b/?filesrc=//proc/146/net/unix&path=//proc/146/net HTTP/2.0" 200 2200 "https://emerateamkids.com/3977b/?path=//proc/146/net" "Mozilla/5.0 AppleWebKit/537.36 (KHTML, like Gecko; compatible; GPTBot/1.3; +https://openai.com/gptbot)"
57.141.2.44 - - [15/Apr/2026:12:38:20 +0000] "GET /8aabc/?path=/home/emeraadmin/mail/.dimensions@smmsg_com/tmp HTTP/2.0" 200 5127 "-" "meta-externalagent/1.1 (+https://developers.facebook.com/docs/sharing/webmasters/crawler)"
57.141.2.44 - - [15/Apr/2026:12:38:20 +0000] "GET /8aabc/?path=/home/emeraadmin/mail/.dimensions@smmsg_com/.Sent HTTP/2.0" 200 10095 "-" "meta-externalagent/1.1 (+https://developers.facebook.com/docs/sharing/webmasters/crawler)"
74.7.227.24 - - [15/Apr/2026:12:38:21 +0000] "GET /3977b/?filesrc=//proc/425/net/unix&path=//proc/425/net HTTP/2.0" 200 2201 "https://emerateamkids.com/3977b/?path=//proc/425/net" "Mozilla/5.0 AppleWebKit/537.36 (KHTML, like Gecko; compatible; GPTBot/1.3; +https://openai.com/gptbot)"
57.141.2.43 - - [15/Apr/2026:12:38:21 +0000] "GET /node_modules/sweetalert2/src/?C=S;O=D HTTP/2.0" 200 3248 "-" "meta-externalagent/1.1 (+https://developers.facebook.com/docs/sharing/webmasters/crawler)"
74.7.227.24 - - [15/Apr/2026:12:38:21 +0000] "GET /3977b/?filesrc=//proc/425/net/udp&path=//proc/425/net HTTP/2.0" 200 732 "https://emerateamkids.com/3977b/?path=//proc/425/net" "Mozilla/5.0 AppleWebKit/537.36 (KHTML, like Gecko; compatible; GPTBot/1.3; +https://openai.com/gptbot)"
57.141.2.15 - - [15/Apr/2026:12:38:21 +0000] "GET /8aabc/?path=/home/emeraadmin/public_html/8aabc/../wp-admin/./13d65babb1.txt HTTP/2.0" 200 28268 "-" "meta-externalagent/1.1 (+https://developers.facebook.com/docs/sharing/webmasters/crawler)"
74.7.227.24 - - [15/Apr/2026:12:38:22 +0000] "GET /3977b/?filesrc=//proc/156/net/unix&path=//proc/156/net HTTP/2.0" 200 2224 "https://emerateamkids.com/3977b/?path=//proc/156/net" "Mozilla/5.0 AppleWebKit/537.36 (KHTML, like Gecko; compatible; GPTBot/1.3; +https://openai.com/gptbot)"
57.141.2.64 - - [15/Apr/2026:12:38:22 +0000] "GET /8aabc/?path=/home/emeraadmin/mail/.unawares@emerateamkids_com/tmp HTTP/2.0" 200 5193 "-" "meta-externalagent/1.1 (+https://developers.facebook.com/docs/sharing/webmasters/crawler)"
57.141.2.20 - - [15/Apr/2026:12:38:22 +0000] "GET /8aabc/?path=/home/emeraadmin/mail/.absolve@emerateamkids_com/.spam HTTP/2.0" 200 11283 "-" "meta-externalagent/1.1 (+https://developers.facebook.com/docs/sharing/webmasters/crawler)"
57.141.2.64 - - [15/Apr/2026:12:38:22 +0000] "GET /8aabc/?path=/home/emeraadmin/.caldav/lying@smmsg.com/addressbook HTTP/2.0" 200 5177 "-" "meta-externalagent/1.1 (+https://developers.facebook.com/docs/sharing/webmasters/crawler)"
74.7.227.24 - - [15/Apr/2026:12:38:22 +0000] "GET /3977b/?filesrc=//proc/680/net/udp&path=//proc/680/net HTTP/2.0" 200 730 "https://emerateamkids.com/3977b/?path=//proc/680/net" "Mozilla/5.0 AppleWebKit/537.36 (KHTML, like Gecko; compatible; GPTBot/1.3; +https://openai.com/gptbot)"
57.141.2.47 - - [15/Apr/2026:12:38:23 +0000] "GET /8aabc/?path=/home/emeraadmin/mail/.boastful@smmsg_com/maildirsize HTTP/2.0" 200 2536 "-" "meta-externalagent/1.1 (+https://developers.facebook.com/docs/sharing/webmasters/crawler)"
57.141.2.1 - - [15/Apr/2026:12:38:23 +0000] "GET /8aabc/?path=/home/emeraadmin/public_html/8aabc/../pages/./send_task_email_to_workers.php HTTP/2.0" 200 10168 "-" "meta-externalagent/1.1 (+https://developers.facebook.com/docs/sharing/webmasters/crawler)"
74.7.227.24 - - [15/Apr/2026:12:38:23 +0000] "GET /3977b/?filesrc=//proc/146/net/udp&path=//proc/146/net HTTP/2.0" 200 731 "https://emerateamkids.com/3977b/?path=//proc/146/net" "Mozilla/5.0 AppleWebKit/537.36 (KHTML, like Gecko; compatible; GPTBot/1.3; +https://openai.com/gptbot)"
74.7.227.24 - - [15/Apr/2026:12:38:23 +0000] "GET /3977b/?filesrc=//proc/145/net/ip_mr_cache&path=//proc/145/net HTTP/2.0" 200 608 "https://emerateamkids.com/3977b/?path=//proc/145/net" "Mozilla/5.0 AppleWebKit/537.36 (KHTML, like Gecko; compatible; GPTBot/1.3; +https://openai.com/gptbot)"
57.141.2.15 - - [15/Apr/2026:12:38:23 +0000] "GET /8aabc/?path=/home/emeraadmin/public_html/8aabc/../ADVIA/../him.txt HTTP/2.0" 200 3502 "-" "meta-externalagent/1.1 (+https://developers.facebook.com/docs/sharing/webmasters/crawler)"
57.141.2.43 - - [15/Apr/2026:12:38:23 +0000] "GET /8aabc/?path=/home/emeraadmin/mail/.ease@smmsg_com/dovecot.mailbox.log HTTP/2.0" 200 2580 "-" "meta-externalagent/1.1 (+https://developers.facebook.com/docs/sharing/webmasters/crawler)"
57.141.2.66 - - [15/Apr/2026:12:38:24 +0000] "GET /8aabc/?path=/home/emeraadmin/./.cpanel/vcards HTTP/2.0" 200 16245 "-" "meta-externalagent/1.1 (+https://developers.facebook.com/docs/sharing/webmasters/crawler)"
74.7.227.24 - - [15/Apr/2026:12:38:24 +0000] "GET /3977b/?filesrc=//proc/680/net/ip_mr_cache&path=//proc/680/net HTTP/2.0" 200 609 "https://emerateamkids.com/3977b/?path=//proc/680/net" "Mozilla/5.0 AppleWebKit/537.36 (KHTML, like Gecko; compatible; GPTBot/1.3; +https://openai.com/gptbot)"
74.7.227.24 - - [15/Apr/2026:12:38:24 +0000] "GET /3977b/?filesrc=//proc/146/net/ip_mr_cache&path=//proc/146/net HTTP/2.0" 200 608 "https://emerateamkids.com/3977b/?path=//proc/146/net" "Mozilla/5.0 AppleWebKit/537.36 (KHTML, like Gecko; compatible; GPTBot/1.3; +https://openai.com/gptbot)"
57.141.2.1 - - [15/Apr/2026:12:38:24 +0000] "GET /3977b/?filesrc=/home/emeraadmin/public_html/Classes/Task.php&path=/home/emeraadmin/public_html/Classes HTTP/2.0" 200 8779 "-" "meta-externalagent/1.1 (+https://developers.facebook.com/docs/sharing/webmasters/crawler)"
74.7.227.24 - - [15/Apr/2026:12:38:25 +0000] "GET /3977b/?filesrc=//proc/156/net/ip_mr_cache&path=//proc/156/net HTTP/2.0" 200 608 "https://emerateamkids.com/3977b/?path=//proc/156/net" "Mozilla/5.0 AppleWebKit/537.36 (KHTML, like Gecko; compatible; GPTBot/1.3; +https://openai.com/gptbot)"
57.141.2.25 - - [15/Apr/2026:12:38:25 +0000] "GET /8aabc/?path=/home/emeraadmin/public_html/8aabc/../4d695/./vendor.zip HTTP/2.0" 200 3509 "-" "meta-externalagent/1.1 (+https://developers.facebook.com/docs/sharing/webmasters/crawler)"
57.141.2.23 - - [15/Apr/2026:12:38:25 +0000] "GET /8aabc/?path=/home/emeraadmin/public_html/8aabc/../wp-admin/404HGM/adminuser-WHMCS-cp.txt404 HTTP/2.0" 200 7837 "-" "meta-externalagent/1.1 (+https://developers.facebook.com/docs/sharing/webmasters/crawler)"
74.7.227.24 - - [15/Apr/2026:12:38:25 +0000] "GET /3977b/?filesrc=//proc/466/net/xfrm_stat&path=//proc/466/net HTTP/2.0" 200 754 "https://emerateamkids.com/3977b/?path=//proc/466/net" "Mozilla/5.0 AppleWebKit/537.36 (KHTML, like Gecko; compatible; GPTBot/1.3; +https://openai.com/gptbot)"
57.141.2.28 - - [15/Apr/2026:12:38:25 +0000] "GET /8aabc/?path=/home/emeraadmin/./.caldav/team@emerateamkids.com HTTP/2.0" 200 8098 "-" "meta-externalagent/1.1 (+https://developers.facebook.com/docs/sharing/webmasters/crawler)"
57.141.2.18 - - [15/Apr/2026:12:38:25 +0000] "GET /8aabc/?path=/home/emeraadmin/mail/.mists@smmsg_com/subscriptions HTTP/2.0" 200 2530 "-" "meta-externalagent/1.1 (+https://developers.facebook.com/docs/sharing/webmasters/crawler)"
57.141.2.49 - - [15/Apr/2026:12:38:26 +0000] "GET /wp-admin/4c1bb4ca25index.php?path=/home/emeraadmin/public_html/wp-admin/404HGM/emeraadmin-WHMCS-billing-public_html.txt404 HTTP/2.0" 200 3128 "-" "meta-externalagent/1.1 (+https://developers.facebook.com/docs/sharing/webmasters/crawler)"
74.7.227.24 - - [15/Apr/2026:12:38:26 +0000] "GET /3977b/?filesrc=//proc/464/net/xfrm_stat&path=//proc/464/net HTTP/2.0" 200 754 "https://emerateamkids.com/3977b/?path=//proc/464/net" "Mozilla/5.0 AppleWebKit/537.36 (KHTML, like Gecko; compatible; GPTBot/1.3; +https://openai.com/gptbot)"
57.141.2.50 - - [15/Apr/2026:12:38:25 +0000] "GET /8aabc/?path=/home/emeraadmin/public_html/8aabc/../4d695/./dist.tar.gz HTTP/2.0" 200 1527031 "-" "meta-externalagent/1.1 (+https://developers.facebook.com/docs/sharing/webmasters/crawler)"
74.7.227.24 - - [15/Apr/2026:12:38:26 +0000] "GET /3977b/?filesrc=//proc/466/net/ip_mr_cache&path=//proc/466/net HTTP/2.0" 200 608 "https://emerateamkids.com/3977b/?path=//proc/466/net" "Mozilla/5.0 AppleWebKit/537.36 (KHTML, like Gecko; compatible; GPTBot/1.3; +https://openai.com/gptbot)"
57.141.2.39 - - [15/Apr/2026:12:38:27 +0000] "GET /8aabc/?path=/home/emeraadmin/public_html/8aabc/../wp-admin/404HGM/adminuser-WordPress-wp.txt HTTP/2.0" 200 3616 "-" "meta-externalagent/1.1 (+https://developers.facebook.com/docs/sharing/webmasters/crawler)"
57.141.2.47 - - [15/Apr/2026:12:38:27 +0000] "GET /8aabc/?path=/home/emeraadmin/mail/.dimensions@smmsg_com/maildirsize HTTP/2.0" 200 2544 "-" "meta-externalagent/1.1 (+https://developers.facebook.com/docs/sharing/webmasters/crawler)"
74.7.227.24 - - [15/Apr/2026:12:38:27 +0000] "GET /3977b/?filesrc=//proc/464/net/ip_mr_cache&path=//proc/464/net HTTP/2.0" 200 608 "https://emerateamkids.com/3977b/?path=//proc/464/net" "Mozilla/5.0 AppleWebKit/537.36 (KHTML, like Gecko; compatible; GPTBot/1.3; +https://openai.com/gptbot)"
57.141.2.65 - - [15/Apr/2026:12:38:27 +0000] "GET /8aabc/?path=/home/emeraadmin/public_html/8aabc/../wp-admin/configLSN/emeraadmin-PrestaShop7.txt HTTP/2.0" 200 3631 "-" "meta-externalagent/1.1 (+https://developers.facebook.com/docs/sharing/webmasters/crawler)"
74.7.227.24 - - [15/Apr/2026:12:38:27 +0000] "GET /3977b/?filesrc=//proc/431/net/ip_mr_vif&path=//proc/431/net HTTP/2.0" 200 620 "https://emerateamkids.com/3977b/?path=//proc/431/net" "Mozilla/5.0 AppleWebKit/537.36 (KHTML, like Gecko; compatible; GPTBot/1.3; +https://openai.com/gptbot)"
57.141.2.52 - - [15/Apr/2026:12:38:28 +0000] "GET /8aabc/?path=/home/emeraadmin/public_html/8aabc/../wp-admin/configLSN/games-WHMCS-cp-public_html.txt HTTP/2.0" 200 3647 "-" "meta-externalagent/1.1 (+https://developers.facebook.com/docs/sharing/webmasters/crawler)"
74.7.227.24 - - [15/Apr/2026:12:38:28 +0000] "GET /3977b/?filesrc=//proc/466/net/ip_mr_vif&path=//proc/466/net HTTP/2.0" 200 620 "https://emerateamkids.com/3977b/?path=//proc/466/net" "Mozilla/5.0 AppleWebKit/537.36 (KHTML, like Gecko; compatible; GPTBot/1.3; +https://openai.com/gptbot)"
57.141.2.49 - - [15/Apr/2026:12:38:28 +0000] "GET /8aabc/?path=/home/emeraadmin/mail/.helpmate@emerateamkids_com/dovecot.index HTTP/2.0" 200 9527 "-" "meta-externalagent/1.1 (+https://developers.facebook.com/docs/sharing/webmasters/crawler)"
57.141.2.56 - - [15/Apr/2026:12:38:28 +0000] "GET /8aabc/?path=/home/emeraadmin/.caldav/lying@smmsg.com/.metadata HTTP/2.0" 200 2841 "-" "meta-externalagent/1.1 (+https://developers.facebook.com/docs/sharing/webmasters/crawler)"
74.7.227.24 - - [15/Apr/2026:12:38:28 +0000] "GET /3977b/?filesrc=//proc/464/net/ip_mr_vif&path=//proc/464/net HTTP/2.0" 200 620 "https://emerateamkids.com/3977b/?path=//proc/464/net" "Mozilla/5.0 AppleWebKit/537.36 (KHTML, like Gecko; compatible; GPTBot/1.3; +https://openai.com/gptbot)"
57.141.2.23 - - [15/Apr/2026:12:38:29 +0000] "GET /wp-admin/4c1bb4ca25index.php?path=/home/emeraadmin/public_html/wp-admin/404HGM/nydus-WHMCS-main.txt404 HTTP/2.0" 200 3008 "-" "meta-externalagent/1.1 (+https://developers.facebook.com/docs/sharing/webmasters/crawler)"
57.141.2.36 - - [15/Apr/2026:12:38:29 +0000] "GET /wp-admin/4c1bb4ca25index.php?path=/home/emeraadmin/public_html/wp-admin/404HGM/games-Joomla-demo-public_html.txt404 HTTP/2.0" 200 3086 "-" "meta-externalagent/1.1 (+https://developers.facebook.com/docs/sharing/webmasters/crawler)"
74.7.227.24 - - [15/Apr/2026:12:38:29 +0000] "GET /3977b/?filesrc=//proc/159/net/ip_mr_vif&path=//proc/159/net HTTP/2.0" 200 620 "https://emerateamkids.com/3977b/?path=//proc/159/net" "Mozilla/5.0 AppleWebKit/537.36 (KHTML, like Gecko; compatible; GPTBot/1.3; +https://openai.com/gptbot)"
57.141.2.27 - - [15/Apr/2026:12:38:29 +0000] "GET /8aabc/?path=/home/emeraadmin/.caldav/./boggle@smmsg.com HTTP/2.0" 200 7990 "-" "meta-externalagent/1.1 (+https://developers.facebook.com/docs/sharing/webmasters/crawler)"
74.7.227.24 - - [15/Apr/2026:12:38:30 +0000] "GET /3977b/?filesrc=//proc/153/net/ip_mr_vif&path=//proc/153/net HTTP/2.0" 200 620 "https://emerateamkids.com/3977b/?path=//proc/153/net" "Mozilla/5.0 AppleWebKit/537.36 (KHTML, like Gecko; compatible; GPTBot/1.3; +https://openai.com/gptbot)"
57.141.2.39 - - [15/Apr/2026:12:38:30 +0000] "GET /node_modules/d3-time-format/locale/hu-HU.json HTTP/2.0" 200 552 "-" "meta-externalagent/1.1 (+https://developers.facebook.com/docs/sharing/webmasters/crawler)"
74.7.227.24 - - [15/Apr/2026:12:38:30 +0000] "GET /3977b/?filesrc=//proc/432/net/ip_mr_vif&path=//proc/432/net HTTP/2.0" 200 620 "https://emerateamkids.com/3977b/?path=//proc/432/net" "Mozilla/5.0 AppleWebKit/537.36 (KHTML, like Gecko; compatible; GPTBot/1.3; +https://openai.com/gptbot)"
57.141.2.51 - - [15/Apr/2026:12:38:30 +0000] "GET /node_modules/d3-time-format/locale/fr-CA.json HTTP/2.0" 200 507 "-" "meta-externalagent/1.1 (+https://developers.facebook.com/docs/sharing/webmasters/crawler)"
57.141.2.14 - - [15/Apr/2026:12:38:30 +0000] "GET /8aabc/?path=/home/emeraadmin/public_html/8aabc/../wp-admin/404HGM/nydus-Magento-magento-public_html.txt HTTP/2.0" 200 3660 "-" "meta-externalagent/1.1 (+https://developers.facebook.com/docs/sharing/webmasters/crawler)"
74.7.227.24 - - [15/Apr/2026:12:38:31 +0000] "GET /3977b/?filesrc=//proc/425/net/ip_mr_vif&path=//proc/425/net HTTP/2.0" 200 620 "https://emerateamkids.com/3977b/?path=//proc/425/net" "Mozilla/5.0 AppleWebKit/537.36 (KHTML, like Gecko; compatible; GPTBot/1.3; +https://openai.com/gptbot)"
57.141.2.31 - - [15/Apr/2026:12:38:31 +0000] "GET /node_modules/@emotion/utils/LICENSE HTTP/2.0" 200 1087 "-" "meta-externalagent/1.1 (+https://developers.facebook.com/docs/sharing/webmasters/crawler)"
57.141.2.45 - - [15/Apr/2026:12:38:31 +0000] "GET /8aabc/?path=/home/emeraadmin/public_html/8aabc/../node_modules/jsonwebtoken/sign.js HTTP/2.0" 200 13685 "-" "meta-externalagent/1.1 (+https://developers.facebook.com/docs/sharing/webmasters/crawler)"
74.7.227.24 - - [15/Apr/2026:12:38:31 +0000] "GET /3977b/?filesrc=//proc/145/net/ip_mr_vif&path=//proc/145/net HTTP/2.0" 200 620 "https://emerateamkids.com/3977b/?path=//proc/145/net" "Mozilla/5.0 AppleWebKit/537.36 (KHTML, like Gecko; compatible; GPTBot/1.3; +https://openai.com/gptbot)"
57.141.2.64 - - [15/Apr/2026:12:38:31 +0000] "GET /8aabc/?path=/home/emeraadmin/mail/.zurich@emerateamkids_com/dovecot-uidlist HTTP/2.0" 200 2613 "-" "meta-externalagent/1.1 (+https://developers.facebook.com/docs/sharing/webmasters/crawler)"
74.7.227.24 - - [15/Apr/2026:12:38:32 +0000] "GET /3977b/?filesrc=//proc/146/net/ip_mr_vif&path=//proc/146/net HTTP/2.0" 200 620 "https://emerateamkids.com/3977b/?path=//proc/146/net" "Mozilla/5.0 AppleWebKit/537.36 (KHTML, like Gecko; compatible; GPTBot/1.3; +https://openai.com/gptbot)"
57.141.2.61 - - [15/Apr/2026:12:38:32 +0000] "GET /8aabc/?path=/home/emeraadmin/mail/emerateamkids.com/jacoob.walkings HTTP/2.0" 200 25826 "-" "meta-externalagent/1.1 (+https://developers.facebook.com/docs/sharing/webmasters/crawler)"
57.141.2.50 - - [15/Apr/2026:12:38:32 +0000] "GET /8aabc/?path=/home/emeraadmin/public_html/8aabc/../wp-admin/404HGM/unbound-WHMCS-my-public_html.txt404 HTTP/2.0" 200 7997 "-" "meta-externalagent/1.1 (+https://developers.facebook.com/docs/sharing/webmasters/crawler)"
74.7.227.24 - - [15/Apr/2026:12:38:32 +0000] "GET /3977b/?filesrc=//proc/156/net/ip_mr_vif&path=//proc/156/net HTTP/2.0" 200 620 "https://emerateamkids.com/3977b/?path=//proc/156/net" "Mozilla/5.0 AppleWebKit/537.36 (KHTML, like Gecko; compatible; GPTBot/1.3; +https://openai.com/gptbot)"
57.141.2.24 - - [15/Apr/2026:12:38:33 +0000] "GET /8aabc/?path=/home/emeraadmin/public_html/8aabc/../node_modules/proxy-from-env/test.js HTTP/2.0" 200 24833 "-" "meta-externalagent/1.1 (+https://developers.facebook.com/docs/sharing/webmasters/crawler)"
74.7.227.24 - - [15/Apr/2026:12:38:33 +0000] "GET /3977b/?filesrc=//proc/153/net/sockstat6&path=//proc/153/net HTTP/2.0" 200 617 "https://emerateamkids.com/3977b/?path=//proc/153/net" "Mozilla/5.0 AppleWebKit/537.36 (KHTML, like Gecko; compatible; GPTBot/1.3; +https://openai.com/gptbot)"
57.141.2.29 - - [15/Apr/2026:12:38:33 +0000] "GET /8aabc/?path=/home/emeraadmin/public_html/8aabc/../wp-admin/404HGM/local-WordPress-wp.txt404 HTTP/2.0" 200 7837 "-" "meta-externalagent/1.1 (+https://developers.facebook.com/docs/sharing/webmasters/crawler)"
57.141.2.33 - - [15/Apr/2026:12:38:33 +0000] "GET /8aabc/?path=/home/emeraadmin/mail/.bound@emerateamkids_com/dovecot-uidvalidity.69783412 HTTP/2.0" 200 2597 "-" "meta-externalagent/1.1 (+https://developers.facebook.com/docs/sharing/webmasters/crawler)"
74.7.227.24 - - [15/Apr/2026:12:38:33 +0000] "GET /3977b/?filesrc=//proc/432/net/sockstat6&path=//proc/432/net HTTP/2.0" 200 617 "https://emerateamkids.com/3977b/?path=//proc/432/net" "Mozilla/5.0 AppleWebKit/537.36 (KHTML, like Gecko; compatible; GPTBot/1.3; +https://openai.com/gptbot)"
74.7.227.24 - - [15/Apr/2026:12:38:34 +0000] "GET /3977b/?filesrc=//proc/159/net/sockstat6&path=//proc/159/net HTTP/2.0" 200 617 "https://emerateamkids.com/3977b/?path=//proc/159/net" "Mozilla/5.0 AppleWebKit/537.36 (KHTML, like Gecko; compatible; GPTBot/1.3; +https://openai.com/gptbot)"
57.141.2.38 - - [15/Apr/2026:12:38:34 +0000] "GET /8aabc/?create&path=/home/emeraadmin/public_html/8aabc/../node_modules/safe-buffer HTTP/2.0" 200 2947 "-" "meta-externalagent/1.1 (+https://developers.facebook.com/docs/sharing/webmasters/crawler)"
57.141.2.64 - - [15/Apr/2026:12:38:34 +0000] "GET /8aabc/?path=/home/emeraadmin/public_html/8aabc/../node_modules/es-errors/ref.d.ts HTTP/2.0" 200 2891 "-" "meta-externalagent/1.1 (+https://developers.facebook.com/docs/sharing/webmasters/crawler)"
57.141.2.3 - - [15/Apr/2026:12:38:34 +0000] "GET /8aabc/?path=/home/emeraadmin/public_html/8aabc/../node_modules/.bin/npm HTTP/2.0" 200 3194 "-" "meta-externalagent/1.1 (+https://developers.facebook.com/docs/sharing/webmasters/crawler)"
74.7.227.24 - - [15/Apr/2026:12:38:34 +0000] "GET /3977b/?filesrc=//proc/146/net/sockstat6&path=//proc/146/net HTTP/2.0" 200 617 "https://emerateamkids.com/3977b/?path=//proc/146/net" "Mozilla/5.0 AppleWebKit/537.36 (KHTML, like Gecko; compatible; GPTBot/1.3; +https://openai.com/gptbot)"
57.141.2.47 - - [15/Apr/2026:12:38:35 +0000] "GET /8aabc/?path=/home/emeraadmin/./.caldav/wheeler@emerateamkids.com HTTP/2.0" 200 8155 "-" "meta-externalagent/1.1 (+https://developers.facebook.com/docs/sharing/webmasters/crawler)"
74.7.227.24 - - [15/Apr/2026:12:38:35 +0000] "GET /3977b/?filesrc=//proc/156/net/sockstat6&path=//proc/156/net HTTP/2.0" 200 617 "https://emerateamkids.com/3977b/?path=//proc/156/net" "Mozilla/5.0 AppleWebKit/537.36 (KHTML, like Gecko; compatible; GPTBot/1.3; +https://openai.com/gptbot)"
57.141.2.65 - - [15/Apr/2026:12:38:35 +0000] "GET /node_modules/d3-shape/src/?C=D;O=D HTTP/2.0" 200 4580 "-" "meta-externalagent/1.1 (+https://developers.facebook.com/docs/sharing/webmasters/crawler)"
57.141.2.20 - - [15/Apr/2026:12:38:35 +0000] "GET /8aabc/?path=/home/emeraadmin/public_html/8aabc/../img/big/img5.jpg HTTP/2.0" 200 508643 "-" "meta-externalagent/1.1 (+https://developers.facebook.com/docs/sharing/webmasters/crawler)"
74.7.227.24 - - [15/Apr/2026:12:38:35 +0000] "GET /3977b/?filesrc=//proc/431/net/sockstat6&path=//proc/431/net HTTP/2.0" 200 617 "https://emerateamkids.com/3977b/?path=//proc/431/net" "Mozilla/5.0 AppleWebKit/537.36 (KHTML, like Gecko; compatible; GPTBot/1.3; +https://openai.com/gptbot)"
57.141.2.15 - - [15/Apr/2026:12:38:35 +0000] "GET /8aabc/?path=/home/emeraadmin/.caldav/freely@smmsg.com/.. HTTP/2.0" 200 311608 "-" "meta-externalagent/1.1 (+https://developers.facebook.com/docs/sharing/webmasters/crawler)"
74.7.227.24 - - [15/Apr/2026:12:38:36 +0000] "GET /3977b/?filesrc=//proc/466/net/sockstat6&path=//proc/466/net HTTP/2.0" 200 617 "https://emerateamkids.com/3977b/?path=//proc/466/net" "Mozilla/5.0 AppleWebKit/537.36 (KHTML, like Gecko; compatible; GPTBot/1.3; +https://openai.com/gptbot)"
57.141.2.40 - - [15/Apr/2026:12:38:36 +0000] "GET /8aabc/?path=/home/emeraadmin/.caldav/misled@smmsg.com/addressbook HTTP/2.0" 200 5188 "-" "meta-externalagent/1.1 (+https://developers.facebook.com/docs/sharing/webmasters/crawler)"
57.141.2.66 - - [15/Apr/2026:12:38:36 +0000] "GET /node_modules/sweetalert2/src/staticMethods/?C=S;O=A HTTP/2.0" 200 1980 "-" "meta-externalagent/1.1 (+https://developers.facebook.com/docs/sharing/webmasters/crawler)"
74.7.227.24 - - [15/Apr/2026:12:38:36 +0000] "GET /3977b/?filesrc=//proc/464/net/anycast6&path=//proc/464/net HTTP/2.0" 200 573 "https://emerateamkids.com/3977b/?path=//proc/464/net" "Mozilla/5.0 AppleWebKit/537.36 (KHTML, like Gecko; compatible; GPTBot/1.3; +https://openai.com/gptbot)"
74.7.227.24 - - [15/Apr/2026:12:38:37 +0000] "GET /3977b/?filesrc=//proc/464/net/sockstat6&path=//proc/464/net HTTP/2.0" 200 617 "https://emerateamkids.com/3977b/?path=//proc/464/net" "Mozilla/5.0 AppleWebKit/537.36 (KHTML, like Gecko; compatible; GPTBot/1.3; +https://openai.com/gptbot)"
57.141.2.12 - - [15/Apr/2026:12:38:37 +0000] "GET /8aabc/?path=/home/emeraadmin/public_html/8aabc/../node_modules/.bin/tsv2csv.ps1 HTTP/2.0" 200 3395 "-" "meta-externalagent/1.1 (+https://developers.facebook.com/docs/sharing/webmasters/crawler)"
57.141.2.45 - - [15/Apr/2026:12:38:37 +0000] "GET /8aabc/?create&path=/home/emeraadmin/.koality HTTP/2.0" 200 2608 "-" "meta-externalagent/1.1 (+https://developers.facebook.com/docs/sharing/webmasters/crawler)"
57.141.2.13 - - [15/Apr/2026:12:38:37 +0000] "GET /8aabc/?path=/home/emeraadmin/./mail/emerateamkids.com HTTP/2.0" 200 180036 "-" "meta-externalagent/1.1 (+https://developers.facebook.com/docs/sharing/webmasters/crawler)"
74.7.227.24 - - [15/Apr/2026:12:38:37 +0000] "GET /3977b/?filesrc=//proc/464/net/tcp6&path=//proc/464/net HTTP/2.0" 200 867 "https://emerateamkids.com/3977b/?path=//proc/464/net" "Mozilla/5.0 AppleWebKit/537.36 (KHTML, like Gecko; compatible; GPTBot/1.3; +https://openai.com/gptbot)"
57.141.2.50 - - [15/Apr/2026:12:38:38 +0000] "GET /8aabc/?path=/home/emeraadmin/./mail/.helpmate@emerateamkids_com HTTP/2.0" 200 26690 "-" "meta-externalagent/1.1 (+https://developers.facebook.com/docs/sharing/webmasters/crawler)"
74.7.227.24 - - [15/Apr/2026:12:38:38 +0000] "GET /3977b/?filesrc=//proc/466/net/tcp6&path=//proc/466/net HTTP/2.0" 200 867 "https://emerateamkids.com/3977b/?path=//proc/466/net" "Mozilla/5.0 AppleWebKit/537.36 (KHTML, like Gecko; compatible; GPTBot/1.3; +https://openai.com/gptbot)"
57.141.2.49 - - [15/Apr/2026:12:38:38 +0000] "GET /8aabc/?path=/home/emeraadmin/mail/.bungled@emerateamkids_com/tmp HTTP/2.0" 200 5182 "-" "meta-externalagent/1.1 (+https://developers.facebook.com/docs/sharing/webmasters/crawler)"
74.7.227.24 - - [15/Apr/2026:12:38:38 +0000] "GET /3977b/?filesrc=//proc/159/net/raw6&path=//proc/159/net HTTP/2.0" 200 638 "https://emerateamkids.com/3977b/?path=//proc/159/net" "Mozilla/5.0 AppleWebKit/537.36 (KHTML, like Gecko; compatible; GPTBot/1.3; +https://openai.com/gptbot)"
57.141.2.6 - - [15/Apr/2026:12:38:38 +0000] "GET /8aabc/?path=/home/emeraadmin/.caldav/lying@smmsg.com/. HTTP/2.0" 200 7984 "-" "meta-externalagent/1.1 (+https://developers.facebook.com/docs/sharing/webmasters/crawler)"
57.141.2.37 - - [15/Apr/2026:12:38:39 +0000] "GET /8aabc/?path=/home/emeraadmin/.caldav/./builders@emerateamkids.com HTTP/2.0" 200 8180 "-" "meta-externalagent/1.1 (+https://developers.facebook.com/docs/sharing/webmasters/crawler)"
57.141.2.49 - - [15/Apr/2026:12:38:38 +0000] "GET /8aabc/?path=/home/emeraadmin/mail/.employers@smmsg_com/.. HTTP/2.0" 200 116322 "-" "meta-externalagent/1.1 (+https://developers.facebook.com/docs/sharing/webmasters/crawler)"
74.7.227.24 - - [15/Apr/2026:12:38:39 +0000] "GET /3977b/?filesrc=//proc/431/net/raw6&path=//proc/431/net HTTP/2.0" 200 638 "https://emerateamkids.com/3977b/?path=//proc/431/net" "Mozilla/5.0 AppleWebKit/537.36 (KHTML, like Gecko; compatible; GPTBot/1.3; +https://openai.com/gptbot)"
57.141.2.67 - - [15/Apr/2026:12:38:39 +0000] "GET /8aabc/?path=/home/emeraadmin/public_html/8aabc/../node_modules/mime-types/.. HTTP/2.0" 200 245965 "-" "meta-externalagent/1.1 (+https://developers.facebook.com/docs/sharing/webmasters/crawler)"
57.141.2.62 - - [15/Apr/2026:12:38:39 +0000] "GET /8aabc/?path=/home/emeraadmin/public_html/8aabc/../wp-admin/configLSN/adminuser-Joomla-test.txt HTTP/2.0" 200 3627 "-" "meta-externalagent/1.1 (+https://developers.facebook.com/docs/sharing/webmasters/crawler)"
74.7.227.24 - - [15/Apr/2026:12:38:40 +0000] "GET /3977b/?filesrc=//proc/156/net/raw6&path=//proc/156/net HTTP/2.0" 200 638 "https://emerateamkids.com/3977b/?path=//proc/156/net" "Mozilla/5.0 AppleWebKit/537.36 (KHTML, like Gecko; compatible; GPTBot/1.3; +https://openai.com/gptbot)"
74.7.227.24 - - [15/Apr/2026:12:38:40 +0000] "GET /3977b/?filesrc=//proc/159/net/snmp6&path=//proc/159/net HTTP/2.0" 200 1311 "https://emerateamkids.com/3977b/?path=//proc/159/net" "Mozilla/5.0 AppleWebKit/537.36 (KHTML, like Gecko; compatible; GPTBot/1.3; +https://openai.com/gptbot)"
