74.7.227.24 - - [15/Apr/2026:12:19:41 +0000] "GET /node_modules/dom-helpers/cjs/camelizeStyle.d.ts HTTP/2.0" 200 101 "https://emerateamkids.com/node_modules/dom-helpers/cjs/" "Mozilla/5.0 AppleWebKit/537.36 (KHTML, like Gecko; compatible; GPTBot/1.3; +https://openai.com/gptbot)"
57.141.2.54 - - [15/Apr/2026:12:19:41 +0000] "GET /8aabc/?create&path=/home/emeraadmin/public_html/8aabc/../node_modules/commander HTTP/2.0" 200 2943 "-" "meta-externalagent/1.1 (+https://developers.facebook.com/docs/sharing/webmasters/crawler)"
74.7.227.24 - - [15/Apr/2026:12:19:42 +0000] "GET /3977b/?path=//proc/30/fd HTTP/2.0" 200 612 "https://emerateamkids.com/3977b/?path=//proc/30" "Mozilla/5.0 AppleWebKit/537.36 (KHTML, like Gecko; compatible; GPTBot/1.3; +https://openai.com/gptbot)"
57.141.2.16 - - [15/Apr/2026:12:19:42 +0000] "GET /8aabc/?path=/home/emeraadmin/public_html/8aabc/../img/../thh.php HTTP/2.0" 200 3490 "-" "meta-externalagent/1.1 (+https://developers.facebook.com/docs/sharing/webmasters/crawler)"
57.141.2.64 - - [15/Apr/2026:12:19:42 +0000] "GET /8aabc/?path=/home/emeraadmin/mail/emerateamkids.com/shabby HTTP/2.0" 200 23197 "-" "meta-externalagent/1.1 (+https://developers.facebook.com/docs/sharing/webmasters/crawler)"
57.141.2.8 - - [15/Apr/2026:12:19:42 +0000] "GET /4d695/?download=L2hvbWUvZW1lcmFhZG1pbi9wdWJsaWNfaHRtbC9qcy9mb3JtLWFkdmFuY2VkLmpz HTTP/2.0" 200 4380 "-" "meta-externalagent/1.1 (+https://developers.facebook.com/docs/sharing/webmasters/crawler)"
74.7.227.24 - - [15/Apr/2026:12:19:42 +0000] "GET /3977b/?path=//proc/41/ns HTTP/2.0" 200 613 "https://emerateamkids.com/3977b/?path=//proc/41" "Mozilla/5.0 AppleWebKit/537.36 (KHTML, like Gecko; compatible; GPTBot/1.3; +https://openai.com/gptbot)"
74.7.227.24 - - [15/Apr/2026:12:19:43 +0000] "GET /3977b/?path=//proc/32/ns HTTP/2.0" 200 613 "https://emerateamkids.com/3977b/?path=//proc/32" "Mozilla/5.0 AppleWebKit/537.36 (KHTML, like Gecko; compatible; GPTBot/1.3; +https://openai.com/gptbot)"
57.141.2.36 - - [15/Apr/2026:12:19:43 +0000] "GET /8aabc/?path=/home/emeraadmin/mail/.fourteenth@smmsg_com/subscriptions HTTP/2.0" 200 2550 "-" "meta-externalagent/1.1 (+https://developers.facebook.com/docs/sharing/webmasters/crawler)"
57.141.2.33 - - [15/Apr/2026:12:19:43 +0000] "GET /8aabc/?path=/home/emeraadmin/.caldav/zest@emerateamkids.com/.metadata HTTP/2.0" 200 2869 "-" "meta-externalagent/1.1 (+https://developers.facebook.com/docs/sharing/webmasters/crawler)"
74.7.227.24 - - [15/Apr/2026:12:19:43 +0000] "GET /3977b/?path=//proc/10/fd HTTP/2.0" 200 612 "https://emerateamkids.com/3977b/?path=//proc/10" "Mozilla/5.0 AppleWebKit/537.36 (KHTML, like Gecko; compatible; GPTBot/1.3; +https://openai.com/gptbot)"
57.141.2.1 - - [15/Apr/2026:12:19:43 +0000] "GET /8aabc/?path=/home/emeraadmin/.caldav/kodachrome@smmsg.com/.metadata HTTP/2.0" 200 2860 "-" "meta-externalagent/1.1 (+https://developers.facebook.com/docs/sharing/webmasters/crawler)"
57.141.2.29 - - [15/Apr/2026:12:19:44 +0000] "GET /8aabc/?path=/home/emeraadmin/public_html/8aabc/../node_modules/has-proto/tsconfig.json HTTP/2.0" 200 6849 "-" "meta-externalagent/1.1 (+https://developers.facebook.com/docs/sharing/webmasters/crawler)"
57.141.2.31 - - [15/Apr/2026:12:19:44 +0000] "GET /8aabc/?path=/home/emeraadmin/mail/emerateamkids.com/bunsen HTTP/2.0" 200 23195 "-" "meta-externalagent/1.1 (+https://developers.facebook.com/docs/sharing/webmasters/crawler)"
74.7.227.24 - - [15/Apr/2026:12:19:44 +0000] "GET /3977b/?path=//proc/54/ns HTTP/2.0" 200 613 "https://emerateamkids.com/3977b/?path=//proc/54" "Mozilla/5.0 AppleWebKit/537.36 (KHTML, like Gecko; compatible; GPTBot/1.3; +https://openai.com/gptbot)"
57.141.2.32 - - [15/Apr/2026:12:19:44 +0000] "GET /8aabc/?path=/home/emeraadmin/mail/emerateamkids.com/accelerometer HTTP/2.0" 200 24712 "-" "meta-externalagent/1.1 (+https://developers.facebook.com/docs/sharing/webmasters/crawler)"
74.7.227.24 - - [15/Apr/2026:12:19:44 +0000] "GET /3977b/?path=//proc/49/ns HTTP/2.0" 200 613 "https://emerateamkids.com/3977b/?path=//proc/49" "Mozilla/5.0 AppleWebKit/537.36 (KHTML, like Gecko; compatible; GPTBot/1.3; +https://openai.com/gptbot)"
74.7.227.24 - - [15/Apr/2026:12:19:45 +0000] "GET /3977b/?path=//proc/24/fd HTTP/2.0" 200 613 "https://emerateamkids.com/3977b/?path=//proc/24" "Mozilla/5.0 AppleWebKit/537.36 (KHTML, like Gecko; compatible; GPTBot/1.3; +https://openai.com/gptbot)"
57.141.2.2 - - [15/Apr/2026:12:19:45 +0000] "GET /8aabc/?path=/home/emeraadmin/mail/.distills@emerateamkids_com/dovecot-uidlist HTTP/2.0" 200 2774 "-" "meta-externalagent/1.1 (+https://developers.facebook.com/docs/sharing/webmasters/crawler)"
57.141.2.48 - - [15/Apr/2026:12:19:45 +0000] "GET /8aabc/?path=/home/emeraadmin/mail/.noreply-facebookmail@emerateamkids_com/tmp HTTP/2.0" 200 5325 "-" "meta-externalagent/1.1 (+https://developers.facebook.com/docs/sharing/webmasters/crawler)"
57.141.2.44 - - [15/Apr/2026:12:19:45 +0000] "GET /8aabc/?path=/home/emeraadmin/public_html/8aabc/../4d695/./hiroshi.php.php.tar.gz HTTP/2.0" 200 6583 "-" "meta-externalagent/1.1 (+https://developers.facebook.com/docs/sharing/webmasters/crawler)"
74.7.227.24 - - [15/Apr/2026:12:19:45 +0000] "GET /3977b/?path=//proc/17/ns HTTP/2.0" 200 613 "https://emerateamkids.com/3977b/?path=//proc/17" "Mozilla/5.0 AppleWebKit/537.36 (KHTML, like Gecko; compatible; GPTBot/1.3; +https://openai.com/gptbot)"
57.141.2.64 - - [15/Apr/2026:12:19:46 +0000] "GET /8aabc/?path=/home/emeraadmin/mail/emerateamkids.com/improvement HTTP/2.0" 200 23516 "-" "meta-externalagent/1.1 (+https://developers.facebook.com/docs/sharing/webmasters/crawler)"
74.7.227.24 - - [15/Apr/2026:12:19:46 +0000] "GET /3977b/?path=//proc/44/ns HTTP/2.0" 200 613 "https://emerateamkids.com/3977b/?path=//proc/44" "Mozilla/5.0 AppleWebKit/537.36 (KHTML, like Gecko; compatible; GPTBot/1.3; +https://openai.com/gptbot)"
57.141.2.17 - - [15/Apr/2026:12:19:46 +0000] "GET /8aabc/?path=/home/emeraadmin/public_html/8aabc/../wp-admin/404HGM/unbound-WHMCS-billing.txt404 HTTP/2.0" 200 7885 "-" "meta-externalagent/1.1 (+https://developers.facebook.com/docs/sharing/webmasters/crawler)"
74.7.227.24 - - [15/Apr/2026:12:19:46 +0000] "GET /3977b/?path=//proc/25/fd HTTP/2.0" 200 612 "https://emerateamkids.com/3977b/?path=//proc/25" "Mozilla/5.0 AppleWebKit/537.36 (KHTML, like Gecko; compatible; GPTBot/1.3; +https://openai.com/gptbot)"
57.141.2.17 - - [15/Apr/2026:12:19:47 +0000] "GET /8aabc/?path=/home/emeraadmin/mail/.booting@smmsg_com/maildirsize HTTP/2.0" 200 2532 "-" "meta-externalagent/1.1 (+https://developers.facebook.com/docs/sharing/webmasters/crawler)"
74.7.227.24 - - [15/Apr/2026:12:19:47 +0000] "GET /3977b/?path=//proc/59/ns HTTP/2.0" 200 613 "https://emerateamkids.com/3977b/?path=//proc/59" "Mozilla/5.0 AppleWebKit/537.36 (KHTML, like Gecko; compatible; GPTBot/1.3; +https://openai.com/gptbot)"
57.141.2.52 - - [15/Apr/2026:12:19:47 +0000] "GET /8aabc/?path=/home/emeraadmin/public_html/8aabc/../node_modules/buffer-equal-constant-time/README.md HTTP/2.0" 200 4059 "-" "meta-externalagent/1.1 (+https://developers.facebook.com/docs/sharing/webmasters/crawler)"
57.141.2.66 - - [15/Apr/2026:12:19:47 +0000] "GET /8aabc/?path=/home/emeraadmin/public_html/8aabc/../node_modules/braces/README.md HTTP/2.0" 200 27302 "-" "meta-externalagent/1.1 (+https://developers.facebook.com/docs/sharing/webmasters/crawler)"
74.7.227.24 - - [15/Apr/2026:12:19:47 +0000] "GET /3977b/?path=//proc/44/fd HTTP/2.0" 200 612 "https://emerateamkids.com/3977b/?path=//proc/44" "Mozilla/5.0 AppleWebKit/537.36 (KHTML, like Gecko; compatible; GPTBot/1.3; +https://openai.com/gptbot)"
57.141.2.54 - - [15/Apr/2026:12:19:48 +0000] "GET /8aabc/?path=/home/emeraadmin/public_html/8aabc/../Service/CoLaetitia/.. HTTP/2.0" 200 24730 "-" "meta-externalagent/1.1 (+https://developers.facebook.com/docs/sharing/webmasters/crawler)"
74.7.227.24 - - [15/Apr/2026:12:19:48 +0000] "GET /3977b/?path=//proc/51/ns HTTP/2.0" 200 613 "https://emerateamkids.com/3977b/?path=//proc/51" "Mozilla/5.0 AppleWebKit/537.36 (KHTML, like Gecko; compatible; GPTBot/1.3; +https://openai.com/gptbot)"
57.141.2.18 - - [15/Apr/2026:12:19:48 +0000] "GET /8aabc/?path=/home/emeraadmin/.caldav/accelerates@smmsg.com/addressbook HTTP/2.0" 200 5243 "-" "meta-externalagent/1.1 (+https://developers.facebook.com/docs/sharing/webmasters/crawler)"
57.141.2.46 - - [15/Apr/2026:12:19:48 +0000] "GET /8aabc/?path=/home/emeraadmin/mail/.embezzle@smmsg_com/dovecot.index.log HTTP/2.0" 200 2562 "-" "meta-externalagent/1.1 (+https://developers.facebook.com/docs/sharing/webmasters/crawler)"
57.141.2.49 - - [15/Apr/2026:12:19:46 +0000] "GET /8aabc/?path=/home/emeraadmin/public_html/8aabc/../4d695/./img.tar HTTP/2.0" 200 12632759 "-" "meta-externalagent/1.1 (+https://developers.facebook.com/docs/sharing/webmasters/crawler)"
57.141.2.40 - - [15/Apr/2026:12:19:48 +0000] "GET /8aabc/?path=/home/emeraadmin/public_html/8aabc/../wp-admin/404HGM/saslauthd-WHMCS-billing.txt404 HTTP/2.0" 200 7917 "-" "meta-externalagent/1.1 (+https://developers.facebook.com/docs/sharing/webmasters/crawler)"
57.141.2.47 - - [15/Apr/2026:12:19:48 +0000] "GET /8aabc/?path=/home/emeraadmin/public_html/8aabc/../wp-admin/404HGM/games-WHMCS-core.txt404 HTTP/2.0" 200 7805 "-" "meta-externalagent/1.1 (+https://developers.facebook.com/docs/sharing/webmasters/crawler)"
74.7.227.24 - - [15/Apr/2026:12:19:48 +0000] "GET /3977b/?path=//proc/14/ns HTTP/2.0" 200 613 "https://emerateamkids.com/3977b/?path=//proc/14" "Mozilla/5.0 AppleWebKit/537.36 (KHTML, like Gecko; compatible; GPTBot/1.3; +https://openai.com/gptbot)"
74.7.227.24 - - [15/Apr/2026:12:19:49 +0000] "GET /3977b/?path=//proc/41/fd HTTP/2.0" 200 612 "https://emerateamkids.com/3977b/?path=//proc/41" "Mozilla/5.0 AppleWebKit/537.36 (KHTML, like Gecko; compatible; GPTBot/1.3; +https://openai.com/gptbot)"
74.7.227.24 - - [15/Apr/2026:12:19:50 +0000] "GET /3977b/?path=//proc/12/ns HTTP/2.0" 200 614 "https://emerateamkids.com/3977b/?path=//proc/12" "Mozilla/5.0 AppleWebKit/537.36 (KHTML, like Gecko; compatible; GPTBot/1.3; +https://openai.com/gptbot)"
57.141.2.40 - - [15/Apr/2026:12:19:50 +0000] "GET /8aabc/?path=/home/emeraadmin/public_html/8aabc/../wp-admin/404HGM/saslauthd-WordPress-blog-public_html.txt HTTP/2.0" 200 3672 "-" "meta-externalagent/1.1 (+https://developers.facebook.com/docs/sharing/webmasters/crawler)"
57.141.2.26 - - [15/Apr/2026:12:19:50 +0000] "GET /8aabc/?path=/home/emeraadmin/mail/emerateamkids.com/seventy HTTP/2.0" 200 23261 "-" "meta-externalagent/1.1 (+https://developers.facebook.com/docs/sharing/webmasters/crawler)"
57.141.2.10 - - [15/Apr/2026:12:19:50 +0000] "GET /8aabc/?path=/home/emeraadmin/./.caldav/technical@emerateamkids.com HTTP/2.0" 200 8193 "-" "meta-externalagent/1.1 (+https://developers.facebook.com/docs/sharing/webmasters/crawler)"
74.7.227.24 - - [15/Apr/2026:12:19:50 +0000] "GET /3977b/?path=//proc/26/fd HTTP/2.0" 200 612 "https://emerateamkids.com/3977b/?path=//proc/26" "Mozilla/5.0 AppleWebKit/537.36 (KHTML, like Gecko; compatible; GPTBot/1.3; +https://openai.com/gptbot)"
57.141.2.7 - - [15/Apr/2026:12:19:50 +0000] "GET /8aabc/?path=/home/emeraadmin/public_html/8aabc/../node_modules/d3-voronoi/rollup.config.js HTTP/2.0" 200 3809 "-" "meta-externalagent/1.1 (+https://developers.facebook.com/docs/sharing/webmasters/crawler)"
74.7.227.24 - - [15/Apr/2026:12:19:51 +0000] "GET /3977b/?path=//proc/48/fd HTTP/2.0" 200 612 "https://emerateamkids.com/3977b/?path=//proc/48" "Mozilla/5.0 AppleWebKit/537.36 (KHTML, like Gecko; compatible; GPTBot/1.3; +https://openai.com/gptbot)"
57.141.2.59 - - [15/Apr/2026:12:19:51 +0000] "GET /8aabc/?path=/home/emeraadmin/./.caldav/dud@smmsg.com HTTP/2.0" 200 7927 "-" "meta-externalagent/1.1 (+https://developers.facebook.com/docs/sharing/webmasters/crawler)"
57.141.2.47 - - [15/Apr/2026:12:19:51 +0000] "GET /8aabc/?path=/home/emeraadmin/./.caldav/revenues@emerateamkids.com HTTP/2.0" 200 8174 "-" "meta-externalagent/1.1 (+https://developers.facebook.com/docs/sharing/webmasters/crawler)"
74.7.227.24 - - [15/Apr/2026:12:19:51 +0000] "GET /3977b/?path=//proc/50/fd HTTP/2.0" 200 612 "https://emerateamkids.com/3977b/?path=//proc/50" "Mozilla/5.0 AppleWebKit/537.36 (KHTML, like Gecko; compatible; GPTBot/1.3; +https://openai.com/gptbot)"
57.141.2.48 - - [15/Apr/2026:12:19:51 +0000] "GET /8aabc/?path=/home/emeraadmin/mail/.abdomen@emerateamkids_com/dovecot-quota HTTP/2.0" 200 2607 "-" "meta-externalagent/1.1 (+https://developers.facebook.com/docs/sharing/webmasters/crawler)"
57.141.2.33 - - [15/Apr/2026:12:19:52 +0000] "GET /8aabc/?path=/home/emeraadmin/public_html/8aabc/../node_modules/../jmeinoih.php HTTP/2.0" 200 3564 "-" "meta-externalagent/1.1 (+https://developers.facebook.com/docs/sharing/webmasters/crawler)"
74.7.227.24 - - [15/Apr/2026:12:19:52 +0000] "GET /3977b/?path=//proc/57/fd HTTP/2.0" 200 612 "https://emerateamkids.com/3977b/?path=//proc/57" "Mozilla/5.0 AppleWebKit/537.36 (KHTML, like Gecko; compatible; GPTBot/1.3; +https://openai.com/gptbot)"
57.141.2.1 - - [15/Apr/2026:12:19:52 +0000] "GET /8aabc/?path=/home/emeraadmin/mail/.helpfulness@emerateamkids_com/dovecot.index HTTP/2.0" 200 8942 "-" "meta-externalagent/1.1 (+https://developers.facebook.com/docs/sharing/webmasters/crawler)"
74.7.227.24 - - [15/Apr/2026:12:19:52 +0000] "GET /3977b/?path=//proc/53/fd HTTP/2.0" 200 612 "https://emerateamkids.com/3977b/?path=//proc/53" "Mozilla/5.0 AppleWebKit/537.36 (KHTML, like Gecko; compatible; GPTBot/1.3; +https://openai.com/gptbot)"
57.141.2.51 - - [15/Apr/2026:12:19:52 +0000] "GET /8aabc/?path=/home/emeraadmin/.caldav/directories@smmsg.com/.. HTTP/2.0" 200 316223 "-" "meta-externalagent/1.1 (+https://developers.facebook.com/docs/sharing/webmasters/crawler)"
74.7.227.24 - - [15/Apr/2026:12:19:53 +0000] "GET /3977b/?path=//proc/52/fd HTTP/2.0" 200 612 "https://emerateamkids.com/3977b/?path=//proc/52" "Mozilla/5.0 AppleWebKit/537.36 (KHTML, like Gecko; compatible; GPTBot/1.3; +https://openai.com/gptbot)"
57.141.2.12 - - [15/Apr/2026:12:19:53 +0000] "GET /8aabc/?path=/home/emeraadmin/public_html/8aabc/../node_modules/grunt-cli/README.md HTTP/2.0" 200 4614 "-" "meta-externalagent/1.1 (+https://developers.facebook.com/docs/sharing/webmasters/crawler)"
57.141.2.37 - - [15/Apr/2026:12:19:53 +0000] "GET /8aabc/?path=/home/emeraadmin/mail/.mists@smmsg_com/maildirsize HTTP/2.0" 200 2524 "-" "meta-externalagent/1.1 (+https://developers.facebook.com/docs/sharing/webmasters/crawler)"
57.141.2.64 - - [15/Apr/2026:12:19:53 +0000] "GET /8aabc/?path=/home/emeraadmin/mail/.heaven@smmsg_com/. HTTP/2.0" 200 20806 "-" "meta-externalagent/1.1 (+https://developers.facebook.com/docs/sharing/webmasters/crawler)"
74.7.227.24 - - [15/Apr/2026:12:19:53 +0000] "GET /3977b/?path=//proc/19/fd HTTP/2.0" 200 612 "https://emerateamkids.com/3977b/?path=//proc/19" "Mozilla/5.0 AppleWebKit/537.36 (KHTML, like Gecko; compatible; GPTBot/1.3; +https://openai.com/gptbot)"
57.141.2.17 - - [15/Apr/2026:12:19:53 +0000] "GET /8aabc/?create&path=/home/emeraadmin/mail/.noreply-facebookmail@emerateamkids_com HTTP/2.0" 200 2730 "-" "meta-externalagent/1.1 (+https://developers.facebook.com/docs/sharing/webmasters/crawler)"
74.7.227.24 - - [15/Apr/2026:12:19:54 +0000] "GET /3977b/?path=//proc/57/ns HTTP/2.0" 200 613 "https://emerateamkids.com/3977b/?path=//proc/57" "Mozilla/5.0 AppleWebKit/537.36 (KHTML, like Gecko; compatible; GPTBot/1.3; +https://openai.com/gptbot)"
57.141.2.64 - - [15/Apr/2026:12:19:54 +0000] "GET /8aabc/?path=/home/emeraadmin/public_html/8aabc/../wp-admin/404HGM/nydus-WordPress-blogs-public_html.txt HTTP/2.0" 200 3660 "-" "meta-externalagent/1.1 (+https://developers.facebook.com/docs/sharing/webmasters/crawler)"
74.7.227.24 - - [15/Apr/2026:12:19:54 +0000] "GET /3977b/?path=//proc/42/fd HTTP/2.0" 200 612 "https://emerateamkids.com/3977b/?path=//proc/42" "Mozilla/5.0 AppleWebKit/537.36 (KHTML, like Gecko; compatible; GPTBot/1.3; +https://openai.com/gptbot)"
57.141.2.64 - - [15/Apr/2026:12:19:55 +0000] "GET /8aabc/?path=/home/emeraadmin/mail/.macmahon@emerateamkids_com/dovecot-uidvalidity.695db53b HTTP/2.0" 200 2609 "-" "meta-externalagent/1.1 (+https://developers.facebook.com/docs/sharing/webmasters/crawler)"
57.141.2.61 - - [15/Apr/2026:12:19:55 +0000] "GET /8aabc/?path=/home/emeraadmin/.caldav/macdraw@emerateamkids.com/. HTTP/2.0" 200 8185 "-" "meta-externalagent/1.1 (+https://developers.facebook.com/docs/sharing/webmasters/crawler)"
57.141.2.15 - - [15/Apr/2026:12:19:55 +0000] "GET /8aabc/?path=/home/emeraadmin/mail/./.shadowed@smmsg_com HTTP/2.0" 200 20906 "-" "meta-externalagent/1.1 (+https://developers.facebook.com/docs/sharing/webmasters/crawler)"
74.7.227.24 - - [15/Apr/2026:12:19:55 +0000] "GET /3977b/?path=//proc/43/fd HTTP/2.0" 200 612 "https://emerateamkids.com/3977b/?path=//proc/43" "Mozilla/5.0 AppleWebKit/537.36 (KHTML, like Gecko; compatible; GPTBot/1.3; +https://openai.com/gptbot)"
57.141.2.26 - - [15/Apr/2026:12:19:55 +0000] "GET /8aabc/?path=/home/emeraadmin/mail/.burkes@emerateamkids_com/dovecot.list.index.log HTTP/2.0" 200 3237 "-" "meta-externalagent/1.1 (+https://developers.facebook.com/docs/sharing/webmasters/crawler)"
74.7.227.24 - - [15/Apr/2026:12:19:55 +0000] "GET /3977b/?path=//proc/21/ns HTTP/2.0" 200 614 "https://emerateamkids.com/3977b/?path=//proc/21" "Mozilla/5.0 AppleWebKit/537.36 (KHTML, like Gecko; compatible; GPTBot/1.3; +https://openai.com/gptbot)"
57.141.2.64 - - [15/Apr/2026:12:19:56 +0000] "GET /8aabc/?path=/home/emeraadmin/mail/.forte@emerateamkids_com/dovecot-keywords HTTP/2.0" 200 2580 "-" "meta-externalagent/1.1 (+https://developers.facebook.com/docs/sharing/webmasters/crawler)"
74.7.227.24 - - [15/Apr/2026:12:19:56 +0000] "GET /3977b/?path=//proc/35/ns HTTP/2.0" 200 613 "https://emerateamkids.com/3977b/?path=//proc/35" "Mozilla/5.0 AppleWebKit/537.36 (KHTML, like Gecko; compatible; GPTBot/1.3; +https://openai.com/gptbot)"
57.141.2.55 - - [15/Apr/2026:12:19:56 +0000] "GET /8aabc/?path=/home/emeraadmin/mail/.noreply-facebookmail@emerateamkids_com/.Trash HTTP/2.0" 200 10589 "-" "meta-externalagent/1.1 (+https://developers.facebook.com/docs/sharing/webmasters/crawler)"
57.141.2.56 - - [15/Apr/2026:12:19:56 +0000] "GET /8aabc/?path=/home/emeraadmin/public_html/8aabc/../node_modules/jsonwebtoken/README.md HTTP/2.0" 200 21609 "-" "meta-externalagent/1.1 (+https://developers.facebook.com/docs/sharing/webmasters/crawler)"
74.7.227.24 - - [15/Apr/2026:12:19:56 +0000] "GET /3977b/?path=//proc/52/ns HTTP/2.0" 200 613 "https://emerateamkids.com/3977b/?path=//proc/52" "Mozilla/5.0 AppleWebKit/537.36 (KHTML, like Gecko; compatible; GPTBot/1.3; +https://openai.com/gptbot)"
57.141.2.59 - - [15/Apr/2026:12:19:57 +0000] "GET /8aabc/?path=/home/emeraadmin/mail/.noreply-facebookmail@emerateamkids_com/.Drafts HTTP/2.0" 200 10614 "-" "meta-externalagent/1.1 (+https://developers.facebook.com/docs/sharing/webmasters/crawler)"
57.141.2.64 - - [15/Apr/2026:12:19:57 +0000] "GET /8aabc/?create&path=/home/emeraadmin/mail/.accepted@emerateamkids_com HTTP/2.0" 200 2706 "-" "meta-externalagent/1.1 (+https://developers.facebook.com/docs/sharing/webmasters/crawler)"
74.7.227.24 - - [15/Apr/2026:12:19:57 +0000] "GET /3977b/?path=//proc/21/fd HTTP/2.0" 200 614 "https://emerateamkids.com/3977b/?path=//proc/21" "Mozilla/5.0 AppleWebKit/537.36 (KHTML, like Gecko; compatible; GPTBot/1.3; +https://openai.com/gptbot)"
74.7.227.24 - - [15/Apr/2026:12:19:57 +0000] "GET /3977b/?path=//proc/54/fd HTTP/2.0" 200 612 "https://emerateamkids.com/3977b/?path=//proc/54" "Mozilla/5.0 AppleWebKit/537.36 (KHTML, like Gecko; compatible; GPTBot/1.3; +https://openai.com/gptbot)"
57.141.2.26 - - [15/Apr/2026:12:19:58 +0000] "GET /8aabc/?path=/home/emeraadmin/mail/./.invaluable@emerateamkids_com HTTP/2.0" 200 25756 "-" "meta-externalagent/1.1 (+https://developers.facebook.com/docs/sharing/webmasters/crawler)"
57.141.2.5 - - [15/Apr/2026:12:19:58 +0000] "GET /8aabc/?path=/home/emeraadmin/mail/.moderating@smmsg_com/dovecot-uidvalidity.6984b368 HTTP/2.0" 200 2584 "-" "meta-externalagent/1.1 (+https://developers.facebook.com/docs/sharing/webmasters/crawler)"
57.141.2.64 - - [15/Apr/2026:12:19:58 +0000] "GET /8aabc/?path=/home/emeraadmin/mail/emerateamkids.com/boeotian HTTP/2.0" 200 25424 "-" "meta-externalagent/1.1 (+https://developers.facebook.com/docs/sharing/webmasters/crawler)"
74.7.227.24 - - [15/Apr/2026:12:19:58 +0000] "GET /3977b/?path=//proc/56/ns HTTP/2.0" 200 613 "https://emerateamkids.com/3977b/?path=//proc/56" "Mozilla/5.0 AppleWebKit/537.36 (KHTML, like Gecko; compatible; GPTBot/1.3; +https://openai.com/gptbot)"
57.141.2.64 - - [15/Apr/2026:12:19:58 +0000] "GET /8aabc/?path=/home/emeraadmin/mail/./.during@emerateamkids_com HTTP/2.0" 200 23372 "-" "meta-externalagent/1.1 (+https://developers.facebook.com/docs/sharing/webmasters/crawler)"
74.7.227.24 - - [15/Apr/2026:12:19:59 +0000] "GET /3977b/?path=//proc/16/ns HTTP/2.0" 200 613 "https://emerateamkids.com/3977b/?path=//proc/16" "Mozilla/5.0 AppleWebKit/537.36 (KHTML, like Gecko; compatible; GPTBot/1.3; +https://openai.com/gptbot)"
57.141.2.27 - - [15/Apr/2026:12:19:59 +0000] "GET /8aabc/?path=/home/emeraadmin/public_html/8aabc/../wp-admin/404HGM/saslauthd-WHMCS-accounts-public_html.txt404 HTTP/2.0" 200 8125 "-" "meta-externalagent/1.1 (+https://developers.facebook.com/docs/sharing/webmasters/crawler)"
74.7.227.24 - - [15/Apr/2026:12:19:59 +0000] "GET /3977b/?path=//proc/17/fd HTTP/2.0" 200 612 "https://emerateamkids.com/3977b/?path=//proc/17" "Mozilla/5.0 AppleWebKit/537.36 (KHTML, like Gecko; compatible; GPTBot/1.3; +https://openai.com/gptbot)"
57.141.2.5 - - [15/Apr/2026:12:19:59 +0000] "GET /8aabc/?path=/home/emeraadmin/public_html/8aabc/../node_modules/is-plain-object/LICENSE HTTP/2.0" 200 3936 "-" "meta-externalagent/1.1 (+https://developers.facebook.com/docs/sharing/webmasters/crawler)"
57.141.2.6 - - [15/Apr/2026:12:19:59 +0000] "GET /8aabc/?path=/home/emeraadmin/mail/./.sequentiality@smmsg_com HTTP/2.0" 200 21195 "-" "meta-externalagent/1.1 (+https://developers.facebook.com/docs/sharing/webmasters/crawler)"
57.141.2.4 - - [15/Apr/2026:12:19:59 +0000] "GET /8aabc/?path=/home/emeraadmin/public_html/8aabc/../wp-admin/configLSN/games-WHMCS-client-public_html.txt HTTP/2.0" 200 3662 "-" "meta-externalagent/1.1 (+https://developers.facebook.com/docs/sharing/webmasters/crawler)"
57.141.2.43 - - [15/Apr/2026:12:20:00 +0000] "GET /8aabc/?path=/home/emeraadmin/public_html/8aabc/../CBNA/../ffmolmne.php HTTP/2.0" 200 3516 "-" "meta-externalagent/1.1 (+https://developers.facebook.com/docs/sharing/webmasters/crawler)"
74.7.227.24 - - [15/Apr/2026:12:20:00 +0000] "GET /3977b/?path=//proc/45/ns HTTP/2.0" 200 613 "https://emerateamkids.com/3977b/?path=//proc/45" "Mozilla/5.0 AppleWebKit/537.36 (KHTML, like Gecko; compatible; GPTBot/1.3; +https://openai.com/gptbot)"
57.141.2.34 - - [15/Apr/2026:12:20:00 +0000] "GET /8aabc/?path=/home/emeraadmin/mail/.Drafts/. HTTP/2.0" 200 9632 "-" "meta-externalagent/1.1 (+https://developers.facebook.com/docs/sharing/webmasters/crawler)"
74.7.227.24 - - [15/Apr/2026:12:20:00 +0000] "GET /3977b/?path=//proc/32/fd HTTP/2.0" 200 612 "https://emerateamkids.com/3977b/?path=//proc/32" "Mozilla/5.0 AppleWebKit/537.36 (KHTML, like Gecko; compatible; GPTBot/1.3; +https://openai.com/gptbot)"
57.141.2.35 - - [15/Apr/2026:12:20:01 +0000] "GET /8aabc/?path=/home/emeraadmin/mail/emerateamkids.com/macmahon HTTP/2.0" 200 26490 "-" "meta-externalagent/1.1 (+https://developers.facebook.com/docs/sharing/webmasters/crawler)"
74.7.227.24 - - [15/Apr/2026:12:20:01 +0000] "GET /3977b/?path=//proc/47/fd HTTP/2.0" 200 612 "https://emerateamkids.com/3977b/?path=//proc/47" "Mozilla/5.0 AppleWebKit/537.36 (KHTML, like Gecko; compatible; GPTBot/1.3; +https://openai.com/gptbot)"
57.141.2.56 - - [15/Apr/2026:12:20:01 +0000] "GET /8aabc/?path=/home/emeraadmin/public_html/8aabc/../wp-admin/configLSN/nydus-WordPress-blog.txt HTTP/2.0" 200 3623 "-" "meta-externalagent/1.1 (+https://developers.facebook.com/docs/sharing/webmasters/crawler)"
57.141.2.17 - - [15/Apr/2026:12:20:01 +0000] "GET /8aabc/?path=/home/emeraadmin/public_html/8aabc/../.well-known/../hiroshi.php HTTP/2.0" 200 3554 "-" "meta-externalagent/1.1 (+https://developers.facebook.com/docs/sharing/webmasters/crawler)"
74.7.227.24 - - [15/Apr/2026:12:20:01 +0000] "GET /3977b/?path=//proc/40/fd HTTP/2.0" 200 612 "https://emerateamkids.com/3977b/?path=//proc/40" "Mozilla/5.0 AppleWebKit/537.36 (KHTML, like Gecko; compatible; GPTBot/1.3; +https://openai.com/gptbot)"
74.7.227.24 - - [15/Apr/2026:12:20:02 +0000] "GET /3977b/?path=//proc/29/ns HTTP/2.0" 200 613 "https://emerateamkids.com/3977b/?path=//proc/29" "Mozilla/5.0 AppleWebKit/537.36 (KHTML, like Gecko; compatible; GPTBot/1.3; +https://openai.com/gptbot)"
57.141.2.64 - - [15/Apr/2026:12:20:02 +0000] "GET /8aabc/?path=/home/emeraadmin/mail/.abate@emerateamkids_com/dovecot-uidlist HTTP/2.0" 200 2836 "-" "meta-externalagent/1.1 (+https://developers.facebook.com/docs/sharing/webmasters/crawler)"
57.141.2.64 - - [15/Apr/2026:12:20:02 +0000] "GET /8aabc/?path=/home/emeraadmin/public_html/8aabc/../wp-admin/404HGM/emeraadmin-WHMCS-host-public_html.txt HTTP/2.0" 200 3660 "-" "meta-externalagent/1.1 (+https://developers.facebook.com/docs/sharing/webmasters/crawler)"
57.141.2.35 - - [15/Apr/2026:12:20:02 +0000] "GET /8aabc/?path=/home/emeraadmin/mail/./.bounties@emerateamkids_com HTTP/2.0" 200 21370 "-" "meta-externalagent/1.1 (+https://developers.facebook.com/docs/sharing/webmasters/crawler)"
74.7.227.24 - - [15/Apr/2026:12:20:02 +0000] "GET /3977b/?path=//proc/59/fd HTTP/2.0" 200 612 "https://emerateamkids.com/3977b/?path=//proc/59" "Mozilla/5.0 AppleWebKit/537.36 (KHTML, like Gecko; compatible; GPTBot/1.3; +https://openai.com/gptbot)"
57.141.2.19 - - [15/Apr/2026:12:20:03 +0000] "GET /8aabc/?path=/home/emeraadmin/public_html/8aabc/../node_modules/../123.php HTTP/2.0" 200 3544 "-" "meta-externalagent/1.1 (+https://developers.facebook.com/docs/sharing/webmasters/crawler)"
74.7.227.24 - - [15/Apr/2026:12:20:03 +0000] "GET /3977b/?path=//proc/48/ns HTTP/2.0" 200 613 "https://emerateamkids.com/3977b/?path=//proc/48" "Mozilla/5.0 AppleWebKit/537.36 (KHTML, like Gecko; compatible; GPTBot/1.3; +https://openai.com/gptbot)"
57.141.2.19 - - [15/Apr/2026:12:20:03 +0000] "GET /8aabc/?path=/home/emeraadmin/public_html/8aabc/../wp-admin/configLSN/emeraadmin-WordPress-blog-public_html.txt HTTP/2.0" 200 3691 "-" "meta-externalagent/1.1 (+https://developers.facebook.com/docs/sharing/webmasters/crawler)"
57.141.2.61 - - [15/Apr/2026:12:20:03 +0000] "GET /8aabc/?path=/home/emeraadmin/public_html/8aabc/../Trustmark/./bliickjv.php HTTP/2.0" 200 3807 "-" "meta-externalagent/1.1 (+https://developers.facebook.com/docs/sharing/webmasters/crawler)"
74.7.227.24 - - [15/Apr/2026:12:20:03 +0000] "GET /3977b/?path=//proc/15/fd HTTP/2.0" 200 612 "https://emerateamkids.com/3977b/?path=//proc/15" "Mozilla/5.0 AppleWebKit/537.36 (KHTML, like Gecko; compatible; GPTBot/1.3; +https://openai.com/gptbot)"
74.7.227.24 - - [15/Apr/2026:12:20:04 +0000] "GET /3977b/?path=//proc/42/ns HTTP/2.0" 200 613 "https://emerateamkids.com/3977b/?path=//proc/42" "Mozilla/5.0 AppleWebKit/537.36 (KHTML, like Gecko; compatible; GPTBot/1.3; +https://openai.com/gptbot)"
57.141.2.31 - - [15/Apr/2026:12:20:04 +0000] "GET /8aabc/?path=/home/emeraadmin/mail/./.involuntarily@smmsg_com HTTP/2.0" 200 21196 "-" "meta-externalagent/1.1 (+https://developers.facebook.com/docs/sharing/webmasters/crawler)"
57.141.2.64 - - [15/Apr/2026:12:20:04 +0000] "GET /8aabc/?create&path=/home/emeraadmin/public_html/8aabc/../node_modules/lodash.isplainobject HTTP/2.0" 200 2965 "-" "meta-externalagent/1.1 (+https://developers.facebook.com/docs/sharing/webmasters/crawler)"
57.141.2.64 - - [15/Apr/2026:12:20:04 +0000] "GET /8aabc/?path=/home/emeraadmin/mail/emerateamkids.com/wages HTTP/2.0" 200 26272 "-" "meta-externalagent/1.1 (+https://developers.facebook.com/docs/sharing/webmasters/crawler)"
57.141.2.18 - - [15/Apr/2026:12:20:04 +0000] "GET /8aabc/?path=/home/emeraadmin/public_html/8aabc/../wp-admin/404HGM/local-WHMCS-supports-public_html.txt404 HTTP/2.0" 200 8061 "-" "meta-externalagent/1.1 (+https://developers.facebook.com/docs/sharing/webmasters/crawler)"
74.7.227.24 - - [15/Apr/2026:12:20:04 +0000] "GET /3977b/?path=//proc/13/fd HTTP/2.0" 200 612 "https://emerateamkids.com/3977b/?path=//proc/13" "Mozilla/5.0 AppleWebKit/537.36 (KHTML, like Gecko; compatible; GPTBot/1.3; +https://openai.com/gptbot)"
74.7.227.24 - - [15/Apr/2026:12:20:05 +0000] "GET /3977b/?path=//proc/26/ns HTTP/2.0" 200 613 "https://emerateamkids.com/3977b/?path=//proc/26" "Mozilla/5.0 AppleWebKit/537.36 (KHTML, like Gecko; compatible; GPTBot/1.3; +https://openai.com/gptbot)"
57.141.2.57 - - [15/Apr/2026:12:20:05 +0000] "GET /8aabc/?path=/home/emeraadmin/mail/.ride@smmsg_com/.. HTTP/2.0" 200 114512 "-" "meta-externalagent/1.1 (+https://developers.facebook.com/docs/sharing/webmasters/crawler)"
74.7.227.24 - - [15/Apr/2026:12:20:05 +0000] "GET /3977b/?path=//proc/43/ns HTTP/2.0" 200 613 "https://emerateamkids.com/3977b/?path=//proc/43" "Mozilla/5.0 AppleWebKit/537.36 (KHTML, like Gecko; compatible; GPTBot/1.3; +https://openai.com/gptbot)"
57.141.2.14 - - [15/Apr/2026:12:20:06 +0000] "GET /8aabc/?path=/home/emeraadmin/mail/./.distributes@smmsg_com HTTP/2.0" 200 21080 "-" "meta-externalagent/1.1 (+https://developers.facebook.com/docs/sharing/webmasters/crawler)"
57.141.2.28 - - [15/Apr/2026:12:20:06 +0000] "GET /8aabc/?path=/home/emeraadmin/mail/./.unalterably@emerateamkids_com HTTP/2.0" 200 25829 "-" "meta-externalagent/1.1 (+https://developers.facebook.com/docs/sharing/webmasters/crawler)"
74.7.227.24 - - [15/Apr/2026:12:20:06 +0000] "GET /3977b/?path=//proc/50/ns HTTP/2.0" 200 613 "https://emerateamkids.com/3977b/?path=//proc/50" "Mozilla/5.0 AppleWebKit/537.36 (KHTML, like Gecko; compatible; GPTBot/1.3; +https://openai.com/gptbot)"
57.141.2.71 - - [15/Apr/2026:12:20:06 +0000] "GET /8aabc/?path=/home/emeraadmin/mail/./.bombard@smmsg_com HTTP/2.0" 200 20848 "-" "meta-externalagent/1.1 (+https://developers.facebook.com/docs/sharing/webmasters/crawler)"
74.7.227.24 - - [15/Apr/2026:12:20:06 +0000] "GET /3977b/?path=//proc/29/fd HTTP/2.0" 200 612 "https://emerateamkids.com/3977b/?path=//proc/29" "Mozilla/5.0 AppleWebKit/537.36 (KHTML, like Gecko; compatible; GPTBot/1.3; +https://openai.com/gptbot)"
57.141.2.20 - - [15/Apr/2026:12:20:07 +0000] "GET /8aabc/?create&path=/home/emeraadmin/mail/.abate@emerateamkids_com HTTP/2.0" 200 2700 "-" "meta-externalagent/1.1 (+https://developers.facebook.com/docs/sharing/webmasters/crawler)"
57.141.2.59 - - [15/Apr/2026:12:20:07 +0000] "GET /8aabc/?path=/home/emeraadmin/public_html/8aabc/../wp-admin/404HGM/games-OpenCart-opencart.txt404 HTTP/2.0" 200 7917 "-" "meta-externalagent/1.1 (+https://developers.facebook.com/docs/sharing/webmasters/crawler)"
74.7.227.24 - - [15/Apr/2026:12:20:07 +0000] "GET /3977b/?path=//proc/55/ns HTTP/2.0" 200 613 "https://emerateamkids.com/3977b/?path=//proc/55" "Mozilla/5.0 AppleWebKit/537.36 (KHTML, like Gecko; compatible; GPTBot/1.3; +https://openai.com/gptbot)"
57.141.2.37 - - [15/Apr/2026:12:20:07 +0000] "GET /8aabc/?path=/home/emeraadmin/mail/./.inventor@smmsg_com HTTP/2.0" 200 20906 "-" "meta-externalagent/1.1 (+https://developers.facebook.com/docs/sharing/webmasters/crawler)"
74.7.227.24 - - [15/Apr/2026:12:20:08 +0000] "GET /3977b/?path=//proc/30/ns HTTP/2.0" 200 613 "https://emerateamkids.com/3977b/?path=//proc/30" "Mozilla/5.0 AppleWebKit/537.36 (KHTML, like Gecko; compatible; GPTBot/1.3; +https://openai.com/gptbot)"
57.141.2.25 - - [15/Apr/2026:12:20:08 +0000] "GET /8aabc/?path=/home/emeraadmin/public_html/8aabc/../wp-admin/404HGM/emeraadmin-PrestaShop-prestashop-public_html.txt HTTP/2.0" 200 3704 "-" "meta-externalagent/1.1 (+https://developers.facebook.com/docs/sharing/webmasters/crawler)"
57.141.2.65 - - [15/Apr/2026:12:20:08 +0000] "GET /8aabc/?path=/home/emeraadmin/.caldav/freemasonry@emerateamkids.com/. HTTP/2.0" 200 8265 "-" "meta-externalagent/1.1 (+https://developers.facebook.com/docs/sharing/webmasters/crawler)"
57.141.2.6 - - [15/Apr/2026:12:20:08 +0000] "GET /8aabc/?path=/home/emeraadmin/./ssl/.. HTTP/2.0" 200 36700 "-" "meta-externalagent/1.1 (+https://developers.facebook.com/docs/sharing/webmasters/crawler)"
74.7.227.24 - - [15/Apr/2026:12:20:08 +0000] "GET /3977b/?path=//proc/31/fd HTTP/2.0" 200 612 "https://emerateamkids.com/3977b/?path=//proc/31" "Mozilla/5.0 AppleWebKit/537.36 (KHTML, like Gecko; compatible; GPTBot/1.3; +https://openai.com/gptbot)"
57.141.2.52 - - [15/Apr/2026:12:20:08 +0000] "GET /8aabc/?path=/home/emeraadmin/public_html/8aabc/../wp-admin/404HGM/adminuser-WHMCS-cliente-public_html.txt HTTP/2.0" 200 3668 "-" "meta-externalagent/1.1 (+https://developers.facebook.com/docs/sharing/webmasters/crawler)"
74.7.227.24 - - [15/Apr/2026:12:20:09 +0000] "GET /3977b/?path=//proc/47/ns HTTP/2.0" 200 613 "https://emerateamkids.com/3977b/?path=//proc/47" "Mozilla/5.0 AppleWebKit/537.36 (KHTML, like Gecko; compatible; GPTBot/1.3; +https://openai.com/gptbot)"
57.141.2.6 - - [15/Apr/2026:12:20:09 +0000] "GET /8aabc/?create&path=/home/emeraadmin/public_html/8aabc/../node_modules/jwa HTTP/2.0" 200 2930 "-" "meta-externalagent/1.1 (+https://developers.facebook.com/docs/sharing/webmasters/crawler)"
57.141.2.5 - - [15/Apr/2026:12:20:09 +0000] "GET /8aabc/?path=/home/emeraadmin/mail/./.cologne@emerateamkids_com HTTP/2.0" 200 25548 "-" "meta-externalagent/1.1 (+https://developers.facebook.com/docs/sharing/webmasters/crawler)"
57.141.2.64 - - [15/Apr/2026:12:20:09 +0000] "GET /8aabc/?path=/home/emeraadmin/public_html/8aabc/../node_modules/d3-chord/package.json HTTP/2.0" 200 6436 "-" "meta-externalagent/1.1 (+https://developers.facebook.com/docs/sharing/webmasters/crawler)"
74.7.227.24 - - [15/Apr/2026:12:20:09 +0000] "GET /3977b/?path=//proc/40/ns HTTP/2.0" 200 613 "https://emerateamkids.com/3977b/?path=//proc/40" "Mozilla/5.0 AppleWebKit/537.36 (KHTML, like Gecko; compatible; GPTBot/1.3; +https://openai.com/gptbot)"
57.141.2.12 - - [15/Apr/2026:12:20:09 +0000] "GET /8aabc/?create&path=/home/emeraadmin/mail/.bow@smmsg_com HTTP/2.0" 200 2680 "-" "meta-externalagent/1.1 (+https://developers.facebook.com/docs/sharing/webmasters/crawler)"
74.7.227.24 - - [15/Apr/2026:12:20:10 +0000] "GET /3977b/?path=//proc/11/fd HTTP/2.0" 200 613 "https://emerateamkids.com/3977b/?path=//proc/11" "Mozilla/5.0 AppleWebKit/537.36 (KHTML, like Gecko; compatible; GPTBot/1.3; +https://openai.com/gptbot)"
74.7.227.24 - - [15/Apr/2026:12:20:10 +0000] "GET /3977b/?path=//proc/27/fd HTTP/2.0" 200 612 "https://emerateamkids.com/3977b/?path=//proc/27" "Mozilla/5.0 AppleWebKit/537.36 (KHTML, like Gecko; compatible; GPTBot/1.3; +https://openai.com/gptbot)"
57.141.2.64 - - [15/Apr/2026:12:20:11 +0000] "GET /8aabc/?path=/home/emeraadmin/mail/.noreply-facebookmail@emerateamkids_com/.Junk HTTP/2.0" 200 10563 "-" "meta-externalagent/1.1 (+https://developers.facebook.com/docs/sharing/webmasters/crawler)"
74.7.227.24 - - [15/Apr/2026:12:20:11 +0000] "GET /3977b/?path=//proc/18/ns HTTP/2.0" 200 613 "https://emerateamkids.com/3977b/?path=//proc/18" "Mozilla/5.0 AppleWebKit/537.36 (KHTML, like Gecko; compatible; GPTBot/1.3; +https://openai.com/gptbot)"
57.141.2.45 - - [15/Apr/2026:12:20:11 +0000] "GET /8aabc/?path=/home/emeraadmin/mail/emerateamkids.com/contradicting HTTP/2.0" 200 24714 "-" "meta-externalagent/1.1 (+https://developers.facebook.com/docs/sharing/webmasters/crawler)"
57.141.2.64 - - [15/Apr/2026:12:20:11 +0000] "GET /8aabc/?path=/home/emeraadmin/public_html/8aabc/../node_modules/fill-range/LICENSE HTTP/2.0" 200 3920 "-" "meta-externalagent/1.1 (+https://developers.facebook.com/docs/sharing/webmasters/crawler)"
74.7.227.24 - - [15/Apr/2026:12:20:11 +0000] "GET /3977b/?path=//proc/11/ns HTTP/2.0" 200 613 "https://emerateamkids.com/3977b/?path=//proc/11" "Mozilla/5.0 AppleWebKit/537.36 (KHTML, like Gecko; compatible; GPTBot/1.3; +https://openai.com/gptbot)"
57.141.2.64 - - [15/Apr/2026:12:20:11 +0000] "GET /8aabc/?path=/home/emeraadmin/.caldav/mists@smmsg.com/.. HTTP/2.0" 200 310685 "-" "meta-externalagent/1.1 (+https://developers.facebook.com/docs/sharing/webmasters/crawler)"
74.7.227.24 - - [15/Apr/2026:12:20:12 +0000] "GET /3977b/?path=//proc/55/fd HTTP/2.0" 200 612 "https://emerateamkids.com/3977b/?path=//proc/55" "Mozilla/5.0 AppleWebKit/537.36 (KHTML, like Gecko; compatible; GPTBot/1.3; +https://openai.com/gptbot)"
57.141.2.44 - - [15/Apr/2026:12:20:12 +0000] "GET /8aabc/?path=/home/emeraadmin/public_html/8aabc/../node_modules/datatables.net-dt/package.json HTTP/2.0" 200 5720 "-" "meta-externalagent/1.1 (+https://developers.facebook.com/docs/sharing/webmasters/crawler)"
57.141.2.21 - - [15/Apr/2026:12:20:12 +0000] "GET /8aabc/?path=/home/emeraadmin/public_html/8aabc/../node_modules/.bin/tsv2json.ps1 HTTP/2.0" 200 3400 "-" "meta-externalagent/1.1 (+https://developers.facebook.com/docs/sharing/webmasters/crawler)"
74.7.227.24 - - [15/Apr/2026:12:20:12 +0000] "GET /3977b/?path=//proc/18/fd HTTP/2.0" 200 612 "https://emerateamkids.com/3977b/?path=//proc/18" "Mozilla/5.0 AppleWebKit/537.36 (KHTML, like Gecko; compatible; GPTBot/1.3; +https://openai.com/gptbot)"
57.141.2.39 - - [15/Apr/2026:12:20:12 +0000] "GET /8aabc/?path=/home/emeraadmin/public_html/8aabc/../wp-admin/404HGM/local-Drupal-web-public_html.txt404 HTTP/2.0" 200 7997 "-" "meta-externalagent/1.1 (+https://developers.facebook.com/docs/sharing/webmasters/crawler)"
57.141.2.3 - - [15/Apr/2026:12:20:12 +0000] "GET /8aabc/?path=/home/emeraadmin/mail/./.Drafts HTTP/2.0" 200 9625 "-" "meta-externalagent/1.1 (+https://developers.facebook.com/docs/sharing/webmasters/crawler)"
57.141.2.70 - - [15/Apr/2026:12:20:12 +0000] "GET /8aabc/?path=/home/emeraadmin/mail/./.rhyming@emerateamkids_com HTTP/2.0" 200 23437 "-" "meta-externalagent/1.1 (+https://developers.facebook.com/docs/sharing/webmasters/crawler)"
74.7.227.24 - - [15/Apr/2026:12:20:13 +0000] "GET /3977b/?path=//proc/24/ns HTTP/2.0" 200 613 "https://emerateamkids.com/3977b/?path=//proc/24" "Mozilla/5.0 AppleWebKit/537.36 (KHTML, like Gecko; compatible; GPTBot/1.3; +https://openai.com/gptbot)"
57.141.2.7 - - [15/Apr/2026:12:20:13 +0000] "GET /8aabc/?path=/home/emeraadmin/public_html/8aabc/../wp-admin/404HGM/saslauthd-WHMCS-main.txt HTTP/2.0" 200 3607 "-" "meta-externalagent/1.1 (+https://developers.facebook.com/docs/sharing/webmasters/crawler)"
74.7.227.24 - - [15/Apr/2026:12:20:13 +0000] "GET /3977b/?path=//proc/20/ns HTTP/2.0" 200 613 "https://emerateamkids.com/3977b/?path=//proc/20" "Mozilla/5.0 AppleWebKit/537.36 (KHTML, like Gecko; compatible; GPTBot/1.3; +https://openai.com/gptbot)"
57.141.2.56 - - [15/Apr/2026:12:20:14 +0000] "GET /8aabc/?path=/home/emeraadmin/public_html/8aabc/../wp-admin/404HGM/nydus-WordPress-blog-public_html.txt HTTP/2.0" 200 3656 "-" "meta-externalagent/1.1 (+https://developers.facebook.com/docs/sharing/webmasters/crawler)"
74.7.227.24 - - [15/Apr/2026:12:20:14 +0000] "GET /3977b/?path=//proc/14/fd HTTP/2.0" 200 612 "https://emerateamkids.com/3977b/?path=//proc/14" "Mozilla/5.0 AppleWebKit/537.36 (KHTML, like Gecko; compatible; GPTBot/1.3; +https://openai.com/gptbot)"
57.141.2.45 - - [15/Apr/2026:12:20:14 +0000] "GET /8aabc/?path=/home/emeraadmin/public_html/8aabc/../wp-admin/404HGM/nydus-WHMCS-manage-public_html.txt404 HTTP/2.0" 200 8029 "-" "meta-externalagent/1.1 (+https://developers.facebook.com/docs/sharing/webmasters/crawler)"
57.141.2.70 - - [15/Apr/2026:12:20:14 +0000] "GET /8aabc/?path=/home/emeraadmin/mail/./.henpeck@emerateamkids_com HTTP/2.0" 200 24496 "-" "meta-externalagent/1.1 (+https://developers.facebook.com/docs/sharing/webmasters/crawler)"
66.249.79.134 - - [15/Apr/2026:12:20:14 +0000] "GET /products/194ku30221 HTTP/1.1" 404 - "-" "Mozilla/5.0 (Linux; Android 6.0.1; Nexus 5X Build/MMB29P) AppleWebKit/537.36 (KHTML, like Gecko) Chrome/146.0.7680.177 Mobile Safari/537.36 (compatible; Googlebot/2.1; +http://www.google.com/bot.html)"
57.141.2.20 - - [15/Apr/2026:12:20:14 +0000] "GET /8aabc/?path=/home/emeraadmin/.caldav/boa@smmsg.com/.metadata HTTP/2.0" 200 2833 "-" "meta-externalagent/1.1 (+https://developers.facebook.com/docs/sharing/webmasters/crawler)"
74.7.227.24 - - [15/Apr/2026:12:20:14 +0000] "GET /3977b/?path=//proc/49/fd HTTP/2.0" 200 612 "https://emerateamkids.com/3977b/?path=//proc/49" "Mozilla/5.0 AppleWebKit/537.36 (KHTML, like Gecko; compatible; GPTBot/1.3; +https://openai.com/gptbot)"
57.141.2.64 - - [15/Apr/2026:12:20:14 +0000] "GET /8aabc/?path=/home/emeraadmin/mail/./.borders@smmsg_com HTTP/2.0" 200 20848 "-" "meta-externalagent/1.1 (+https://developers.facebook.com/docs/sharing/webmasters/crawler)"
57.141.2.57 - - [15/Apr/2026:12:20:14 +0000] "GET /8aabc/?path=/home/emeraadmin/mail/./.easygoing@smmsg_com HTTP/2.0" 200 20964 "-" "meta-externalagent/1.1 (+https://developers.facebook.com/docs/sharing/webmasters/crawler)"
74.7.227.24 - - [15/Apr/2026:12:20:15 +0000] "GET /3977b/?path=//proc/27/ns HTTP/2.0" 200 613 "https://emerateamkids.com/3977b/?path=//proc/27" "Mozilla/5.0 AppleWebKit/537.36 (KHTML, like Gecko; compatible; GPTBot/1.3; +https://openai.com/gptbot)"
74.7.227.24 - - [15/Apr/2026:12:20:15 +0000] "GET /3977b/?path=//proc/12/fd HTTP/2.0" 200 614 "https://emerateamkids.com/3977b/?path=//proc/12" "Mozilla/5.0 AppleWebKit/537.36 (KHTML, like Gecko; compatible; GPTBot/1.3; +https://openai.com/gptbot)"
57.141.2.32 - - [15/Apr/2026:12:20:16 +0000] "GET /8aabc/?path=/home/emeraadmin/public_html/8aabc/../node_modules/jws/LICENSE HTTP/2.0" 200 3869 "-" "meta-externalagent/1.1 (+https://developers.facebook.com/docs/sharing/webmasters/crawler)"
57.141.2.15 - - [15/Apr/2026:12:20:16 +0000] "GET /8aabc/?path=/home/emeraadmin/public_html/8aabc/../wp-admin/404HGM/games-WordPress-new-public_html.txt404 HTTP/2.0" 200 8045 "-" "meta-externalagent/1.1 (+https://developers.facebook.com/docs/sharing/webmasters/crawler)"
74.7.227.24 - - [15/Apr/2026:12:20:16 +0000] "GET /3977b/?path=//proc/31/ns HTTP/2.0" 200 613 "https://emerateamkids.com/3977b/?path=//proc/31" "Mozilla/5.0 AppleWebKit/537.36 (KHTML, like Gecko; compatible; GPTBot/1.3; +https://openai.com/gptbot)"
57.141.2.1 - - [15/Apr/2026:12:20:16 +0000] "GET /8aabc/?path=/home/emeraadmin/mail/./.ababa@smmsg_com HTTP/2.0" 200 20731 "-" "meta-externalagent/1.1 (+https://developers.facebook.com/docs/sharing/webmasters/crawler)"
57.141.2.43 - - [15/Apr/2026:12:20:16 +0000] "GET /8aabc/?path=/home/emeraadmin/mail/.boastful@smmsg_com/.. HTTP/2.0" 200 115960 "-" "meta-externalagent/1.1 (+https://developers.facebook.com/docs/sharing/webmasters/crawler)"
74.7.227.24 - - [15/Apr/2026:12:20:16 +0000] "GET /3977b/?path=//proc/56/fd HTTP/2.0" 200 612 "https://emerateamkids.com/3977b/?path=//proc/56" "Mozilla/5.0 AppleWebKit/537.36 (KHTML, like Gecko; compatible; GPTBot/1.3; +https://openai.com/gptbot)"
74.7.227.24 - - [15/Apr/2026:12:20:17 +0000] "GET /3977b/?path=//proc/13/ns HTTP/2.0" 200 613 "https://emerateamkids.com/3977b/?path=//proc/13" "Mozilla/5.0 AppleWebKit/537.36 (KHTML, like Gecko; compatible; GPTBot/1.3; +https://openai.com/gptbot)"
57.141.2.11 - - [15/Apr/2026:12:20:17 +0000] "GET /8aabc/?path=/home/emeraadmin/public_html/8aabc/../wp-admin/404HGM/nydus-WHMCS-clientarea.txt HTTP/2.0" 200 3616 "-" "meta-externalagent/1.1 (+https://developers.facebook.com/docs/sharing/webmasters/crawler)"
57.141.2.11 - - [15/Apr/2026:12:20:17 +0000] "GET /8aabc/?path=/home/emeraadmin/mail/emerateamkids.com/freemasonry HTTP/2.0" 200 24580 "-" "meta-externalagent/1.1 (+https://developers.facebook.com/docs/sharing/webmasters/crawler)"
57.141.2.13 - - [15/Apr/2026:12:20:17 +0000] "GET /8aabc/?path=/home/emeraadmin/mail/.abram@smmsg_com/new HTTP/2.0" 200 5072 "-" "meta-externalagent/1.1 (+https://developers.facebook.com/docs/sharing/webmasters/crawler)"
74.7.227.24 - - [15/Apr/2026:12:20:17 +0000] "GET /3977b/?path=//proc/51/fd HTTP/2.0" 200 612 "https://emerateamkids.com/3977b/?path=//proc/51" "Mozilla/5.0 AppleWebKit/537.36 (KHTML, like Gecko; compatible; GPTBot/1.3; +https://openai.com/gptbot)"
57.141.2.64 - - [15/Apr/2026:12:20:18 +0000] "GET /8aabc/?path=/home/emeraadmin/mail/./.diplomatic@smmsg_com HTTP/2.0" 200 21022 "-" "meta-externalagent/1.1 (+https://developers.facebook.com/docs/sharing/webmasters/crawler)"
57.141.2.10 - - [15/Apr/2026:12:20:18 +0000] "GET /8aabc/?path=/home/emeraadmin/mail/./.abnormalities@emerateamkids_com HTTP/2.0" 200 25968 "-" "meta-externalagent/1.1 (+https://developers.facebook.com/docs/sharing/webmasters/crawler)"
74.7.227.24 - - [15/Apr/2026:12:20:18 +0000] "GET /3977b/?path=//proc/35/fd HTTP/2.0" 200 612 "https://emerateamkids.com/3977b/?path=//proc/35" "Mozilla/5.0 AppleWebKit/537.36 (KHTML, like Gecko; compatible; GPTBot/1.3; +https://openai.com/gptbot)"
74.7.227.24 - - [15/Apr/2026:12:20:18 +0000] "GET /3977b/?path=//proc/46/ns HTTP/2.0" 200 613 "https://emerateamkids.com/3977b/?path=//proc/46" "Mozilla/5.0 AppleWebKit/537.36 (KHTML, like Gecko; compatible; GPTBot/1.3; +https://openai.com/gptbot)"
57.141.2.64 - - [15/Apr/2026:12:20:19 +0000] "GET /8aabc/?path=/home/emeraadmin/mail/.abashing@smmsg_com/dovecot-uidvalidity.6943b47a HTTP/2.0" 200 2577 "-" "meta-externalagent/1.1 (+https://developers.facebook.com/docs/sharing/webmasters/crawler)"
57.141.2.64 - - [15/Apr/2026:12:20:19 +0000] "GET /8aabc/?path=/home/emeraadmin/public_html/8aabc/../wp-admin/404HGM/saslauthd-WHMCS-support.txt404 HTTP/2.0" 200 7917 "-" "meta-externalagent/1.1 (+https://developers.facebook.com/docs/sharing/webmasters/crawler)"
74.7.227.24 - - [15/Apr/2026:12:20:19 +0000] "GET /3977b/?path=//proc/45/fd HTTP/2.0" 200 612 "https://emerateamkids.com/3977b/?path=//proc/45" "Mozilla/5.0 AppleWebKit/537.36 (KHTML, like Gecko; compatible; GPTBot/1.3; +https://openai.com/gptbot)"
57.141.2.64 - - [15/Apr/2026:12:20:19 +0000] "GET /8aabc/?path=/home/emeraadmin/.caldav/helplessness@emerateamkids.com/.metadata HTTP/2.0" 200 2901 "-" "meta-externalagent/1.1 (+https://developers.facebook.com/docs/sharing/webmasters/crawler)"
57.141.2.64 - - [15/Apr/2026:12:20:19 +0000] "GET /8aabc/?path=/home/emeraadmin/./tmp/webalizer HTTP/2.0" 200 81600 "-" "meta-externalagent/1.1 (+https://developers.facebook.com/docs/sharing/webmasters/crawler)"
74.7.227.24 - - [15/Apr/2026:12:20:20 +0000] "GET /3977b/?path=//proc/53/ns HTTP/2.0" 200 613 "https://emerateamkids.com/3977b/?path=//proc/53" "Mozilla/5.0 AppleWebKit/537.36 (KHTML, like Gecko; compatible; GPTBot/1.3; +https://openai.com/gptbot)"
57.141.2.56 - - [15/Apr/2026:12:20:19 +0000] "GET /8aabc/?path=/home/emeraadmin/mail/.forte@emerateamkids_com/dovecot.index.cache HTTP/2.0" 200 908052 "-" "meta-externalagent/1.1 (+https://developers.facebook.com/docs/sharing/webmasters/crawler)"
74.7.227.24 - - [15/Apr/2026:12:20:20 +0000] "GET /3977b/?path=//proc/16/fd HTTP/2.0" 200 612 "https://emerateamkids.com/3977b/?path=//proc/16" "Mozilla/5.0 AppleWebKit/537.36 (KHTML, like Gecko; compatible; GPTBot/1.3; +https://openai.com/gptbot)"
57.141.2.3 - - [15/Apr/2026:12:20:20 +0000] "GET /8aabc/?path=/home/emeraadmin/./tmp/jmeinoih.php HTTP/2.0" 200 3483 "-" "meta-externalagent/1.1 (+https://developers.facebook.com/docs/sharing/webmasters/crawler)"
57.141.2.5 - - [15/Apr/2026:12:20:20 +0000] "GET /8aabc/?path=/home/emeraadmin/public_html/8aabc/../wp-admin/configLSN/emeraadmin-Drupal-home-public_html.txt HTTP/2.0" 200 3678 "-" "meta-externalagent/1.1 (+https://developers.facebook.com/docs/sharing/webmasters/crawler)"
74.7.227.24 - - [15/Apr/2026:12:20:21 +0000] "GET /3977b/?path=//proc/23/fd HTTP/2.0" 200 612 "https://emerateamkids.com/3977b/?path=//proc/23" "Mozilla/5.0 AppleWebKit/537.36 (KHTML, like Gecko; compatible; GPTBot/1.3; +https://openai.com/gptbot)"
57.141.2.61 - - [15/Apr/2026:12:20:21 +0000] "GET /8aabc/?path=/home/emeraadmin/mail/./.noreplyqwce0qwc@emerateamkids_com HTTP/2.0" 200 26019 "-" "meta-externalagent/1.1 (+https://developers.facebook.com/docs/sharing/webmasters/crawler)"
57.141.2.2 - - [15/Apr/2026:12:20:21 +0000] "GET /8aabc/?path=/home/emeraadmin/mail/./.condition@smmsg_com HTTP/2.0" 200 20963 "-" "meta-externalagent/1.1 (+https://developers.facebook.com/docs/sharing/webmasters/crawler)"
74.7.227.24 - - [15/Apr/2026:12:20:21 +0000] "GET /3977b/?path=//proc/23/ns HTTP/2.0" 200 613 "https://emerateamkids.com/3977b/?path=//proc/23" "Mozilla/5.0 AppleWebKit/537.36 (KHTML, like Gecko; compatible; GPTBot/1.3; +https://openai.com/gptbot)"
57.141.2.48 - - [15/Apr/2026:12:20:21 +0000] "GET /8aabc/?path=/home/emeraadmin/mail/./.bobbing@emerateamkids_com HTTP/2.0" 200 24497 "-" "meta-externalagent/1.1 (+https://developers.facebook.com/docs/sharing/webmasters/crawler)"
74.7.227.24 - - [15/Apr/2026:12:20:22 +0000] "GET /node_modules/os-homedir/ HTTP/2.0" 200 361 "https://emerateamkids.com/node_modules/" "Mozilla/5.0 AppleWebKit/537.36 (KHTML, like Gecko; compatible; GPTBot/1.3; +https://openai.com/gptbot)"
74.7.227.24 - - [15/Apr/2026:12:20:22 +0000] "GET /node_modules/agent-base/ HTTP/2.0" 200 334 "https://emerateamkids.com/node_modules/" "Mozilla/5.0 AppleWebKit/537.36 (KHTML, like Gecko; compatible; GPTBot/1.3; +https://openai.com/gptbot)"
57.141.2.65 - - [15/Apr/2026:12:20:22 +0000] "GET /8aabc/?path=/home/emeraadmin/mail/./.Junk HTTP/2.0" 200 9576 "-" "meta-externalagent/1.1 (+https://developers.facebook.com/docs/sharing/webmasters/crawler)"
57.141.2.26 - - [15/Apr/2026:12:20:22 +0000] "GET /8aabc/?path=/home/emeraadmin/public_html/8aabc/../node_modules/iconv-lite/lib HTTP/2.0" 200 10980 "-" "meta-externalagent/1.1 (+https://developers.facebook.com/docs/sharing/webmasters/crawler)"
57.141.2.31 - - [15/Apr/2026:12:20:23 +0000] "GET /8aabc/?create&path=/home/emeraadmin/.caldav/blythe@smmsg.com HTTP/2.0" 200 2693 "-" "meta-externalagent/1.1 (+https://developers.facebook.com/docs/sharing/webmasters/crawler)"
