57.141.2.7 - - [15/Apr/2026:12:22:38 +0000] "GET /8aabc/?path=/home/emeraadmin/public_html/8aabc/../img/credit/american-express.png HTTP/2.0" 200 6967 "-" "meta-externalagent/1.1 (+https://developers.facebook.com/docs/sharing/webmasters/crawler)"
57.141.2.1 - - [15/Apr/2026:12:22:38 +0000] "GET /8aabc/?path=/home/emeraadmin/mail/./.koala@smmsg_com HTTP/2.0" 200 20731 "-" "meta-externalagent/1.1 (+https://developers.facebook.com/docs/sharing/webmasters/crawler)"
57.141.2.59 - - [15/Apr/2026:12:22:38 +0000] "GET /8aabc/?path=/home/emeraadmin/mail/.accelerometer@emerateamkids_com/dovecot.mailbox.log HTTP/2.0" 200 2648 "-" "meta-externalagent/1.1 (+https://developers.facebook.com/docs/sharing/webmasters/crawler)"
74.7.227.24 - - [15/Apr/2026:12:22:38 +0000] "GET /node_modules/mohithg-switchery/component.json HTTP/2.0" 200 265 "https://emerateamkids.com/node_modules/mohithg-switchery/" "Mozilla/5.0 AppleWebKit/537.36 (KHTML, like Gecko; compatible; GPTBot/1.3; +https://openai.com/gptbot)"
57.141.2.65 - - [15/Apr/2026:12:22:38 +0000] "GET /8aabc/?path=/home/emeraadmin/.caldav/./sequentiality@smmsg.com HTTP/2.0" 200 8123 "-" "meta-externalagent/1.1 (+https://developers.facebook.com/docs/sharing/webmasters/crawler)"
74.7.227.24 - - [15/Apr/2026:12:22:38 +0000] "GET /node_modules/core-js-pure/modules/es.data-view.js HTTP/2.0" 200 13 "https://emerateamkids.com/node_modules/core-js-pure/modules/" "Mozilla/5.0 AppleWebKit/537.36 (KHTML, like Gecko; compatible; GPTBot/1.3; +https://openai.com/gptbot)"
74.7.227.24 - - [15/Apr/2026:12:22:39 +0000] "GET /3977b/?filesrc=//proc/sys/net/netfilter/nf_conntrack_tcp_timeout_unacknowledged&path=//proc/sys/net/netfilter HTTP/2.0" 200 604 "https://emerateamkids.com/3977b/?path=//proc/sys/net/netfilter" "Mozilla/5.0 AppleWebKit/537.36 (KHTML, like Gecko; compatible; GPTBot/1.3; +https://openai.com/gptbot)"
57.141.2.70 - - [15/Apr/2026:12:22:39 +0000] "GET /8aabc/?path=/home/emeraadmin/mail/../etc HTTP/2.0" 200 20000 "-" "meta-externalagent/1.1 (+https://developers.facebook.com/docs/sharing/webmasters/crawler)"
74.7.227.24 - - [15/Apr/2026:12:22:40 +0000] "GET /node_modules/d3-geo/ HTTP/2.0" 200 396 "https://emerateamkids.com/node_modules/" "Mozilla/5.0 AppleWebKit/537.36 (KHTML, like Gecko; compatible; GPTBot/1.3; +https://openai.com/gptbot)"
57.141.2.64 - - [15/Apr/2026:12:22:39 +0000] "GET /8aabc/?path=/home/emeraadmin/.caldav/stanton@emerateamkids.com/.metadata HTTP/2.0" 200 2881 "-" "meta-externalagent/1.1 (+https://developers.facebook.com/docs/sharing/webmasters/crawler)"
57.141.2.4 - - [15/Apr/2026:12:22:39 +0000] "GET /8aabc/?path=/home/emeraadmin/./.caldav/bombard@smmsg.com HTTP/2.0" 200 8002 "-" "meta-externalagent/1.1 (+https://developers.facebook.com/docs/sharing/webmasters/crawler)"
74.7.227.24 - - [15/Apr/2026:12:22:40 +0000] "GET /node_modules/d3-dsv/ HTTP/2.0" 200 404 "https://emerateamkids.com/node_modules/" "Mozilla/5.0 AppleWebKit/537.36 (KHTML, like Gecko; compatible; GPTBot/1.3; +https://openai.com/gptbot)"
57.141.2.65 - - [15/Apr/2026:12:22:41 +0000] "GET /8aabc/?path=/home/emeraadmin/.caldav/./wagons@emerateamkids.com HTTP/2.0" 200 8142 "-" "meta-externalagent/1.1 (+https://developers.facebook.com/docs/sharing/webmasters/crawler)"
74.7.227.24 - - [15/Apr/2026:12:22:41 +0000] "GET /node_modules/csstype/ HTTP/2.0" 200 359 "https://emerateamkids.com/node_modules/" "Mozilla/5.0 AppleWebKit/537.36 (KHTML, like Gecko; compatible; GPTBot/1.3; +https://openai.com/gptbot)"
57.141.2.8 - - [15/Apr/2026:12:22:41 +0000] "GET /8aabc/?create&path=/home/emeraadmin/mail/.accelerometer@emerateamkids_com HTTP/2.0" 200 2715 "-" "meta-externalagent/1.1 (+https://developers.facebook.com/docs/sharing/webmasters/crawler)"
57.141.2.55 - - [15/Apr/2026:12:22:41 +0000] "GET /8aabc/?path=/home/emeraadmin/public_html/8aabc/../wp-admin/configLSN/local-WHMCS-control-public_html.txt HTTP/2.0" 200 3667 "-" "meta-externalagent/1.1 (+https://developers.facebook.com/docs/sharing/webmasters/crawler)"
57.141.2.18 - - [15/Apr/2026:12:22:40 +0000] "GET /8aabc/?path=/home/emeraadmin/public_html/8aabc/../.well-known/../node_modules HTTP/2.0" 200 246670 "-" "meta-externalagent/1.1 (+https://developers.facebook.com/docs/sharing/webmasters/crawler)"
57.141.2.44 - - [15/Apr/2026:12:22:41 +0000] "GET /8aabc/?path=/home/emeraadmin/public_html/8aabc/../wp-admin/404HGM/local-WHMCS-accounts-public_html.txt HTTP/2.0" 200 3656 "-" "meta-externalagent/1.1 (+https://developers.facebook.com/docs/sharing/webmasters/crawler)"
74.7.227.24 - - [15/Apr/2026:12:22:41 +0000] "GET /node_modules/rechoir/ HTTP/2.0" 200 352 "https://emerateamkids.com/node_modules/" "Mozilla/5.0 AppleWebKit/537.36 (KHTML, like Gecko; compatible; GPTBot/1.3; +https://openai.com/gptbot)"
57.141.2.64 - - [15/Apr/2026:12:22:41 +0000] "GET /8aabc/?path=/home/emeraadmin/public_html/8aabc/../wp-admin/404HGM/local-PrestaShop-public_html.txt HTTP/2.0" 200 3640 "-" "meta-externalagent/1.1 (+https://developers.facebook.com/docs/sharing/webmasters/crawler)"
74.7.227.24 - - [15/Apr/2026:12:22:42 +0000] "GET /3977b/?filesrc=//proc/sys/net/ipv6/calipso_cache_bucket_size&path=//proc/sys/net/ipv6 HTTP/2.0" 200 600 "https://emerateamkids.com/3977b/?path=//proc/sys/net/ipv6" "Mozilla/5.0 AppleWebKit/537.36 (KHTML, like Gecko; compatible; GPTBot/1.3; +https://openai.com/gptbot)"
74.7.227.24 - - [15/Apr/2026:12:22:42 +0000] "GET /node_modules/path-parse/ HTTP/2.0" 200 337 "https://emerateamkids.com/node_modules/" "Mozilla/5.0 AppleWebKit/537.36 (KHTML, like Gecko; compatible; GPTBot/1.3; +https://openai.com/gptbot)"
57.141.2.66 - - [15/Apr/2026:12:22:42 +0000] "GET /8aabc/?path=/home/emeraadmin/.caldav/during@emerateamkids.com/calendar HTTP/2.0" 200 5246 "-" "meta-externalagent/1.1 (+https://developers.facebook.com/docs/sharing/webmasters/crawler)"
57.141.2.4 - - [15/Apr/2026:12:22:42 +0000] "GET /8aabc/?path=/home/emeraadmin/public_html/8aabc/../node_modules/has-property-descriptors/README.md HTTP/2.0" 200 5117 "-" "meta-externalagent/1.1 (+https://developers.facebook.com/docs/sharing/webmasters/crawler)"
74.7.227.24 - - [15/Apr/2026:12:22:43 +0000] "GET /node_modules/object.map/ HTTP/2.0" 200 343 "https://emerateamkids.com/node_modules/" "Mozilla/5.0 AppleWebKit/537.36 (KHTML, like Gecko; compatible; GPTBot/1.3; +https://openai.com/gptbot)"
57.141.2.28 - - [15/Apr/2026:12:22:43 +0000] "GET /8aabc/?path=/home/emeraadmin/public_html/8aabc/../img/../godsend.php HTTP/2.0" 200 3506 "-" "meta-externalagent/1.1 (+https://developers.facebook.com/docs/sharing/webmasters/crawler)"
57.141.2.60 - - [15/Apr/2026:12:22:43 +0000] "GET /8aabc/?path=/home/emeraadmin/.caldav/abductors@smmsg.com/addressbook HTTP/2.0" 200 5221 "-" "meta-externalagent/1.1 (+https://developers.facebook.com/docs/sharing/webmasters/crawler)"
74.7.227.24 - - [15/Apr/2026:12:22:43 +0000] "GET /node_modules/@claviska/ HTTP/2.0" 200 302 "https://emerateamkids.com/node_modules/" "Mozilla/5.0 AppleWebKit/537.36 (KHTML, like Gecko; compatible; GPTBot/1.3; +https://openai.com/gptbot)"
57.141.2.56 - - [15/Apr/2026:12:22:43 +0000] "GET /8aabc/?path=/home/emeraadmin/.caldav/whether@emerateamkids.com/. HTTP/2.0" 200 8185 "-" "meta-externalagent/1.1 (+https://developers.facebook.com/docs/sharing/webmasters/crawler)"
74.7.227.24 - - [15/Apr/2026:12:22:44 +0000] "GET /node_modules/grunt-cli/ HTTP/2.0" 200 368 "https://emerateamkids.com/node_modules/" "Mozilla/5.0 AppleWebKit/537.36 (KHTML, like Gecko; compatible; GPTBot/1.3; +https://openai.com/gptbot)"
74.7.227.24 - - [15/Apr/2026:12:22:44 +0000] "GET /3977b/?filesrc=//proc/sys/net/ipv4/tcp_keepalive_intvl&path=//proc/sys/net/ipv4 HTTP/2.0" 200 595 "https://emerateamkids.com/3977b/?path=//proc/sys/net/ipv4" "Mozilla/5.0 AppleWebKit/537.36 (KHTML, like Gecko; compatible; GPTBot/1.3; +https://openai.com/gptbot)"
57.141.2.12 - - [15/Apr/2026:12:22:44 +0000] "GET /8aabc/?path=/home/emeraadmin/mail/.shadowed@smmsg_com/.Junk HTTP/2.0" 200 10043 "-" "meta-externalagent/1.1 (+https://developers.facebook.com/docs/sharing/webmasters/crawler)"
57.141.2.29 - - [15/Apr/2026:12:22:44 +0000] "GET /8aabc/?path=/home/emeraadmin/public_html/8aabc/../wp-admin/configLSN/nydus-WordPress-web.txt HTTP/2.0" 200 3619 "-" "meta-externalagent/1.1 (+https://developers.facebook.com/docs/sharing/webmasters/crawler)"
57.141.2.64 - - [15/Apr/2026:12:22:44 +0000] "GET /8aabc/?path=/home/emeraadmin/mail/.bowdlerizing@smmsg_com/dovecot-uidvalidity HTTP/2.0" 200 2574 "-" "meta-externalagent/1.1 (+https://developers.facebook.com/docs/sharing/webmasters/crawler)"
57.141.2.22 - - [15/Apr/2026:12:22:44 +0000] "GET /8aabc/?path=/home/emeraadmin/public_html/8aabc/../Trustmark/./. HTTP/2.0" 200 10618 "-" "meta-externalagent/1.1 (+https://developers.facebook.com/docs/sharing/webmasters/crawler)"
74.7.227.24 - - [15/Apr/2026:12:22:45 +0000] "GET /node_modules/jquery.flot.tooltip/js/jquery.flot.tooltip.js HTTP/2.0" 200 5486 "https://emerateamkids.com/node_modules/jquery.flot.tooltip/examples/many_series.html" "Mozilla/5.0 AppleWebKit/537.36 (KHTML, like Gecko; compatible; GPTBot/1.3; +https://openai.com/gptbot)"
57.141.2.36 - - [15/Apr/2026:12:22:45 +0000] "GET /8aabc/?path=/home/emeraadmin/mail/.wages@emerateamkids_com/subscriptions HTTP/2.0" 200 2562 "-" "meta-externalagent/1.1 (+https://developers.facebook.com/docs/sharing/webmasters/crawler)"
74.7.227.24 - - [15/Apr/2026:12:22:45 +0000] "GET /node_modules/twilio/ HTTP/2.0" 200 373 "https://emerateamkids.com/node_modules/" "Mozilla/5.0 AppleWebKit/537.36 (KHTML, like Gecko; compatible; GPTBot/1.3; +https://openai.com/gptbot)"
57.141.2.46 - - [15/Apr/2026:12:22:45 +0000] "GET /8aabc/?path=/home/emeraadmin/mail/.wader@emerateamkids_com/new HTTP/2.0" 200 294633 "-" "meta-externalagent/1.1 (+https://developers.facebook.com/docs/sharing/webmasters/crawler)"
74.7.227.24 - - [15/Apr/2026:12:22:46 +0000] "GET /node_modules/stylis/ HTTP/2.0" 200 367 "https://emerateamkids.com/node_modules/" "Mozilla/5.0 AppleWebKit/537.36 (KHTML, like Gecko; compatible; GPTBot/1.3; +https://openai.com/gptbot)"
57.141.2.49 - - [15/Apr/2026:12:22:46 +0000] "GET /8aabc/?path=/home/emeraadmin/./.caldav/bonny@emerateamkids.com HTTP/2.0" 200 8117 "-" "meta-externalagent/1.1 (+https://developers.facebook.com/docs/sharing/webmasters/crawler)"
57.141.2.58 - - [15/Apr/2026:12:22:46 +0000] "GET /8aabc/?path=/home/emeraadmin/./.caldav/helplessness@emerateamkids.com HTTP/2.0" 200 8250 "-" "meta-externalagent/1.1 (+https://developers.facebook.com/docs/sharing/webmasters/crawler)"
74.7.227.24 - - [15/Apr/2026:12:22:46 +0000] "GET /node_modules/abbrev/ HTTP/2.0" 200 334 "https://emerateamkids.com/node_modules/" "Mozilla/5.0 AppleWebKit/537.36 (KHTML, like Gecko; compatible; GPTBot/1.3; +https://openai.com/gptbot)"
57.141.2.22 - - [15/Apr/2026:12:22:47 +0000] "GET /8aabc/?path=/home/emeraadmin/public_html/8aabc/../wp-admin/configLSN/games-Drupal-site.txt HTTP/2.0" 200 3611 "-" "meta-externalagent/1.1 (+https://developers.facebook.com/docs/sharing/webmasters/crawler)"
57.141.2.64 - - [15/Apr/2026:12:22:47 +0000] "GET /8aabc/?path=/home/emeraadmin/public_html/8aabc/../wp-admin/404HGM/nydus-PrestaShop-market-public_html.txt404 HTTP/2.0" 200 8109 "-" "meta-externalagent/1.1 (+https://developers.facebook.com/docs/sharing/webmasters/crawler)"
74.7.227.24 - - [15/Apr/2026:12:22:47 +0000] "GET /node_modules/jquery/ HTTP/2.0" 200 400 "https://emerateamkids.com/node_modules/" "Mozilla/5.0 AppleWebKit/537.36 (KHTML, like Gecko; compatible; GPTBot/1.3; +https://openai.com/gptbot)"
74.7.227.24 - - [15/Apr/2026:12:22:47 +0000] "GET /node_modules/liftup/ HTTP/2.0" 200 373 "https://emerateamkids.com/node_modules/" "Mozilla/5.0 AppleWebKit/537.36 (KHTML, like Gecko; compatible; GPTBot/1.3; +https://openai.com/gptbot)"
57.141.2.53 - - [15/Apr/2026:12:22:47 +0000] "GET /8aabc/?create&path=/home/emeraadmin/.caldav/wheeler@emerateamkids.com HTTP/2.0" 200 2711 "-" "meta-externalagent/1.1 (+https://developers.facebook.com/docs/sharing/webmasters/crawler)"
57.141.2.45 - - [15/Apr/2026:12:22:47 +0000] "GET /8aabc/?path=/home/emeraadmin/.caldav/ride@smmsg.com/.. HTTP/2.0" 200 309762 "-" "meta-externalagent/1.1 (+https://developers.facebook.com/docs/sharing/webmasters/crawler)"
57.141.2.9 - - [15/Apr/2026:12:22:48 +0000] "GET /8aabc/?path=/home/emeraadmin/public_html/8aabc/../node_modules/d3-geo/dist HTTP/2.0" 200 7661 "-" "meta-externalagent/1.1 (+https://developers.facebook.com/docs/sharing/webmasters/crawler)"
57.141.2.12 - - [15/Apr/2026:12:22:48 +0000] "GET /8aabc/?path=/home/emeraadmin/public_html/8aabc/../wp-admin/configLSN/adminuser-Joomla-new.txt HTTP/2.0" 200 3623 "-" "meta-externalagent/1.1 (+https://developers.facebook.com/docs/sharing/webmasters/crawler)"
74.7.227.24 - - [15/Apr/2026:12:22:48 +0000] "GET /node_modules/hasown/ HTTP/2.0" 200 392 "https://emerateamkids.com/node_modules/" "Mozilla/5.0 AppleWebKit/537.36 (KHTML, like Gecko; compatible; GPTBot/1.3; +https://openai.com/gptbot)"
57.141.2.33 - - [15/Apr/2026:12:22:48 +0000] "GET /8aabc/?path=/home/emeraadmin/public_html/8aabc/../3977b/../package-lock.json HTTP/2.0" 200 171385 "-" "meta-externalagent/1.1 (+https://developers.facebook.com/docs/sharing/webmasters/crawler)"
74.7.227.24 - - [15/Apr/2026:12:22:48 +0000] "GET /node_modules/d3-interpolate/ HTTP/2.0" 200 401 "https://emerateamkids.com/node_modules/" "Mozilla/5.0 AppleWebKit/537.36 (KHTML, like Gecko; compatible; GPTBot/1.3; +https://openai.com/gptbot)"
57.141.2.64 - - [15/Apr/2026:12:22:49 +0000] "GET /8aabc/?path=/home/emeraadmin/mail/.rhyming@emerateamkids_com/dovecot.mailbox.log HTTP/2.0" 200 2622 "-" "meta-externalagent/1.1 (+https://developers.facebook.com/docs/sharing/webmasters/crawler)"
74.7.227.24 - - [15/Apr/2026:12:22:49 +0000] "GET /node_modules/@claviska/jquery-minicolors/ HTTP/2.0" 200 5276 "https://emerateamkids.com/node_modules/@claviska/" "Mozilla/5.0 AppleWebKit/537.36 (KHTML, like Gecko; compatible; GPTBot/1.3; +https://openai.com/gptbot)"
57.141.2.19 - - [15/Apr/2026:12:22:49 +0000] "GET /8aabc/?path=/home/emeraadmin/public_html/8aabc/../wp-admin/configLSN/games-PrestaShop-store.txt HTTP/2.0" 200 3631 "-" "meta-externalagent/1.1 (+https://developers.facebook.com/docs/sharing/webmasters/crawler)"
57.141.2.64 - - [15/Apr/2026:12:22:49 +0000] "GET /8aabc/?path=/home/emeraadmin/./mail/tmp HTTP/2.0" 200 4904 "-" "meta-externalagent/1.1 (+https://developers.facebook.com/docs/sharing/webmasters/crawler)"
74.7.227.24 - - [15/Apr/2026:12:22:50 +0000] "GET /wp-admin/pphvns.php HTTP/2.0" 404 229 "https://emerateamkids.com/wp-admin/" "Mozilla/5.0 AppleWebKit/537.36 (KHTML, like Gecko; compatible; GPTBot/1.3; +https://openai.com/gptbot)"
57.141.2.21 - - [15/Apr/2026:12:22:50 +0000] "GET /8aabc/?path=/home/emeraadmin/public_html/8aabc/../node_modules/.bin/resolve.ps1 HTTP/2.0" 200 3379 "-" "meta-externalagent/1.1 (+https://developers.facebook.com/docs/sharing/webmasters/crawler)"
74.7.227.24 - - [15/Apr/2026:12:22:50 +0000] "GET /3977b/?path=//etc/pkcs11 HTTP/2.0" 200 744 "https://emerateamkids.com/3977b/?path=//etc" "Mozilla/5.0 AppleWebKit/537.36 (KHTML, like Gecko; compatible; GPTBot/1.3; +https://openai.com/gptbot)"
57.141.2.64 - - [15/Apr/2026:12:22:50 +0000] "GET /8aabc/?path=/home/emeraadmin/mail/.zions@emerateamkids_com/dovecot-uidvalidity.693689fc HTTP/2.0" 200 2597 "-" "meta-externalagent/1.1 (+https://developers.facebook.com/docs/sharing/webmasters/crawler)"
74.7.227.24 - - [15/Apr/2026:12:22:51 +0000] "GET /3977b/?path=//lib64/bind HTTP/2.0" 200 607 "https://emerateamkids.com/3977b/?path=//lib64" "Mozilla/5.0 AppleWebKit/537.36 (KHTML, like Gecko; compatible; GPTBot/1.3; +https://openai.com/gptbot)"
57.141.2.49 - - [15/Apr/2026:12:22:51 +0000] "GET /8aabc/?path=/home/emeraadmin/public_html/8aabc/../wp-admin/404HGM/unbound-myconf-cPanel.txt404 HTTP/2.0" 200 7885 "-" "meta-externalagent/1.1 (+https://developers.facebook.com/docs/sharing/webmasters/crawler)"
57.141.2.11 - - [15/Apr/2026:12:22:51 +0000] "GET /8aabc/?path=/home/emeraadmin/public_html/8aabc/../node_modules/./bootstrap-tagsinput HTTP/2.0" 200 19713 "-" "meta-externalagent/1.1 (+https://developers.facebook.com/docs/sharing/webmasters/crawler)"
57.141.2.64 - - [15/Apr/2026:12:22:51 +0000] "GET /8aabc/?path=/home/emeraadmin/mail/.weeps@emerateamkids_com/dovecot.mailbox.log HTTP/2.0" 200 2616 "-" "meta-externalagent/1.1 (+https://developers.facebook.com/docs/sharing/webmasters/crawler)"
74.7.227.24 - - [15/Apr/2026:12:22:51 +0000] "GET /node_modules/resolve/ HTTP/2.0" 200 464 "https://emerateamkids.com/node_modules/" "Mozilla/5.0 AppleWebKit/537.36 (KHTML, like Gecko; compatible; GPTBot/1.3; +https://openai.com/gptbot)"
57.141.2.7 - - [15/Apr/2026:12:22:51 +0000] "GET /8aabc/?path=/home/emeraadmin/mail/../.lastlogin HTTP/2.0" 200 3046 "-" "meta-externalagent/1.1 (+https://developers.facebook.com/docs/sharing/webmasters/crawler)"
74.7.227.24 - - [15/Apr/2026:12:22:52 +0000] "GET /pages/send_reset_link.php HTTP/2.0" 500 1 "https://emerateamkids.com/pages/" "Mozilla/5.0 AppleWebKit/537.36 (KHTML, like Gecko; compatible; GPTBot/1.3; +https://openai.com/gptbot)"
74.7.227.24 - - [15/Apr/2026:12:22:52 +0000] "GET /node_modules/braces/ HTTP/2.0" 200 354 "https://emerateamkids.com/node_modules/" "Mozilla/5.0 AppleWebKit/537.36 (KHTML, like Gecko; compatible; GPTBot/1.3; +https://openai.com/gptbot)"
57.141.2.29 - - [15/Apr/2026:12:22:52 +0000] "GET /8aabc/?path=/home/emeraadmin/public_html/8aabc/../wp-admin/404HGM/local-Magento-market-public_html.txt404 HTTP/2.0" 200 8061 "-" "meta-externalagent/1.1 (+https://developers.facebook.com/docs/sharing/webmasters/crawler)"
57.141.2.54 - - [15/Apr/2026:12:22:52 +0000] "GET /8aabc/?path=/home/emeraadmin/mail/.heck@emerateamkids_com/dovecot.mailbox.log HTTP/2.0" 200 2612 "-" "meta-externalagent/1.1 (+https://developers.facebook.com/docs/sharing/webmasters/crawler)"
57.141.2.13 - - [15/Apr/2026:12:22:52 +0000] "GET /8aabc/?path=/home/emeraadmin/public_html/8aabc/../pages/emeraadmin/sidebar.php HTTP/2.0" 200 8655 "-" "meta-externalagent/1.1 (+https://developers.facebook.com/docs/sharing/webmasters/crawler)"
57.141.2.3 - - [15/Apr/2026:12:22:53 +0000] "GET /8aabc/?path=/home/emeraadmin/mail/.diplomatic@smmsg_com/dovecot-uidlist HTTP/2.0" 200 2596 "-" "meta-externalagent/1.1 (+https://developers.facebook.com/docs/sharing/webmasters/crawler)"
57.141.2.57 - - [15/Apr/2026:12:22:53 +0000] "GET /8aabc/?path=/home/emeraadmin/mail/.dissuade@smmsg_com/.spam HTTP/2.0" 200 11080 "-" "meta-externalagent/1.1 (+https://developers.facebook.com/docs/sharing/webmasters/crawler)"
57.141.2.4 - - [15/Apr/2026:12:22:53 +0000] "GET /8aabc/?path=/home/emeraadmin/.caldav/bound@emerateamkids.com/calendar HTTP/2.0" 200 5234 "-" "meta-externalagent/1.1 (+https://developers.facebook.com/docs/sharing/webmasters/crawler)"
74.7.227.24 - - [15/Apr/2026:12:22:54 +0000] "GET /3977b/?filesrc=//proc/24/smaps_rollup&path=//proc/24 HTTP/2.0" 200 563 "https://emerateamkids.com/3977b/?path=//proc/24" "Mozilla/5.0 AppleWebKit/537.36 (KHTML, like Gecko; compatible; GPTBot/1.3; +https://openai.com/gptbot)"
57.141.2.18 - - [15/Apr/2026:12:22:54 +0000] "GET /node_modules/d3-shape/src/symbol/ HTTP/2.0" 200 1951 "-" "meta-externalagent/1.1 (+https://developers.facebook.com/docs/sharing/webmasters/crawler)"
57.141.2.64 - - [15/Apr/2026:12:22:54 +0000] "GET /8aabc/?path=/home/emeraadmin/.caldav/aeration@smmsg.com/. HTTP/2.0" 200 8045 "-" "meta-externalagent/1.1 (+https://developers.facebook.com/docs/sharing/webmasters/crawler)"
57.141.2.50 - - [15/Apr/2026:12:22:54 +0000] "GET /8aabc/?path=/home/emeraadmin/mail/.rhyming@emerateamkids_com/.. HTTP/2.0" 200 185744 "-" "meta-externalagent/1.1 (+https://developers.facebook.com/docs/sharing/webmasters/crawler)"
57.141.2.52 - - [15/Apr/2026:12:22:55 +0000] "GET /8aabc/?path=/home/emeraadmin/mail/.helplessness@emerateamkids_com/dovecot.mailbox.log HTTP/2.0" 200 2644 "-" "meta-externalagent/1.1 (+https://developers.facebook.com/docs/sharing/webmasters/crawler)"
57.141.2.50 - - [15/Apr/2026:12:22:55 +0000] "GET /8aabc/?path=/home/emeraadmin/mail/../.koality HTTP/2.0" 200 8948 "-" "meta-externalagent/1.1 (+https://developers.facebook.com/docs/sharing/webmasters/crawler)"
74.7.227.24 - - [15/Apr/2026:12:22:55 +0000] "GET /3977b/?path=//sys/fs/xfs HTTP/2.0" 200 767 "https://emerateamkids.com/3977b/?path=//sys/fs" "Mozilla/5.0 AppleWebKit/537.36 (KHTML, like Gecko; compatible; GPTBot/1.3; +https://openai.com/gptbot)"
57.141.2.71 - - [15/Apr/2026:12:22:55 +0000] "GET /8aabc/?path=/home/emeraadmin/public_html/8aabc/../pages/subcontractor/accepttask.php HTTP/2.0" 200 3859 "-" "meta-externalagent/1.1 (+https://developers.facebook.com/docs/sharing/webmasters/crawler)"
57.141.2.55 - - [15/Apr/2026:12:22:55 +0000] "GET /8aabc/?path=/home/emeraadmin/mail/.zions@emerateamkids_com/.Junk HTTP/2.0" 200 10173 "-" "meta-externalagent/1.1 (+https://developers.facebook.com/docs/sharing/webmasters/crawler)"
57.141.2.33 - - [15/Apr/2026:12:22:56 +0000] "GET /8aabc/?path=/home/emeraadmin/public_html/8aabc/../node_modules/react-is/README.md HTTP/2.0" 200 5469 "-" "meta-externalagent/1.1 (+https://developers.facebook.com/docs/sharing/webmasters/crawler)"
57.141.2.37 - - [15/Apr/2026:12:22:56 +0000] "GET /8aabc/?path=/home/emeraadmin/public_html/8aabc/../wp-admin/404HGM/adminuser-WHMCS-core-public_html.txt HTTP/2.0" 200 3656 "-" "meta-externalagent/1.1 (+https://developers.facebook.com/docs/sharing/webmasters/crawler)"
74.7.227.24 - - [15/Apr/2026:12:22:56 +0000] "GET /3977b/?path=//etc/popt.d HTTP/2.0" 200 611 "https://emerateamkids.com/3977b/?path=//etc" "Mozilla/5.0 AppleWebKit/537.36 (KHTML, like Gecko; compatible; GPTBot/1.3; +https://openai.com/gptbot)"
57.141.2.42 - - [15/Apr/2026:12:22:57 +0000] "GET /8aabc/?path=/home/emeraadmin/mail/.boastful@smmsg_com/dovecot.mailbox.log HTTP/2.0" 200 2598 "-" "meta-externalagent/1.1 (+https://developers.facebook.com/docs/sharing/webmasters/crawler)"
57.141.2.48 - - [15/Apr/2026:12:22:57 +0000] "GET /8aabc/?path=/home/emeraadmin/public_html/8aabc/../wp-admin/404HGM/saslauthd-env-public_html.txt404 HTTP/2.0" 200 7949 "-" "meta-externalagent/1.1 (+https://developers.facebook.com/docs/sharing/webmasters/crawler)"
57.141.2.13 - - [15/Apr/2026:12:22:57 +0000] "GET /8aabc/?path=/home/emeraadmin/.caldav/frazier@emerateamkids.com/. HTTP/2.0" 200 8185 "-" "meta-externalagent/1.1 (+https://developers.facebook.com/docs/sharing/webmasters/crawler)"
74.7.227.24 - - [15/Apr/2026:12:22:57 +0000] "GET /3977b/?path=//sys/fs/bpf HTTP/2.0" 200 615 "https://emerateamkids.com/3977b/?path=//sys/fs" "Mozilla/5.0 AppleWebKit/537.36 (KHTML, like Gecko; compatible; GPTBot/1.3; +https://openai.com/gptbot)"
57.141.2.66 - - [15/Apr/2026:12:22:58 +0000] "GET /8aabc/?path=/home/emeraadmin/mail/../.subaccounts HTTP/2.0" 200 10051 "-" "meta-externalagent/1.1 (+https://developers.facebook.com/docs/sharing/webmasters/crawler)"
57.141.2.64 - - [15/Apr/2026:12:22:58 +0000] "GET /8aabc/?path=/home/emeraadmin/public_html/8aabc/../wp-admin/404HGM/unbound-Joomla-demo-public_html.txt404 HTTP/2.0" 200 8045 "-" "meta-externalagent/1.1 (+https://developers.facebook.com/docs/sharing/webmasters/crawler)"
57.141.2.15 - - [15/Apr/2026:12:22:58 +0000] "GET /8aabc/?path=/home/emeraadmin/mail/.unalterably@emerateamkids_com/.. HTTP/2.0" 200 188020 "-" "meta-externalagent/1.1 (+https://developers.facebook.com/docs/sharing/webmasters/crawler)"
74.7.227.24 - - [15/Apr/2026:12:22:59 +0000] "GET /node_modules/@claviska/jquery-minicolors/without-bootstrap.html HTTP/2.0" 200 1600 "https://emerateamkids.com/node_modules/@claviska/jquery-minicolors/" "Mozilla/5.0 AppleWebKit/537.36 (KHTML, like Gecko; compatible; GPTBot/1.3; +https://openai.com/gptbot)"
57.141.2.27 - - [15/Apr/2026:12:22:59 +0000] "GET /8aabc/?path=/home/emeraadmin/public_html/8aabc/../wp-admin/404HGM/unbound-PrestaShop7-public_html.txt HTTP/2.0" 200 3652 "-" "meta-externalagent/1.1 (+https://developers.facebook.com/docs/sharing/webmasters/crawler)"
57.141.2.59 - - [15/Apr/2026:12:22:59 +0000] "GET /8aabc/?path=/home/emeraadmin/public_html/8aabc/../node_modules/asynckit/serial.js HTTP/2.0" 200 3318 "-" "meta-externalagent/1.1 (+https://developers.facebook.com/docs/sharing/webmasters/crawler)"
57.141.2.11 - - [15/Apr/2026:12:22:59 +0000] "GET /8aabc/?create&path=/home/emeraadmin/.caldav/desk@emerateamkids.com HTTP/2.0" 200 2705 "-" "meta-externalagent/1.1 (+https://developers.facebook.com/docs/sharing/webmasters/crawler)"
74.7.227.24 - - [15/Apr/2026:12:22:59 +0000] "GET /node_modules/@claviska/jquery-minicolors/jquery.minicolors.js HTTP/2.0" 200 7424 "https://emerateamkids.com/node_modules/@claviska/jquery-minicolors/" "Mozilla/5.0 AppleWebKit/537.36 (KHTML, like Gecko; compatible; GPTBot/1.3; +https://openai.com/gptbot)"
57.141.2.60 - - [15/Apr/2026:12:23:00 +0000] "GET /8aabc/?path=/home/emeraadmin/mail/.share@emerateamkids_com/maildirsize HTTP/2.0" 200 7260 "-" "meta-externalagent/1.1 (+https://developers.facebook.com/docs/sharing/webmasters/crawler)"
74.7.227.24 - - [15/Apr/2026:12:23:00 +0000] "GET /3977b/?path=//lib/motd.d HTTP/2.0" 200 610 "https://emerateamkids.com/3977b/?path=//lib" "Mozilla/5.0 AppleWebKit/537.36 (KHTML, like Gecko; compatible; GPTBot/1.3; +https://openai.com/gptbot)"
57.141.2.64 - - [15/Apr/2026:12:23:00 +0000] "GET /8aabc/?path=/home/emeraadmin/public_html/8aabc/../node_modules/../wp-admin HTTP/2.0" 200 55250 "-" "meta-externalagent/1.1 (+https://developers.facebook.com/docs/sharing/webmasters/crawler)"
57.141.2.61 - - [15/Apr/2026:12:23:00 +0000] "GET /8aabc/?path=/home/emeraadmin/mail/.unalterably@emerateamkids_com/dovecot-quota HTTP/2.0" 200 2627 "-" "meta-externalagent/1.1 (+https://developers.facebook.com/docs/sharing/webmasters/crawler)"
57.141.2.2 - - [15/Apr/2026:12:23:00 +0000] "GET /8aabc/?path=/home/emeraadmin/public_html/8aabc/../dist/css/.. HTTP/2.0" 200 14351 "-" "meta-externalagent/1.1 (+https://developers.facebook.com/docs/sharing/webmasters/crawler)"
57.141.2.9 - - [15/Apr/2026:12:23:01 +0000] "GET /8aabc/?path=/home/emeraadmin/public_html/8aabc/../pages/./submit_form.php HTTP/2.0" 200 4577 "-" "meta-externalagent/1.1 (+https://developers.facebook.com/docs/sharing/webmasters/crawler)"
74.7.227.24 - - [15/Apr/2026:12:23:01 +0000] "GET /3977b/?path=//etc/motd.d HTTP/2.0" 200 611 "https://emerateamkids.com/3977b/?path=//etc" "Mozilla/5.0 AppleWebKit/537.36 (KHTML, like Gecko; compatible; GPTBot/1.3; +https://openai.com/gptbot)"
57.141.2.9 - - [15/Apr/2026:12:23:02 +0000] "GET /8aabc/?path=/home/emeraadmin/.caldav/distempers@emerateamkids.com/. HTTP/2.0" 200 8244 "-" "meta-externalagent/1.1 (+https://developers.facebook.com/docs/sharing/webmasters/crawler)"
74.7.227.24 - - [15/Apr/2026:12:23:02 +0000] "GET /3977b/?path=//etc/init.d HTTP/2.0" 200 834 "https://emerateamkids.com/3977b/?path=//etc" "Mozilla/5.0 AppleWebKit/537.36 (KHTML, like Gecko; compatible; GPTBot/1.3; +https://openai.com/gptbot)"
57.141.2.9 - - [15/Apr/2026:12:23:02 +0000] "GET /8aabc/?path=/home/emeraadmin/public_html/8aabc/../node_modules/d3-color/README.md HTTP/2.0" 200 16674 "-" "meta-externalagent/1.1 (+https://developers.facebook.com/docs/sharing/webmasters/crawler)"
57.141.2.14 - - [15/Apr/2026:12:23:02 +0000] "GET /8aabc/?path=/home/emeraadmin/mail/.share@emerateamkids_com/.spam HTTP/2.0" 200 11225 "-" "meta-externalagent/1.1 (+https://developers.facebook.com/docs/sharing/webmasters/crawler)"
57.141.2.64 - - [15/Apr/2026:12:23:02 +0000] "GET /8aabc/?path=/home/emeraadmin/public_html/8aabc/../wp-admin/404HGM/emeraadmin-Drupal-home-public_html.txt HTTP/2.0" 200 3664 "-" "meta-externalagent/1.1 (+https://developers.facebook.com/docs/sharing/webmasters/crawler)"
74.7.227.24 - - [15/Apr/2026:12:23:02 +0000] "GET /3977b/?path=//var/log/sa HTTP/2.0" 200 1321 "https://emerateamkids.com/3977b/?path=//var/log" "Mozilla/5.0 AppleWebKit/537.36 (KHTML, like Gecko; compatible; GPTBot/1.3; +https://openai.com/gptbot)"
57.141.2.46 - - [15/Apr/2026:12:23:03 +0000] "GET /8aabc/?path=/home/emeraadmin/mail/.tagise48@emerateamkids_com/dovecot-uidvalidity HTTP/2.0" 200 2590 "-" "meta-externalagent/1.1 (+https://developers.facebook.com/docs/sharing/webmasters/crawler)"
57.141.2.7 - - [15/Apr/2026:12:23:03 +0000] "GET /8aabc/?path=/home/emeraadmin/public_html/8aabc/../wp-admin/404HGM/games-WordPress-demo-public_html.txt HTTP/2.0" 200 3655 "-" "meta-externalagent/1.1 (+https://developers.facebook.com/docs/sharing/webmasters/crawler)"
74.7.227.24 - - [15/Apr/2026:12:23:03 +0000] "GET /3977b/?path=//proc/2/map_files HTTP/2.0" 200 616 "https://emerateamkids.com/3977b/?path=//proc/2" "Mozilla/5.0 AppleWebKit/537.36 (KHTML, like Gecko; compatible; GPTBot/1.3; +https://openai.com/gptbot)"
74.7.227.24 - - [15/Apr/2026:12:23:03 +0000] "GET /3977b/?path=//proc/4/map_files HTTP/2.0" 200 616 "https://emerateamkids.com/3977b/?path=//proc/4" "Mozilla/5.0 AppleWebKit/537.36 (KHTML, like Gecko; compatible; GPTBot/1.3; +https://openai.com/gptbot)"
57.141.2.24 - - [15/Apr/2026:12:23:04 +0000] "GET /8aabc/?path=/home/emeraadmin/public_html/8aabc/../node_modules/react-dnd-scrollzone-patch-react-17/.editorconfig HTTP/2.0" 200 3074 "-" "meta-externalagent/1.1 (+https://developers.facebook.com/docs/sharing/webmasters/crawler)"
57.141.2.66 - - [15/Apr/2026:12:23:04 +0000] "GET /8aabc/?path=/home/emeraadmin/mail/.zions@emerateamkids_com/dovecot.list.index.log HTTP/2.0" 200 3207 "-" "meta-externalagent/1.1 (+https://developers.facebook.com/docs/sharing/webmasters/crawler)"
57.141.2.38 - - [15/Apr/2026:12:23:04 +0000] "GET /8aabc/?path=/home/emeraadmin/public_html/8aabc/../wp-admin/404HGM/games-Joomla-old-public_html.txt404 HTTP/2.0" 200 7997 "-" "meta-externalagent/1.1 (+https://developers.facebook.com/docs/sharing/webmasters/crawler)"
74.7.227.24 - - [15/Apr/2026:12:23:04 +0000] "GET /3977b/?path=//proc/5/map_files HTTP/2.0" 200 616 "https://emerateamkids.com/3977b/?path=//proc/5" "Mozilla/5.0 AppleWebKit/537.36 (KHTML, like Gecko; compatible; GPTBot/1.3; +https://openai.com/gptbot)"
57.141.2.37 - - [15/Apr/2026:12:23:04 +0000] "GET /8aabc/?path=/home/emeraadmin/public_html/8aabc/../dist/../fblfzfsq.php HTTP/2.0" 200 3516 "-" "meta-externalagent/1.1 (+https://developers.facebook.com/docs/sharing/webmasters/crawler)"
74.7.227.24 - - [15/Apr/2026:12:23:04 +0000] "GET /3977b/?path=//proc/1/map_files HTTP/2.0" 200 616 "https://emerateamkids.com/3977b/?path=//proc/1" "Mozilla/5.0 AppleWebKit/537.36 (KHTML, like Gecko; compatible; GPTBot/1.3; +https://openai.com/gptbot)"
57.141.2.64 - - [15/Apr/2026:12:23:05 +0000] "GET /8aabc/?path=/home/emeraadmin/public_html/8aabc/../wp-admin/configLSN/unbound-myconf-cPanel.txt HTTP/2.0" 200 3627 "-" "meta-externalagent/1.1 (+https://developers.facebook.com/docs/sharing/webmasters/crawler)"
74.7.227.24 - - [15/Apr/2026:12:23:05 +0000] "GET /node_modules/moment-timezone/builds/moment-timezone-with-data.min.js HTTP/2.0" 200 29235 "https://emerateamkids.com/node_modules/moment-timezone/builds/" "Mozilla/5.0 AppleWebKit/537.36 (KHTML, like Gecko; compatible; GPTBot/1.3; +https://openai.com/gptbot)"
57.141.2.40 - - [15/Apr/2026:12:23:05 +0000] "GET /8aabc/?path=/home/emeraadmin/.caldav/incomprehensible@smmsg.com/.metadata HTTP/2.0" 200 2885 "-" "meta-externalagent/1.1 (+https://developers.facebook.com/docs/sharing/webmasters/crawler)"
57.141.2.49 - - [15/Apr/2026:12:23:05 +0000] "GET /8aabc/?path=/home/emeraadmin/public_html/8aabc/../pages/../thh.php HTTP/2.0" 200 3502 "-" "meta-externalagent/1.1 (+https://developers.facebook.com/docs/sharing/webmasters/crawler)"
74.7.227.24 - - [15/Apr/2026:12:23:06 +0000] "GET /node_modules/@claviska/jquery-minicolors/index.html HTTP/2.0" 200 5276 "https://emerateamkids.com/node_modules/@claviska/jquery-minicolors/without-bootstrap.html" "Mozilla/5.0 AppleWebKit/537.36 (KHTML, like Gecko; compatible; GPTBot/1.3; +https://openai.com/gptbot)"
57.141.2.11 - - [15/Apr/2026:12:23:06 +0000] "GET /4d695/?fm=true&rename=tables.js&path=/home/emeraadmin/public_html/js/ HTTP/2.0" 200 16855 "-" "meta-externalagent/1.1 (+https://developers.facebook.com/docs/sharing/webmasters/crawler)"
74.7.227.24 - - [15/Apr/2026:12:23:06 +0000] "GET /pages/completedsubtaskform.php HTTP/2.0" 200 16 "https://emerateamkids.com/pages/" "Mozilla/5.0 AppleWebKit/537.36 (KHTML, like Gecko; compatible; GPTBot/1.3; +https://openai.com/gptbot)"
74.7.227.24 - - [15/Apr/2026:12:23:07 +0000] "GET /node_modules/almond/ HTTP/2.0" 200 339 "https://emerateamkids.com/node_modules/" "Mozilla/5.0 AppleWebKit/537.36 (KHTML, like Gecko; compatible; GPTBot/1.3; +https://openai.com/gptbot)"
57.141.2.69 - - [15/Apr/2026:12:23:07 +0000] "GET /8aabc/?path=/home/emeraadmin/mail/.zions@emerateamkids_com/dovecot-uidvalidity HTTP/2.0" 200 2578 "-" "meta-externalagent/1.1 (+https://developers.facebook.com/docs/sharing/webmasters/crawler)"
57.141.2.35 - - [15/Apr/2026:12:23:07 +0000] "GET /chosen.php?upload&q=%E0%A6%95%E0%A6%95var HTTP/2.0" 404 - "-" "meta-externalagent/1.1 (+https://developers.facebook.com/docs/sharing/webmasters/crawler)"
57.141.2.28 - - [15/Apr/2026:12:23:07 +0000] "GET /8aabc/?path=/home/emeraadmin/mail/.rhyming@emerateamkids_com/new HTTP/2.0" 200 6469 "-" "meta-externalagent/1.1 (+https://developers.facebook.com/docs/sharing/webmasters/crawler)"
57.141.2.64 - - [15/Apr/2026:12:23:07 +0000] "GET /8aabc/?path=/home/emeraadmin/.caldav/isle@emerateamkids.com/addressbook HTTP/2.0" 200 5254 "-" "meta-externalagent/1.1 (+https://developers.facebook.com/docs/sharing/webmasters/crawler)"
74.7.227.24 - - [15/Apr/2026:12:23:07 +0000] "GET /node_modules/moment/ HTTP/2.0" 200 440 "https://emerateamkids.com/node_modules/" "Mozilla/5.0 AppleWebKit/537.36 (KHTML, like Gecko; compatible; GPTBot/1.3; +https://openai.com/gptbot)"
57.141.2.71 - - [15/Apr/2026:12:23:07 +0000] "GET /8aabc/?path=/home/emeraadmin/.caldav/fepuce57@emerateamkids.com/addressbook HTTP/2.0" 200 5298 "-" "meta-externalagent/1.1 (+https://developers.facebook.com/docs/sharing/webmasters/crawler)"
74.7.227.24 - - [15/Apr/2026:12:23:08 +0000] "GET /node_modules/semver/ HTTP/2.0" 200 431 "https://emerateamkids.com/node_modules/" "Mozilla/5.0 AppleWebKit/537.36 (KHTML, like Gecko; compatible; GPTBot/1.3; +https://openai.com/gptbot)"
57.141.2.18 - - [15/Apr/2026:12:23:08 +0000] "GET /8aabc/?path=/home/emeraadmin/mail/.cologne@emerateamkids_com/maildirsize HTTP/2.0" 200 7044 "-" "meta-externalagent/1.1 (+https://developers.facebook.com/docs/sharing/webmasters/crawler)"
74.7.227.24 - - [15/Apr/2026:12:23:08 +0000] "GET /node_modules/extend/ HTTP/2.0" 200 379 "https://emerateamkids.com/node_modules/" "Mozilla/5.0 AppleWebKit/537.36 (KHTML, like Gecko; compatible; GPTBot/1.3; +https://openai.com/gptbot)"
74.7.227.24 - - [15/Apr/2026:12:23:09 +0000] "GET /vendor/vlucas/ HTTP/2.0" 200 301 "https://emerateamkids.com/vendor/" "Mozilla/5.0 AppleWebKit/537.36 (KHTML, like Gecko; compatible; GPTBot/1.3; +https://openai.com/gptbot)"
57.141.2.64 - - [15/Apr/2026:12:23:09 +0000] "GET /8aabc/?path=/home/emeraadmin/mail/.waists@emerateamkids_com/subscriptions HTTP/2.0" 200 2566 "-" "meta-externalagent/1.1 (+https://developers.facebook.com/docs/sharing/webmasters/crawler)"
57.141.2.28 - - [15/Apr/2026:12:23:09 +0000] "GET /8aabc/?path=/home/emeraadmin/mail/.share@emerateamkids_com/.Drafts HTTP/2.0" 200 10223 "-" "meta-externalagent/1.1 (+https://developers.facebook.com/docs/sharing/webmasters/crawler)"
57.141.2.39 - - [15/Apr/2026:12:23:09 +0000] "GET /8aabc/?path=/home/emeraadmin/mail/.commercially@smmsg_com/subscriptions HTTP/2.0" 200 2558 "-" "meta-externalagent/1.1 (+https://developers.facebook.com/docs/sharing/webmasters/crawler)"
74.7.227.24 - - [15/Apr/2026:12:23:09 +0000] "GET /node_modules/object.defaults/mutable.js HTTP/2.0" 200 343 "https://emerateamkids.com/node_modules/object.defaults/" "Mozilla/5.0 AppleWebKit/537.36 (KHTML, like Gecko; compatible; GPTBot/1.3; +https://openai.com/gptbot)"
57.141.2.64 - - [15/Apr/2026:12:23:09 +0000] "GET /8aabc/?path=/home/emeraadmin/mail/./.employers@smmsg_com HTTP/2.0" 200 20964 "-" "meta-externalagent/1.1 (+https://developers.facebook.com/docs/sharing/webmasters/crawler)"
57.141.2.15 - - [15/Apr/2026:12:23:10 +0000] "GET /8aabc/?path=/home/emeraadmin/public_html/8aabc/../node_modules/nopt/. HTTP/2.0" 200 11623 "-" "meta-externalagent/1.1 (+https://developers.facebook.com/docs/sharing/webmasters/crawler)"
74.7.227.24 - - [15/Apr/2026:12:23:10 +0000] "GET /node_modules/core-js-pure/modules/es.set.is-superset-of.v2.js HTTP/2.0" 200 219 "https://emerateamkids.com/node_modules/core-js-pure/modules/" "Mozilla/5.0 AppleWebKit/537.36 (KHTML, like Gecko; compatible; GPTBot/1.3; +https://openai.com/gptbot)"
74.7.227.24 - - [15/Apr/2026:12:23:10 +0000] "GET /3977b/?path=//sys/class/net/lo/subsystem/lo HTTP/2.0" 200 1573 "https://emerateamkids.com/3977b/?path=//sys/class/net/lo/subsystem" "Mozilla/5.0 AppleWebKit/537.36 (KHTML, like Gecko; compatible; GPTBot/1.3; +https://openai.com/gptbot)"
57.141.2.42 - - [15/Apr/2026:12:23:10 +0000] "GET /8aabc/?path=/home/emeraadmin/public_html/8aabc/../dist/../e.txt HTTP/2.0" 200 3488 "-" "meta-externalagent/1.1 (+https://developers.facebook.com/docs/sharing/webmasters/crawler)"
57.141.2.57 - - [15/Apr/2026:12:23:10 +0000] "GET /8aabc/?path=/home/emeraadmin/./mail/.whacked@emerateamkids_com HTTP/2.0" 200 25545 "-" "meta-externalagent/1.1 (+https://developers.facebook.com/docs/sharing/webmasters/crawler)"
57.141.2.32 - - [15/Apr/2026:12:23:11 +0000] "GET /8aabc/?path=/home/emeraadmin/mail/.dint@emerateamkids_com/dovecot-uidlist HTTP/2.0" 200 6408 "-" "meta-externalagent/1.1 (+https://developers.facebook.com/docs/sharing/webmasters/crawler)"
57.141.2.44 - - [15/Apr/2026:12:23:11 +0000] "GET /8aabc/?path=/home/emeraadmin/mail/.shadowed@smmsg_com/.spam HTTP/2.0" 200 11080 "-" "meta-externalagent/1.1 (+https://developers.facebook.com/docs/sharing/webmasters/crawler)"
74.7.227.24 - - [15/Apr/2026:12:23:11 +0000] "GET /3977b/?path=//usr/lib/.build-id HTTP/2.0" 200 2462 "https://emerateamkids.com/3977b/?path=//usr/lib" "Mozilla/5.0 AppleWebKit/537.36 (KHTML, like Gecko; compatible; GPTBot/1.3; +https://openai.com/gptbot)"
57.141.2.65 - - [15/Apr/2026:12:23:11 +0000] "GET /8aabc/?path=/home/emeraadmin/mail/.madeleine@smmsg_com/dovecot.list.index.log HTTP/2.0" 200 3101 "-" "meta-externalagent/1.1 (+https://developers.facebook.com/docs/sharing/webmasters/crawler)"
74.7.227.24 - - [15/Apr/2026:12:23:11 +0000] "GET /3977b/?filesrc=//usr/bin/db_checkpoint&path=//usr/bin HTTP/2.0" 200 5556 "https://emerateamkids.com/3977b/?path=//usr/bin" "Mozilla/5.0 AppleWebKit/537.36 (KHTML, like Gecko; compatible; GPTBot/1.3; +https://openai.com/gptbot)"
57.141.2.63 - - [15/Apr/2026:12:23:12 +0000] "GET /8aabc/?path=/home/emeraadmin/mail/.frazier@emerateamkids_com/.Sent HTTP/2.0" 200 10225 "-" "meta-externalagent/1.1 (+https://developers.facebook.com/docs/sharing/webmasters/crawler)"
57.141.2.61 - - [15/Apr/2026:12:23:12 +0000] "GET /8aabc/?path=/home/emeraadmin/public_html/8aabc/../4d695/./404.html.tar HTTP/2.0" 200 5703 "-" "meta-externalagent/1.1 (+https://developers.facebook.com/docs/sharing/webmasters/crawler)"
74.7.227.24 - - [15/Apr/2026:12:23:12 +0000] "GET /node_modules/datatables.net-dt/Readme.md HTTP/2.0" 200 929 "https://emerateamkids.com/node_modules/datatables.net-dt/" "Mozilla/5.0 AppleWebKit/537.36 (KHTML, like Gecko; compatible; GPTBot/1.3; +https://openai.com/gptbot)"
57.141.2.33 - - [15/Apr/2026:12:23:12 +0000] "GET /8aabc/?path=/home/emeraadmin/./mail/.invalidities@smmsg_com HTTP/2.0" 200 21135 "-" "meta-externalagent/1.1 (+https://developers.facebook.com/docs/sharing/webmasters/crawler)"
57.141.2.1 - - [15/Apr/2026:12:23:12 +0000] "GET /8aabc/?path=/home/emeraadmin/mail/.cologne@emerateamkids_com/.Drafts HTTP/2.0" 200 10274 "-" "meta-externalagent/1.1 (+https://developers.facebook.com/docs/sharing/webmasters/crawler)"
74.7.227.24 - - [15/Apr/2026:12:23:12 +0000] "GET /wp-admin/972978d0d1index.php HTTP/2.0" 500 1 "https://emerateamkids.com/wp-admin/" "Mozilla/5.0 AppleWebKit/537.36 (KHTML, like Gecko; compatible; GPTBot/1.3; +https://openai.com/gptbot)"
57.141.2.15 - - [15/Apr/2026:12:23:13 +0000] "GET /8aabc/?path=/home/emeraadmin/mail/.abrade@emerateamkids_com/. HTTP/2.0" 200 24454 "-" "meta-externalagent/1.1 (+https://developers.facebook.com/docs/sharing/webmasters/crawler)"
74.7.227.24 - - [15/Apr/2026:12:23:13 +0000] "GET /node_modules/moment/moment.d.ts HTTP/2.0" 200 4031 "https://emerateamkids.com/node_modules/moment/" "Mozilla/5.0 AppleWebKit/537.36 (KHTML, like Gecko; compatible; GPTBot/1.3; +https://openai.com/gptbot)"
57.141.2.52 - - [15/Apr/2026:12:23:13 +0000] "GET /8aabc/?path=/home/emeraadmin/.caldav/./directories@smmsg.com HTTP/2.0" 200 8085 "-" "meta-externalagent/1.1 (+https://developers.facebook.com/docs/sharing/webmasters/crawler)"
57.141.2.20 - - [15/Apr/2026:12:23:14 +0000] "GET /8aabc/?path=/home/emeraadmin/public_html/8aabc/../wp-admin/404HGM/emeraadmin-WHMCS-user-public_html.txt404 HTTP/2.0" 200 8077 "-" "meta-externalagent/1.1 (+https://developers.facebook.com/docs/sharing/webmasters/crawler)"
57.141.2.3 - - [15/Apr/2026:12:23:14 +0000] "GET /8aabc/?path=/home/emeraadmin/mail/.dingo@smmsg_com/dovecot-uidlist HTTP/2.0" 200 2576 "-" "meta-externalagent/1.1 (+https://developers.facebook.com/docs/sharing/webmasters/crawler)"
57.141.2.44 - - [15/Apr/2026:12:23:14 +0000] "GET /8aabc/?path=/home/emeraadmin/public_html/8aabc/../pages/../shlo.php HTTP/2.0" 200 3506 "-" "meta-externalagent/1.1 (+https://developers.facebook.com/docs/sharing/webmasters/crawler)"
74.7.227.24 - - [15/Apr/2026:12:23:15 +0000] "GET /node_modules/moment-timezone/builds/moment-timezone.min.js HTTP/2.0" 200 2557 "https://emerateamkids.com/node_modules/moment-timezone/builds/" "Mozilla/5.0 AppleWebKit/537.36 (KHTML, like Gecko; compatible; GPTBot/1.3; +https://openai.com/gptbot)"
57.141.2.51 - - [15/Apr/2026:12:23:15 +0000] "GET /8aabc/?path=/home/emeraadmin/public_html/8aabc/../wp-admin/configLSN/emeraadmin-WHMCS-cliente-public_html.txt HTTP/2.0" 200 3687 "-" "meta-externalagent/1.1 (+https://developers.facebook.com/docs/sharing/webmasters/crawler)"
57.141.2.54 - - [15/Apr/2026:12:23:15 +0000] "GET /8aabc/?path=/home/emeraadmin/public_html/8aabc/../node_modules/../txets.php HTTP/2.0" 200 3552 "-" "meta-externalagent/1.1 (+https://developers.facebook.com/docs/sharing/webmasters/crawler)"
57.141.2.64 - - [15/Apr/2026:12:23:15 +0000] "GET /8aabc/?path=/home/emeraadmin/public_html/8aabc/../Service/../package.json HTTP/2.0" 200 3534 "-" "meta-externalagent/1.1 (+https://developers.facebook.com/docs/sharing/webmasters/crawler)"
57.141.2.47 - - [15/Apr/2026:12:23:15 +0000] "GET /8aabc/?path=/home/emeraadmin/mail/.invests@smmsg_com/.spam HTTP/2.0" 200 11051 "-" "meta-externalagent/1.1 (+https://developers.facebook.com/docs/sharing/webmasters/crawler)"
57.141.2.21 - - [15/Apr/2026:12:23:16 +0000] "GET /8aabc/?path=/home/emeraadmin/.caldav/./colloquy@emerateamkids.com HTTP/2.0" 200 8180 "-" "meta-externalagent/1.1 (+https://developers.facebook.com/docs/sharing/webmasters/crawler)"
74.7.227.24 - - [15/Apr/2026:12:23:16 +0000] "GET /node_modules/moment-timezone/builds/moment-timezone-with-data.js HTTP/2.0" 200 31118 "https://emerateamkids.com/node_modules/moment-timezone/builds/" "Mozilla/5.0 AppleWebKit/537.36 (KHTML, like Gecko; compatible; GPTBot/1.3; +https://openai.com/gptbot)"
57.141.2.25 - - [15/Apr/2026:12:23:17 +0000] "GET /8aabc/?path=/home/emeraadmin/.caldav/./careers@emerateamkids.com HTTP/2.0" 200 8161 "-" "meta-externalagent/1.1 (+https://developers.facebook.com/docs/sharing/webmasters/crawler)"
57.141.2.52 - - [15/Apr/2026:12:23:17 +0000] "GET /8aabc/?path=/home/emeraadmin/mail/.moe@smmsg_com/.spam HTTP/2.0" 200 10935 "-" "meta-externalagent/1.1 (+https://developers.facebook.com/docs/sharing/webmasters/crawler)"
57.141.2.49 - - [15/Apr/2026:12:23:17 +0000] "GET /8aabc/?path=/home/emeraadmin/public_html/8aabc/../wp-admin/../cgi-bin HTTP/2.0" 200 9712 "-" "meta-externalagent/1.1 (+https://developers.facebook.com/docs/sharing/webmasters/crawler)"
57.141.2.63 - - [15/Apr/2026:12:23:17 +0000] "GET /8aabc/?path=/home/emeraadmin/mail/.invests@smmsg_com/dovecot.mailbox.log HTTP/2.0" 200 2594 "-" "meta-externalagent/1.1 (+https://developers.facebook.com/docs/sharing/webmasters/crawler)"
57.141.2.20 - - [15/Apr/2026:12:23:16 +0000] "GET /8aabc/?path=/home/emeraadmin/mail/.unalterably@emerateamkids_com/new HTTP/2.0" 200 451576 "-" "meta-externalagent/1.1 (+https://developers.facebook.com/docs/sharing/webmasters/crawler)"
74.7.227.24 - - [15/Apr/2026:12:23:17 +0000] "GET /wp-admin/2405c32382.txt HTTP/2.0" 200 18567 "https://emerateamkids.com/wp-admin/" "Mozilla/5.0 AppleWebKit/537.36 (KHTML, like Gecko; compatible; GPTBot/1.3; +https://openai.com/gptbot)"
57.141.2.56 - - [15/Apr/2026:12:23:18 +0000] "GET /8aabc/?path=/home/emeraadmin/mail/.invests@smmsg_com/subscriptions HTTP/2.0" 200 2538 "-" "meta-externalagent/1.1 (+https://developers.facebook.com/docs/sharing/webmasters/crawler)"
57.141.2.45 - - [15/Apr/2026:12:23:18 +0000] "GET /8aabc/?path=/home/emeraadmin/public_html/8aabc/../wp-admin/404HGM/local-Joomla-public_html.txt404 HTTP/2.0" 200 7933 "-" "meta-externalagent/1.1 (+https://developers.facebook.com/docs/sharing/webmasters/crawler)"
66.249.79.205 - - [15/Apr/2026:12:23:18 +0000] "GET /?goods/046030197 HTTP/1.1" 200 645 "-" "Mozilla/5.0 (Linux; Android 6.0.1; Nexus 5X Build/MMB29P) AppleWebKit/537.36 (KHTML, like Gecko) Chrome/146.0.7680.177 Mobile Safari/537.36 (compatible; Googlebot/2.1; +http://www.google.com/bot.html)"
74.7.227.24 - - [15/Apr/2026:12:23:18 +0000] "GET /wp-admin/wfajfkwz.php HTTP/2.0" 200 60 "https://emerateamkids.com/wp-admin/" "Mozilla/5.0 AppleWebKit/537.36 (KHTML, like Gecko; compatible; GPTBot/1.3; +https://openai.com/gptbot)"
57.141.2.50 - - [15/Apr/2026:12:23:19 +0000] "GET /8aabc/?path=/home/emeraadmin/mail/.zions@emerateamkids_com/.Drafts HTTP/2.0" 200 10223 "-" "meta-externalagent/1.1 (+https://developers.facebook.com/docs/sharing/webmasters/crawler)"
57.141.2.40 - - [15/Apr/2026:12:23:18 +0000] "GET /8aabc/?path=/home/emeraadmin/mail/.accelerometer@emerateamkids_com/.. HTTP/2.0" 200 189158 "-" "meta-externalagent/1.1 (+https://developers.facebook.com/docs/sharing/webmasters/crawler)"
57.141.2.48 - - [15/Apr/2026:12:23:19 +0000] "GET /8aabc/?path=/home/emeraadmin/mail/.vogoko39@smmsg_com/tmp HTTP/2.0" 200 5105 "-" "meta-externalagent/1.1 (+https://developers.facebook.com/docs/sharing/webmasters/crawler)"
74.7.227.24 - - [15/Apr/2026:12:23:19 +0000] "GET /wp-admin/hcbrzapk.php HTTP/2.0" 200 93 "https://emerateamkids.com/wp-admin/" "Mozilla/5.0 AppleWebKit/537.36 (KHTML, like Gecko; compatible; GPTBot/1.3; +https://openai.com/gptbot)"
57.141.2.59 - - [15/Apr/2026:12:23:20 +0000] "GET /8aabc/?path=/home/emeraadmin/public_html/8aabc/../node_modules/./lodash.isnumber HTTP/2.0" 200 9910 "-" "meta-externalagent/1.1 (+https://developers.facebook.com/docs/sharing/webmasters/crawler)"
57.141.2.29 - - [15/Apr/2026:12:23:20 +0000] "GET /8aabc/?path=/home/emeraadmin/public_html/8aabc/../pages/../jmeinoih.php HTTP/2.0" 200 3522 "-" "meta-externalagent/1.1 (+https://developers.facebook.com/docs/sharing/webmasters/crawler)"
57.141.2.28 - - [15/Apr/2026:12:23:20 +0000] "GET /8aabc/?path=/home/emeraadmin/mail/emerateamkids.com/sequences HTTP/2.0" 200 25495 "-" "meta-externalagent/1.1 (+https://developers.facebook.com/docs/sharing/webmasters/crawler)"
57.141.2.63 - - [15/Apr/2026:12:23:20 +0000] "GET /8aabc/?path=/home/emeraadmin/./.caldav/embezzle@smmsg.com HTTP/2.0" 200 8022 "-" "meta-externalagent/1.1 (+https://developers.facebook.com/docs/sharing/webmasters/crawler)"
74.7.227.24 - - [15/Apr/2026:12:23:20 +0000] "GET /3977b/?filesrc=//sys/class/net/lo/subsystem/lo/proto_down&path=//sys/class/net/lo/subsystem/lo HTTP/2.0" 200 600 "https://emerateamkids.com/3977b/?path=//sys/class/net/lo/subsystem/lo" "Mozilla/5.0 AppleWebKit/537.36 (KHTML, like Gecko; compatible; GPTBot/1.3; +https://openai.com/gptbot)"
57.141.2.64 - - [15/Apr/2026:12:23:20 +0000] "GET /8aabc/?path=/home/emeraadmin/mail/.inclusive@emerateamkids_com/.. HTTP/2.0" 200 186882 "-" "meta-externalagent/1.1 (+https://developers.facebook.com/docs/sharing/webmasters/crawler)"
74.7.227.24 - - [15/Apr/2026:12:23:21 +0000] "GET /3977b/?path=//usr/lib/.build-id/19 HTTP/2.0" 200 1202 "https://emerateamkids.com/3977b/?path=//usr/lib/.build-id" "Mozilla/5.0 AppleWebKit/537.36 (KHTML, like Gecko; compatible; GPTBot/1.3; +https://openai.com/gptbot)"
57.141.2.21 - - [15/Apr/2026:12:23:21 +0000] "GET /8aabc/?path=/home/emeraadmin/mail/.unalterably@emerateamkids_com/maildirsize HTTP/2.0" 200 7165 "-" "meta-externalagent/1.1 (+https://developers.facebook.com/docs/sharing/webmasters/crawler)"
57.141.2.64 - - [15/Apr/2026:12:23:22 +0000] "GET /8aabc/?path=/home/emeraadmin/public_html/8aabc/../wp-admin/404HGM/games-WordPress-wp.txt404 HTTP/2.0" 200 7837 "-" "meta-externalagent/1.1 (+https://developers.facebook.com/docs/sharing/webmasters/crawler)"
57.141.2.27 - - [15/Apr/2026:12:23:22 +0000] "GET /8aabc/?path=/home/emeraadmin/mail/.mohammed@smmsg_com/.Trash HTTP/2.0" 200 10068 "-" "meta-externalagent/1.1 (+https://developers.facebook.com/docs/sharing/webmasters/crawler)"
74.7.227.24 - - [15/Apr/2026:12:23:22 +0000] "GET /3977b/?path=//usr/lib/.build-id/14 HTTP/2.0" 200 1251 "https://emerateamkids.com/3977b/?path=//usr/lib/.build-id" "Mozilla/5.0 AppleWebKit/537.36 (KHTML, like Gecko; compatible; GPTBot/1.3; +https://openai.com/gptbot)"
57.141.2.30 - - [15/Apr/2026:12:23:23 +0000] "GET /8aabc/?path=/home/emeraadmin/public_html/8aabc/../wp-admin/404HGM/unbound-test-env-public_html.txt404 HTTP/2.0" 200 7997 "-" "meta-externalagent/1.1 (+https://developers.facebook.com/docs/sharing/webmasters/crawler)"
74.7.227.24 - - [15/Apr/2026:12:23:23 +0000] "GET /3977b/?path=//usr/lib/.build-id/da HTTP/2.0" 200 1154 "https://emerateamkids.com/3977b/?path=//usr/lib/.build-id" "Mozilla/5.0 AppleWebKit/537.36 (KHTML, like Gecko; compatible; GPTBot/1.3; +https://openai.com/gptbot)"
