54.37.118.80 - - [15/Apr/2026:04:26:44 +0000] "GET /get/66473zkksitems HTTP/2.0" 404 - "-" "Mozilla/5.0 (compatible; AhrefsBot/7.0; +http://ahrefs.com/robot/)"
66.249.79.203 - - [15/Apr/2026:04:27:24 +0000] "GET /products/142qw13027 HTTP/1.1" 404 - "-" "Mozilla/5.0 (Linux; Android 6.0.1; Nexus 5X Build/MMB29P) AppleWebKit/537.36 (KHTML, like Gecko) Chrome/146.0.7680.177 Mobile Safari/537.36 (compatible; Googlebot/2.1; +http://www.google.com/bot.html)"
66.249.79.203 - - [15/Apr/2026:04:27:35 +0000] "GET /products/170bx31617 HTTP/1.1" 404 - "-" "Mozilla/5.0 (Linux; Android 6.0.1; Nexus 5X Build/MMB29P) AppleWebKit/537.36 (KHTML, like Gecko) Chrome/146.0.7680.177 Mobile Safari/537.36 (compatible; Googlebot/2.1; +http://www.google.com/bot.html)"
54.37.118.64 - - [15/Apr/2026:04:28:46 +0000] "GET /get/178447fxtuitems.htm HTTP/2.0" 404 - "-" "Mozilla/5.0 (compatible; AhrefsBot/7.0; +http://ahrefs.com/robot/)"
5.39.1.226 - - [15/Apr/2026:04:31:15 +0000] "GET /ite/217347bbiltidm9.html HTTP/2.0" 404 - "-" "Mozilla/5.0 (compatible; AhrefsBot/7.0; +http://ahrefs.com/robot/)"
66.249.79.205 - - [15/Apr/2026:04:31:38 +0000] "GET /?detail/235009038121 HTTP/1.1" 200 1391 "-" "Mozilla/5.0 (Linux; Android 6.0.1; Nexus 5X Build/MMB29P) AppleWebKit/537.36 (KHTML, like Gecko) Chrome/146.0.7680.177 Mobile Safari/537.36 (compatible; Googlebot/2.1; +http://www.google.com/bot.html)"
176.31.139.1 - - [15/Apr/2026:04:33:48 +0000] "GET /geti/230863fxtuitems.htm HTTP/2.0" 404 - "-" "Mozilla/5.0 (compatible; AhrefsBot/7.0; +http://ahrefs.com/robot/)"
66.249.79.135 - - [15/Apr/2026:04:34:25 +0000] "GET /items/013000071.html?srsltid=AfmBOomlgJvnSHdclZYnoZNQSnfkObtBe50FCxXv0NP6wUdyqGsV HTTP/1.1" 404 - "-" "Mozilla/5.0 (Linux; Android 6.0.1; Nexus 5X Build/MMB29P) AppleWebKit/537.36 (KHTML, like Gecko) Chrome/146.0.7680.177 Mobile Safari/537.36 (compatible; Googlebot/2.1; +http://www.google.com/bot.html)"
66.249.79.133 - - [15/Apr/2026:04:35:46 +0000] "GET /items/033026115.html?srsltid=AfmBOoxgrDQMrFCRojuabsyEOmvLdygis3ypc3IrUj7mndWwelGQ HTTP/1.1" 404 - "-" "Mozilla/5.0 (Linux; Android 6.0.1; Nexus 5X Build/MMB29P) AppleWebKit/537.36 (KHTML, like Gecko) Chrome/146.0.7680.177 Mobile Safari/537.36 (compatible; Googlebot/2.1; +http://www.google.com/bot.html)"
54.37.118.81 - - [15/Apr/2026:04:36:08 +0000] "GET /geti/132079yoljitems.htm HTTP/2.0" 404 - "-" "Mozilla/5.0 (compatible; AhrefsBot/7.0; +http://ahrefs.com/robot/)"
109.107.178.102 - - [15/Apr/2026:04:36:15 +0000] "POST /wp-admin/66ca7724bef3.php HTTP/1.1" 200 16 "-" "Mozilla/5.0 (Macintosh; Intel Mac OS X 10_12_1) AppleWebKit/537.36 (KHTML, like Gecko) Chrome/53.0.2830.12 Safari/537.36"
109.107.178.102 - - [15/Apr/2026:04:36:16 +0000] "POST /wp-admin/66ca7724bef3.php HTTP/1.1" 200 9 "https://emerateamkids.com/wp-admin/66ca7724bef3.php" "Mozilla/5.0 (Macintosh; Intel Mac OS X 10_12_1) AppleWebKit/537.36 (KHTML, like Gecko) Chrome/53.0.2830.12 Safari/537.36"
109.107.178.102 - - [15/Apr/2026:04:36:17 +0000] "GET /wp-admin/1f07c8dadbindex.php HTTP/1.1" 500 - "https://emerateamkids.com/wp-admin/66ca7724bef3.php" "Mozilla/5.0 (Macintosh; Intel Mac OS X 10_12_1) AppleWebKit/537.36 (KHTML, like Gecko) Chrome/53.0.2830.12 Safari/537.36"
109.107.178.102 - - [15/Apr/2026:04:36:18 +0000] "POST /wp-admin/66ca7724bef3.php HTTP/1.1" 200 9 "https://emerateamkids.com/wp-admin/1f07c8dadbindex.php" "Mozilla/5.0 (Macintosh; Intel Mac OS X 10_12_1) AppleWebKit/537.36 (KHTML, like Gecko) Chrome/53.0.2830.12 Safari/537.36"
109.107.178.102 - - [15/Apr/2026:04:36:19 +0000] "GET /wp-admin/1f07c8dadbindex.php HTTP/1.1" 500 - "https://emerateamkids.com/wp-admin/66ca7724bef3.php" "Mozilla/5.0 (Macintosh; Intel Mac OS X 10_12_1) AppleWebKit/537.36 (KHTML, like Gecko) Chrome/53.0.2830.12 Safari/537.36"
94.23.188.201 - - [15/Apr/2026:04:38:30 +0000] "GET /getid/180819zkksitems HTTP/2.0" 404 - "-" "Mozilla/5.0 (compatible; AhrefsBot/7.0; +http://ahrefs.com/robot/)"
46.151.178.13 - - [15/Apr/2026:04:38:54 +0000] "PROPFIND / HTTP/1.1" 404 - "http://97.74.87.6:443/" "-"
66.249.79.204 - - [15/Apr/2026:04:39:26 +0000] "GET /?goods/114036876 HTTP/1.1" 200 1391 "-" "Mozilla/5.0 (Linux; Android 6.0.1; Nexus 5X Build/MMB29P) AppleWebKit/537.36 (KHTML, like Gecko) Chrome/146.0.7680.177 Mobile Safari/537.36 (compatible; Googlebot/2.1; +http://www.google.com/bot.html)"
66.249.79.133 - - [15/Apr/2026:04:40:25 +0000] "GET /?products/6447596/ HTTP/1.1" 200 1391 "-" "Mozilla/5.0 (Linux; Android 6.0.1; Nexus 5X Build/MMB29P) AppleWebKit/537.36 (KHTML, like Gecko) Chrome/146.0.7680.177 Mobile Safari/537.36 (compatible; Googlebot/2.1; +http://www.google.com/bot.html)"
51.75.236.138 - - [15/Apr/2026:04:40:53 +0000] "GET /getidm/178524bbilitems HTTP/2.0" 404 - "-" "Mozilla/5.0 (compatible; AhrefsBot/7.0; +http://ahrefs.com/robot/)"
66.249.79.134 - - [15/Apr/2026:04:41:23 +0000] "GET /items25147523?kg=0024829278 HTTP/1.1" 404 - "-" "Mozilla/5.0 (Linux; Android 6.0.1; Nexus 5X Build/MMB29P) AppleWebKit/537.36 (KHTML, like Gecko) Chrome/146.0.7680.177 Mobile Safari/537.36 (compatible; Googlebot/2.1; +http://www.google.com/bot.html)"
5.39.109.187 - - [15/Apr/2026:04:43:19 +0000] "GET /ite/38784ohewtidm6.html HTTP/2.0" 404 - "-" "Mozilla/5.0 (compatible; AhrefsBot/7.0; +http://ahrefs.com/robot/)"
66.249.79.205 - - [15/Apr/2026:04:43:28 +0000] "GET /products/282gq19341 HTTP/1.1" 404 - "-" "Mozilla/5.0 (Linux; Android 6.0.1; Nexus 5X Build/MMB29P) AppleWebKit/537.36 (KHTML, like Gecko) Chrome/146.0.7680.177 Mobile Safari/537.36 (compatible; Googlebot/2.1; +http://www.google.com/bot.html)"
109.107.178.102 - - [15/Apr/2026:04:43:44 +0000] "POST /wp-admin/66ca7724bef3.php HTTP/1.1" 200 16 "-" "Mozilla/5.0 (X11; Linux i686) AppleWebKit/537.36 (KHTML, like Gecko) Chrome/56.0.2937.1 Safari/537.36"
109.107.178.102 - - [15/Apr/2026:04:43:44 +0000] "POST /wp-admin/66ca7724bef3.php HTTP/1.1" 200 9 "https://emerateamkids.com/wp-admin/66ca7724bef3.php" "Mozilla/5.0 (X11; Linux i686) AppleWebKit/537.36 (KHTML, like Gecko) Chrome/56.0.2937.1 Safari/537.36"
109.107.178.102 - - [15/Apr/2026:04:43:45 +0000] "GET /wp-admin/9ea19414abindex.php HTTP/1.1" 200 39412 "https://emerateamkids.com/wp-admin/66ca7724bef3.php" "Mozilla/5.0 (X11; Linux i686) AppleWebKit/537.36 (KHTML, like Gecko) Chrome/56.0.2937.1 Safari/537.36"
109.107.178.102 - - [15/Apr/2026:04:43:46 +0000] "GET /wp-admin/9ea19414abindex.php HTTP/1.1" 200 39412 "https://emerateamkids.com/wp-admin/9ea19414abindex.php" "Mozilla/5.0 (X11; Linux i686) AppleWebKit/537.36 (KHTML, like Gecko) Chrome/56.0.2937.1 Safari/537.36"
109.107.178.102 - - [15/Apr/2026:04:43:46 +0000] "GET /wp-admin/9ea19414abindex.php HTTP/1.1" 200 39412 "https://emerateamkids.com/wp-admin/9ea19414abindex.php" "Mozilla/5.0 (X11; Linux i686) AppleWebKit/537.36 (KHTML, like Gecko) Chrome/56.0.2937.1 Safari/537.36"
66.249.79.205 - - [15/Apr/2026:04:44:21 +0000] "GET /items/010000236.html?srsltid=AfmBOohnxnBUJouGSMlRO60wUGjJkCYldeNivOOCJMgIdP4BN1fc HTTP/1.1" 404 - "-" "Mozilla/5.0 (Linux; Android 6.0.1; Nexus 5X Build/MMB29P) AppleWebKit/537.36 (KHTML, like Gecko) Chrome/146.0.7680.177 Mobile Safari/537.36 (compatible; Googlebot/2.1; +http://www.google.com/bot.html)"
176.31.139.28 - - [15/Apr/2026:04:45:25 +0000] "GET /get/67670zkksitems HTTP/2.0" 404 - "-" "Mozilla/5.0 (compatible; AhrefsBot/7.0; +http://ahrefs.com/robot/)"
51.75.236.158 - - [15/Apr/2026:04:47:19 +0000] "GET /getidm734/47159bbilitems HTTP/2.0" 404 - "-" "Mozilla/5.0 (compatible; AhrefsBot/7.0; +http://ahrefs.com/robot/)"
51.75.236.128 - - [15/Apr/2026:04:49:15 +0000] "GET /getidm97/26958ohewitems HTTP/2.0" 404 - "-" "Mozilla/5.0 (compatible; AhrefsBot/7.0; +http://ahrefs.com/robot/)"
66.249.79.134 - - [15/Apr/2026:04:51:55 +0000] "GET /products/273zq30888 HTTP/1.1" 404 - "-" "Mozilla/5.0 (Linux; Android 6.0.1; Nexus 5X Build/MMB29P) AppleWebKit/537.36 (KHTML, like Gecko) Chrome/146.0.7680.177 Mobile Safari/537.36 (compatible; Googlebot/2.1; +http://www.google.com/bot.html)"
66.249.79.205 - - [15/Apr/2026:04:51:58 +0000] "GET /?jp/068048439.html HTTP/1.1" 200 1391 "-" "Mozilla/5.0 (Linux; Android 6.0.1; Nexus 5X Build/MMB29P) AppleWebKit/537.36 (KHTML, like Gecko) Chrome/146.0.7680.177 Mobile Safari/537.36 (compatible; Googlebot/2.1; +http://www.google.com/bot.html)"
66.249.79.134 - - [15/Apr/2026:04:54:05 +0000] "GET /items/099048339.html?srsltid=AfmBOoigbILahSpHxkdTgxCLPejxpDdG45o8lDImWzg3Cx96forL HTTP/1.1" 404 - "-" "Mozilla/5.0 (Linux; Android 6.0.1; Nexus 5X Build/MMB29P) AppleWebKit/537.36 (KHTML, like Gecko) Chrome/146.0.7680.177 Mobile Safari/537.36 (compatible; Googlebot/2.1; +http://www.google.com/bot.html)"
87.236.176.42 - - [15/Apr/2026:04:54:44 +0000] "GET / HTTP/1.1" 200 12215 "http://emerateamkids.com" "Mozilla/5.0 (compatible; InternetMeasurement/1.0; +https://internet-measurement.com/)"
185.247.137.163 - - [15/Apr/2026:04:54:47 +0000] "GET /favicon.ico HTTP/2.0" 200 3101 "-" "Mozilla/5.0 (compatible; InternetMeasurement/1.0; +https://internet-measurement.com/)"
92.222.104.215 - - [15/Apr/2026:04:54:54 +0000] "GET /getidm/247452rhjyitems HTTP/2.0" 404 - "-" "Mozilla/5.0 (compatible; AhrefsBot/7.0; +http://ahrefs.com/robot/)"
66.249.79.203 - - [15/Apr/2026:04:55:00 +0000] "GET /products/22jj18553 HTTP/1.1" 404 - "-" "Mozilla/5.0 (Linux; Android 6.0.1; Nexus 5X Build/MMB29P) AppleWebKit/537.36 (KHTML, like Gecko) Chrome/146.0.7680.177 Mobile Safari/537.36 (compatible; Googlebot/2.1; +http://www.google.com/bot.html)"
104.152.52.112 - - [15/Apr/2026:04:55:03 +0000] "GET / HTTP/1.1" 200 12215 "-" "curl/7.61.1"
104.152.52.112 - - [15/Apr/2026:04:55:04 +0000] "GET /favicon.ico HTTP/1.1" 200 3101 "-" "curl/7.61.1"
66.249.79.205 - - [15/Apr/2026:04:56:52 +0000] "GET /products/256vi27951 HTTP/1.1" 404 - "-" "Mozilla/5.0 (Linux; Android 6.0.1; Nexus 5X Build/MMB29P) AppleWebKit/537.36 (KHTML, like Gecko) Chrome/146.0.7680.177 Mobile Safari/537.36 (compatible; Googlebot/2.1; +http://www.google.com/bot.html)"
92.222.104.210 - - [15/Apr/2026:04:57:11 +0000] "GET /geti/405rhjyitems HTTP/2.0" 404 - "-" "Mozilla/5.0 (compatible; AhrefsBot/7.0; +http://ahrefs.com/robot/)"
66.249.79.203 - - [15/Apr/2026:04:57:18 +0000] "GET /m71509154114 HTTP/1.1" 404 - "-" "Mozilla/5.0 (Linux; Android 6.0.1; Nexus 5X Build/MMB29P) AppleWebKit/537.36 (KHTML, like Gecko) Chrome/146.0.7680.177 Mobile Safari/537.36 (compatible; GoogleOther)"
66.249.79.134 - - [15/Apr/2026:04:57:20 +0000] "GET /ouchikenko-66dcbayd5e7xcnicf545iklmja-ouc-1 HTTP/1.1" 404 - "-" "Mozilla/5.0 (Linux; Android 6.0.1; Nexus 5X Build/MMB29P) AppleWebKit/537.36 (KHTML, like Gecko) Chrome/146.0.7680.177 Mobile Safari/537.36 (compatible; GoogleOther)"
66.249.79.133 - - [15/Apr/2026:04:57:23 +0000] "GET /?text/terms HTTP/1.1" 200 1391 "-" "Mozilla/5.0 (Linux; Android 6.0.1; Nexus 5X Build/MMB29P) AppleWebKit/537.36 (KHTML, like Gecko) Chrome/146.0.7680.177 Mobile Safari/537.36 (compatible; GoogleOther)"
66.249.79.203 - - [15/Apr/2026:04:57:25 +0000] "GET /m18516586238 HTTP/1.1" 404 - "-" "Mozilla/5.0 (Linux; Android 6.0.1; Nexus 5X Build/MMB29P) AppleWebKit/537.36 (KHTML, like Gecko) Chrome/146.0.7680.177 Mobile Safari/537.36 (compatible; GoogleOther)"
66.249.79.203 - - [15/Apr/2026:04:58:24 +0000] "GET /products/12qb4995 HTTP/1.1" 404 - "-" "Mozilla/5.0 (Linux; Android 6.0.1; Nexus 5X Build/MMB29P) AppleWebKit/537.36 (KHTML, like Gecko) Chrome/146.0.7680.177 Mobile Safari/537.36 (compatible; Googlebot/2.1; +http://www.google.com/bot.html)"
66.249.79.204 - - [15/Apr/2026:04:59:22 +0000] "GET /shopdetail/197954090 HTTP/1.1" 404 - "-" "Mozilla/5.0 (Linux; Android 6.0.1; Nexus 5X Build/MMB29P) AppleWebKit/537.36 (KHTML, like Gecko) Chrome/146.0.7680.177 Mobile Safari/537.36 (compatible; Googlebot/2.1; +http://www.google.com/bot.html)"
54.37.118.89 - - [15/Apr/2026:04:59:43 +0000] "GET /getidm/38583fxtuitems HTTP/2.0" 404 - "-" "Mozilla/5.0 (compatible; AhrefsBot/7.0; +http://ahrefs.com/robot/)"
66.249.79.134 - - [15/Apr/2026:05:01:24 +0000] "GET /products/269nf9632 HTTP/1.1" 404 - "-" "Mozilla/5.0 (Linux; Android 6.0.1; Nexus 5X Build/MMB29P) AppleWebKit/537.36 (KHTML, like Gecko) Chrome/146.0.7680.177 Mobile Safari/537.36 (compatible; Googlebot/2.1; +http://www.google.com/bot.html)"
92.222.104.194 - - [15/Apr/2026:05:02:05 +0000] "GET /ite/63274fxtutidm.html HTTP/2.0" 404 - "-" "Mozilla/5.0 (compatible; AhrefsBot/7.0; +http://ahrefs.com/robot/)"
66.249.79.204 - - [15/Apr/2026:05:02:25 +0000] "GET /?detail/09500550733232 HTTP/1.1" 200 1391 "-" "Mozilla/5.0 (Linux; Android 6.0.1; Nexus 5X Build/MMB29P) AppleWebKit/537.36 (KHTML, like Gecko) Chrome/146.0.7680.177 Mobile Safari/537.36 (compatible; Googlebot/2.1; +http://www.google.com/bot.html)"
66.249.79.205 - - [15/Apr/2026:05:04:26 +0000] "GET /items/300006126.html?srsltid=AfmBOoglvgeFnXjgeUfkPaOFLnGDpmgVHMqV4ayj3Xfdx5ubcMCw HTTP/1.1" 404 - "-" "Mozilla/5.0 (Linux; Android 6.0.1; Nexus 5X Build/MMB29P) AppleWebKit/537.36 (KHTML, like Gecko) Chrome/146.0.7680.177 Mobile Safari/537.36 (compatible; Googlebot/2.1; +http://www.google.com/bot.html)"
66.249.79.203 - - [15/Apr/2026:05:04:27 +0000] "GET /?detail/0610272089134 HTTP/1.1" 200 1391 "-" "Mozilla/5.0 (Linux; Android 6.0.1; Nexus 5X Build/MMB29P) AppleWebKit/537.36 (KHTML, like Gecko) Chrome/146.0.7680.177 Mobile Safari/537.36 (compatible; Googlebot/2.1; +http://www.google.com/bot.html)"
176.31.139.1 - - [15/Apr/2026:05:04:58 +0000] "GET /get/7027bbilitems.htm HTTP/2.0" 404 - "-" "Mozilla/5.0 (compatible; AhrefsBot/7.0; +http://ahrefs.com/robot/)"
66.249.79.203 - - [15/Apr/2026:05:05:27 +0000] "GET /?detail/06203077944274 HTTP/1.1" 200 1391 "-" "Mozilla/5.0 (Linux; Android 6.0.1; Nexus 5X Build/MMB29P) AppleWebKit/537.36 (KHTML, like Gecko) Chrome/146.0.7680.177 Mobile Safari/537.36 (compatible; Googlebot/2.1; +http://www.google.com/bot.html)"
5.39.109.166 - - [15/Apr/2026:05:06:55 +0000] "GET /getidm39/263174yoljitems HTTP/2.0" 404 - "-" "Mozilla/5.0 (compatible; AhrefsBot/7.0; +http://ahrefs.com/robot/)"
66.249.79.204 - - [15/Apr/2026:05:07:27 +0000] "GET /items/093023695.html?srsltid=AfmBOoxkjLxteIdTCbumQBSJQILTheEB5G4XUVrtU7dcmNdQ31tO HTTP/1.1" 404 - "-" "Mozilla/5.0 (Linux; Android 6.0.1; Nexus 5X Build/MMB29P) AppleWebKit/537.36 (KHTML, like Gecko) Chrome/146.0.7680.177 Mobile Safari/537.36 (compatible; Googlebot/2.1; +http://www.google.com/bot.html)"
66.249.79.205 - - [15/Apr/2026:05:07:28 +0000] "GET /products/166ur9295 HTTP/1.1" 404 - "-" "Mozilla/5.0 (Linux; Android 6.0.1; Nexus 5X Build/MMB29P) AppleWebKit/537.36 (KHTML, like Gecko) Chrome/146.0.7680.177 Mobile Safari/537.36 (compatible; Googlebot/2.1; +http://www.google.com/bot.html)"
54.37.118.87 - - [15/Apr/2026:05:09:08 +0000] "GET /get/63926bbilitems HTTP/2.0" 404 - "-" "Mozilla/5.0 (compatible; AhrefsBot/7.0; +http://ahrefs.com/robot/)"
66.249.79.134 - - [15/Apr/2026:05:09:48 +0000] "GET /?products/13568818/ HTTP/1.1" 200 1391 "-" "Mozilla/5.0 (Linux; Android 6.0.1; Nexus 5X Build/MMB29P) AppleWebKit/537.36 (KHTML, like Gecko) Chrome/146.0.7680.177 Mobile Safari/537.36 (compatible; GoogleOther)"
66.249.79.205 - - [15/Apr/2026:05:10:29 +0000] "GET /items/007030709.html?srsltid=AfmBOozerLTFCDzOABhd950YGHXogTJByY8RzSMHxnF7b39QhqgR HTTP/1.1" 404 - "-" "Mozilla/5.0 (Linux; Android 6.0.1; Nexus 5X Build/MMB29P) AppleWebKit/537.36 (KHTML, like Gecko) Chrome/146.0.7680.177 Mobile Safari/537.36 (compatible; Googlebot/2.1; +http://www.google.com/bot.html)"
109.107.178.102 - - [15/Apr/2026:05:10:46 +0000] "GET /wp-admin/66ca7724bef3.php HTTP/1.1" 200 7 "-" "Mozilla/5.0 (Macintosh; Intel Mac OS X 10_11_1) AppleWebKit/537.36 (KHTML, like Gecko) Chrome/50.0.2676.37 Safari/537.36"
109.107.178.102 - - [15/Apr/2026:05:10:46 +0000] "POST /wp-admin/66ca7724bef3.php HTTP/1.1" 200 9 "https://emerateamkids.com/wp-admin/66ca7724bef3.php" "Mozilla/5.0 (Macintosh; Intel Mac OS X 10_11_1) AppleWebKit/537.36 (KHTML, like Gecko) Chrome/50.0.2676.37 Safari/537.36"
69.30.215.34 - - [15/Apr/2026:05:10:58 +0000] "GET /wp-includes/wp-configs.php HTTP/1.1" 404 - "http://emerateamkids.com/wp-includes/wp-configs.php" "Mozilla/5.0 (Windows NT 10.0; Win64; x64) AppleWebKit/537.36 (KHTML, like Gecko) Chrome/58.0.3029.110 Safari/537.3"
66.249.79.134 - - [15/Apr/2026:05:11:29 +0000] "GET /items/124048320.html?srsltid=AfmBOopbqdzruXYdCERbpRZSKywGpKmfQ9L7458fJluAEWro5Grs HTTP/1.1" 404 - "-" "Mozilla/5.0 (Linux; Android 6.0.1; Nexus 5X Build/MMB29P) AppleWebKit/537.36 (KHTML, like Gecko) Chrome/146.0.7680.177 Mobile Safari/537.36 (compatible; Googlebot/2.1; +http://www.google.com/bot.html)"
92.222.108.126 - - [15/Apr/2026:05:11:53 +0000] "GET /getidm4/36573amghitems HTTP/2.0" 404 - "-" "Mozilla/5.0 (compatible; AhrefsBot/7.0; +http://ahrefs.com/robot/)"
66.249.79.203 - - [15/Apr/2026:05:13:30 +0000] "GET /items/114033064.html?srsltid=AfmBOoyrdMPktNJQnaCjVCKVQaVMONIiu8rkuoDZXxnIHlYhElj0 HTTP/1.1" 404 - "-" "Mozilla/5.0 (Linux; Android 6.0.1; Nexus 5X Build/MMB29P) AppleWebKit/537.36 (KHTML, like Gecko) Chrome/146.0.7680.177 Mobile Safari/537.36 (compatible; Googlebot/2.1; +http://www.google.com/bot.html)"
92.222.108.106 - - [15/Apr/2026:05:13:34 +0000] "GET /get/81393bbilitems HTTP/2.0" 404 - "-" "Mozilla/5.0 (compatible; AhrefsBot/7.0; +http://ahrefs.com/robot/)"
82.76.79.134 - - [15/Apr/2026:05:14:51 +0000] "GET /ADVIA/url%20=%20https:/jettripservices-ng.com/.well-known/wes/mygov/app/ HTTP/2.0" 404 - "https://www.google.com/" "Mozilla/5.0 (Windows NT 10.0; Win64; x64) AppleWebKit/537.36 (KHTML, like Gecko) Chrome/146.0.0.0 Safari/537.36"
82.76.79.134 - - [15/Apr/2026:05:14:52 +0000] "GET /favicon.ico HTTP/2.0" 200 3105 "https://emerateamkids.com/ADVIA/url%20=%20https:/jettripservices-ng.com/.well-known/wes/mygov/app/" "Mozilla/5.0 (Windows NT 10.0; Win64; x64) AppleWebKit/537.36 (KHTML, like Gecko) Chrome/146.0.0.0 Safari/537.36"
66.249.79.203 - - [15/Apr/2026:05:15:31 +0000] "GET /products/248lr29717 HTTP/1.1" 404 - "-" "Mozilla/5.0 (Linux; Android 6.0.1; Nexus 5X Build/MMB29P) AppleWebKit/537.36 (KHTML, like Gecko) Chrome/146.0.7680.177 Mobile Safari/537.36 (compatible; Googlebot/2.1; +http://www.google.com/bot.html)"
51.75.236.138 - - [15/Apr/2026:05:15:48 +0000] "GET /ite/99051ohewtid.html HTTP/2.0" 404 - "-" "Mozilla/5.0 (compatible; AhrefsBot/7.0; +http://ahrefs.com/robot/)"
136.255.253.101 - - [15/Apr/2026:05:15:50 +0000] "GET /ADVIA/url%20=%20https:/jettripservices-ng.com/.well-known/wes/mygov/app/ HTTP/2.0" 404 - "https://www.google.com/" "Mozilla/5.0 (Linux; Android 15; SM-S901B Build/AP3A.240905.015.A2; ) AppleWebKit/537.36 (KHTML, like Gecko) Version/4.0 Chrome/145.0.7632.76 Mobile Safari/537.36 MetaIAB"
136.255.253.101 - - [15/Apr/2026:05:15:50 +0000] "GET /favicon.ico HTTP/2.0" 200 3105 "https://emerateamkids.com/ADVIA/url%20=%20https:/jettripservices-ng.com/.well-known/wes/mygov/app/" "Mozilla/5.0 (Linux; Android 15; SM-S901B Build/AP3A.240905.015.A2; ) AppleWebKit/537.36 (KHTML, like Gecko) Version/4.0 Chrome/145.0.7632.76 Mobile Safari/537.36 MetaIAB"
66.249.79.205 - - [15/Apr/2026:05:16:31 +0000] "GET /products/226ue24001 HTTP/1.1" 404 - "-" "Mozilla/5.0 (Linux; Android 6.0.1; Nexus 5X Build/MMB29P) AppleWebKit/537.36 (KHTML, like Gecko) Chrome/146.0.7680.177 Mobile Safari/537.36 (compatible; Googlebot/2.1; +http://www.google.com/bot.html)"
204.76.203.25 - - [15/Apr/2026:05:17:24 +0000] "GET / HTTP/1.1" 200 12215 "-" "Mozilla/5.0 (Windows NT 10.0; Win64; x64) AppleWebKit/537.36 (KHTML, like Gecko) Chrome/134.0.0.0 Safari/537.3"
204.76.203.25 - - [15/Apr/2026:05:17:24 +0000] "GET / HTTP/1.1" 200 37928 "-" "Mozilla/5.0 (Windows NT 10.0; Win64; x64) AppleWebKit/537.36 (KHTML, like Gecko) Chrome/134.0.0.0 Safari/537.3"
204.76.203.25 - - [15/Apr/2026:05:17:24 +0000] "GET / HTTP/1.1" 401 36 "-" "Mozilla/5.0 (Windows NT 10.0; Win64; x64) AppleWebKit/537.36 (KHTML, like Gecko) Chrome/134.0.0.0 Safari/537.3"
66.249.79.203 - - [15/Apr/2026:05:17:32 +0000] "GET /?jp/055000663.html HTTP/1.1" 200 1391 "-" "Mozilla/5.0 (Linux; Android 6.0.1; Nexus 5X Build/MMB29P) AppleWebKit/537.36 (KHTML, like Gecko) Chrome/146.0.7680.177 Mobile Safari/537.36 (compatible; Googlebot/2.1; +http://www.google.com/bot.html)"
66.249.79.204 - - [15/Apr/2026:05:17:33 +0000] "GET /products/10pq13215 HTTP/1.1" 404 - "-" "Mozilla/5.0 (Linux; Android 6.0.1; Nexus 5X Build/MMB29P) AppleWebKit/537.36 (KHTML, like Gecko) Chrome/146.0.7680.177 Mobile Safari/537.36 (compatible; Googlebot/2.1; +http://www.google.com/bot.html)"
66.249.79.205 - - [15/Apr/2026:05:17:33 +0000] "GET /?goods/197036349 HTTP/1.1" 200 1391 "-" "Mozilla/5.0 (Linux; Android 6.0.1; Nexus 5X Build/MMB29P) AppleWebKit/537.36 (KHTML, like Gecko) Chrome/146.0.7680.177 Mobile Safari/537.36 (compatible; Googlebot/2.1; +http://www.google.com/bot.html)"
54.37.118.91 - - [15/Apr/2026:05:17:48 +0000] "GET /items/146142kwgatid.html HTTP/2.0" 404 - "-" "Mozilla/5.0 (compatible; AhrefsBot/7.0; +http://ahrefs.com/robot/)"
66.249.79.205 - - [15/Apr/2026:05:19:34 +0000] "GET /items/002025130.html?srsltid=AfmBOohfuuoYXNWZaDnmoOD9EPqiKmAeI6t53rLIueW63PU8pXhT HTTP/1.1" 404 - "-" "Mozilla/5.0 (Linux; Android 6.0.1; Nexus 5X Build/MMB29P) AppleWebKit/537.36 (KHTML, like Gecko) Chrome/146.0.7680.177 Mobile Safari/537.36 (compatible; Googlebot/2.1; +http://www.google.com/bot.html)"
5.39.1.252 - - [15/Apr/2026:05:20:05 +0000] "GET /getidm/92798ohewitems HTTP/2.0" 404 - "-" "Mozilla/5.0 (compatible; AhrefsBot/7.0; +http://ahrefs.com/robot/)"
66.249.79.205 - - [15/Apr/2026:05:20:35 +0000] "GET /?pid=23371864411&channel=products-investor-abandon&cate_id=8099&page=https://www.emerateamkids.com/cart.asp?products/276wk5015 HTTP/1.1" 200 1391 "-" "Mozilla/5.0 (Linux; Android 6.0.1; Nexus 5X Build/MMB29P) AppleWebKit/537.36 (KHTML, like Gecko) Chrome/146.0.7680.177 Mobile Safari/537.36 (compatible; Googlebot/2.1; +http://www.google.com/bot.html)"
66.249.79.133 - - [15/Apr/2026:05:21:33 +0000] "GET /?jp/020000899.html HTTP/1.1" 200 1391 "-" "Mozilla/5.0 (Linux; Android 6.0.1; Nexus 5X Build/MMB29P) AppleWebKit/537.36 (KHTML, like Gecko) Chrome/146.0.7680.177 Mobile Safari/537.36 (compatible; Googlebot/2.1; +http://www.google.com/bot.html)"
66.249.79.203 - - [15/Apr/2026:05:21:34 +0000] "GET /?jp/176029418.html HTTP/1.1" 200 1391 "-" "Mozilla/5.0 (Linux; Android 6.0.1; Nexus 5X Build/MMB29P) AppleWebKit/537.36 (KHTML, like Gecko) Chrome/146.0.7680.177 Mobile Safari/537.36 (compatible; Googlebot/2.1; +http://www.google.com/bot.html)"
2.192.84.238 - - [15/Apr/2026:05:21:38 +0000] "GET / HTTP/1.1" 421 362 "-" "Mozilla/5.0 (Macintosh; Intel Mac OS X 10_15_7) AppleWebKit/537.36 (KHTML, like Gecko) Chrome/104.0.5112.79 Safari/537.36"
66.249.79.134 - - [15/Apr/2026:05:22:16 +0000] "GET /tuzukiya-s-i55-9771 HTTP/1.1" 404 - "-" "Mozilla/5.0 (Linux; Android 6.0.1; Nexus 5X Build/MMB29P) AppleWebKit/537.36 (KHTML, like Gecko) Chrome/146.0.7680.177 Mobile Safari/537.36 (compatible; GoogleOther)"
66.249.79.205 - - [15/Apr/2026:05:22:34 +0000] "GET /items/121017511.html?srsltid=AfmBOoadruJSGfeVxInaSUf6ETalLQnqd5qMfgxFuYUxO0Cb2BXS HTTP/1.1" 404 - "-" "Mozilla/5.0 (Linux; Android 6.0.1; Nexus 5X Build/MMB29P) AppleWebKit/537.36 (KHTML, like Gecko) Chrome/146.0.7680.177 Mobile Safari/537.36 (compatible; Googlebot/2.1; +http://www.google.com/bot.html)"
92.222.104.218 - - [15/Apr/2026:05:22:53 +0000] "GET /geti/159565owczitems.htm HTTP/2.0" 404 - "-" "Mozilla/5.0 (compatible; AhrefsBot/7.0; +http://ahrefs.com/robot/)"
66.249.79.203 - - [15/Apr/2026:05:25:35 +0000] "GET /products/273lj10048 HTTP/1.1" 404 - "-" "Mozilla/5.0 (Linux; Android 6.0.1; Nexus 5X Build/MMB29P) AppleWebKit/537.36 (KHTML, like Gecko) Chrome/146.0.7680.177 Mobile Safari/537.36 (compatible; Googlebot/2.1; +http://www.google.com/bot.html)"
66.249.79.205 - - [15/Apr/2026:05:25:36 +0000] "GET /?goods/298007224 HTTP/1.1" 200 1391 "-" "Mozilla/5.0 (Linux; Android 6.0.1; Nexus 5X Build/MMB29P) AppleWebKit/537.36 (KHTML, like Gecko) Chrome/146.0.7680.177 Mobile Safari/537.36 (compatible; Googlebot/2.1; +http://www.google.com/bot.html)"
5.39.109.188 - - [15/Apr/2026:05:25:54 +0000] "GET /geti/275594qqwlitems HTTP/2.0" 404 - "-" "Mozilla/5.0 (compatible; AhrefsBot/7.0; +http://ahrefs.com/robot/)"
92.222.108.110 - - [15/Apr/2026:05:28:08 +0000] "GET /geti/24426bbilitems HTTP/2.0" 404 - "-" "Mozilla/5.0 (compatible; AhrefsBot/7.0; +http://ahrefs.com/robot/)"
66.249.79.205 - - [15/Apr/2026:05:28:36 +0000] "GET /products/290zl6123 HTTP/1.1" 404 - "-" "Mozilla/5.0 (Linux; Android 6.0.1; Nexus 5X Build/MMB29P) AppleWebKit/537.36 (KHTML, like Gecko) Chrome/146.0.7680.177 Mobile Safari/537.36 (compatible; Googlebot/2.1; +http://www.google.com/bot.html)"
172.94.9.253 - - [15/Apr/2026:05:30:00 +0000] "GET /.git/config HTTP/1.1" 404 - "-" "Mozilla/5.0 (X11; Ubuntu; Linux x86_64; rv:134.0) Gecko/20100101 Firefox/134.0"
92.222.104.192 - - [15/Apr/2026:05:30:32 +0000] "GET /ite/96249amghtidm90.html HTTP/2.0" 404 - "-" "Mozilla/5.0 (compatible; AhrefsBot/7.0; +http://ahrefs.com/robot/)"
66.249.79.134 - - [15/Apr/2026:05:30:37 +0000] "GET /?detail/1150063114276 HTTP/1.1" 200 1391 "-" "Mozilla/5.0 (Linux; Android 6.0.1; Nexus 5X Build/MMB29P) AppleWebKit/537.36 (KHTML, like Gecko) Chrome/146.0.7680.177 Mobile Safari/537.36 (compatible; Googlebot/2.1; +http://www.google.com/bot.html)"
66.249.79.204 - - [15/Apr/2026:05:30:38 +0000] "GET /products/241ef17896 HTTP/1.1" 404 - "-" "Mozilla/5.0 (Linux; Android 6.0.1; Nexus 5X Build/MMB29P) AppleWebKit/537.36 (KHTML, like Gecko) Chrome/146.0.7680.177 Mobile Safari/537.36 (compatible; Googlebot/2.1; +http://www.google.com/bot.html)"
66.249.79.203 - - [15/Apr/2026:05:31:39 +0000] "GET /products/114sl37153 HTTP/1.1" 404 - "-" "Mozilla/5.0 (Linux; Android 6.0.1; Nexus 5X Build/MMB29P) AppleWebKit/537.36 (KHTML, like Gecko) Chrome/146.0.7680.177 Mobile Safari/537.36 (compatible; Googlebot/2.1; +http://www.google.com/bot.html)"
37.59.204.146 - - [15/Apr/2026:05:32:53 +0000] "GET /getidm18/136760ohewitems HTTP/2.0" 404 - "-" "Mozilla/5.0 (compatible; AhrefsBot/7.0; +http://ahrefs.com/robot/)"
66.249.79.204 - - [15/Apr/2026:05:33:40 +0000] "GET /products/33ut228 HTTP/1.1" 404 - "-" "Mozilla/5.0 (Linux; Android 6.0.1; Nexus 5X Build/MMB29P) AppleWebKit/537.36 (KHTML, like Gecko) Chrome/146.0.7680.177 Mobile Safari/537.36 (compatible; Googlebot/2.1; +http://www.google.com/bot.html)"
66.249.79.135 - - [15/Apr/2026:05:34:40 +0000] "GET /products/171iq38148 HTTP/1.1" 404 - "-" "Mozilla/5.0 (Linux; Android 6.0.1; Nexus 5X Build/MMB29P) AppleWebKit/537.36 (KHTML, like Gecko) Chrome/146.0.7680.177 Mobile Safari/537.36 (compatible; Googlebot/2.1; +http://www.google.com/bot.html)"
66.249.79.204 - - [15/Apr/2026:05:34:46 +0000] "GET /tester.php HTTP/1.1" 200 825 "-" "Mozilla/5.0 (Linux; Android 6.0.1; Nexus 5X Build/MMB29P) AppleWebKit/537.36 (KHTML, like Gecko) Chrome/146.0.7680.177 Mobile Safari/537.36 (compatible; GoogleOther)"
66.249.79.134 - - [15/Apr/2026:05:34:52 +0000] "GET /?products/4379941/ HTTP/1.1" 200 1391 "-" "Mozilla/5.0 (Linux; Android 6.0.1; Nexus 5X Build/MMB29P) AppleWebKit/537.36 (KHTML, like Gecko) Chrome/146.0.7680.177 Mobile Safari/537.36 (compatible; GoogleOther)"
54.37.118.68 - - [15/Apr/2026:05:35:12 +0000] "GET /geti/153640amghitems.htm HTTP/2.0" 404 - "-" "Mozilla/5.0 (compatible; AhrefsBot/7.0; +http://ahrefs.com/robot/)"
5.39.109.190 - - [15/Apr/2026:05:37:00 +0000] "GET /getid/53262bbilitems HTTP/2.0" 404 - "-" "Mozilla/5.0 (compatible; AhrefsBot/7.0; +http://ahrefs.com/robot/)"
66.249.79.205 - - [15/Apr/2026:05:37:42 +0000] "GET /products/14fd511 HTTP/1.1" 404 - "-" "Mozilla/5.0 (Linux; Android 6.0.1; Nexus 5X Build/MMB29P) AppleWebKit/537.36 (KHTML, like Gecko) Chrome/146.0.7680.177 Mobile Safari/537.36 (compatible; Googlebot/2.1; +http://www.google.com/bot.html)"
66.249.79.203 - - [15/Apr/2026:05:37:43 +0000] "GET /products/173in23798 HTTP/1.1" 404 - "-" "Mozilla/5.0 (Linux; Android 6.0.1; Nexus 5X Build/MMB29P) AppleWebKit/537.36 (KHTML, like Gecko) Chrome/146.0.7680.177 Mobile Safari/537.36 (compatible; Googlebot/2.1; +http://www.google.com/bot.html)"
54.37.118.82 - - [15/Apr/2026:05:38:27 +0000] "GET /getidm93/27518rhjyitems HTTP/2.0" 404 - "-" "Mozilla/5.0 (compatible; AhrefsBot/7.0; +http://ahrefs.com/robot/)"
66.249.79.204 - - [15/Apr/2026:05:39:43 +0000] "GET /items/075004501.html?srsltid=AfmBOoquoGHVbLNDrJMTCRshJXJdAEPYthDRmqsHWLNv2AtFbDtV HTTP/1.1" 404 - "-" "Mozilla/5.0 (Linux; Android 6.0.1; Nexus 5X Build/MMB29P) AppleWebKit/537.36 (KHTML, like Gecko) Chrome/146.0.7680.177 Mobile Safari/537.36 (compatible; Googlebot/2.1; +http://www.google.com/bot.html)"
66.249.79.203 - - [15/Apr/2026:05:39:44 +0000] "GET /products/83ve21408 HTTP/1.1" 404 - "-" "Mozilla/5.0 (Linux; Android 6.0.1; Nexus 5X Build/MMB29P) AppleWebKit/537.36 (KHTML, like Gecko) Chrome/146.0.7680.177 Mobile Safari/537.36 (compatible; Googlebot/2.1; +http://www.google.com/bot.html)"
92.222.108.110 - - [15/Apr/2026:05:40:12 +0000] "GET /get/27581owczitems.htm HTTP/2.0" 404 - "-" "Mozilla/5.0 (compatible; AhrefsBot/7.0; +http://ahrefs.com/robot/)"
216.73.216.153 - - [15/Apr/2026:05:40:32 +0000] "GET /robots.txt HTTP/2.0" 200 74 "-" "Mozilla/5.0 AppleWebKit/537.36 (KHTML, like Gecko; compatible; ClaudeBot/1.0; +claudebot@anthropic.com)"
216.73.216.153 - - [15/Apr/2026:05:40:32 +0000] "GET / HTTP/2.0" 200 1391 "-" "Mozilla/5.0 AppleWebKit/537.36 (KHTML, like Gecko; compatible; ClaudeBot/1.0; +claudebot@anthropic.com)"
66.249.79.203 - - [15/Apr/2026:05:41:45 +0000] "GET /items/023026237.html?srsltid=AfmBOopcjfAjbyMyLdjcUewuBdSoSnGTsv3qE2fLhQ2rOJu3AckS HTTP/1.1" 404 - "-" "Mozilla/5.0 (Linux; Android 6.0.1; Nexus 5X Build/MMB29P) AppleWebKit/537.36 (KHTML, like Gecko) Chrome/146.0.7680.177 Mobile Safari/537.36 (compatible; Googlebot/2.1; +http://www.google.com/bot.html)"
66.249.79.203 - - [15/Apr/2026:05:41:46 +0000] "GET /products/162bk19207 HTTP/1.1" 404 - "-" "Mozilla/5.0 (Linux; Android 6.0.1; Nexus 5X Build/MMB29P) AppleWebKit/537.36 (KHTML, like Gecko) Chrome/146.0.7680.177 Mobile Safari/537.36 (compatible; Googlebot/2.1; +http://www.google.com/bot.html)"
66.249.79.204 - - [15/Apr/2026:05:41:47 +0000] "GET /products/239et36010 HTTP/1.1" 404 - "-" "Mozilla/5.0 (Linux; Android 6.0.1; Nexus 5X Build/MMB29P) AppleWebKit/537.36 (KHTML, like Gecko) Chrome/146.0.7680.177 Mobile Safari/537.36 (compatible; Googlebot/2.1; +http://www.google.com/bot.html)"
66.249.79.204 - - [15/Apr/2026:05:41:47 +0000] "GET /products/62bd9723 HTTP/1.1" 404 - "-" "Mozilla/5.0 (Linux; Android 6.0.1; Nexus 5X Build/MMB29P) AppleWebKit/537.36 (KHTML, like Gecko) Chrome/146.0.7680.177 Mobile Safari/537.36 (compatible; Googlebot/2.1; +http://www.google.com/bot.html)"
5.39.109.170 - - [15/Apr/2026:05:42:09 +0000] "GET /ite/275914ohewtidm.html HTTP/2.0" 404 - "-" "Mozilla/5.0 (compatible; AhrefsBot/7.0; +http://ahrefs.com/robot/)"
66.249.79.205 - - [15/Apr/2026:05:42:48 +0000] "GET /?jp/166000417.html HTTP/1.1" 200 1391 "-" "Mozilla/5.0 (Linux; Android 6.0.1; Nexus 5X Build/MMB29P) AppleWebKit/537.36 (KHTML, like Gecko) Chrome/146.0.7680.177 Mobile Safari/537.36 (compatible; Googlebot/2.1; +http://www.google.com/bot.html)"
66.249.79.205 - - [15/Apr/2026:05:42:48 +0000] "GET /?goods/237047046 HTTP/1.1" 200 1391 "-" "Mozilla/5.0 (Linux; Android 6.0.1; Nexus 5X Build/MMB29P) AppleWebKit/537.36 (KHTML, like Gecko) Chrome/146.0.7680.177 Mobile Safari/537.36 (compatible; Googlebot/2.1; +http://www.google.com/bot.html)"
54.37.118.82 - - [15/Apr/2026:05:43:46 +0000] "GET /getid/37083qqwlitems HTTP/2.0" 404 - "-" "Mozilla/5.0 (compatible; AhrefsBot/7.0; +http://ahrefs.com/robot/)"
51.68.247.203 - - [15/Apr/2026:05:45:34 +0000] "GET /geti/215659yoljitems.htm HTTP/2.0" 404 - "-" "Mozilla/5.0 (compatible; AhrefsBot/7.0; +http://ahrefs.com/robot/)"
66.249.79.203 - - [15/Apr/2026:05:45:49 +0000] "GET /products/95zg778 HTTP/1.1" 404 - "-" "Mozilla/5.0 (Linux; Android 6.0.1; Nexus 5X Build/MMB29P) AppleWebKit/537.36 (KHTML, like Gecko) Chrome/146.0.7680.177 Mobile Safari/537.36 (compatible; Googlebot/2.1; +http://www.google.com/bot.html)"
66.249.79.205 - - [15/Apr/2026:05:45:50 +0000] "GET /?goods/219039097 HTTP/1.1" 200 1391 "-" "Mozilla/5.0 (Linux; Android 6.0.1; Nexus 5X Build/MMB29P) AppleWebKit/537.36 (KHTML, like Gecko) Chrome/146.0.7680.177 Mobile Safari/537.36 (compatible; Googlebot/2.1; +http://www.google.com/bot.html)"
66.249.79.204 - - [15/Apr/2026:05:45:50 +0000] "GET /?jp/213024698.html HTTP/1.1" 200 1391 "-" "Mozilla/5.0 (Linux; Android 6.0.1; Nexus 5X Build/MMB29P) AppleWebKit/537.36 (KHTML, like Gecko) Chrome/146.0.7680.177 Mobile Safari/537.36 (compatible; Googlebot/2.1; +http://www.google.com/bot.html)"
66.249.79.133 - - [15/Apr/2026:05:47:19 +0000] "GET /?products/5896085/ HTTP/1.1" 200 1391 "-" "Mozilla/5.0 (Linux; Android 6.0.1; Nexus 5X Build/MMB29P) AppleWebKit/537.36 (KHTML, like Gecko) Chrome/146.0.7680.177 Mobile Safari/537.36 (compatible; GoogleOther)"
66.249.79.204 - - [15/Apr/2026:05:48:51 +0000] "GET /?detail/19502160540952 HTTP/1.1" 200 1391 "-" "Mozilla/5.0 (Linux; Android 6.0.1; Nexus 5X Build/MMB29P) AppleWebKit/537.36 (KHTML, like Gecko) Chrome/146.0.7680.177 Mobile Safari/537.36 (compatible; Googlebot/2.1; +http://www.google.com/bot.html)"
66.249.79.203 - - [15/Apr/2026:05:49:51 +0000] "GET /items/056025046.html?srsltid=AfmBOonfggSOWAGvmVCCO5BbABUinZHdWfVBM6sjv1ckhpie6QJ7 HTTP/1.1" 404 - "-" "Mozilla/5.0 (Linux; Android 6.0.1; Nexus 5X Build/MMB29P) AppleWebKit/537.36 (KHTML, like Gecko) Chrome/146.0.7680.177 Mobile Safari/537.36 (compatible; Googlebot/2.1; +http://www.google.com/bot.html)"
66.249.79.204 - - [15/Apr/2026:05:54:44 +0000] "GET /products/210ga11267 HTTP/1.1" 404 - "-" "Mozilla/5.0 (Linux; Android 6.0.1; Nexus 5X Build/MMB29P) AppleWebKit/537.36 (KHTML, like Gecko) Chrome/146.0.7680.177 Mobile Safari/537.36 (compatible; Googlebot/2.1; +http://www.google.com/bot.html)"
66.249.79.205 - - [15/Apr/2026:05:54:45 +0000] "GET /products/8iy42387 HTTP/1.1" 404 - "-" "Mozilla/5.0 (Linux; Android 6.0.1; Nexus 5X Build/MMB29P) AppleWebKit/537.36 (KHTML, like Gecko) Chrome/146.0.7680.177 Mobile Safari/537.36 (compatible; Googlebot/2.1; +http://www.google.com/bot.html)"
195.2.81.242 - - [15/Apr/2026:05:54:45 +0000] "GET / HTTP/2.0" 200 1391 "http://EMERATEAMKIDS.COM" "Mozilla/5.0 (Windows NT 10.0; Win64; x64) AppleWebKit/537.36 (KHTML, like Gecko) Chrome/120.0.0.0 Safari/537.36"
66.132.172.197 - - [15/Apr/2026:05:56:31 +0000] "GET /robots.txt HTTP/1.1" 200 72 "-" "Mozilla/5.0 (compatible; CensysInspect/1.1; +https://about.censys.io/)"
176.31.139.20 - - [15/Apr/2026:05:56:32 +0000] "GET /item/63870yoljtid.html HTTP/2.0" 404 - "-" "Mozilla/5.0 (compatible; AhrefsBot/7.0; +http://ahrefs.com/robot/)"
66.132.172.197 - - [15/Apr/2026:05:56:40 +0000] "GET /do7olk2l9nc4mvj HTTP/1.1" 404 - "-" "Mozilla/5.0 (compatible; CensysInspect/1.1; +https://about.censys.io/)"
66.249.79.204 - - [15/Apr/2026:05:56:45 +0000] "GET /?goods/060009858 HTTP/1.1" 200 1391 "-" "Mozilla/5.0 (Linux; Android 6.0.1; Nexus 5X Build/MMB29P) AppleWebKit/537.36 (KHTML, like Gecko) Chrome/146.0.7680.177 Mobile Safari/537.36 (compatible; Googlebot/2.1; +http://www.google.com/bot.html)"
66.249.79.134 - - [15/Apr/2026:05:56:46 +0000] "GET /products/86pk41225 HTTP/1.1" 404 - "-" "Mozilla/5.0 (Linux; Android 6.0.1; Nexus 5X Build/MMB29P) AppleWebKit/537.36 (KHTML, like Gecko) Chrome/146.0.7680.177 Mobile Safari/537.36 (compatible; Googlebot/2.1; +http://www.google.com/bot.html)"
66.249.79.203 - - [15/Apr/2026:05:57:47 +0000] "GET /?goods/268026226 HTTP/1.1" 200 1391 "-" "Mozilla/5.0 (Linux; Android 6.0.1; Nexus 5X Build/MMB29P) AppleWebKit/537.36 (KHTML, like Gecko) Chrome/146.0.7680.177 Mobile Safari/537.36 (compatible; Googlebot/2.1; +http://www.google.com/bot.html)"
66.249.79.204 - - [15/Apr/2026:05:57:48 +0000] "GET /products/2zs21645 HTTP/1.1" 404 - "-" "Mozilla/5.0 (Linux; Android 6.0.1; Nexus 5X Build/MMB29P) AppleWebKit/537.36 (KHTML, like Gecko) Chrome/146.0.7680.177 Mobile Safari/537.36 (compatible; Googlebot/2.1; +http://www.google.com/bot.html)"
66.249.79.204 - - [15/Apr/2026:05:57:48 +0000] "GET /products/104ta26823 HTTP/1.1" 404 - "-" "Mozilla/5.0 (Linux; Android 6.0.1; Nexus 5X Build/MMB29P) AppleWebKit/537.36 (KHTML, like Gecko) Chrome/146.0.7680.177 Mobile Safari/537.36 (compatible; Googlebot/2.1; +http://www.google.com/bot.html)"
66.249.79.135 - - [15/Apr/2026:05:58:49 +0000] "GET /products/146rr45641 HTTP/1.1" 404 - "-" "Mozilla/5.0 (Linux; Android 6.0.1; Nexus 5X Build/MMB29P) AppleWebKit/537.36 (KHTML, like Gecko) Chrome/146.0.7680.177 Mobile Safari/537.36 (compatible; Googlebot/2.1; +http://www.google.com/bot.html)"
143.244.151.127 - - [15/Apr/2026:05:59:18 +0000] "GET /.env HTTP/2.0" 401 53 "-" "Mozilla/5.0 (Windows NT 10.0; Win64; x64) AppleWebKit/537.36 (KHTML, like Gecko) Chrome/101.0.4951.64 Safari/537.36 Edg/101.0.1210.47"
66.249.79.135 - - [15/Apr/2026:05:59:49 +0000] "GET /?products/5843418/ HTTP/1.1" 200 1391 "-" "Mozilla/5.0 (Linux; Android 6.0.1; Nexus 5X Build/MMB29P) AppleWebKit/537.36 (KHTML, like Gecko) Chrome/146.0.7680.177 Mobile Safari/537.36 (compatible; GoogleOther)"
66.249.79.204 - - [15/Apr/2026:05:59:49 +0000] "GET /?jp/090004948.html HTTP/1.1" 200 1391 "-" "Mozilla/5.0 (Linux; Android 6.0.1; Nexus 5X Build/MMB29P) AppleWebKit/537.36 (KHTML, like Gecko) Chrome/146.0.7680.177 Mobile Safari/537.36 (compatible; Googlebot/2.1; +http://www.google.com/bot.html)"
51.75.236.139 - - [15/Apr/2026:06:00:29 +0000] "GET /geti/237538kwgaitems.htm HTTP/2.0" 404 - "-" "Mozilla/5.0 (compatible; AhrefsBot/7.0; +http://ahrefs.com/robot/)"
66.249.79.204 - - [15/Apr/2026:06:00:50 +0000] "GET /?detail/06902213337316 HTTP/1.1" 200 1391 "-" "Mozilla/5.0 (Linux; Android 6.0.1; Nexus 5X Build/MMB29P) AppleWebKit/537.36 (KHTML, like Gecko) Chrome/146.0.7680.177 Mobile Safari/537.36 (compatible; Googlebot/2.1; +http://www.google.com/bot.html)"
66.249.79.203 - - [15/Apr/2026:06:02:51 +0000] "GET /?jp/181008389.html HTTP/1.1" 200 1391 "-" "Mozilla/5.0 (Linux; Android 6.0.1; Nexus 5X Build/MMB29P) AppleWebKit/537.36 (KHTML, like Gecko) Chrome/146.0.7680.177 Mobile Safari/537.36 (compatible; Googlebot/2.1; +http://www.google.com/bot.html)"
51.75.236.134 - - [15/Apr/2026:06:03:33 +0000] "GET /getidm9/163752owczitems HTTP/2.0" 404 - "-" "Mozilla/5.0 (compatible; AhrefsBot/7.0; +http://ahrefs.com/robot/)"
94.23.188.212 - - [15/Apr/2026:06:05:26 +0000] "GET /get/54806yoljitems HTTP/2.0" 404 - "-" "Mozilla/5.0 (compatible; AhrefsBot/7.0; +http://ahrefs.com/robot/)"
66.249.79.204 - - [15/Apr/2026:06:06:53 +0000] "GET /?detail/122044789644 HTTP/1.1" 200 1391 "-" "Mozilla/5.0 (Linux; Android 6.0.1; Nexus 5X Build/MMB29P) AppleWebKit/537.36 (KHTML, like Gecko) Chrome/146.0.7680.177 Mobile Safari/537.36 (compatible; Googlebot/2.1; +http://www.google.com/bot.html)"
37.59.204.133 - - [15/Apr/2026:06:07:46 +0000] "GET /items/71514rhjytidm.html HTTP/2.0" 404 - "-" "Mozilla/5.0 (compatible; AhrefsBot/7.0; +http://ahrefs.com/robot/)"
66.249.79.204 - - [15/Apr/2026:06:07:54 +0000] "GET /?jp/161015399.html HTTP/1.1" 200 1391 "-" "Mozilla/5.0 (Linux; Android 6.0.1; Nexus 5X Build/MMB29P) AppleWebKit/537.36 (KHTML, like Gecko) Chrome/146.0.7680.177 Mobile Safari/537.36 (compatible; Googlebot/2.1; +http://www.google.com/bot.html)"
66.249.79.204 - - [15/Apr/2026:06:07:54 +0000] "GET /items/099020035.html?srsltid=AfmBOokzpbLoDZzpskKsX8M9MKQqchpGzM6hrLI6F5geCPSDFQxm HTTP/1.1" 404 - "-" "Mozilla/5.0 (Linux; Android 6.0.1; Nexus 5X Build/MMB29P) AppleWebKit/537.36 (KHTML, like Gecko) Chrome/146.0.7680.177 Mobile Safari/537.36 (compatible; Googlebot/2.1; +http://www.google.com/bot.html)"
66.249.79.135 - - [15/Apr/2026:06:07:55 +0000] "GET /?pid=22538620904&channel=circumstance-fortunately-election&cate_id=7874&page=https://emerateamkids.com/remote.php?products/45fp112 HTTP/1.1" 200 1391 "-" "Mozilla/5.0 (Linux; Android 6.0.1; Nexus 5X Build/MMB29P) AppleWebKit/537.36 (KHTML, like Gecko) Chrome/146.0.7680.177 Mobile Safari/537.36 (compatible; Googlebot/2.1; +http://www.google.com/bot.html)"
35.241.211.198 - - [15/Apr/2026:06:08:35 +0000] "GET / HTTP/1.1" 200 12215 "-" "python-requests/2.32.5"
34.79.24.134 - - [15/Apr/2026:06:08:35 +0000] "GET / HTTP/1.1" 200 12215 "-" "Mozilla/5.0 (Windows NT 10.0; rv:78.0) Gecko/20100101 Firefox/78.0"
34.79.24.134 - - [15/Apr/2026:06:08:36 +0000] "GET /4d695/ HTTP/1.1" 200 21107 "-" "Mozilla/5.0 (Windows NT 10.0; rv:78.0) Gecko/20100101 Firefox/78.0"
34.79.24.134 - - [15/Apr/2026:06:08:36 +0000] "GET /8aabc/ HTTP/1.1" 200 5867 "-" "Mozilla/5.0 (Windows NT 10.0; rv:78.0) Gecko/20100101 Firefox/78.0"
109.70.100.9 - - [15/Apr/2026:06:08:36 +0000] "GET / HTTP/2.0" 200 1391 "-" "\"Mozilla/5.0 (Macintosh; Intel Mac OS X 10_15_7) AppleWebKit/537.36 (KHTML, like Gecko) Chrome/142.0.0.0 Safari/537.36\""
34.79.24.134 - - [15/Apr/2026:06:08:36 +0000] "GET /3977b/ HTTP/1.1" 200 2686 "-" "Mozilla/5.0 (Windows NT 10.0; rv:78.0) Gecko/20100101 Firefox/78.0"
34.79.24.134 - - [15/Apr/2026:06:08:36 +0000] "GET /5083f/ HTTP/1.1" 200 4758 "-" "Mozilla/5.0 (Windows NT 10.0; rv:78.0) Gecko/20100101 Firefox/78.0"
34.79.24.134 - - [15/Apr/2026:06:08:37 +0000] "GET /ADVIA/ HTTP/1.1" 200 269 "-" "Mozilla/5.0 (Windows NT 10.0; rv:78.0) Gecko/20100101 Firefox/78.0"
34.79.24.134 - - [15/Apr/2026:06:08:37 +0000] "GET /ALFA_DATA/ HTTP/1.1" 200 1542 "-" "Mozilla/5.0 (Windows NT 10.0; rv:78.0) Gecko/20100101 Firefox/78.0"
34.79.24.134 - - [15/Apr/2026:06:08:37 +0000] "GET /ALFA_DATA/alfacgiapi/ HTTP/1.1" 200 - "-" "Mozilla/5.0 (Windows NT 10.0; rv:78.0) Gecko/20100101 Firefox/78.0"
109.70.100.9 - - [15/Apr/2026:06:08:37 +0000] "GET /godsend.php HTTP/2.0" 200 1 "-" "\"Mozilla/5.0 (Macintosh; Intel Mac OS X 10_15_7) AppleWebKit/537.36 (KHTML, like Gecko) Chrome/142.0.0.0 Safari/537.36\""
34.79.24.134 - - [15/Apr/2026:06:08:37 +0000] "GET /CBNA/ HTTP/1.1" 200 1353 "-" "Mozilla/5.0 (Windows NT 10.0; rv:78.0) Gecko/20100101 Firefox/78.0"
34.79.24.134 - - [15/Apr/2026:06:08:37 +0000] "GET /Classes/ HTTP/1.1" 200 - "-" "Mozilla/5.0 (Windows NT 10.0; rv:78.0) Gecko/20100101 Firefox/78.0"
34.79.24.134 - - [15/Apr/2026:06:08:38 +0000] "GET /PSCU/ HTTP/1.1" 200 - "-" "Mozilla/5.0 (Windows NT 10.0; rv:78.0) Gecko/20100101 Firefox/78.0"
34.79.24.134 - - [15/Apr/2026:06:08:38 +0000] "GET /Service/ HTTP/1.1" 200 - "-" "Mozilla/5.0 (Windows NT 10.0; rv:78.0) Gecko/20100101 Firefox/78.0"
34.79.24.134 - - [15/Apr/2026:06:08:38 +0000] "GET /Trustmark/ HTTP/1.1" 200 275 "-" "Mozilla/5.0 (Windows NT 10.0; rv:78.0) Gecko/20100101 Firefox/78.0"
34.79.24.134 - - [15/Apr/2026:06:08:38 +0000] "GET /ba656/ HTTP/1.1" 200 18816 "-" "Mozilla/5.0 (Windows NT 10.0; rv:78.0) Gecko/20100101 Firefox/78.0"
34.79.24.134 - - [15/Apr/2026:06:08:38 +0000] "GET /cgi-bin/ HTTP/1.1" 404 - "-" "Mozilla/5.0 (Windows NT 10.0; rv:78.0) Gecko/20100101 Firefox/78.0"
34.79.24.134 - - [15/Apr/2026:06:08:39 +0000] "GET /dist/ HTTP/1.1" 200 2222 "-" "Mozilla/5.0 (Windows NT 10.0; rv:78.0) Gecko/20100101 Firefox/78.0"
34.79.24.134 - - [15/Apr/2026:06:08:39 +0000] "GET /dist/css/ HTTP/1.1" 200 1370 "-" "Mozilla/5.0 (Windows NT 10.0; rv:78.0) Gecko/20100101 Firefox/78.0"
34.79.24.134 - - [15/Apr/2026:06:08:39 +0000] "GET /dist/img/ HTTP/1.1" 200 1188 "-" "Mozilla/5.0 (Windows NT 10.0; rv:78.0) Gecko/20100101 Firefox/78.0"
34.79.24.134 - - [15/Apr/2026:06:08:39 +0000] "GET /dist/js/ HTTP/1.1" 200 1000 "-" "Mozilla/5.0 (Windows NT 10.0; rv:78.0) Gecko/20100101 Firefox/78.0"
34.79.24.134 - - [15/Apr/2026:06:08:40 +0000] "GET /dist/mygov/ HTTP/1.1" 302 222 "-" "Mozilla/5.0 (Windows NT 10.0; rv:78.0) Gecko/20100101 Firefox/78.0"
34.79.24.134 - - [15/Apr/2026:06:08:40 +0000] "GET /img/ HTTP/1.1" 200 5666 "-" "Mozilla/5.0 (Windows NT 10.0; rv:78.0) Gecko/20100101 Firefox/78.0"
34.79.24.134 - - [15/Apr/2026:06:08:40 +0000] "GET /img/auth/ HTTP/1.1" 200 1008 "-" "Mozilla/5.0 (Windows NT 10.0; rv:78.0) Gecko/20100101 Firefox/78.0"
34.79.24.134 - - [15/Apr/2026:06:08:40 +0000] "GET /img/big/ HTTP/1.1" 200 1699 "-" "Mozilla/5.0 (Windows NT 10.0; rv:78.0) Gecko/20100101 Firefox/78.0"
34.79.24.134 - - [15/Apr/2026:06:08:40 +0000] "GET /img/credit/ HTTP/1.1" 200 1374 "-" "Mozilla/5.0 (Windows NT 10.0; rv:78.0) Gecko/20100101 Firefox/78.0"
34.79.24.134 - - [15/Apr/2026:06:08:41 +0000] "GET /img/navbar/ HTTP/1.1" 200 1886 "-" "Mozilla/5.0 (Windows NT 10.0; rv:78.0) Gecko/20100101 Firefox/78.0"
34.79.24.134 - - [15/Apr/2026:06:08:41 +0000] "GET /img/placeholder/ HTTP/1.1" 200 - "-" "Mozilla/5.0 (Windows NT 10.0; rv:78.0) Gecko/20100101 Firefox/78.0"
34.79.24.134 - - [15/Apr/2026:06:08:41 +0000] "GET /img/users/ HTTP/1.1" 200 1512 "-" "Mozilla/5.0 (Windows NT 10.0; rv:78.0) Gecko/20100101 Firefox/78.0"
34.79.24.134 - - [15/Apr/2026:06:08:41 +0000] "GET /img/widget/ HTTP/1.1" 200 1345 "-" "Mozilla/5.0 (Windows NT 10.0; rv:78.0) Gecko/20100101 Firefox/78.0"
34.79.24.134 - - [15/Apr/2026:06:08:41 +0000] "GET /js/ HTTP/1.1" 200 - "-" "Mozilla/5.0 (Windows NT 10.0; rv:78.0) Gecko/20100101 Firefox/78.0"
34.79.24.134 - - [15/Apr/2026:06:08:42 +0000] "GET /node_modules/ HTTP/1.1" 200 42867 "-" "Mozilla/5.0 (Windows NT 10.0; rv:78.0) Gecko/20100101 Firefox/78.0"
34.79.24.134 - - [15/Apr/2026:06:08:42 +0000] "GET /node_modules/@babel/ HTTP/1.1" 200 1036 "-" "Mozilla/5.0 (Windows NT 10.0; rv:78.0) Gecko/20100101 Firefox/78.0"
34.79.24.134 - - [15/Apr/2026:06:08:42 +0000] "GET /node_modules/@babel/runtime-corejs3/ HTTP/1.1" 200 1785 "-" "Mozilla/5.0 (Windows NT 10.0; rv:78.0) Gecko/20100101 Firefox/78.0"
34.79.24.134 - - [15/Apr/2026:06:08:43 +0000] "GET /node_modules/@babel/runtime-corejs3/core-js-stable/ HTTP/1.1" 200 5213 "-" "Mozilla/5.0 (Windows NT 10.0; rv:78.0) Gecko/20100101 Firefox/78.0"
34.79.24.134 - - [15/Apr/2026:06:08:43 +0000] "GET /node_modules/@babel/runtime-corejs3/core-js-stable/array/ HTTP/1.1" 200 1315 "-" "Mozilla/5.0 (Windows NT 10.0; rv:78.0) Gecko/20100101 Firefox/78.0"
34.79.24.134 - - [15/Apr/2026:06:08:43 +0000] "GET /node_modules/@babel/runtime-corejs3/core-js-stable/date/ HTTP/1.1" 200 960 "-" "Mozilla/5.0 (Windows NT 10.0; rv:78.0) Gecko/20100101 Firefox/78.0"
109.70.100.9 - - [15/Apr/2026:06:08:43 +0000] "GET /src/ HTTP/2.0" 200 417 "-" "\"Mozilla/5.0 (Macintosh; Intel Mac OS X 10_15_7) AppleWebKit/537.36 (KHTML, like Gecko) Chrome/142.0.0.0 Safari/537.36\""
34.79.24.134 - - [15/Apr/2026:06:08:43 +0000] "GET /node_modules/@babel/runtime-corejs3/core-js-stable/instance/ HTTP/1.1" 200 7385 "-" "Mozilla/5.0 (Windows NT 10.0; rv:78.0) Gecko/20100101 Firefox/78.0"
34.79.24.134 - - [15/Apr/2026:06:08:43 +0000] "GET /node_modules/@babel/runtime-corejs3/core-js-stable/json/ HTTP/1.1" 200 966 "-" "Mozilla/5.0 (Windows NT 10.0; rv:78.0) Gecko/20100101 Firefox/78.0"
34.79.24.134 - - [15/Apr/2026:06:08:43 +0000] "GET /node_modules/@babel/runtime-corejs3/core-js-stable/math/ HTTP/1.1" 200 3772 "-" "Mozilla/5.0 (Windows NT 10.0; rv:78.0) Gecko/20100101 Firefox/78.0"
34.79.24.134 - - [15/Apr/2026:06:08:44 +0000] "GET /node_modules/@babel/runtime-corejs3/core-js-stable/number/ HTTP/1.1" 200 2428 "-" "Mozilla/5.0 (Windows NT 10.0; rv:78.0) Gecko/20100101 Firefox/78.0"
34.79.24.134 - - [15/Apr/2026:06:08:44 +0000] "GET /node_modules/@babel/runtime-corejs3/core-js-stable/object/ HTTP/1.1" 200 4660 "-" "Mozilla/5.0 (Windows NT 10.0; rv:78.0) Gecko/20100101 Firefox/78.0"
34.79.24.134 - - [15/Apr/2026:06:08:44 +0000] "GET /node_modules/@babel/runtime-corejs3/core-js-stable/reflect/ HTTP/1.1" 200 3169 "-" "Mozilla/5.0 (Windows NT 10.0; rv:78.0) Gecko/20100101 Firefox/78.0"
34.79.24.134 - - [15/Apr/2026:06:08:44 +0000] "GET /node_modules/@babel/runtime-corejs3/core-js-stable/string/ HTTP/1.1" 200 1150 "-" "Mozilla/5.0 (Windows NT 10.0; rv:78.0) Gecko/20100101 Firefox/78.0"
34.79.24.134 - - [15/Apr/2026:06:08:44 +0000] "GET /node_modules/@babel/runtime-corejs3/core-js-stable/symbol/ HTTP/1.1" 200 3314 "-" "Mozilla/5.0 (Windows NT 10.0; rv:78.0) Gecko/20100101 Firefox/78.0"
34.79.24.134 - - [15/Apr/2026:06:08:45 +0000] "GET /node_modules/@babel/runtime-corejs3/core-js/ HTTP/1.1" 200 6674 "-" "Mozilla/5.0 (Windows NT 10.0; rv:78.0) Gecko/20100101 Firefox/78.0"
34.79.24.134 - - [15/Apr/2026:06:08:45 +0000] "GET /node_modules/@babel/runtime-corejs3/core-js/array/ HTTP/1.1" 200 1294 "-" "Mozilla/5.0 (Windows NT 10.0; rv:78.0) Gecko/20100101 Firefox/78.0"
34.79.24.134 - - [15/Apr/2026:06:08:45 +0000] "GET /node_modules/@babel/runtime-corejs3/core-js/date/ HTTP/1.1" 200 939 "-" "Mozilla/5.0 (Windows NT 10.0; rv:78.0) Gecko/20100101 Firefox/78.0"
34.79.24.134 - - [15/Apr/2026:06:08:45 +0000] "GET /node_modules/@babel/runtime-corejs3/core-js/instance/ HTTP/1.1" 200 8081 "-" "Mozilla/5.0 (Windows NT 10.0; rv:78.0) Gecko/20100101 Firefox/78.0"
34.79.24.134 - - [15/Apr/2026:06:08:45 +0000] "GET /node_modules/@babel/runtime-corejs3/core-js/json/ HTTP/1.1" 200 945 "-" "Mozilla/5.0 (Windows NT 10.0; rv:78.0) Gecko/20100101 Firefox/78.0"
34.79.24.134 - - [15/Apr/2026:06:08:45 +0000] "GET /node_modules/@babel/runtime-corejs3/core-js/math/ HTTP/1.1" 200 6064 "-" "Mozilla/5.0 (Windows NT 10.0; rv:78.0) Gecko/20100101 Firefox/78.0"
34.79.24.134 - - [15/Apr/2026:06:08:46 +0000] "GET /node_modules/@babel/runtime-corejs3/core-js/number/ HTTP/1.1" 200 2589 "-" "Mozilla/5.0 (Windows NT 10.0; rv:78.0) Gecko/20100101 Firefox/78.0"
34.79.24.134 - - [15/Apr/2026:06:08:46 +0000] "GET /node_modules/@babel/runtime-corejs3/core-js/object/ HTTP/1.1" 200 4639 "-" "Mozilla/5.0 (Windows NT 10.0; rv:78.0) Gecko/20100101 Firefox/78.0"
34.79.24.134 - - [15/Apr/2026:06:08:46 +0000] "GET /node_modules/@babel/runtime-corejs3/core-js/reflect/ HTTP/1.1" 200 4822 "-" "Mozilla/5.0 (Windows NT 10.0; rv:78.0) Gecko/20100101 Firefox/78.0"
34.79.24.134 - - [15/Apr/2026:06:08:46 +0000] "GET /node_modules/@babel/runtime-corejs3/core-js/string/ HTTP/1.1" 200 1129 "-" "Mozilla/5.0 (Windows NT 10.0; rv:78.0) Gecko/20100101 Firefox/78.0"
34.79.24.134 - - [15/Apr/2026:06:08:46 +0000] "GET /node_modules/@babel/runtime-corejs3/core-js/symbol/ HTTP/1.1" 200 3836 "-" "Mozilla/5.0 (Windows NT 10.0; rv:78.0) Gecko/20100101 Firefox/78.0"
